--
-- Host: 127.0.0.1    Database: shofy
-- ------------------------------------------------------


--
-- Table structure for table `activations`
--

CREATE TABLE `activations` (
  `id` bigint unsigned NOT NULL AUTO_INCREMENT,
  `user_id` bigint unsigned NOT NULL,
  `code` varchar(120) COLLATE utf8mb4_unicode_ci NOT NULL,
  `completed` tinyint(1) NOT NULL DEFAULT '0',
  `completed_at` timestamp NULL DEFAULT NULL,
  `created_at` timestamp NULL DEFAULT NULL,
  `updated_at` timestamp NULL DEFAULT NULL,
  PRIMARY KEY (`id`),
  KEY `activations_user_id_index` (`user_id`)
) ENGINE=InnoDB AUTO_INCREMENT=2 DEFAULT CHARSET=utf8mb4 COLLATE=utf8mb4_unicode_ci;

--
-- Dumping data for table `activations`
--

INSERT INTO `activations` VALUES (1,1,'Y2wTGJtpyRzxh1ZdHwZtOUA8l2XaMHil',1,'2025-07-28 01:49:51','2025-07-28 01:49:51','2025-07-28 01:49:51');

--
-- Table structure for table `admin_notifications`
--

CREATE TABLE `admin_notifications` (
  `id` bigint unsigned NOT NULL AUTO_INCREMENT,
  `title` varchar(191) COLLATE utf8mb4_unicode_ci NOT NULL,
  `action_label` varchar(191) COLLATE utf8mb4_unicode_ci DEFAULT NULL,
  `action_url` varchar(191) COLLATE utf8mb4_unicode_ci DEFAULT NULL,
  `description` varchar(400) COLLATE utf8mb4_unicode_ci DEFAULT NULL,
  `read_at` timestamp NULL DEFAULT NULL,
  `created_at` timestamp NULL DEFAULT NULL,
  `updated_at` timestamp NULL DEFAULT NULL,
  `permission` varchar(191) COLLATE utf8mb4_unicode_ci DEFAULT NULL,
  PRIMARY KEY (`id`)
) ENGINE=InnoDB DEFAULT CHARSET=utf8mb4 COLLATE=utf8mb4_unicode_ci;

--
-- Dumping data for table `admin_notifications`
--


--
-- Table structure for table `ads`
--

CREATE TABLE `ads` (
  `id` bigint unsigned NOT NULL AUTO_INCREMENT,
  `name` varchar(191) COLLATE utf8mb4_unicode_ci NOT NULL,
  `expired_at` datetime DEFAULT NULL,
  `location` varchar(120) COLLATE utf8mb4_unicode_ci DEFAULT NULL,
  `key` varchar(120) COLLATE utf8mb4_unicode_ci NOT NULL,
  `image` varchar(191) COLLATE utf8mb4_unicode_ci DEFAULT NULL,
  `url` varchar(191) COLLATE utf8mb4_unicode_ci DEFAULT NULL,
  `clicked` bigint NOT NULL DEFAULT '0',
  `order` int DEFAULT '0',
  `status` varchar(60) COLLATE utf8mb4_unicode_ci NOT NULL DEFAULT 'published',
  `created_at` timestamp NULL DEFAULT NULL,
  `updated_at` timestamp NULL DEFAULT NULL,
  `open_in_new_tab` tinyint(1) NOT NULL DEFAULT '1',
  `tablet_image` varchar(191) COLLATE utf8mb4_unicode_ci DEFAULT NULL,
  `mobile_image` varchar(191) COLLATE utf8mb4_unicode_ci DEFAULT NULL,
  `ads_type` varchar(191) COLLATE utf8mb4_unicode_ci DEFAULT NULL,
  `google_adsense_slot_id` varchar(191) COLLATE utf8mb4_unicode_ci DEFAULT NULL,
  PRIMARY KEY (`id`),
  UNIQUE KEY `ads_key_unique` (`key`)
) ENGINE=InnoDB DEFAULT CHARSET=utf8mb4 COLLATE=utf8mb4_unicode_ci;

--
-- Dumping data for table `ads`
--


--
-- Table structure for table `ads_translations`
--

CREATE TABLE `ads_translations` (
  `lang_code` varchar(191) COLLATE utf8mb4_unicode_ci NOT NULL,
  `ads_id` bigint unsigned NOT NULL,
  `name` varchar(191) COLLATE utf8mb4_unicode_ci DEFAULT NULL,
  `image` varchar(191) COLLATE utf8mb4_unicode_ci DEFAULT NULL,
  `url` varchar(191) COLLATE utf8mb4_unicode_ci DEFAULT NULL,
  `tablet_image` varchar(191) COLLATE utf8mb4_unicode_ci DEFAULT NULL,
  `mobile_image` varchar(191) COLLATE utf8mb4_unicode_ci DEFAULT NULL,
  PRIMARY KEY (`lang_code`,`ads_id`)
) ENGINE=InnoDB DEFAULT CHARSET=utf8mb4 COLLATE=utf8mb4_unicode_ci;

--
-- Dumping data for table `ads_translations`
--


--
-- Table structure for table `announcements`
--

CREATE TABLE `announcements` (
  `id` bigint unsigned NOT NULL AUTO_INCREMENT,
  `name` varchar(191) COLLATE utf8mb4_unicode_ci NOT NULL,
  `content` text COLLATE utf8mb4_unicode_ci NOT NULL,
  `has_action` tinyint(1) NOT NULL DEFAULT '0',
  `action_label` varchar(60) COLLATE utf8mb4_unicode_ci DEFAULT NULL,
  `action_url` varchar(400) COLLATE utf8mb4_unicode_ci DEFAULT NULL,
  `action_open_new_tab` tinyint(1) NOT NULL DEFAULT '0',
  `dismissible` tinyint(1) NOT NULL DEFAULT '0',
  `start_date` datetime DEFAULT NULL,
  `end_date` datetime DEFAULT NULL,
  `is_active` tinyint(1) NOT NULL DEFAULT '1',
  `created_at` timestamp NULL DEFAULT NULL,
  `updated_at` timestamp NULL DEFAULT NULL,
  PRIMARY KEY (`id`)
) ENGINE=InnoDB AUTO_INCREMENT=4 DEFAULT CHARSET=utf8mb4 COLLATE=utf8mb4_unicode_ci;

--
-- Dumping data for table `announcements`
--

INSERT INTO `announcements` VALUES (1,'Announcement 1','Enjoy free shipping on all orders over $99! Shop now and save on delivery costs.',0,NULL,NULL,0,1,'2025-07-28 08:50:03',NULL,1,'2025-07-28 01:50:03','2025-07-28 01:50:03'),(2,'Announcement 2','Need assistance? Our customer support is available 24/7 to help you with any questions or concerns.',0,NULL,NULL,0,1,'2025-07-28 08:50:03',NULL,1,'2025-07-28 01:50:03','2025-07-28 01:50:03'),(3,'Announcement 3','Shop with confidence! We offer a hassle-free 30 days return service for your peace of mind.',0,NULL,NULL,0,1,'2025-07-28 08:50:03',NULL,1,'2025-07-28 01:50:03','2025-07-28 01:50:03');

--
-- Table structure for table `announcements_translations`
--

CREATE TABLE `announcements_translations` (
  `lang_code` varchar(191) COLLATE utf8mb4_unicode_ci NOT NULL,
  `announcements_id` bigint unsigned NOT NULL,
  `content` text COLLATE utf8mb4_unicode_ci,
  `action_label` varchar(60) COLLATE utf8mb4_unicode_ci DEFAULT NULL,
  PRIMARY KEY (`lang_code`,`announcements_id`)
) ENGINE=InnoDB DEFAULT CHARSET=utf8mb4 COLLATE=utf8mb4_unicode_ci;

--
-- Dumping data for table `announcements_translations`
--


--
-- Table structure for table `audit_histories`
--

CREATE TABLE `audit_histories` (
  `id` bigint unsigned NOT NULL AUTO_INCREMENT,
  `user_id` bigint unsigned NOT NULL,
  `user_type` varchar(191) COLLATE utf8mb4_unicode_ci DEFAULT 'Botble\\ACL\\Models\\User',
  `module` varchar(60) COLLATE utf8mb4_unicode_ci NOT NULL,
  `request` longtext COLLATE utf8mb4_unicode_ci,
  `action` varchar(120) COLLATE utf8mb4_unicode_ci NOT NULL,
  `user_agent` text COLLATE utf8mb4_unicode_ci,
  `ip_address` varchar(45) COLLATE utf8mb4_unicode_ci DEFAULT NULL,
  `actor_id` bigint unsigned NOT NULL,
  `actor_type` varchar(191) COLLATE utf8mb4_unicode_ci DEFAULT 'Botble\\ACL\\Models\\User',
  `reference_id` bigint unsigned NOT NULL,
  `reference_name` varchar(191) COLLATE utf8mb4_unicode_ci NOT NULL,
  `type` varchar(20) COLLATE utf8mb4_unicode_ci NOT NULL,
  `created_at` timestamp NULL DEFAULT NULL,
  `updated_at` timestamp NULL DEFAULT NULL,
  PRIMARY KEY (`id`),
  KEY `audit_histories_user_id_index` (`user_id`),
  KEY `audit_histories_module_index` (`module`)
) ENGINE=InnoDB DEFAULT CHARSET=utf8mb4 COLLATE=utf8mb4_unicode_ci;

--
-- Dumping data for table `audit_histories`
--


--
-- Table structure for table `cache`
--

CREATE TABLE `cache` (
  `key` varchar(191) COLLATE utf8mb4_unicode_ci NOT NULL,
  `value` mediumtext COLLATE utf8mb4_unicode_ci NOT NULL,
  `expiration` int NOT NULL,
  PRIMARY KEY (`key`)
) ENGINE=InnoDB DEFAULT CHARSET=utf8mb4 COLLATE=utf8mb4_unicode_ci;

--
-- Dumping data for table `cache`
--


--
-- Table structure for table `cache_locks`
--

CREATE TABLE `cache_locks` (
  `key` varchar(191) COLLATE utf8mb4_unicode_ci NOT NULL,
  `owner` varchar(191) COLLATE utf8mb4_unicode_ci NOT NULL,
  `expiration` int NOT NULL,
  PRIMARY KEY (`key`)
) ENGINE=InnoDB DEFAULT CHARSET=utf8mb4 COLLATE=utf8mb4_unicode_ci;

--
-- Dumping data for table `cache_locks`
--


--
-- Table structure for table `categories`
--

CREATE TABLE `categories` (
  `id` bigint unsigned NOT NULL AUTO_INCREMENT,
  `name` varchar(120) COLLATE utf8mb4_unicode_ci NOT NULL,
  `parent_id` bigint unsigned NOT NULL DEFAULT '0',
  `description` varchar(400) COLLATE utf8mb4_unicode_ci DEFAULT NULL,
  `status` varchar(60) COLLATE utf8mb4_unicode_ci NOT NULL DEFAULT 'published',
  `author_id` bigint unsigned DEFAULT NULL,
  `author_type` varchar(191) COLLATE utf8mb4_unicode_ci NOT NULL DEFAULT 'Botble\\ACL\\Models\\User',
  `icon` varchar(60) COLLATE utf8mb4_unicode_ci DEFAULT NULL,
  `order` int unsigned NOT NULL DEFAULT '0',
  `is_featured` tinyint NOT NULL DEFAULT '0',
  `is_default` tinyint unsigned NOT NULL DEFAULT '0',
  `created_at` timestamp NULL DEFAULT NULL,
  `updated_at` timestamp NULL DEFAULT NULL,
  PRIMARY KEY (`id`),
  KEY `categories_parent_id_index` (`parent_id`),
  KEY `categories_status_index` (`status`),
  KEY `categories_created_at_index` (`created_at`)
) ENGINE=InnoDB AUTO_INCREMENT=7 DEFAULT CHARSET=utf8mb4 COLLATE=utf8mb4_unicode_ci;

--
-- Dumping data for table `categories`
--

INSERT INTO `categories` VALUES (1,'Crisp Bread &amp; Cake',0,'Sint quos eveniet dolore consequuntur tempora ipsa. Temporibus et ipsam consequuntur quia ducimus unde. Facilis quidem laboriosam nostrum ullam ex saepe possimus omnis.','published',1,'Botble\\ACL\\Models\\User',NULL,0,0,0,'2025-07-28 01:49:58','2025-07-28 01:49:58'),(2,'Fashion',0,'Placeat voluptatem ut et sequi maiores sit. Quaerat voluptatem esse nisi aut aliquid nostrum harum. Voluptas adipisci ut quidem accusamus eius.','published',1,'Botble\\ACL\\Models\\User',NULL,0,1,0,'2025-07-28 01:49:58','2025-07-28 01:49:58'),(3,'Electronic',0,'Consequatur sit ut molestiae sed labore placeat quae omnis. Aut totam ipsam nulla cupiditate quisquam molestias nemo. Non aspernatur fugit laudantium amet eveniet adipisci.','published',1,'Botble\\ACL\\Models\\User',NULL,0,1,0,'2025-07-28 01:49:58','2025-07-28 01:49:58'),(4,'Commercial',0,'Esse autem non vero a non pariatur. Tempore laudantium sed vel sint qui rerum. Et delectus quos ut reiciendis accusamus sit. Autem esse pariatur consequatur eveniet ratione enim.','published',1,'Botble\\ACL\\Models\\User',NULL,0,1,0,'2025-07-28 01:49:58','2025-07-28 01:49:58'),(5,'Organic Fruits',0,'Animi ut at necessitatibus sunt. Sunt accusantium incidunt molestiae similique qui qui sit. Sed amet deleniti laudantium non similique recusandae. Quam fugit labore voluptas qui.','published',1,'Botble\\ACL\\Models\\User',NULL,0,1,0,'2025-07-28 01:49:58','2025-07-28 01:49:58'),(6,'Ecological',0,'Est ad explicabo voluptatum. Ut omnis quidem exercitationem eligendi. Illo ipsam distinctio et beatae architecto.','published',1,'Botble\\ACL\\Models\\User',NULL,0,1,0,'2025-07-28 01:49:58','2025-07-28 01:49:58');

--
-- Table structure for table `categories_translations`
--

CREATE TABLE `categories_translations` (
  `lang_code` varchar(20) COLLATE utf8mb4_unicode_ci NOT NULL,
  `categories_id` bigint unsigned NOT NULL,
  `name` varchar(191) COLLATE utf8mb4_unicode_ci DEFAULT NULL,
  `description` varchar(400) COLLATE utf8mb4_unicode_ci DEFAULT NULL,
  PRIMARY KEY (`lang_code`,`categories_id`)
) ENGINE=InnoDB DEFAULT CHARSET=utf8mb4 COLLATE=utf8mb4_unicode_ci;

--
-- Dumping data for table `categories_translations`
--


--
-- Table structure for table `cities`
--

CREATE TABLE `cities` (
  `id` bigint unsigned NOT NULL AUTO_INCREMENT,
  `name` varchar(120) COLLATE utf8mb4_unicode_ci NOT NULL,
  `slug` varchar(120) COLLATE utf8mb4_unicode_ci DEFAULT NULL,
  `state_id` bigint unsigned DEFAULT NULL,
  `country_id` bigint unsigned DEFAULT NULL,
  `record_id` varchar(40) COLLATE utf8mb4_unicode_ci DEFAULT NULL,
  `order` tinyint NOT NULL DEFAULT '0',
  `image` varchar(191) COLLATE utf8mb4_unicode_ci DEFAULT NULL,
  `is_default` tinyint unsigned NOT NULL DEFAULT '0',
  `status` varchar(60) COLLATE utf8mb4_unicode_ci NOT NULL DEFAULT 'published',
  `created_at` timestamp NULL DEFAULT NULL,
  `updated_at` timestamp NULL DEFAULT NULL,
  `zip_code` varchar(20) COLLATE utf8mb4_unicode_ci DEFAULT NULL,
  PRIMARY KEY (`id`),
  UNIQUE KEY `cities_slug_unique` (`slug`)
) ENGINE=InnoDB DEFAULT CHARSET=utf8mb4 COLLATE=utf8mb4_unicode_ci;

--
-- Dumping data for table `cities`
--


--
-- Table structure for table `cities_translations`
--

CREATE TABLE `cities_translations` (
  `lang_code` varchar(20) COLLATE utf8mb4_unicode_ci NOT NULL,
  `cities_id` bigint unsigned NOT NULL,
  `name` varchar(120) COLLATE utf8mb4_unicode_ci DEFAULT NULL,
  `slug` varchar(120) COLLATE utf8mb4_unicode_ci DEFAULT NULL,
  PRIMARY KEY (`lang_code`,`cities_id`)
) ENGINE=InnoDB DEFAULT CHARSET=utf8mb4 COLLATE=utf8mb4_unicode_ci;

--
-- Dumping data for table `cities_translations`
--


--
-- Table structure for table `contact_custom_field_options`
--

CREATE TABLE `contact_custom_field_options` (
  `id` bigint unsigned NOT NULL AUTO_INCREMENT,
  `custom_field_id` bigint unsigned NOT NULL,
  `label` varchar(191) COLLATE utf8mb4_unicode_ci DEFAULT NULL,
  `value` varchar(191) COLLATE utf8mb4_unicode_ci NOT NULL,
  `order` int NOT NULL DEFAULT '999',
  `created_at` timestamp NULL DEFAULT NULL,
  `updated_at` timestamp NULL DEFAULT NULL,
  PRIMARY KEY (`id`)
) ENGINE=InnoDB DEFAULT CHARSET=utf8mb4 COLLATE=utf8mb4_unicode_ci;

--
-- Dumping data for table `contact_custom_field_options`
--


--
-- Table structure for table `contact_custom_field_options_translations`
--

CREATE TABLE `contact_custom_field_options_translations` (
  `contact_custom_field_options_id` bigint unsigned NOT NULL,
  `lang_code` varchar(191) COLLATE utf8mb4_unicode_ci NOT NULL,
  `label` varchar(191) COLLATE utf8mb4_unicode_ci DEFAULT NULL,
  `value` varchar(191) COLLATE utf8mb4_unicode_ci DEFAULT NULL,
  PRIMARY KEY (`lang_code`,`contact_custom_field_options_id`)
) ENGINE=InnoDB DEFAULT CHARSET=utf8mb4 COLLATE=utf8mb4_unicode_ci;

--
-- Dumping data for table `contact_custom_field_options_translations`
--


--
-- Table structure for table `contact_custom_fields`
--

CREATE TABLE `contact_custom_fields` (
  `id` bigint unsigned NOT NULL AUTO_INCREMENT,
  `type` varchar(191) COLLATE utf8mb4_unicode_ci NOT NULL,
  `required` tinyint(1) NOT NULL DEFAULT '0',
  `name` varchar(191) COLLATE utf8mb4_unicode_ci NOT NULL,
  `placeholder` varchar(191) COLLATE utf8mb4_unicode_ci DEFAULT NULL,
  `order` int NOT NULL DEFAULT '999',
  `status` varchar(191) COLLATE utf8mb4_unicode_ci NOT NULL DEFAULT 'published',
  `created_at` timestamp NULL DEFAULT NULL,
  `updated_at` timestamp NULL DEFAULT NULL,
  PRIMARY KEY (`id`)
) ENGINE=InnoDB DEFAULT CHARSET=utf8mb4 COLLATE=utf8mb4_unicode_ci;

--
-- Dumping data for table `contact_custom_fields`
--


--
-- Table structure for table `contact_custom_fields_translations`
--

CREATE TABLE `contact_custom_fields_translations` (
  `contact_custom_fields_id` bigint unsigned NOT NULL,
  `lang_code` varchar(191) COLLATE utf8mb4_unicode_ci NOT NULL,
  `name` varchar(191) COLLATE utf8mb4_unicode_ci DEFAULT NULL,
  `placeholder` varchar(191) COLLATE utf8mb4_unicode_ci DEFAULT NULL,
  PRIMARY KEY (`lang_code`,`contact_custom_fields_id`)
) ENGINE=InnoDB DEFAULT CHARSET=utf8mb4 COLLATE=utf8mb4_unicode_ci;

--
-- Dumping data for table `contact_custom_fields_translations`
--


--
-- Table structure for table `contact_replies`
--

CREATE TABLE `contact_replies` (
  `id` bigint unsigned NOT NULL AUTO_INCREMENT,
  `message` longtext COLLATE utf8mb4_unicode_ci NOT NULL,
  `contact_id` bigint unsigned NOT NULL,
  `created_at` timestamp NULL DEFAULT NULL,
  `updated_at` timestamp NULL DEFAULT NULL,
  PRIMARY KEY (`id`)
) ENGINE=InnoDB DEFAULT CHARSET=utf8mb4 COLLATE=utf8mb4_unicode_ci;

--
-- Dumping data for table `contact_replies`
--


--
-- Table structure for table `contacts`
--

CREATE TABLE `contacts` (
  `id` bigint unsigned NOT NULL AUTO_INCREMENT,
  `name` varchar(60) COLLATE utf8mb4_unicode_ci NOT NULL,
  `email` varchar(60) COLLATE utf8mb4_unicode_ci DEFAULT NULL,
  `phone` varchar(60) COLLATE utf8mb4_unicode_ci DEFAULT NULL,
  `address` varchar(120) COLLATE utf8mb4_unicode_ci DEFAULT NULL,
  `subject` varchar(120) COLLATE utf8mb4_unicode_ci DEFAULT NULL,
  `content` longtext COLLATE utf8mb4_unicode_ci NOT NULL,
  `custom_fields` text COLLATE utf8mb4_unicode_ci,
  `status` varchar(60) COLLATE utf8mb4_unicode_ci NOT NULL DEFAULT 'unread',
  `created_at` timestamp NULL DEFAULT NULL,
  `updated_at` timestamp NULL DEFAULT NULL,
  PRIMARY KEY (`id`)
) ENGINE=InnoDB AUTO_INCREMENT=11 DEFAULT CHARSET=utf8mb4 COLLATE=utf8mb4_unicode_ci;

--
-- Dumping data for table `contacts`
--

INSERT INTO `contacts` VALUES (1,'Dr. Vincent Rippin','maude77@example.net','(386) 288-1325','732 Ernesto Extensions\nTillmanshire, VT 49360','Consequatur quia harum deleniti non.','Nihil vitae autem aperiam. Dolorem est officiis natus voluptas sed et. Et ab dicta molestias maiores sed qui. Corporis necessitatibus corporis cum et hic et. Voluptates et doloremque eum velit beatae debitis minus. Velit est iure in. Qui amet dignissimos dolore excepturi. Consequuntur nesciunt autem repudiandae delectus. Ab dolor quaerat blanditiis earum est iste soluta nostrum.',NULL,'read','2025-07-28 01:49:56','2025-07-28 01:49:56'),(2,'Richard Beier','becker.alta@example.org','+1-315-726-2140','72249 Onie Manors\nStoltenbergview, ND 72519','Omnis voluptas pariatur et eaque.','Qui aut totam omnis facere quis et et. Voluptatem impedit neque eos qui. Fugiat laudantium libero at qui nesciunt cupiditate. Ducimus id minus enim distinctio. Aut optio sit dolor magni voluptatibus maxime delectus. Nam voluptas possimus molestias optio qui. Laudantium et vel qui omnis. Assumenda eum velit dolorum sed. Ullam fugiat aut molestias. Numquam laudantium et eaque commodi repudiandae sed.',NULL,'read','2025-07-28 01:49:56','2025-07-28 01:49:56'),(3,'Mr. Murphy Champlin Sr.','maynard.jast@example.com','865-659-6969','438 Karson Harbors\nEast Ian, ME 15268','Eligendi eum et et et impedit sed reiciendis.','Et facere ut labore ut. Consectetur accusantium tempora dolore quasi. Et repudiandae consequatur enim voluptatibus. Placeat veritatis et enim sint consequuntur. Ullam minima aut eos et enim. Magnam illum dignissimos provident eos veniam sed. Nulla aut et aut beatae debitis. Placeat non provident et aut aut consequuntur omnis. Qui quibusdam enim quia non qui nobis. Deleniti eum modi atque in laudantium veritatis est. Aut cupiditate saepe tempore ut vel.',NULL,'read','2025-07-28 01:49:56','2025-07-28 01:49:56'),(4,'Jaquelin Schneider','mariela.botsford@example.org','801-589-8832','961 Grimes Underpass Suite 677\nNorth Kaleside, NH 48106-6003','Fuga vel adipisci delectus quo sunt ex.','Modi eos et voluptatem. Dolorem dolores dolorem quia aut natus eaque ea cumque. Sed et error esse consectetur asperiores. Quod necessitatibus suscipit laboriosam saepe. Consectetur voluptatem ullam sit autem. Reiciendis in qui illum facere. Praesentium reiciendis asperiores saepe est. Debitis commodi amet et laborum neque aut sint. Numquam alias voluptas tempore laudantium repellendus rerum similique voluptate. Ea est fugit nisi laudantium fuga assumenda dolorum.',NULL,'unread','2025-07-28 01:49:56','2025-07-28 01:49:56'),(5,'Ms. Loma Koepp DVM','nikki.hammes@example.org','(727) 652-4233','31979 Emmanuelle Ways\nKeltonbury, WA 48303-1139','Sunt aut debitis nihil voluptatem et.','Esse saepe ullam qui est magni. Adipisci ullam nisi commodi facere laboriosam. Reprehenderit vero totam id distinctio est eveniet natus. Aut omnis et eos necessitatibus. Eum et itaque quia dicta animi voluptatem dolores rerum. Repellendus at consequatur ut qui natus. Molestias temporibus laboriosam velit quibusdam. Veniam placeat eligendi sit placeat reprehenderit amet rem. Molestias accusantium unde explicabo dolorem adipisci asperiores. Nisi et adipisci nam impedit voluptate earum.',NULL,'unread','2025-07-28 01:49:56','2025-07-28 01:49:56'),(6,'Mr. Davin Bailey','daniel.lessie@example.net','701.666.5632','37013 Josie Tunnel\nGrantport, WV 65689-9721','Omnis nam omnis in distinctio deleniti.','Pariatur cumque maxime ad placeat adipisci. Aperiam est temporibus impedit amet. Natus rem ut consectetur sunt. Qui rerum dolor aperiam est. Voluptatem quas facilis aut sapiente. Ullam possimus ipsam explicabo temporibus. Qui est voluptas ut. Natus vitae voluptatem vero. Minima accusamus voluptas voluptate. Dolores officiis ut et doloremque.',NULL,'unread','2025-07-28 01:49:56','2025-07-28 01:49:56'),(7,'Laila Rath','aniyah53@example.org','1-763-746-1514','1771 Ivah Roads Suite 186\nEast Mathias, WY 55358','Et qui accusamus sequi sapiente culpa.','Cum quisquam aut assumenda maxime ab. Repellendus magnam fugit quidem similique. Laudantium optio dolorem facilis nam. Dicta non ut non. Ex fugiat maiores dolores nemo id. Vitae dolor eius doloribus ab et et quos. Corporis commodi nihil velit iusto. Eligendi delectus ut doloremque mollitia optio. Nesciunt exercitationem iusto perferendis. Ut mollitia enim quia velit. Consequatur quis eos totam. Eum aperiam harum aut consequatur est natus vero.',NULL,'unread','2025-07-28 01:49:56','2025-07-28 01:49:56'),(8,'Caleigh Kilback','bokuneva@example.org','(339) 905-1565','292 Swaniawski Corners Apt. 440\nWest Sandra, OK 44146-5856','Soluta eius aut voluptas sunt veniam quia.','Totam perspiciatis optio eum voluptates et quis. Et velit qui qui. Veniam possimus animi aut vitae in voluptatem itaque. Perspiciatis omnis rerum sint sit et iusto asperiores. Doloribus dolores qui consequatur mollitia maiores aut. Atque quo voluptatem rem nisi ut ut aperiam. Animi asperiores consequatur facere sapiente tempore ipsa deleniti.',NULL,'read','2025-07-28 01:49:56','2025-07-28 01:49:56'),(9,'Letitia Mosciski','charlie.kessler@example.org','+14797295656','261 Von Parkways Apt. 602\nNew Devonchester, WA 89075','Eos officiis voluptatem a qui consectetur.','Cum rerum velit fugiat et ut. Modi et facere nihil et placeat. Recusandae dolores et atque nisi optio corrupti. Similique ullam aperiam et. Et animi qui vel voluptatem. Consectetur amet laudantium est laboriosam distinctio. Illum ut facilis tenetur tenetur quae blanditiis repudiandae. Praesentium facilis nemo iusto asperiores est. Ipsa sit nihil eum eveniet.',NULL,'read','2025-07-28 01:49:56','2025-07-28 01:49:56'),(10,'Tyrique Lubowitz DVM','nikolaus.charity@example.com','1-240-280-9269','861 Golden Walks Suite 488\nWest Fern, KS 06061','Ad eos et enim voluptates.','Distinctio distinctio alias et nobis consequatur tempore eos. Consequuntur blanditiis est id soluta. Doloribus enim modi officia ut quia ex soluta facere. Doloribus ullam et dicta quos placeat accusantium voluptas aspernatur. Et voluptate reiciendis neque et illum distinctio autem tempora. Nihil nulla aut quasi ea. Eveniet minima atque aspernatur ratione. Corrupti est ea animi sint nisi.',NULL,'unread','2025-07-28 01:49:56','2025-07-28 01:49:56');

--
-- Table structure for table `countries`
--

CREATE TABLE `countries` (
  `id` bigint unsigned NOT NULL AUTO_INCREMENT,
  `name` varchar(120) COLLATE utf8mb4_unicode_ci NOT NULL,
  `nationality` varchar(120) COLLATE utf8mb4_unicode_ci DEFAULT NULL,
  `order` tinyint NOT NULL DEFAULT '0',
  `image` varchar(191) COLLATE utf8mb4_unicode_ci DEFAULT NULL,
  `is_default` tinyint unsigned NOT NULL DEFAULT '0',
  `status` varchar(60) COLLATE utf8mb4_unicode_ci NOT NULL DEFAULT 'published',
  `created_at` timestamp NULL DEFAULT NULL,
  `updated_at` timestamp NULL DEFAULT NULL,
  `code` varchar(10) COLLATE utf8mb4_unicode_ci DEFAULT NULL,
  PRIMARY KEY (`id`)
) ENGINE=InnoDB DEFAULT CHARSET=utf8mb4 COLLATE=utf8mb4_unicode_ci;

--
-- Dumping data for table `countries`
--


--
-- Table structure for table `countries_translations`
--

CREATE TABLE `countries_translations` (
  `lang_code` varchar(20) COLLATE utf8mb4_unicode_ci NOT NULL,
  `countries_id` bigint unsigned NOT NULL,
  `name` varchar(120) COLLATE utf8mb4_unicode_ci DEFAULT NULL,
  `nationality` varchar(120) COLLATE utf8mb4_unicode_ci DEFAULT NULL,
  PRIMARY KEY (`lang_code`,`countries_id`)
) ENGINE=InnoDB DEFAULT CHARSET=utf8mb4 COLLATE=utf8mb4_unicode_ci;

--
-- Dumping data for table `countries_translations`
--


--
-- Table structure for table `dashboard_widget_settings`
--

CREATE TABLE `dashboard_widget_settings` (
  `id` bigint unsigned NOT NULL AUTO_INCREMENT,
  `settings` text COLLATE utf8mb4_unicode_ci,
  `user_id` bigint unsigned NOT NULL,
  `widget_id` bigint unsigned NOT NULL,
  `order` tinyint unsigned NOT NULL DEFAULT '0',
  `status` tinyint unsigned NOT NULL DEFAULT '1',
  `created_at` timestamp NULL DEFAULT NULL,
  `updated_at` timestamp NULL DEFAULT NULL,
  PRIMARY KEY (`id`),
  KEY `dashboard_widget_settings_user_id_index` (`user_id`),
  KEY `dashboard_widget_settings_widget_id_index` (`widget_id`)
) ENGINE=InnoDB DEFAULT CHARSET=utf8mb4 COLLATE=utf8mb4_unicode_ci;

--
-- Dumping data for table `dashboard_widget_settings`
--


--
-- Table structure for table `dashboard_widgets`
--

CREATE TABLE `dashboard_widgets` (
  `id` bigint unsigned NOT NULL AUTO_INCREMENT,
  `name` varchar(120) COLLATE utf8mb4_unicode_ci NOT NULL,
  `created_at` timestamp NULL DEFAULT NULL,
  `updated_at` timestamp NULL DEFAULT NULL,
  PRIMARY KEY (`id`)
) ENGINE=InnoDB DEFAULT CHARSET=utf8mb4 COLLATE=utf8mb4_unicode_ci;

--
-- Dumping data for table `dashboard_widgets`
--


--
-- Table structure for table `device_tokens`
--

CREATE TABLE `device_tokens` (
  `id` bigint unsigned NOT NULL AUTO_INCREMENT,
  `token` varchar(191) COLLATE utf8mb4_unicode_ci NOT NULL,
  `platform` varchar(191) COLLATE utf8mb4_unicode_ci DEFAULT NULL,
  `app_version` varchar(191) COLLATE utf8mb4_unicode_ci DEFAULT NULL,
  `device_id` varchar(191) COLLATE utf8mb4_unicode_ci DEFAULT NULL,
  `user_type` varchar(191) COLLATE utf8mb4_unicode_ci DEFAULT NULL,
  `user_id` bigint unsigned DEFAULT NULL,
  `is_active` tinyint(1) NOT NULL DEFAULT '1',
  `last_used_at` timestamp NULL DEFAULT NULL,
  `created_at` timestamp NULL DEFAULT NULL,
  `updated_at` timestamp NULL DEFAULT NULL,
  PRIMARY KEY (`id`),
  UNIQUE KEY `device_tokens_token_unique` (`token`),
  KEY `device_tokens_user_type_user_id_index` (`user_type`,`user_id`),
  KEY `device_tokens_platform_is_active_index` (`platform`,`is_active`),
  KEY `device_tokens_is_active_index` (`is_active`)
) ENGINE=InnoDB DEFAULT CHARSET=utf8mb4 COLLATE=utf8mb4_unicode_ci;

--
-- Dumping data for table `device_tokens`
--


--
-- Table structure for table `ec_abandoned_carts`
--

CREATE TABLE `ec_abandoned_carts` (
  `id` bigint unsigned NOT NULL AUTO_INCREMENT,
  `customer_id` bigint unsigned DEFAULT NULL,
  `session_id` varchar(191) COLLATE utf8mb4_unicode_ci DEFAULT NULL,
  `cart_data` json NOT NULL,
  `total_amount` decimal(15,2) NOT NULL DEFAULT '0.00',
  `items_count` int NOT NULL DEFAULT '0',
  `email` varchar(191) COLLATE utf8mb4_unicode_ci DEFAULT NULL,
  `phone` varchar(191) COLLATE utf8mb4_unicode_ci DEFAULT NULL,
  `customer_name` varchar(191) COLLATE utf8mb4_unicode_ci DEFAULT NULL,
  `abandoned_at` timestamp NULL DEFAULT NULL,
  `reminder_sent_at` timestamp NULL DEFAULT NULL,
  `reminders_sent` int NOT NULL DEFAULT '0',
  `is_recovered` tinyint(1) NOT NULL DEFAULT '0',
  `recovered_at` timestamp NULL DEFAULT NULL,
  `recovered_order_id` bigint unsigned DEFAULT NULL,
  `created_at` timestamp NULL DEFAULT NULL,
  `updated_at` timestamp NULL DEFAULT NULL,
  PRIMARY KEY (`id`),
  KEY `ec_abandoned_carts_abandoned_at_is_recovered_index` (`abandoned_at`,`is_recovered`),
  KEY `ec_abandoned_carts_created_at_is_recovered_index` (`created_at`,`is_recovered`),
  KEY `ec_abandoned_carts_customer_id_index` (`customer_id`),
  KEY `ec_abandoned_carts_session_id_index` (`session_id`),
  KEY `ec_abandoned_carts_email_index` (`email`),
  KEY `ec_abandoned_carts_recovered_order_id_index` (`recovered_order_id`)
) ENGINE=InnoDB DEFAULT CHARSET=utf8mb4 COLLATE=utf8mb4_unicode_ci;

--
-- Dumping data for table `ec_abandoned_carts`
--


--
-- Table structure for table `ec_brands`
--

CREATE TABLE `ec_brands` (
  `id` bigint unsigned NOT NULL AUTO_INCREMENT,
  `name` varchar(191) COLLATE utf8mb4_unicode_ci NOT NULL,
  `description` mediumtext COLLATE utf8mb4_unicode_ci,
  `website` varchar(191) COLLATE utf8mb4_unicode_ci DEFAULT NULL,
  `logo` varchar(191) COLLATE utf8mb4_unicode_ci DEFAULT NULL,
  `status` varchar(60) COLLATE utf8mb4_unicode_ci NOT NULL DEFAULT 'published',
  `order` tinyint unsigned NOT NULL DEFAULT '0',
  `is_featured` tinyint unsigned NOT NULL DEFAULT '0',
  `created_at` timestamp NULL DEFAULT NULL,
  `updated_at` timestamp NULL DEFAULT NULL,
  PRIMARY KEY (`id`)
) ENGINE=InnoDB AUTO_INCREMENT=6 DEFAULT CHARSET=utf8mb4 COLLATE=utf8mb4_unicode_ci;

--
-- Dumping data for table `ec_brands`
--

INSERT INTO `ec_brands` VALUES (1,'FoodPound','New Snacks Release',NULL,'main/brands/1.png','published',0,1,'2025-07-28 01:49:52','2025-07-28 01:49:52'),(2,'iTea JSC','Happy Tea 100% Organic. From $29.9',NULL,'main/brands/2.png','published',1,1,'2025-07-28 01:49:52','2025-07-28 01:49:52'),(3,'Soda Brand','Fresh Meat Sausage. BUY 2 GET 1!',NULL,'main/brands/3.png','published',2,1,'2025-07-28 01:49:52','2025-07-28 01:49:52'),(4,'Shofy','Fresh Meat Sausage. BUY 2 GET 1!',NULL,'main/brands/4.png','published',3,1,'2025-07-28 01:49:52','2025-07-28 01:49:52'),(5,'Soda Brand','Fresh Meat Sausage. BUY 2 GET 1!',NULL,'main/brands/5.png','published',4,1,'2025-07-28 01:49:52','2025-07-28 01:49:52');

--
-- Table structure for table `ec_brands_translations`
--

CREATE TABLE `ec_brands_translations` (
  `lang_code` varchar(191) COLLATE utf8mb4_unicode_ci NOT NULL,
  `ec_brands_id` bigint unsigned NOT NULL,
  `name` varchar(191) COLLATE utf8mb4_unicode_ci DEFAULT NULL,
  `description` mediumtext COLLATE utf8mb4_unicode_ci,
  PRIMARY KEY (`lang_code`,`ec_brands_id`)
) ENGINE=InnoDB DEFAULT CHARSET=utf8mb4 COLLATE=utf8mb4_unicode_ci;

--
-- Dumping data for table `ec_brands_translations`
--


--
-- Table structure for table `ec_cart`
--

CREATE TABLE `ec_cart` (
  `identifier` varchar(60) COLLATE utf8mb4_unicode_ci NOT NULL,
  `instance` varchar(60) COLLATE utf8mb4_unicode_ci NOT NULL,
  `content` longtext COLLATE utf8mb4_unicode_ci NOT NULL,
  `created_at` timestamp NULL DEFAULT NULL,
  `updated_at` timestamp NULL DEFAULT NULL,
  PRIMARY KEY (`identifier`,`instance`)
) ENGINE=InnoDB DEFAULT CHARSET=utf8mb4 COLLATE=utf8mb4_unicode_ci;

--
-- Dumping data for table `ec_cart`
--


--
-- Table structure for table `ec_currencies`
--

CREATE TABLE `ec_currencies` (
  `id` bigint unsigned NOT NULL AUTO_INCREMENT,
  `title` varchar(191) COLLATE utf8mb4_unicode_ci NOT NULL,
  `symbol` varchar(10) COLLATE utf8mb4_unicode_ci NOT NULL,
  `is_prefix_symbol` tinyint unsigned NOT NULL DEFAULT '0',
  `decimals` tinyint unsigned DEFAULT '0',
  `order` int unsigned DEFAULT '0',
  `is_default` tinyint NOT NULL DEFAULT '0',
  `exchange_rate` double NOT NULL DEFAULT '1',
  `created_at` timestamp NULL DEFAULT NULL,
  `updated_at` timestamp NULL DEFAULT NULL,
  PRIMARY KEY (`id`)
) ENGINE=InnoDB AUTO_INCREMENT=5 DEFAULT CHARSET=utf8mb4 COLLATE=utf8mb4_unicode_ci;

--
-- Dumping data for table `ec_currencies`
--

INSERT INTO `ec_currencies` VALUES (1,'USD','$',1,2,0,1,1,'2025-07-28 01:49:52','2025-07-28 01:49:52'),(2,'EUR','€',0,2,1,0,0.84,'2025-07-28 01:49:52','2025-07-28 01:49:52'),(3,'VND','₫',0,0,2,0,23203,'2025-07-28 01:49:52','2025-07-28 01:49:52'),(4,'NGN','₦',1,2,2,0,895.52,'2025-07-28 01:49:52','2025-07-28 01:49:52');

--
-- Table structure for table `ec_customer_addresses`
--

CREATE TABLE `ec_customer_addresses` (
  `id` bigint unsigned NOT NULL AUTO_INCREMENT,
  `name` varchar(191) COLLATE utf8mb4_unicode_ci NOT NULL,
  `email` varchar(60) COLLATE utf8mb4_unicode_ci DEFAULT NULL,
  `phone` varchar(20) COLLATE utf8mb4_unicode_ci DEFAULT NULL,
  `country` varchar(120) COLLATE utf8mb4_unicode_ci DEFAULT NULL,
  `state` varchar(120) COLLATE utf8mb4_unicode_ci DEFAULT NULL,
  `city` varchar(120) COLLATE utf8mb4_unicode_ci DEFAULT NULL,
  `address` varchar(191) COLLATE utf8mb4_unicode_ci DEFAULT NULL,
  `customer_id` bigint unsigned NOT NULL,
  `is_default` tinyint unsigned NOT NULL DEFAULT '0',
  `created_at` timestamp NULL DEFAULT NULL,
  `updated_at` timestamp NULL DEFAULT NULL,
  `zip_code` varchar(20) COLLATE utf8mb4_unicode_ci DEFAULT NULL,
  PRIMARY KEY (`id`)
) ENGINE=InnoDB AUTO_INCREMENT=13 DEFAULT CHARSET=utf8mb4 COLLATE=utf8mb4_unicode_ci;

--
-- Dumping data for table `ec_customer_addresses`
--

INSERT INTO `ec_customer_addresses` VALUES (1,'Kayley Turcotte DVM','customer@botble.com','+18047833542','TF','New Hampshire','New Natberg','8807 Selina Mission Suite 529',1,1,'2025-07-28 01:49:53','2025-07-28 01:49:53','90249'),(2,'Kayley Turcotte DVM','customer@botble.com','+17633489200','TJ','Iowa','East Nicholasside','5035 Leannon Row Suite 311',1,0,'2025-07-28 01:49:53','2025-07-28 01:49:53','69689'),(3,'Zoe Balistreri','vendor@botble.com','+15596045531','PS','New York','Lindgrenton','4256 Lehner Cape',2,1,'2025-07-28 01:49:53','2025-07-28 01:49:53','18962-6486'),(4,'Zoe Balistreri','vendor@botble.com','+17854141664','LU','New Hampshire','North Victoria','963 Rosella Extensions Suite 832',2,0,'2025-07-28 01:49:53','2025-07-28 01:49:53','53000-4970'),(5,'Laurie Feil','antwan.harris@example.com','+19208536661','MT','Kentucky','Deborahstad','3368 Claud Squares',3,1,'2025-07-28 01:49:54','2025-07-28 01:49:54','72930-7354'),(6,'Blair Glover','nakia81@example.net','+15204456149','CH','Washington','West Suzanne','46228 Deckow Club',4,1,'2025-07-28 01:49:54','2025-07-28 01:49:54','37557'),(7,'Zita Will MD','etha16@example.org','+12699138238','MV','Massachusetts','Goldnerborough','2461 Macejkovic Stream',5,1,'2025-07-28 01:49:54','2025-07-28 01:49:54','73436'),(8,'Ms. Neha Pacocha III','ellis.grady@example.net','+18646282968','MP','Minnesota','Lake Orion','1221 Jacinto Viaduct Suite 517',6,1,'2025-07-28 01:49:55','2025-07-28 01:49:55','15624-6789'),(9,'Mr. Brent Runolfsson','wlarson@example.net','+17728829755','RS','Arizona','West Kyraborough','8643 Murazik Tunnel',7,1,'2025-07-28 01:49:55','2025-07-28 01:49:55','13323'),(10,'Kari Hammes','herman.madonna@example.org','+17349975524','AS','Tennessee','Lake Scotty','217 Mac Ramp Apt. 518',8,1,'2025-07-28 01:49:55','2025-07-28 01:49:55','24849'),(11,'Ryley McGlynn','mertie.nitzsche@example.net','+12704696893','CV','Arizona','Susanafurt','7976 Deckow Village Suite 556',9,1,'2025-07-28 01:49:56','2025-07-28 01:49:56','89609-6076'),(12,'Davion Senger','leonor.bailey@example.org','+17147930421','BO','South Carolina','Port Ari','101 Shania Heights Suite 911',10,1,'2025-07-28 01:49:56','2025-07-28 01:49:56','84070');

--
-- Table structure for table `ec_customer_deletion_requests`
--

CREATE TABLE `ec_customer_deletion_requests` (
  `id` bigint unsigned NOT NULL AUTO_INCREMENT,
  `customer_id` bigint unsigned NOT NULL,
  `customer_name` varchar(191) COLLATE utf8mb4_unicode_ci DEFAULT NULL,
  `customer_phone` varchar(191) COLLATE utf8mb4_unicode_ci DEFAULT NULL,
  `customer_email` varchar(191) COLLATE utf8mb4_unicode_ci DEFAULT NULL,
  `token` varchar(191) COLLATE utf8mb4_unicode_ci NOT NULL,
  `status` varchar(50) COLLATE utf8mb4_unicode_ci NOT NULL DEFAULT 'waiting_for_confirmation',
  `reason` text COLLATE utf8mb4_unicode_ci,
  `confirmed_at` datetime DEFAULT NULL,
  `created_at` timestamp NULL DEFAULT NULL,
  `updated_at` timestamp NULL DEFAULT NULL,
  PRIMARY KEY (`id`),
  UNIQUE KEY `ec_customer_deletion_requests_token_unique` (`token`)
) ENGINE=InnoDB DEFAULT CHARSET=utf8mb4 COLLATE=utf8mb4_unicode_ci;

--
-- Dumping data for table `ec_customer_deletion_requests`
--


--
-- Table structure for table `ec_customer_password_resets`
--

CREATE TABLE `ec_customer_password_resets` (
  `email` varchar(191) COLLATE utf8mb4_unicode_ci NOT NULL,
  `token` varchar(191) COLLATE utf8mb4_unicode_ci NOT NULL,
  `created_at` timestamp NULL DEFAULT NULL,
  KEY `ec_customer_password_resets_email_index` (`email`),
  KEY `ec_customer_password_resets_token_index` (`token`)
) ENGINE=InnoDB DEFAULT CHARSET=utf8mb4 COLLATE=utf8mb4_unicode_ci;

--
-- Dumping data for table `ec_customer_password_resets`
--


--
-- Table structure for table `ec_customer_recently_viewed_products`
--

CREATE TABLE `ec_customer_recently_viewed_products` (
  `id` bigint unsigned NOT NULL AUTO_INCREMENT,
  `customer_id` bigint unsigned NOT NULL,
  `product_id` bigint unsigned NOT NULL,
  PRIMARY KEY (`id`)
) ENGINE=InnoDB DEFAULT CHARSET=utf8mb4 COLLATE=utf8mb4_unicode_ci;

--
-- Dumping data for table `ec_customer_recently_viewed_products`
--


--
-- Table structure for table `ec_customer_used_coupons`
--

CREATE TABLE `ec_customer_used_coupons` (
  `discount_id` bigint unsigned NOT NULL,
  `customer_id` bigint unsigned NOT NULL,
  PRIMARY KEY (`discount_id`,`customer_id`)
) ENGINE=InnoDB DEFAULT CHARSET=utf8mb4 COLLATE=utf8mb4_unicode_ci;

--
-- Dumping data for table `ec_customer_used_coupons`
--


--
-- Table structure for table `ec_customers`
--

CREATE TABLE `ec_customers` (
  `id` bigint unsigned NOT NULL AUTO_INCREMENT,
  `name` varchar(191) COLLATE utf8mb4_unicode_ci NOT NULL,
  `email` varchar(191) COLLATE utf8mb4_unicode_ci DEFAULT NULL,
  `password` varchar(191) COLLATE utf8mb4_unicode_ci NOT NULL,
  `avatar` varchar(191) COLLATE utf8mb4_unicode_ci DEFAULT NULL,
  `dob` date DEFAULT NULL,
  `phone` varchar(20) COLLATE utf8mb4_unicode_ci DEFAULT NULL,
  `remember_token` varchar(100) COLLATE utf8mb4_unicode_ci DEFAULT NULL,
  `created_at` timestamp NULL DEFAULT NULL,
  `updated_at` timestamp NULL DEFAULT NULL,
  `confirmed_at` datetime DEFAULT NULL,
  `email_verify_token` varchar(120) COLLATE utf8mb4_unicode_ci DEFAULT NULL,
  `is_vendor` tinyint(1) NOT NULL DEFAULT '0',
  `vendor_verified_at` datetime DEFAULT NULL,
  `status` varchar(60) COLLATE utf8mb4_unicode_ci NOT NULL DEFAULT 'activated',
  `block_reason` varchar(400) COLLATE utf8mb4_unicode_ci DEFAULT NULL,
  `private_notes` text COLLATE utf8mb4_unicode_ci,
  `stripe_account_id` varchar(191) COLLATE utf8mb4_unicode_ci DEFAULT NULL,
  `stripe_account_active` tinyint(1) NOT NULL DEFAULT '0',
  PRIMARY KEY (`id`)
) ENGINE=InnoDB AUTO_INCREMENT=11 DEFAULT CHARSET=utf8mb4 COLLATE=utf8mb4_unicode_ci;

--
-- Dumping data for table `ec_customers`
--

INSERT INTO `ec_customers` VALUES (1,'Kayley Turcotte DVM','customer@botble.com','$2y$12$fAUkFH76.dh27PKIrOtKAujPejUdeQBunZ1dy0YsN25NqMrxNawxK','main/customers/6.jpg','1984-07-09','+16787889568',NULL,'2025-07-28 01:49:53','2025-07-28 01:49:53','1984-07-09 08:49:53',NULL,0,NULL,'activated',NULL,NULL,NULL,0),(2,'Zoe Balistreri','vendor@botble.com','$2y$12$apFALiMgcBUUaK60U4C4XuElad7XgP2Dg5DXXNDrit3WxoRg8DNRm','main/customers/5.jpg','1963-07-06','+18477161529',NULL,'2025-07-28 01:49:53','2025-07-28 01:50:00','1963-07-06 08:49:53',NULL,1,'2025-07-28 08:50:00','activated',NULL,NULL,NULL,0),(3,'Laurie Feil','antwan.harris@example.com','$2y$12$qE5lRTwMPtO4fkCYoqRmk.ZPKLP6oRxQkaKm./wH9pcL1eNMHXWj.','main/customers/1.jpg','1931-06-25','+15412307862',NULL,'2025-07-28 01:49:54','2025-07-28 01:50:01','1931-06-25 08:49:53',NULL,1,'2025-07-28 08:50:00','activated',NULL,NULL,NULL,0),(4,'Blair Glover','nakia81@example.net','$2y$12$193aJlGIwecWA6OwQFd7POyWrBv7BISLr/mfXeu/eTDwWoEiqGN8S','main/customers/2.jpg','1896-06-09','+19306607627',NULL,'2025-07-28 01:49:54','2025-07-28 01:50:01','1896-06-09 08:49:53',NULL,1,'2025-07-28 08:50:00','activated',NULL,NULL,NULL,0),(5,'Zita Will MD','etha16@example.org','$2y$12$zLp.KPKzVllJC0c7j75cfOD8hrdrhMqg4YIb.HUjlvDt.fCfDP2uu','main/customers/3.jpg','1864-05-13','+12818429150',NULL,'2025-07-28 01:49:54','2025-07-28 01:50:01','1864-05-13 08:49:53',NULL,1,'2025-07-28 08:50:00','activated',NULL,NULL,NULL,0),(6,'Ms. Neha Pacocha III','ellis.grady@example.net','$2y$12$PF3erHvppvPQKGDCvfIXGuFEE5Bq2n1SfzasO3BshwbmiKlMehCki','main/customers/4.jpg','1822-05-09','+16785023900',NULL,'2025-07-28 01:49:55','2025-07-28 01:50:02','1822-05-09 08:49:53',NULL,1,'2025-07-28 08:50:00','activated',NULL,NULL,NULL,0),(7,'Mr. Brent Runolfsson','wlarson@example.net','$2y$12$0UHGSEGS3gR/1oL8lY3gguxBg5t2DK2OrP5Lc.1r11YNd2mgERaae','main/customers/5.jpg','1800-04-28','+19302375100',NULL,'2025-07-28 01:49:55','2025-07-28 01:50:02','1800-04-28 08:49:53',NULL,1,'2025-07-28 08:50:00','activated',NULL,NULL,NULL,0),(8,'Kari Hammes','herman.madonna@example.org','$2y$12$4Ls3ijq5QEeixYSXScqKau9NxduuG17b73DGb3Mtr72ZzAPHgK7Pq','main/customers/6.jpg','1775-04-24','+15202418871',NULL,'2025-07-28 01:49:55','2025-07-28 01:50:02','1775-04-24 08:49:53',NULL,1,'2025-07-28 08:50:00','activated',NULL,NULL,NULL,0),(9,'Ryley McGlynn','mertie.nitzsche@example.net','$2y$12$EtPrL631VVRNBmlYwg/nuOmWuERcHEkFOzc8ziqQnyWfudvn5xNv6','main/customers/7.jpg','1731-04-11','+12285049047',NULL,'2025-07-28 01:49:56','2025-07-28 01:50:03','1731-04-11 08:49:53',NULL,0,NULL,'activated',NULL,NULL,NULL,0),(10,'Davion Senger','leonor.bailey@example.org','$2y$12$2azUjhm4ZbEIVq2ItEHs0OZ98CIfu3AhEIn19v6223Fqa/WR8S/cK','main/customers/8.jpg','1692-03-21','+12345569507',NULL,'2025-07-28 01:49:56','2025-07-28 01:50:03','1692-03-21 08:49:53',NULL,0,NULL,'activated',NULL,NULL,NULL,0);

--
-- Table structure for table `ec_discount_customers`
--

CREATE TABLE `ec_discount_customers` (
  `discount_id` bigint unsigned NOT NULL,
  `customer_id` bigint unsigned NOT NULL,
  PRIMARY KEY (`discount_id`,`customer_id`)
) ENGINE=InnoDB DEFAULT CHARSET=utf8mb4 COLLATE=utf8mb4_unicode_ci;

--
-- Dumping data for table `ec_discount_customers`
--


--
-- Table structure for table `ec_discount_product_categories`
--

CREATE TABLE `ec_discount_product_categories` (
  `discount_id` bigint unsigned NOT NULL,
  `product_category_id` bigint unsigned NOT NULL,
  PRIMARY KEY (`discount_id`,`product_category_id`)
) ENGINE=InnoDB DEFAULT CHARSET=utf8mb4 COLLATE=utf8mb4_unicode_ci;

--
-- Dumping data for table `ec_discount_product_categories`
--


--
-- Table structure for table `ec_discount_product_collections`
--

CREATE TABLE `ec_discount_product_collections` (
  `discount_id` bigint unsigned NOT NULL,
  `product_collection_id` bigint unsigned NOT NULL,
  PRIMARY KEY (`discount_id`,`product_collection_id`)
) ENGINE=InnoDB DEFAULT CHARSET=utf8mb4 COLLATE=utf8mb4_unicode_ci;

--
-- Dumping data for table `ec_discount_product_collections`
--


--
-- Table structure for table `ec_discount_products`
--

CREATE TABLE `ec_discount_products` (
  `discount_id` bigint unsigned NOT NULL,
  `product_id` bigint unsigned NOT NULL,
  PRIMARY KEY (`discount_id`,`product_id`)
) ENGINE=InnoDB DEFAULT CHARSET=utf8mb4 COLLATE=utf8mb4_unicode_ci;

--
-- Dumping data for table `ec_discount_products`
--


--
-- Table structure for table `ec_discounts`
--

CREATE TABLE `ec_discounts` (
  `id` bigint unsigned NOT NULL AUTO_INCREMENT,
  `title` varchar(120) COLLATE utf8mb4_unicode_ci DEFAULT NULL,
  `code` varchar(20) COLLATE utf8mb4_unicode_ci DEFAULT NULL,
  `start_date` datetime DEFAULT NULL,
  `end_date` datetime DEFAULT NULL,
  `quantity` int DEFAULT NULL,
  `total_used` int unsigned NOT NULL DEFAULT '0',
  `value` double DEFAULT NULL,
  `type` varchar(60) COLLATE utf8mb4_unicode_ci DEFAULT 'coupon',
  `can_use_with_promotion` tinyint(1) NOT NULL DEFAULT '0',
  `can_use_with_flash_sale` tinyint(1) NOT NULL DEFAULT '0',
  `discount_on` varchar(20) COLLATE utf8mb4_unicode_ci DEFAULT NULL,
  `product_quantity` int unsigned DEFAULT NULL,
  `type_option` varchar(100) COLLATE utf8mb4_unicode_ci NOT NULL DEFAULT 'amount',
  `target` varchar(100) COLLATE utf8mb4_unicode_ci NOT NULL DEFAULT 'all-orders',
  `min_order_price` decimal(15,2) DEFAULT NULL,
  `apply_via_url` tinyint(1) NOT NULL DEFAULT '0',
  `display_at_checkout` tinyint(1) NOT NULL DEFAULT '0',
  `created_at` timestamp NULL DEFAULT NULL,
  `updated_at` timestamp NULL DEFAULT NULL,
  `store_id` bigint unsigned DEFAULT NULL,
  `description` varchar(400) COLLATE utf8mb4_unicode_ci DEFAULT NULL,
  PRIMARY KEY (`id`),
  UNIQUE KEY `ec_discounts_code_unique` (`code`)
) ENGINE=InnoDB AUTO_INCREMENT=11 DEFAULT CHARSET=utf8mb4 COLLATE=utf8mb4_unicode_ci;

--
-- Dumping data for table `ec_discounts`
--

INSERT INTO `ec_discounts` VALUES (1,'Discount 1','4JVJTUEIBAW7','2025-07-27 08:49:58','2025-08-15 08:49:58',NULL,0,24,'coupon',0,0,NULL,NULL,'percentage','all-orders',NULL,0,1,'2025-07-28 01:49:58','2025-07-28 01:49:58',NULL,NULL),(2,'Discount 2','BYXM38YSL8SI','2025-07-27 08:49:58','2025-08-27 08:49:58',NULL,0,945,'coupon',0,0,NULL,NULL,'same-price','all-orders',NULL,0,1,'2025-07-28 01:49:58','2025-07-28 01:49:58',NULL,NULL),(3,'Discount 3','VNY2DH1P2JTT','2025-07-27 08:49:58','2025-08-14 08:49:58',NULL,0,49,'coupon',0,0,NULL,NULL,'percentage','all-orders',NULL,0,1,'2025-07-28 01:49:58','2025-07-28 01:49:58',NULL,NULL),(4,'Discount 4','XEMNT0L2QEWI','2025-07-27 08:49:58','2025-08-14 08:49:58',NULL,0,969,'coupon',0,0,NULL,NULL,'shipping','all-orders',NULL,0,1,'2025-07-28 01:49:58','2025-07-28 01:49:58',NULL,NULL),(5,'Discount 5','J2GL3AXSAMHF','2025-07-27 08:49:58',NULL,NULL,0,521,'coupon',0,0,NULL,NULL,'shipping','all-orders',NULL,0,1,'2025-07-28 01:49:58','2025-07-28 01:49:58',NULL,NULL),(6,'Discount 6','HDZC2F4PUF9J','2025-07-27 08:49:58','2025-07-29 08:49:58',NULL,0,990,'coupon',0,0,NULL,NULL,'shipping','all-orders',NULL,0,1,'2025-07-28 01:49:58','2025-07-28 01:49:58',NULL,NULL),(7,'Discount 7','X1CQDVK9BUNQ','2025-07-27 08:49:58','2025-08-15 08:49:58',NULL,0,740,'coupon',0,0,NULL,NULL,'amount','all-orders',NULL,0,1,'2025-07-28 01:49:58','2025-07-28 01:49:58',NULL,NULL),(8,'Discount 8','D6PEQPUD62UA','2025-07-27 08:49:58',NULL,NULL,0,705,'coupon',0,0,NULL,NULL,'same-price','all-orders',NULL,0,1,'2025-07-28 01:49:58','2025-07-28 01:49:58',NULL,NULL),(9,'Discount 9','1XES2S3HH9KR','2025-07-27 08:49:58','2025-08-05 08:49:58',NULL,0,43,'coupon',0,0,NULL,NULL,'percentage','all-orders',NULL,0,1,'2025-07-28 01:49:58','2025-07-28 01:49:58',NULL,NULL),(10,'Discount 10','1CZUZ9SO1NIN','2025-07-27 08:49:58',NULL,NULL,0,506,'coupon',0,0,NULL,NULL,'same-price','all-orders',NULL,0,1,'2025-07-28 01:49:58','2025-07-28 01:49:58',NULL,NULL);

--
-- Table structure for table `ec_flash_sale_products`
--

CREATE TABLE `ec_flash_sale_products` (
  `flash_sale_id` bigint unsigned NOT NULL,
  `product_id` bigint unsigned NOT NULL,
  `price` double unsigned DEFAULT NULL,
  `quantity` int unsigned DEFAULT NULL,
  `sold` int unsigned NOT NULL DEFAULT '0'
) ENGINE=InnoDB DEFAULT CHARSET=utf8mb4 COLLATE=utf8mb4_unicode_ci;

--
-- Dumping data for table `ec_flash_sale_products`
--

INSERT INTO `ec_flash_sale_products` VALUES (1,1,639.84,19,2),(1,2,755.58,18,4),(1,3,1676.8,10,2),(1,4,67.13,13,4),(1,5,1578.72,9,5),(1,6,432.08,8,4),(1,7,7.4,9,1),(1,8,493.119,19,2),(1,9,867.97,14,1),(1,10,1430.07,14,5);

--
-- Table structure for table `ec_flash_sales`
--

CREATE TABLE `ec_flash_sales` (
  `id` bigint unsigned NOT NULL AUTO_INCREMENT,
  `name` varchar(191) COLLATE utf8mb4_unicode_ci NOT NULL,
  `end_date` datetime NOT NULL,
  `status` varchar(60) COLLATE utf8mb4_unicode_ci NOT NULL DEFAULT 'published',
  `created_at` timestamp NULL DEFAULT NULL,
  `updated_at` timestamp NULL DEFAULT NULL,
  PRIMARY KEY (`id`)
) ENGINE=InnoDB AUTO_INCREMENT=2 DEFAULT CHARSET=utf8mb4 COLLATE=utf8mb4_unicode_ci;

--
-- Dumping data for table `ec_flash_sales`
--

INSERT INTO `ec_flash_sales` VALUES (1,'Winter Sale','2025-11-09 00:00:00','published','2025-07-28 01:50:09','2025-07-28 01:50:09');

--
-- Table structure for table `ec_flash_sales_translations`
--

CREATE TABLE `ec_flash_sales_translations` (
  `lang_code` varchar(191) COLLATE utf8mb4_unicode_ci NOT NULL,
  `ec_flash_sales_id` bigint unsigned NOT NULL,
  `name` varchar(191) COLLATE utf8mb4_unicode_ci DEFAULT NULL,
  PRIMARY KEY (`lang_code`,`ec_flash_sales_id`)
) ENGINE=InnoDB DEFAULT CHARSET=utf8mb4 COLLATE=utf8mb4_unicode_ci;

--
-- Dumping data for table `ec_flash_sales_translations`
--


--
-- Table structure for table `ec_global_option_value`
--

CREATE TABLE `ec_global_option_value` (
  `id` bigint unsigned NOT NULL AUTO_INCREMENT,
  `option_id` bigint unsigned NOT NULL COMMENT 'option id',
  `option_value` tinytext COLLATE utf8mb4_unicode_ci COMMENT 'option value',
  `affect_price` double DEFAULT NULL COMMENT 'value of price of this option affect',
  `order` int NOT NULL DEFAULT '9999',
  `affect_type` tinyint NOT NULL DEFAULT '0' COMMENT '0. fixed 1. percent',
  `created_at` timestamp NULL DEFAULT NULL,
  `updated_at` timestamp NULL DEFAULT NULL,
  PRIMARY KEY (`id`)
) ENGINE=InnoDB AUTO_INCREMENT=13 DEFAULT CHARSET=utf8mb4 COLLATE=utf8mb4_unicode_ci;

--
-- Dumping data for table `ec_global_option_value`
--

INSERT INTO `ec_global_option_value` VALUES (1,1,'1 Year',0,9999,0,'2025-07-28 01:49:58','2025-07-28 01:49:58'),(2,1,'2 Year',10,9999,0,'2025-07-28 01:49:58','2025-07-28 01:49:58'),(3,1,'3 Year',20,9999,0,'2025-07-28 01:49:58','2025-07-28 01:49:58'),(4,2,'4GB',0,9999,0,'2025-07-28 01:49:58','2025-07-28 01:49:58'),(5,2,'8GB',10,9999,0,'2025-07-28 01:49:58','2025-07-28 01:49:58'),(6,2,'16GB',20,9999,0,'2025-07-28 01:49:58','2025-07-28 01:49:58'),(7,3,'Core i5',0,9999,0,'2025-07-28 01:49:58','2025-07-28 01:49:58'),(8,3,'Core i7',10,9999,0,'2025-07-28 01:49:58','2025-07-28 01:49:58'),(9,3,'Core i9',20,9999,0,'2025-07-28 01:49:58','2025-07-28 01:49:58'),(10,4,'128GB',0,9999,0,'2025-07-28 01:49:59','2025-07-28 01:49:59'),(11,4,'256GB',10,9999,0,'2025-07-28 01:49:59','2025-07-28 01:49:59'),(12,4,'512GB',20,9999,0,'2025-07-28 01:49:59','2025-07-28 01:49:59');

--
-- Table structure for table `ec_global_option_value_translations`
--

CREATE TABLE `ec_global_option_value_translations` (
  `lang_code` varchar(191) COLLATE utf8mb4_unicode_ci NOT NULL,
  `ec_global_option_value_id` bigint unsigned NOT NULL,
  `option_value` varchar(191) COLLATE utf8mb4_unicode_ci DEFAULT NULL,
  PRIMARY KEY (`lang_code`,`ec_global_option_value_id`)
) ENGINE=InnoDB DEFAULT CHARSET=utf8mb4 COLLATE=utf8mb4_unicode_ci;

--
-- Dumping data for table `ec_global_option_value_translations`
--


--
-- Table structure for table `ec_global_options`
--

CREATE TABLE `ec_global_options` (
  `id` bigint unsigned NOT NULL AUTO_INCREMENT,
  `name` varchar(191) COLLATE utf8mb4_unicode_ci NOT NULL COMMENT 'Name of options',
  `option_type` varchar(191) COLLATE utf8mb4_unicode_ci NOT NULL COMMENT 'option type',
  `required` tinyint(1) NOT NULL DEFAULT '0' COMMENT 'Checked if this option is required',
  `created_at` timestamp NULL DEFAULT NULL,
  `updated_at` timestamp NULL DEFAULT NULL,
  PRIMARY KEY (`id`)
) ENGINE=InnoDB AUTO_INCREMENT=5 DEFAULT CHARSET=utf8mb4 COLLATE=utf8mb4_unicode_ci;

--
-- Dumping data for table `ec_global_options`
--

INSERT INTO `ec_global_options` VALUES (1,'Warranty','Botble\\Ecommerce\\Option\\OptionType\\RadioButton',1,'2025-07-28 01:49:58','2025-07-28 01:49:58'),(2,'RAM','Botble\\Ecommerce\\Option\\OptionType\\RadioButton',1,'2025-07-28 01:49:58','2025-07-28 01:49:58'),(3,'CPU','Botble\\Ecommerce\\Option\\OptionType\\RadioButton',1,'2025-07-28 01:49:58','2025-07-28 01:49:58'),(4,'HDD','Botble\\Ecommerce\\Option\\OptionType\\Dropdown',0,'2025-07-28 01:49:58','2025-07-28 01:49:58');

--
-- Table structure for table `ec_global_options_translations`
--

CREATE TABLE `ec_global_options_translations` (
  `lang_code` varchar(191) COLLATE utf8mb4_unicode_ci NOT NULL,
  `ec_global_options_id` bigint unsigned NOT NULL,
  `name` varchar(191) COLLATE utf8mb4_unicode_ci DEFAULT NULL,
  PRIMARY KEY (`lang_code`,`ec_global_options_id`)
) ENGINE=InnoDB DEFAULT CHARSET=utf8mb4 COLLATE=utf8mb4_unicode_ci;

--
-- Dumping data for table `ec_global_options_translations`
--


--
-- Table structure for table `ec_grouped_products`
--

CREATE TABLE `ec_grouped_products` (
  `id` bigint unsigned NOT NULL AUTO_INCREMENT,
  `parent_product_id` bigint unsigned NOT NULL,
  `product_id` bigint unsigned NOT NULL,
  `fixed_qty` int NOT NULL DEFAULT '1',
  PRIMARY KEY (`id`)
) ENGINE=InnoDB DEFAULT CHARSET=utf8mb4 COLLATE=utf8mb4_unicode_ci;

--
-- Dumping data for table `ec_grouped_products`
--


--
-- Table structure for table `ec_invoice_items`
--

CREATE TABLE `ec_invoice_items` (
  `id` bigint unsigned NOT NULL AUTO_INCREMENT,
  `invoice_id` bigint unsigned NOT NULL,
  `reference_type` varchar(191) COLLATE utf8mb4_unicode_ci NOT NULL,
  `reference_id` bigint unsigned NOT NULL,
  `name` varchar(191) COLLATE utf8mb4_unicode_ci NOT NULL,
  `description` varchar(400) COLLATE utf8mb4_unicode_ci DEFAULT NULL,
  `image` varchar(191) COLLATE utf8mb4_unicode_ci DEFAULT NULL,
  `qty` int unsigned NOT NULL,
  `price` decimal(15,2) NOT NULL DEFAULT '0.00',
  `sub_total` decimal(15,2) unsigned NOT NULL,
  `tax_amount` decimal(15,2) unsigned NOT NULL DEFAULT '0.00',
  `discount_amount` decimal(15,2) unsigned NOT NULL DEFAULT '0.00',
  `amount` decimal(15,2) unsigned NOT NULL,
  `options` text COLLATE utf8mb4_unicode_ci,
  `created_at` timestamp NULL DEFAULT NULL,
  `updated_at` timestamp NULL DEFAULT NULL,
  PRIMARY KEY (`id`),
  KEY `ec_invoice_items_reference_type_reference_id_index` (`reference_type`,`reference_id`)
) ENGINE=InnoDB DEFAULT CHARSET=utf8mb4 COLLATE=utf8mb4_unicode_ci;

--
-- Dumping data for table `ec_invoice_items`
--


--
-- Table structure for table `ec_invoices`
--

CREATE TABLE `ec_invoices` (
  `id` bigint unsigned NOT NULL AUTO_INCREMENT,
  `reference_type` varchar(191) COLLATE utf8mb4_unicode_ci NOT NULL,
  `reference_id` bigint unsigned NOT NULL,
  `code` varchar(191) COLLATE utf8mb4_unicode_ci NOT NULL,
  `customer_name` varchar(191) COLLATE utf8mb4_unicode_ci DEFAULT NULL,
  `company_name` varchar(191) COLLATE utf8mb4_unicode_ci DEFAULT NULL,
  `company_logo` varchar(191) COLLATE utf8mb4_unicode_ci DEFAULT NULL,
  `customer_email` varchar(191) COLLATE utf8mb4_unicode_ci DEFAULT NULL,
  `customer_phone` varchar(191) COLLATE utf8mb4_unicode_ci DEFAULT NULL,
  `customer_address` varchar(191) COLLATE utf8mb4_unicode_ci DEFAULT NULL,
  `customer_country` varchar(191) COLLATE utf8mb4_unicode_ci DEFAULT NULL,
  `customer_state` varchar(191) COLLATE utf8mb4_unicode_ci DEFAULT NULL,
  `customer_city` varchar(191) COLLATE utf8mb4_unicode_ci DEFAULT NULL,
  `customer_zip_code` varchar(191) COLLATE utf8mb4_unicode_ci DEFAULT NULL,
  `customer_address_line` varchar(191) COLLATE utf8mb4_unicode_ci DEFAULT NULL,
  `customer_tax_id` varchar(191) COLLATE utf8mb4_unicode_ci DEFAULT NULL,
  `sub_total` decimal(15,2) unsigned NOT NULL,
  `tax_amount` decimal(15,2) DEFAULT '0.00',
  `shipping_amount` decimal(15,2) unsigned NOT NULL DEFAULT '0.00',
  `payment_fee` decimal(15,2) DEFAULT '0.00',
  `discount_amount` decimal(15,2) unsigned NOT NULL DEFAULT '0.00',
  `shipping_option` varchar(60) COLLATE utf8mb4_unicode_ci DEFAULT NULL,
  `shipping_method` varchar(60) COLLATE utf8mb4_unicode_ci NOT NULL DEFAULT 'default',
  `coupon_code` varchar(120) COLLATE utf8mb4_unicode_ci DEFAULT NULL,
  `discount_description` varchar(191) COLLATE utf8mb4_unicode_ci DEFAULT NULL,
  `amount` decimal(15,2) unsigned NOT NULL,
  `description` text COLLATE utf8mb4_unicode_ci,
  `payment_id` bigint unsigned DEFAULT NULL,
  `status` varchar(191) COLLATE utf8mb4_unicode_ci NOT NULL DEFAULT 'pending',
  `paid_at` timestamp NULL DEFAULT NULL,
  `created_at` timestamp NULL DEFAULT NULL,
  `updated_at` timestamp NULL DEFAULT NULL,
  PRIMARY KEY (`id`),
  UNIQUE KEY `ec_invoices_code_unique` (`code`),
  KEY `ec_invoices_reference_type_reference_id_index` (`reference_type`,`reference_id`),
  KEY `ec_invoices_payment_id_index` (`payment_id`),
  KEY `ec_invoices_status_index` (`status`)
) ENGINE=InnoDB DEFAULT CHARSET=utf8mb4 COLLATE=utf8mb4_unicode_ci;

--
-- Dumping data for table `ec_invoices`
--


--
-- Table structure for table `ec_option_value`
--

CREATE TABLE `ec_option_value` (
  `id` bigint unsigned NOT NULL AUTO_INCREMENT,
  `option_id` bigint unsigned NOT NULL COMMENT 'option id',
  `option_value` tinytext COLLATE utf8mb4_unicode_ci COMMENT 'option value',
  `affect_price` double DEFAULT NULL COMMENT 'value of price of this option affect',
  `order` int NOT NULL DEFAULT '9999',
  `affect_type` tinyint NOT NULL DEFAULT '0' COMMENT '0. fixed 1. percent',
  `created_at` timestamp NULL DEFAULT NULL,
  `updated_at` timestamp NULL DEFAULT NULL,
  PRIMARY KEY (`id`)
) ENGINE=InnoDB DEFAULT CHARSET=utf8mb4 COLLATE=utf8mb4_unicode_ci;

--
-- Dumping data for table `ec_option_value`
--


--
-- Table structure for table `ec_option_value_translations`
--

CREATE TABLE `ec_option_value_translations` (
  `lang_code` varchar(191) COLLATE utf8mb4_unicode_ci NOT NULL,
  `ec_option_value_id` bigint unsigned NOT NULL,
  `option_value` varchar(191) COLLATE utf8mb4_unicode_ci DEFAULT NULL,
  PRIMARY KEY (`lang_code`,`ec_option_value_id`)
) ENGINE=InnoDB DEFAULT CHARSET=utf8mb4 COLLATE=utf8mb4_unicode_ci;

--
-- Dumping data for table `ec_option_value_translations`
--


--
-- Table structure for table `ec_options`
--

CREATE TABLE `ec_options` (
  `id` bigint unsigned NOT NULL AUTO_INCREMENT,
  `name` varchar(191) COLLATE utf8mb4_unicode_ci NOT NULL COMMENT 'Name of options',
  `option_type` varchar(191) COLLATE utf8mb4_unicode_ci DEFAULT NULL COMMENT 'option type',
  `product_id` bigint unsigned NOT NULL DEFAULT '0',
  `order` int NOT NULL DEFAULT '9999',
  `required` tinyint(1) NOT NULL DEFAULT '0' COMMENT 'Checked if this option is required',
  `created_at` timestamp NULL DEFAULT NULL,
  `updated_at` timestamp NULL DEFAULT NULL,
  PRIMARY KEY (`id`)
) ENGINE=InnoDB DEFAULT CHARSET=utf8mb4 COLLATE=utf8mb4_unicode_ci;

--
-- Dumping data for table `ec_options`
--


--
-- Table structure for table `ec_options_translations`
--

CREATE TABLE `ec_options_translations` (
  `lang_code` varchar(191) COLLATE utf8mb4_unicode_ci NOT NULL,
  `ec_options_id` bigint unsigned NOT NULL,
  `name` varchar(191) COLLATE utf8mb4_unicode_ci DEFAULT NULL,
  PRIMARY KEY (`lang_code`,`ec_options_id`)
) ENGINE=InnoDB DEFAULT CHARSET=utf8mb4 COLLATE=utf8mb4_unicode_ci;

--
-- Dumping data for table `ec_options_translations`
--


--
-- Table structure for table `ec_order_addresses`
--

CREATE TABLE `ec_order_addresses` (
  `id` bigint unsigned NOT NULL AUTO_INCREMENT,
  `name` varchar(191) COLLATE utf8mb4_unicode_ci NOT NULL,
  `phone` varchar(20) COLLATE utf8mb4_unicode_ci DEFAULT NULL,
  `email` varchar(191) COLLATE utf8mb4_unicode_ci DEFAULT NULL,
  `country` varchar(120) COLLATE utf8mb4_unicode_ci DEFAULT NULL,
  `state` varchar(120) COLLATE utf8mb4_unicode_ci DEFAULT NULL,
  `city` varchar(120) COLLATE utf8mb4_unicode_ci DEFAULT NULL,
  `address` varchar(191) COLLATE utf8mb4_unicode_ci DEFAULT NULL,
  `order_id` bigint unsigned NOT NULL,
  `zip_code` varchar(20) COLLATE utf8mb4_unicode_ci DEFAULT NULL,
  `type` varchar(60) COLLATE utf8mb4_unicode_ci NOT NULL DEFAULT 'shipping_address',
  PRIMARY KEY (`id`)
) ENGINE=InnoDB DEFAULT CHARSET=utf8mb4 COLLATE=utf8mb4_unicode_ci;

--
-- Dumping data for table `ec_order_addresses`
--


--
-- Table structure for table `ec_order_histories`
--

CREATE TABLE `ec_order_histories` (
  `id` bigint unsigned NOT NULL AUTO_INCREMENT,
  `action` varchar(120) COLLATE utf8mb4_unicode_ci NOT NULL,
  `description` varchar(400) COLLATE utf8mb4_unicode_ci DEFAULT NULL,
  `user_id` bigint unsigned DEFAULT NULL,
  `order_id` bigint unsigned NOT NULL,
  `extras` text COLLATE utf8mb4_unicode_ci,
  `created_at` timestamp NULL DEFAULT NULL,
  `updated_at` timestamp NULL DEFAULT NULL,
  PRIMARY KEY (`id`)
) ENGINE=InnoDB DEFAULT CHARSET=utf8mb4 COLLATE=utf8mb4_unicode_ci;

--
-- Dumping data for table `ec_order_histories`
--


--
-- Table structure for table `ec_order_product`
--

CREATE TABLE `ec_order_product` (
  `id` bigint unsigned NOT NULL AUTO_INCREMENT,
  `order_id` bigint unsigned NOT NULL,
  `qty` int NOT NULL,
  `price` decimal(15,2) NOT NULL,
  `tax_amount` decimal(15,2) DEFAULT '0.00',
  `options` text COLLATE utf8mb4_unicode_ci,
  `product_options` text COLLATE utf8mb4_unicode_ci COMMENT 'product option data',
  `product_id` bigint unsigned DEFAULT NULL,
  `product_name` varchar(191) COLLATE utf8mb4_unicode_ci NOT NULL,
  `product_image` varchar(191) COLLATE utf8mb4_unicode_ci DEFAULT NULL,
  `weight` double DEFAULT '0',
  `restock_quantity` int unsigned DEFAULT '0',
  `created_at` timestamp NULL DEFAULT NULL,
  `updated_at` timestamp NULL DEFAULT NULL,
  `product_type` varchar(60) COLLATE utf8mb4_unicode_ci NOT NULL DEFAULT 'physical',
  `times_downloaded` int NOT NULL DEFAULT '0',
  `license_code` text COLLATE utf8mb4_unicode_ci,
  `downloaded_at` timestamp NULL DEFAULT NULL,
  PRIMARY KEY (`id`)
) ENGINE=InnoDB DEFAULT CHARSET=utf8mb4 COLLATE=utf8mb4_unicode_ci;

--
-- Dumping data for table `ec_order_product`
--


--
-- Table structure for table `ec_order_referrals`
--

CREATE TABLE `ec_order_referrals` (
  `id` bigint unsigned NOT NULL AUTO_INCREMENT,
  `ip` varchar(39) COLLATE utf8mb4_unicode_ci DEFAULT NULL,
  `landing_domain` varchar(191) COLLATE utf8mb4_unicode_ci DEFAULT NULL,
  `landing_page` varchar(191) COLLATE utf8mb4_unicode_ci DEFAULT NULL,
  `landing_params` varchar(191) COLLATE utf8mb4_unicode_ci DEFAULT NULL,
  `referral` varchar(191) COLLATE utf8mb4_unicode_ci DEFAULT NULL,
  `gclid` varchar(191) COLLATE utf8mb4_unicode_ci DEFAULT NULL,
  `fclid` varchar(191) COLLATE utf8mb4_unicode_ci DEFAULT NULL,
  `utm_source` varchar(191) COLLATE utf8mb4_unicode_ci DEFAULT NULL,
  `utm_campaign` varchar(191) COLLATE utf8mb4_unicode_ci DEFAULT NULL,
  `utm_medium` varchar(191) COLLATE utf8mb4_unicode_ci DEFAULT NULL,
  `utm_term` varchar(191) COLLATE utf8mb4_unicode_ci DEFAULT NULL,
  `utm_content` varchar(191) COLLATE utf8mb4_unicode_ci DEFAULT NULL,
  `referrer_url` text COLLATE utf8mb4_unicode_ci,
  `referrer_domain` varchar(191) COLLATE utf8mb4_unicode_ci DEFAULT NULL,
  `order_id` bigint unsigned DEFAULT NULL,
  `created_at` timestamp NULL DEFAULT NULL,
  `updated_at` timestamp NULL DEFAULT NULL,
  PRIMARY KEY (`id`),
  KEY `ec_order_referrals_order_id_index` (`order_id`)
) ENGINE=InnoDB DEFAULT CHARSET=utf8mb4 COLLATE=utf8mb4_unicode_ci;

--
-- Dumping data for table `ec_order_referrals`
--


--
-- Table structure for table `ec_order_return_histories`
--

CREATE TABLE `ec_order_return_histories` (
  `id` bigint unsigned NOT NULL AUTO_INCREMENT,
  `user_id` bigint unsigned DEFAULT NULL,
  `order_return_id` bigint unsigned NOT NULL,
  `action` varchar(191) COLLATE utf8mb4_unicode_ci NOT NULL,
  `description` varchar(400) COLLATE utf8mb4_unicode_ci DEFAULT NULL,
  `reason` varchar(191) COLLATE utf8mb4_unicode_ci DEFAULT NULL,
  `created_at` timestamp NULL DEFAULT NULL,
  `updated_at` timestamp NULL DEFAULT NULL,
  PRIMARY KEY (`id`)
) ENGINE=InnoDB DEFAULT CHARSET=utf8mb4 COLLATE=utf8mb4_unicode_ci;

--
-- Dumping data for table `ec_order_return_histories`
--


--
-- Table structure for table `ec_order_return_items`
--

CREATE TABLE `ec_order_return_items` (
  `id` bigint unsigned NOT NULL AUTO_INCREMENT,
  `order_return_id` bigint unsigned NOT NULL COMMENT 'Order return id',
  `order_product_id` bigint unsigned NOT NULL COMMENT 'Order product id',
  `product_id` bigint unsigned NOT NULL COMMENT 'Product id',
  `product_name` varchar(191) COLLATE utf8mb4_unicode_ci NOT NULL,
  `product_image` varchar(191) COLLATE utf8mb4_unicode_ci DEFAULT NULL,
  `qty` int NOT NULL COMMENT 'Quantity return',
  `price` decimal(15,2) NOT NULL COMMENT 'Price Product',
  `reason` text COLLATE utf8mb4_unicode_ci,
  `created_at` timestamp NULL DEFAULT NULL,
  `updated_at` timestamp NULL DEFAULT NULL,
  `refund_amount` decimal(12,2) DEFAULT '0.00',
  PRIMARY KEY (`id`)
) ENGINE=InnoDB DEFAULT CHARSET=utf8mb4 COLLATE=utf8mb4_unicode_ci;

--
-- Dumping data for table `ec_order_return_items`
--


--
-- Table structure for table `ec_order_returns`
--

CREATE TABLE `ec_order_returns` (
  `id` bigint unsigned NOT NULL AUTO_INCREMENT,
  `code` varchar(191) COLLATE utf8mb4_unicode_ci DEFAULT NULL,
  `order_id` bigint unsigned NOT NULL COMMENT 'Order ID',
  `store_id` bigint unsigned DEFAULT NULL COMMENT 'Store ID',
  `user_id` bigint unsigned NOT NULL COMMENT 'Customer ID',
  `reason` text COLLATE utf8mb4_unicode_ci COMMENT 'Reason return order',
  `order_status` varchar(191) COLLATE utf8mb4_unicode_ci DEFAULT NULL COMMENT 'Order current status',
  `return_status` varchar(191) COLLATE utf8mb4_unicode_ci NOT NULL COMMENT 'Return status',
  `created_at` timestamp NULL DEFAULT NULL,
  `updated_at` timestamp NULL DEFAULT NULL,
  PRIMARY KEY (`id`),
  UNIQUE KEY `ec_order_returns_code_unique` (`code`)
) ENGINE=InnoDB DEFAULT CHARSET=utf8mb4 COLLATE=utf8mb4_unicode_ci;

--
-- Dumping data for table `ec_order_returns`
--


--
-- Table structure for table `ec_order_tax_information`
--

CREATE TABLE `ec_order_tax_information` (
  `id` bigint unsigned NOT NULL AUTO_INCREMENT,
  `order_id` bigint unsigned NOT NULL,
  `company_name` varchar(120) COLLATE utf8mb4_unicode_ci NOT NULL,
  `company_address` varchar(191) COLLATE utf8mb4_unicode_ci NOT NULL,
  `company_tax_code` varchar(20) COLLATE utf8mb4_unicode_ci NOT NULL,
  `company_email` varchar(60) COLLATE utf8mb4_unicode_ci NOT NULL,
  `created_at` timestamp NULL DEFAULT NULL,
  `updated_at` timestamp NULL DEFAULT NULL,
  PRIMARY KEY (`id`),
  KEY `ec_order_tax_information_order_id_index` (`order_id`)
) ENGINE=InnoDB DEFAULT CHARSET=utf8mb4 COLLATE=utf8mb4_unicode_ci;

--
-- Dumping data for table `ec_order_tax_information`
--


--
-- Table structure for table `ec_orders`
--

CREATE TABLE `ec_orders` (
  `id` bigint unsigned NOT NULL AUTO_INCREMENT,
  `code` varchar(191) COLLATE utf8mb4_unicode_ci DEFAULT NULL,
  `user_id` bigint unsigned DEFAULT NULL,
  `shipping_option` varchar(60) COLLATE utf8mb4_unicode_ci DEFAULT NULL,
  `shipping_method` varchar(60) COLLATE utf8mb4_unicode_ci NOT NULL DEFAULT 'default',
  `status` varchar(120) COLLATE utf8mb4_unicode_ci NOT NULL DEFAULT 'pending',
  `amount` decimal(15,2) NOT NULL,
  `tax_amount` decimal(15,2) DEFAULT '0.00',
  `shipping_amount` decimal(15,2) DEFAULT NULL,
  `payment_fee` decimal(15,2) DEFAULT '0.00',
  `description` text COLLATE utf8mb4_unicode_ci,
  `coupon_code` varchar(120) COLLATE utf8mb4_unicode_ci DEFAULT NULL,
  `discount_amount` decimal(15,2) DEFAULT NULL,
  `sub_total` decimal(15,2) NOT NULL,
  `is_confirmed` tinyint(1) NOT NULL DEFAULT '0',
  `discount_description` varchar(191) COLLATE utf8mb4_unicode_ci DEFAULT NULL,
  `is_finished` tinyint(1) DEFAULT '0',
  `cancellation_reason` varchar(191) COLLATE utf8mb4_unicode_ci DEFAULT NULL,
  `cancellation_reason_description` varchar(191) COLLATE utf8mb4_unicode_ci DEFAULT NULL,
  `completed_at` timestamp NULL DEFAULT NULL,
  `token` varchar(120) COLLATE utf8mb4_unicode_ci DEFAULT NULL,
  `payment_id` bigint unsigned DEFAULT NULL,
  `created_at` timestamp NULL DEFAULT NULL,
  `updated_at` timestamp NULL DEFAULT NULL,
  `store_id` bigint unsigned DEFAULT NULL,
  `proof_file` varchar(191) COLLATE utf8mb4_unicode_ci DEFAULT NULL,
  `private_notes` text COLLATE utf8mb4_unicode_ci,
  PRIMARY KEY (`id`),
  UNIQUE KEY `ec_orders_code_unique` (`code`),
  KEY `ec_orders_user_id_status_created_at_index` (`user_id`,`status`,`created_at`)
) ENGINE=InnoDB DEFAULT CHARSET=utf8mb4 COLLATE=utf8mb4_unicode_ci;

--
-- Dumping data for table `ec_orders`
--


--
-- Table structure for table `ec_product_attribute_sets`
--

CREATE TABLE `ec_product_attribute_sets` (
  `id` bigint unsigned NOT NULL AUTO_INCREMENT,
  `title` varchar(120) COLLATE utf8mb4_unicode_ci NOT NULL,
  `slug` varchar(120) COLLATE utf8mb4_unicode_ci DEFAULT NULL,
  `display_layout` varchar(191) COLLATE utf8mb4_unicode_ci NOT NULL DEFAULT 'dropdown',
  `is_searchable` tinyint unsigned NOT NULL DEFAULT '1',
  `is_comparable` tinyint unsigned NOT NULL DEFAULT '1',
  `is_use_in_product_listing` tinyint unsigned NOT NULL DEFAULT '0',
  `status` varchar(60) COLLATE utf8mb4_unicode_ci NOT NULL DEFAULT 'published',
  `order` tinyint unsigned NOT NULL DEFAULT '0',
  `created_at` timestamp NULL DEFAULT NULL,
  `updated_at` timestamp NULL DEFAULT NULL,
  `use_image_from_product_variation` tinyint unsigned NOT NULL DEFAULT '0',
  PRIMARY KEY (`id`)
) ENGINE=InnoDB AUTO_INCREMENT=5 DEFAULT CHARSET=utf8mb4 COLLATE=utf8mb4_unicode_ci;

--
-- Dumping data for table `ec_product_attribute_sets`
--

INSERT INTO `ec_product_attribute_sets` VALUES (1,'Color','color','visual',1,1,1,'published',0,'2025-07-28 01:49:52','2025-07-28 01:49:52',0),(2,'Size','size','text',1,1,1,'published',1,'2025-07-28 01:49:52','2025-07-28 01:49:52',0),(3,'Weight','weight','text',1,1,1,'published',0,'2025-07-28 01:49:52','2025-07-28 01:49:52',0),(4,'Boxes','boxes','text',1,1,1,'published',1,'2025-07-28 01:49:52','2025-07-28 01:49:52',0);

--
-- Table structure for table `ec_product_attribute_sets_translations`
--

CREATE TABLE `ec_product_attribute_sets_translations` (
  `lang_code` varchar(191) COLLATE utf8mb4_unicode_ci NOT NULL,
  `ec_product_attribute_sets_id` bigint unsigned NOT NULL,
  `title` varchar(191) COLLATE utf8mb4_unicode_ci DEFAULT NULL,
  PRIMARY KEY (`lang_code`,`ec_product_attribute_sets_id`)
) ENGINE=InnoDB DEFAULT CHARSET=utf8mb4 COLLATE=utf8mb4_unicode_ci;

--
-- Dumping data for table `ec_product_attribute_sets_translations`
--


--
-- Table structure for table `ec_product_attributes`
--

CREATE TABLE `ec_product_attributes` (
  `id` bigint unsigned NOT NULL AUTO_INCREMENT,
  `attribute_set_id` bigint unsigned NOT NULL,
  `title` varchar(120) COLLATE utf8mb4_unicode_ci NOT NULL,
  `slug` varchar(120) COLLATE utf8mb4_unicode_ci DEFAULT NULL,
  `color` varchar(120) COLLATE utf8mb4_unicode_ci DEFAULT NULL,
  `image` varchar(191) COLLATE utf8mb4_unicode_ci DEFAULT NULL,
  `is_default` tinyint unsigned NOT NULL DEFAULT '0',
  `order` tinyint unsigned NOT NULL DEFAULT '0',
  `created_at` timestamp NULL DEFAULT NULL,
  `updated_at` timestamp NULL DEFAULT NULL,
  PRIMARY KEY (`id`),
  KEY `attribute_set_status_index` (`attribute_set_id`)
) ENGINE=InnoDB AUTO_INCREMENT=21 DEFAULT CHARSET=utf8mb4 COLLATE=utf8mb4_unicode_ci;

--
-- Dumping data for table `ec_product_attributes`
--

INSERT INTO `ec_product_attributes` VALUES (1,1,'Green','green','#5FB7D4',NULL,1,1,'2025-07-28 01:49:52','2025-07-28 01:49:52'),(2,1,'Blue','blue','#333333',NULL,0,2,'2025-07-28 01:49:52','2025-07-28 01:49:52'),(3,1,'Red','red','#DA323F',NULL,0,3,'2025-07-28 01:49:52','2025-07-28 01:49:52'),(4,1,'Black','black','#2F366C',NULL,0,4,'2025-07-28 01:49:52','2025-07-28 01:49:52'),(5,1,'Brown','brown','#87554B',NULL,0,5,'2025-07-28 01:49:52','2025-07-28 01:49:52'),(6,2,'S','s',NULL,NULL,1,1,'2025-07-28 01:49:52','2025-07-28 01:49:52'),(7,2,'M','m',NULL,NULL,0,2,'2025-07-28 01:49:52','2025-07-28 01:49:52'),(8,2,'L','l',NULL,NULL,0,3,'2025-07-28 01:49:52','2025-07-28 01:49:52'),(9,2,'XL','xl',NULL,NULL,0,4,'2025-07-28 01:49:52','2025-07-28 01:49:52'),(10,2,'XXL','xxl',NULL,NULL,0,5,'2025-07-28 01:49:52','2025-07-28 01:49:52'),(11,3,'1KG','1kg',NULL,NULL,1,1,'2025-07-28 01:49:52','2025-07-28 01:49:52'),(12,3,'2KG','2kg',NULL,NULL,0,2,'2025-07-28 01:49:52','2025-07-28 01:49:52'),(13,3,'3KG','3kg',NULL,NULL,0,3,'2025-07-28 01:49:52','2025-07-28 01:49:52'),(14,3,'4KG','4kg',NULL,NULL,0,4,'2025-07-28 01:49:52','2025-07-28 01:49:52'),(15,3,'5KG','5kg',NULL,NULL,0,5,'2025-07-28 01:49:52','2025-07-28 01:49:52'),(16,4,'1 Box','1-box',NULL,NULL,1,1,'2025-07-28 01:49:52','2025-07-28 01:49:52'),(17,4,'2 Boxes','2-boxes',NULL,NULL,0,2,'2025-07-28 01:49:52','2025-07-28 01:49:52'),(18,4,'3 Boxes','3-boxes',NULL,NULL,0,3,'2025-07-28 01:49:52','2025-07-28 01:49:52'),(19,4,'4 Boxes','4-boxes',NULL,NULL,0,4,'2025-07-28 01:49:52','2025-07-28 01:49:52'),(20,4,'5 Boxes','5-boxes',NULL,NULL,0,5,'2025-07-28 01:49:52','2025-07-28 01:49:52');

--
-- Table structure for table `ec_product_attributes_translations`
--

CREATE TABLE `ec_product_attributes_translations` (
  `lang_code` varchar(191) COLLATE utf8mb4_unicode_ci NOT NULL,
  `ec_product_attributes_id` bigint unsigned NOT NULL,
  `title` varchar(191) COLLATE utf8mb4_unicode_ci DEFAULT NULL,
  PRIMARY KEY (`lang_code`,`ec_product_attributes_id`)
) ENGINE=InnoDB DEFAULT CHARSET=utf8mb4 COLLATE=utf8mb4_unicode_ci;

--
-- Dumping data for table `ec_product_attributes_translations`
--


--
-- Table structure for table `ec_product_categories`
--

CREATE TABLE `ec_product_categories` (
  `id` bigint unsigned NOT NULL AUTO_INCREMENT,
  `name` varchar(191) COLLATE utf8mb4_unicode_ci NOT NULL,
  `parent_id` bigint unsigned NOT NULL DEFAULT '0',
  `description` mediumtext COLLATE utf8mb4_unicode_ci,
  `status` varchar(60) COLLATE utf8mb4_unicode_ci NOT NULL DEFAULT 'published',
  `order` int unsigned NOT NULL DEFAULT '0',
  `image` varchar(191) COLLATE utf8mb4_unicode_ci DEFAULT NULL,
  `is_featured` tinyint unsigned NOT NULL DEFAULT '0',
  `created_at` timestamp NULL DEFAULT NULL,
  `updated_at` timestamp NULL DEFAULT NULL,
  `icon` varchar(191) COLLATE utf8mb4_unicode_ci DEFAULT NULL,
  `icon_image` varchar(191) COLLATE utf8mb4_unicode_ci DEFAULT NULL,
  PRIMARY KEY (`id`),
  KEY `ec_product_categories_parent_id_status_created_at_index` (`parent_id`,`status`,`created_at`),
  KEY `ec_product_categories_parent_id_status_index` (`parent_id`,`status`)
) ENGINE=InnoDB AUTO_INCREMENT=19 DEFAULT CHARSET=utf8mb4 COLLATE=utf8mb4_unicode_ci;

--
-- Dumping data for table `ec_product_categories`
--

INSERT INTO `ec_product_categories` VALUES (1,'Discover Skincare',0,NULL,'published',0,'beauty/product-categories/1.jpg',1,'2025-07-28 01:50:04','2025-07-28 01:50:04',NULL,NULL),(2,'Clothing',0,NULL,'published',1,'beauty/product-categories/4.jpg',1,'2025-07-28 01:50:04','2025-07-28 01:50:04',NULL,NULL),(3,'Men\'s Clothing',2,NULL,'published',0,NULL,0,'2025-07-28 01:50:04','2025-07-28 01:50:04',NULL,NULL),(4,'T-Shirts',3,NULL,'published',0,NULL,0,'2025-07-28 01:50:04','2025-07-28 01:50:04',NULL,NULL),(5,'Jeans',3,NULL,'published',1,NULL,0,'2025-07-28 01:50:04','2025-07-28 01:50:04',NULL,NULL),(6,'Suits',3,NULL,'published',2,NULL,0,'2025-07-28 01:50:04','2025-07-28 01:50:04',NULL,NULL),(7,'Women\'s Clothing',2,NULL,'published',1,'beauty/product-categories/2.jpg',1,'2025-07-28 01:50:04','2025-07-28 01:50:04',NULL,NULL),(8,'Dresses',7,NULL,'published',0,NULL,0,'2025-07-28 01:50:04','2025-07-28 01:50:04',NULL,NULL),(9,'Blouses',7,NULL,'published',1,NULL,0,'2025-07-28 01:50:04','2025-07-28 01:50:04',NULL,NULL),(10,'Pants',7,NULL,'published',2,NULL,0,'2025-07-28 01:50:04','2025-07-28 01:50:04',NULL,NULL),(11,'Accessories',0,NULL,'published',2,'beauty/product-categories/5.jpg',1,'2025-07-28 01:50:04','2025-07-28 01:50:04',NULL,NULL),(12,'Hats',11,NULL,'published',0,NULL,0,'2025-07-28 01:50:04','2025-07-28 01:50:04',NULL,NULL),(13,'Scarves',11,NULL,'published',1,NULL,0,'2025-07-28 01:50:04','2025-07-28 01:50:04',NULL,NULL),(14,'Jewelry',11,NULL,'published',2,NULL,0,'2025-07-28 01:50:04','2025-07-28 01:50:04',NULL,NULL),(15,'Shoes',0,NULL,'published',3,'beauty/product-categories/6.jpg',1,'2025-07-28 01:50:04','2025-07-28 01:50:04',NULL,NULL),(16,'Sportswear',0,NULL,'published',4,NULL,0,'2025-07-28 01:50:04','2025-07-28 01:50:04',NULL,NULL),(17,'Running Shoes',16,NULL,'published',0,'beauty/product-categories/3.jpg',1,'2025-07-28 01:50:04','2025-07-28 01:50:04',NULL,NULL),(18,'Activewear',16,NULL,'published',1,NULL,0,'2025-07-28 01:50:04','2025-07-28 01:50:04',NULL,NULL);

--
-- Table structure for table `ec_product_categories_translations`
--

CREATE TABLE `ec_product_categories_translations` (
  `lang_code` varchar(191) COLLATE utf8mb4_unicode_ci NOT NULL,
  `ec_product_categories_id` bigint unsigned NOT NULL,
  `name` varchar(191) COLLATE utf8mb4_unicode_ci DEFAULT NULL,
  `description` mediumtext COLLATE utf8mb4_unicode_ci,
  PRIMARY KEY (`lang_code`,`ec_product_categories_id`)
) ENGINE=InnoDB DEFAULT CHARSET=utf8mb4 COLLATE=utf8mb4_unicode_ci;

--
-- Dumping data for table `ec_product_categories_translations`
--


--
-- Table structure for table `ec_product_categorizables`
--

CREATE TABLE `ec_product_categorizables` (
  `category_id` bigint unsigned NOT NULL,
  `reference_id` bigint unsigned NOT NULL,
  `reference_type` varchar(120) COLLATE utf8mb4_unicode_ci NOT NULL,
  PRIMARY KEY (`category_id`,`reference_id`,`reference_type`),
  KEY `ec_product_categorizables_category_id_index` (`category_id`),
  KEY `ec_product_categorizables_reference_id_index` (`reference_id`),
  KEY `ec_product_categorizables_reference_type_index` (`reference_type`)
) ENGINE=InnoDB DEFAULT CHARSET=utf8mb4 COLLATE=utf8mb4_unicode_ci;

--
-- Dumping data for table `ec_product_categorizables`
--


--
-- Table structure for table `ec_product_category_product`
--

CREATE TABLE `ec_product_category_product` (
  `category_id` bigint unsigned NOT NULL,
  `product_id` bigint unsigned NOT NULL,
  PRIMARY KEY (`product_id`,`category_id`),
  KEY `ec_product_category_product_category_id_index` (`category_id`),
  KEY `ec_product_category_product_product_id_index` (`product_id`)
) ENGINE=InnoDB DEFAULT CHARSET=utf8mb4 COLLATE=utf8mb4_unicode_ci;

--
-- Dumping data for table `ec_product_category_product`
--

INSERT INTO `ec_product_category_product` VALUES (1,3),(1,6),(1,22),(1,31),(1,34),(2,1),(2,7),(2,11),(2,16),(2,17),(2,26),(2,36),(2,37),(3,1),(3,4),(3,5),(3,8),(3,11),(3,15),(3,16),(3,21),(3,22),(3,25),(3,27),(3,28),(3,29),(3,36),(3,41),(4,12),(4,15),(4,20),(4,30),(4,31),(4,34),(5,1),(5,4),(5,12),(5,24),(5,28),(5,30),(5,35),(5,37),(6,5),(6,11),(6,22),(6,39),(7,2),(7,13),(7,14),(7,17),(7,18),(7,20),(7,25),(7,26),(7,32),(7,36),(7,39),(7,41),(7,42),(7,43),(8,2),(8,4),(8,5),(8,10),(8,13),(8,18),(8,19),(8,20),(8,24),(8,26),(8,27),(8,30),(8,32),(8,33),(8,42),(9,3),(9,8),(9,9),(9,11),(9,12),(9,21),(9,22),(9,23),(9,25),(9,29),(9,42),(10,1),(10,5),(10,6),(10,7),(10,10),(10,14),(10,17),(10,33),(10,40),(11,3),(11,9),(11,15),(11,16),(11,24),(11,33),(11,34),(11,36),(11,37),(11,41),(12,2),(12,9),(12,19),(12,20),(12,26),(12,31),(12,35),(12,40),(12,43),(13,2),(13,6),(13,8),(13,10),(13,13),(13,14),(13,16),(13,17),(13,18),(13,19),(13,21),(13,23),(13,29),(13,31),(13,33),(13,39),(13,41),(14,12),(14,19),(14,23),(14,24),(14,25),(14,27),(14,28),(14,38),(14,40),(15,7),(15,8),(15,23),(15,27),(15,28),(15,30),(15,37),(15,38),(15,42),(16,3),(16,7),(16,10),(16,13),(16,15),(16,18),(16,21),(16,32),(16,38),(16,39),(16,43),(17,34),(17,35),(17,40),(17,43),(18,4),(18,6),(18,9),(18,14),(18,29),(18,32),(18,35),(18,38);

--
-- Table structure for table `ec_product_collection_products`
--

CREATE TABLE `ec_product_collection_products` (
  `product_collection_id` bigint unsigned NOT NULL,
  `product_id` bigint unsigned NOT NULL,
  PRIMARY KEY (`product_id`,`product_collection_id`),
  KEY `ec_product_collection_products_product_collection_id_index` (`product_collection_id`),
  KEY `ec_product_collection_products_product_id_index` (`product_id`)
) ENGINE=InnoDB DEFAULT CHARSET=utf8mb4 COLLATE=utf8mb4_unicode_ci;

--
-- Dumping data for table `ec_product_collection_products`
--

INSERT INTO `ec_product_collection_products` VALUES (1,4),(1,7),(1,8),(1,16),(1,17),(1,36),(1,37),(1,38),(1,39),(1,41),(1,43),(2,6),(2,9),(2,11),(2,12),(2,13),(2,14),(2,15),(2,19),(2,24),(2,30),(2,32),(2,33),(2,35),(2,40),(3,2),(3,18),(3,21),(3,26),(3,29),(3,42),(4,1),(4,3),(4,5),(4,10),(4,20),(4,22),(4,23),(4,25),(4,27),(4,28),(4,31),(4,34);

--
-- Table structure for table `ec_product_collections`
--

CREATE TABLE `ec_product_collections` (
  `id` bigint unsigned NOT NULL AUTO_INCREMENT,
  `name` varchar(191) COLLATE utf8mb4_unicode_ci NOT NULL,
  `slug` varchar(191) COLLATE utf8mb4_unicode_ci NOT NULL,
  `description` varchar(400) COLLATE utf8mb4_unicode_ci DEFAULT NULL,
  `image` varchar(191) COLLATE utf8mb4_unicode_ci DEFAULT NULL,
  `status` varchar(60) COLLATE utf8mb4_unicode_ci NOT NULL DEFAULT 'published',
  `created_at` timestamp NULL DEFAULT NULL,
  `updated_at` timestamp NULL DEFAULT NULL,
  `is_featured` tinyint unsigned NOT NULL DEFAULT '0',
  PRIMARY KEY (`id`)
) ENGINE=InnoDB AUTO_INCREMENT=5 DEFAULT CHARSET=utf8mb4 COLLATE=utf8mb4_unicode_ci;

--
-- Dumping data for table `ec_product_collections`
--

INSERT INTO `ec_product_collections` VALUES (1,'Trendy Wardrobe Essentials','trendy-wardrobe-essentials',NULL,NULL,'published','2025-07-28 01:50:04','2025-07-28 01:50:04',0),(2,'Fashion Forward Finds','fashion-forward-finds',NULL,NULL,'published','2025-07-28 01:50:04','2025-07-28 01:50:04',0),(3,'Chic &amp; Stylish Collection','chic-stylish-collection',NULL,NULL,'published','2025-07-28 01:50:04','2025-07-28 01:50:04',0),(4,'Weekly Fashion Picks','weekly-fashion-picks',NULL,NULL,'published','2025-07-28 01:50:04','2025-07-28 01:50:04',0);

--
-- Table structure for table `ec_product_collections_translations`
--

CREATE TABLE `ec_product_collections_translations` (
  `lang_code` varchar(191) COLLATE utf8mb4_unicode_ci NOT NULL,
  `ec_product_collections_id` bigint unsigned NOT NULL,
  `name` varchar(191) COLLATE utf8mb4_unicode_ci DEFAULT NULL,
  `description` varchar(400) COLLATE utf8mb4_unicode_ci DEFAULT NULL,
  PRIMARY KEY (`lang_code`,`ec_product_collections_id`)
) ENGINE=InnoDB DEFAULT CHARSET=utf8mb4 COLLATE=utf8mb4_unicode_ci;

--
-- Dumping data for table `ec_product_collections_translations`
--


--
-- Table structure for table `ec_product_cross_sale_relations`
--

CREATE TABLE `ec_product_cross_sale_relations` (
  `from_product_id` bigint unsigned NOT NULL,
  `to_product_id` bigint unsigned NOT NULL,
  `is_variant` tinyint(1) NOT NULL DEFAULT '0',
  `price` decimal(15,2) DEFAULT '0.00',
  `price_type` varchar(191) COLLATE utf8mb4_unicode_ci NOT NULL DEFAULT 'fixed',
  `apply_to_all_variations` tinyint(1) NOT NULL DEFAULT '1',
  PRIMARY KEY (`from_product_id`,`to_product_id`),
  KEY `ec_product_cross_sale_relations_from_product_id_index` (`from_product_id`),
  KEY `ec_product_cross_sale_relations_to_product_id_index` (`to_product_id`)
) ENGINE=InnoDB DEFAULT CHARSET=utf8mb4 COLLATE=utf8mb4_unicode_ci;

--
-- Dumping data for table `ec_product_cross_sale_relations`
--

INSERT INTO `ec_product_cross_sale_relations` VALUES (1,13,0,0.00,'fixed',1),(1,18,0,0.00,'fixed',1),(1,20,0,0.00,'fixed',1),(1,27,0,0.00,'fixed',1),(1,34,0,0.00,'fixed',1),(1,43,0,0.00,'fixed',1),(2,3,0,0.00,'fixed',1),(2,7,0,0.00,'fixed',1),(2,12,0,0.00,'fixed',1),(2,17,0,0.00,'fixed',1),(2,22,0,0.00,'fixed',1),(2,29,0,0.00,'fixed',1),(2,40,0,0.00,'fixed',1),(3,4,0,0.00,'fixed',1),(3,7,0,0.00,'fixed',1),(3,10,0,0.00,'fixed',1),(3,15,0,0.00,'fixed',1),(3,20,0,0.00,'fixed',1),(3,22,0,0.00,'fixed',1),(3,33,0,0.00,'fixed',1),(4,2,0,0.00,'fixed',1),(4,12,0,0.00,'fixed',1),(4,13,0,0.00,'fixed',1),(4,24,0,0.00,'fixed',1),(4,29,0,0.00,'fixed',1),(4,36,0,0.00,'fixed',1),(4,41,0,0.00,'fixed',1),(5,1,0,0.00,'fixed',1),(5,7,0,0.00,'fixed',1),(5,20,0,0.00,'fixed',1),(5,29,0,0.00,'fixed',1),(5,35,0,0.00,'fixed',1),(5,37,0,0.00,'fixed',1),(6,7,0,0.00,'fixed',1),(6,10,0,0.00,'fixed',1),(6,13,0,0.00,'fixed',1),(6,14,0,0.00,'fixed',1),(6,23,0,0.00,'fixed',1),(6,34,0,0.00,'fixed',1),(7,6,0,0.00,'fixed',1),(7,13,0,0.00,'fixed',1),(7,14,0,0.00,'fixed',1),(7,16,0,0.00,'fixed',1),(7,20,0,0.00,'fixed',1),(7,21,0,0.00,'fixed',1),(7,30,0,0.00,'fixed',1),(8,11,0,0.00,'fixed',1),(8,12,0,0.00,'fixed',1),(8,13,0,0.00,'fixed',1),(8,29,0,0.00,'fixed',1),(8,35,0,0.00,'fixed',1),(8,43,0,0.00,'fixed',1),(9,6,0,0.00,'fixed',1),(9,8,0,0.00,'fixed',1),(9,15,0,0.00,'fixed',1),(9,24,0,0.00,'fixed',1),(9,29,0,0.00,'fixed',1),(9,40,0,0.00,'fixed',1),(10,9,0,0.00,'fixed',1),(10,12,0,0.00,'fixed',1),(10,20,0,0.00,'fixed',1),(10,23,0,0.00,'fixed',1),(10,31,0,0.00,'fixed',1),(10,35,0,0.00,'fixed',1),(10,37,0,0.00,'fixed',1),(11,3,0,0.00,'fixed',1),(11,7,0,0.00,'fixed',1),(11,10,0,0.00,'fixed',1),(11,14,0,0.00,'fixed',1),(11,20,0,0.00,'fixed',1),(11,38,0,0.00,'fixed',1),(12,13,0,0.00,'fixed',1),(12,18,0,0.00,'fixed',1),(12,20,0,0.00,'fixed',1),(12,24,0,0.00,'fixed',1),(12,38,0,0.00,'fixed',1),(12,43,0,0.00,'fixed',1),(13,3,0,0.00,'fixed',1),(13,5,0,0.00,'fixed',1),(13,6,0,0.00,'fixed',1),(13,17,0,0.00,'fixed',1),(13,20,0,0.00,'fixed',1),(13,29,0,0.00,'fixed',1),(13,42,0,0.00,'fixed',1),(14,12,0,0.00,'fixed',1),(14,17,0,0.00,'fixed',1),(14,21,0,0.00,'fixed',1),(14,22,0,0.00,'fixed',1),(14,28,0,0.00,'fixed',1),(14,40,0,0.00,'fixed',1),(14,41,0,0.00,'fixed',1),(15,2,0,0.00,'fixed',1),(15,7,0,0.00,'fixed',1),(15,9,0,0.00,'fixed',1),(15,13,0,0.00,'fixed',1),(15,35,0,0.00,'fixed',1),(15,40,0,0.00,'fixed',1),(15,43,0,0.00,'fixed',1),(16,8,0,0.00,'fixed',1),(16,19,0,0.00,'fixed',1),(16,21,0,0.00,'fixed',1),(16,22,0,0.00,'fixed',1),(16,24,0,0.00,'fixed',1),(16,38,0,0.00,'fixed',1),(16,41,0,0.00,'fixed',1),(17,5,0,0.00,'fixed',1),(17,9,0,0.00,'fixed',1),(17,10,0,0.00,'fixed',1),(17,15,0,0.00,'fixed',1),(17,28,0,0.00,'fixed',1),(17,35,0,0.00,'fixed',1),(18,3,0,0.00,'fixed',1),(18,5,0,0.00,'fixed',1),(18,15,0,0.00,'fixed',1),(18,17,0,0.00,'fixed',1),(18,35,0,0.00,'fixed',1),(18,43,0,0.00,'fixed',1),(19,7,0,0.00,'fixed',1),(19,12,0,0.00,'fixed',1),(19,13,0,0.00,'fixed',1),(19,29,0,0.00,'fixed',1),(19,30,0,0.00,'fixed',1),(19,32,0,0.00,'fixed',1),(20,1,0,0.00,'fixed',1),(20,6,0,0.00,'fixed',1),(20,8,0,0.00,'fixed',1),(20,11,0,0.00,'fixed',1),(20,24,0,0.00,'fixed',1),(20,26,0,0.00,'fixed',1),(20,42,0,0.00,'fixed',1),(21,1,0,0.00,'fixed',1),(21,2,0,0.00,'fixed',1),(21,16,0,0.00,'fixed',1),(21,17,0,0.00,'fixed',1),(21,20,0,0.00,'fixed',1),(21,28,0,0.00,'fixed',1),(21,30,0,0.00,'fixed',1),(22,1,0,0.00,'fixed',1),(22,5,0,0.00,'fixed',1),(22,14,0,0.00,'fixed',1),(22,18,0,0.00,'fixed',1),(22,20,0,0.00,'fixed',1),(22,23,0,0.00,'fixed',1),(22,35,0,0.00,'fixed',1),(23,5,0,0.00,'fixed',1),(23,8,0,0.00,'fixed',1),(23,9,0,0.00,'fixed',1),(23,11,0,0.00,'fixed',1),(23,13,0,0.00,'fixed',1),(23,32,0,0.00,'fixed',1),(23,42,0,0.00,'fixed',1),(24,1,0,0.00,'fixed',1),(24,5,0,0.00,'fixed',1),(24,14,0,0.00,'fixed',1),(24,21,0,0.00,'fixed',1),(24,30,0,0.00,'fixed',1),(24,38,0,0.00,'fixed',1),(25,7,0,0.00,'fixed',1),(25,12,0,0.00,'fixed',1),(25,14,0,0.00,'fixed',1),(25,30,0,0.00,'fixed',1),(25,41,0,0.00,'fixed',1),(25,42,0,0.00,'fixed',1),(26,3,0,0.00,'fixed',1),(26,9,0,0.00,'fixed',1),(26,10,0,0.00,'fixed',1),(26,31,0,0.00,'fixed',1),(26,37,0,0.00,'fixed',1),(26,40,0,0.00,'fixed',1),(27,1,0,0.00,'fixed',1),(27,6,0,0.00,'fixed',1),(27,18,0,0.00,'fixed',1),(27,19,0,0.00,'fixed',1),(27,28,0,0.00,'fixed',1),(27,39,0,0.00,'fixed',1),(27,40,0,0.00,'fixed',1),(28,4,0,0.00,'fixed',1),(28,10,0,0.00,'fixed',1),(28,18,0,0.00,'fixed',1),(28,23,0,0.00,'fixed',1),(28,25,0,0.00,'fixed',1),(28,34,0,0.00,'fixed',1),(28,41,0,0.00,'fixed',1),(29,1,0,0.00,'fixed',1),(29,13,0,0.00,'fixed',1),(29,27,0,0.00,'fixed',1),(29,28,0,0.00,'fixed',1),(29,31,0,0.00,'fixed',1),(29,33,0,0.00,'fixed',1),(29,42,0,0.00,'fixed',1),(30,1,0,0.00,'fixed',1),(30,2,0,0.00,'fixed',1),(30,3,0,0.00,'fixed',1),(30,12,0,0.00,'fixed',1),(30,18,0,0.00,'fixed',1),(30,19,0,0.00,'fixed',1),(31,2,0,0.00,'fixed',1),(31,7,0,0.00,'fixed',1),(31,8,0,0.00,'fixed',1),(31,10,0,0.00,'fixed',1),(31,11,0,0.00,'fixed',1),(31,30,0,0.00,'fixed',1),(31,37,0,0.00,'fixed',1),(32,5,0,0.00,'fixed',1),(32,6,0,0.00,'fixed',1),(32,15,0,0.00,'fixed',1),(32,24,0,0.00,'fixed',1),(32,29,0,0.00,'fixed',1),(32,30,0,0.00,'fixed',1),(32,39,0,0.00,'fixed',1),(33,1,0,0.00,'fixed',1),(33,4,0,0.00,'fixed',1),(33,11,0,0.00,'fixed',1),(33,27,0,0.00,'fixed',1),(33,30,0,0.00,'fixed',1),(33,35,0,0.00,'fixed',1),(34,8,0,0.00,'fixed',1),(34,15,0,0.00,'fixed',1),(34,18,0,0.00,'fixed',1),(34,25,0,0.00,'fixed',1),(34,37,0,0.00,'fixed',1),(34,41,0,0.00,'fixed',1),(34,42,0,0.00,'fixed',1),(35,4,0,0.00,'fixed',1),(35,10,0,0.00,'fixed',1),(35,16,0,0.00,'fixed',1),(35,24,0,0.00,'fixed',1),(35,32,0,0.00,'fixed',1),(35,41,0,0.00,'fixed',1),(36,2,0,0.00,'fixed',1),(36,15,0,0.00,'fixed',1),(36,23,0,0.00,'fixed',1),(36,24,0,0.00,'fixed',1),(36,26,0,0.00,'fixed',1),(36,28,0,0.00,'fixed',1),(36,37,0,0.00,'fixed',1),(37,8,0,0.00,'fixed',1),(37,11,0,0.00,'fixed',1),(37,19,0,0.00,'fixed',1),(37,21,0,0.00,'fixed',1),(37,25,0,0.00,'fixed',1),(37,31,0,0.00,'fixed',1),(37,43,0,0.00,'fixed',1),(38,5,0,0.00,'fixed',1),(38,9,0,0.00,'fixed',1),(38,18,0,0.00,'fixed',1),(38,35,0,0.00,'fixed',1),(38,36,0,0.00,'fixed',1),(38,41,0,0.00,'fixed',1),(39,5,0,0.00,'fixed',1),(39,7,0,0.00,'fixed',1),(39,15,0,0.00,'fixed',1),(39,17,0,0.00,'fixed',1),(39,23,0,0.00,'fixed',1),(39,25,0,0.00,'fixed',1),(39,31,0,0.00,'fixed',1),(40,9,0,0.00,'fixed',1),(40,16,0,0.00,'fixed',1),(40,19,0,0.00,'fixed',1),(40,26,0,0.00,'fixed',1),(40,28,0,0.00,'fixed',1),(40,38,0,0.00,'fixed',1),(40,41,0,0.00,'fixed',1),(41,10,0,0.00,'fixed',1),(41,12,0,0.00,'fixed',1),(41,17,0,0.00,'fixed',1),(41,26,0,0.00,'fixed',1),(41,35,0,0.00,'fixed',1),(41,42,0,0.00,'fixed',1),(42,1,0,0.00,'fixed',1),(42,7,0,0.00,'fixed',1),(42,26,0,0.00,'fixed',1),(42,28,0,0.00,'fixed',1),(42,31,0,0.00,'fixed',1),(42,34,0,0.00,'fixed',1),(42,37,0,0.00,'fixed',1),(43,4,0,0.00,'fixed',1),(43,6,0,0.00,'fixed',1),(43,7,0,0.00,'fixed',1),(43,10,0,0.00,'fixed',1),(43,19,0,0.00,'fixed',1),(43,37,0,0.00,'fixed',1),(43,40,0,0.00,'fixed',1);

--
-- Table structure for table `ec_product_files`
--

CREATE TABLE `ec_product_files` (
  `id` bigint unsigned NOT NULL AUTO_INCREMENT,
  `product_id` bigint unsigned DEFAULT NULL,
  `url` varchar(400) COLLATE utf8mb4_unicode_ci DEFAULT NULL,
  `extras` mediumtext COLLATE utf8mb4_unicode_ci,
  `created_at` timestamp NULL DEFAULT NULL,
  `updated_at` timestamp NULL DEFAULT NULL,
  PRIMARY KEY (`id`),
  KEY `ec_product_files_product_id_index` (`product_id`)
) ENGINE=InnoDB AUTO_INCREMENT=30 DEFAULT CHARSET=utf8mb4 COLLATE=utf8mb4_unicode_ci;

--
-- Dumping data for table `ec_product_files`
--

INSERT INTO `ec_product_files` VALUES (1,4,'ecommerce/digital-product-files/product-11.jpg','{\"filename\":\"product-11.jpg\",\"url\":\"ecommerce\\/digital-product-files\\/product-11.jpg\",\"mime_type\":\"image\\/jpeg\",\"size\":9803,\"modified\":\"2025-07-28 08:50:09\",\"name\":\"product-11\",\"extension\":\"jpg\"}','2025-07-28 01:50:09','2025-07-28 01:50:09'),(2,4,'ecommerce/digital-product-files/product-10.jpg','{\"filename\":\"product-10.jpg\",\"url\":\"ecommerce\\/digital-product-files\\/product-10.jpg\",\"mime_type\":\"image\\/jpeg\",\"size\":9803,\"modified\":\"2025-07-28 08:50:09\",\"name\":\"product-10\",\"extension\":\"jpg\"}','2025-07-28 01:50:09','2025-07-28 01:50:09'),(3,8,'ecommerce/digital-product-files/product-17.jpg','{\"filename\":\"product-17.jpg\",\"url\":\"ecommerce\\/digital-product-files\\/product-17.jpg\",\"mime_type\":\"image\\/jpeg\",\"size\":9803,\"modified\":\"2025-07-28 08:50:09\",\"name\":\"product-17\",\"extension\":\"jpg\"}','2025-07-28 01:50:09','2025-07-28 01:50:09'),(4,8,'ecommerce/digital-product-files/product-18.jpg','{\"filename\":\"product-18.jpg\",\"url\":\"ecommerce\\/digital-product-files\\/product-18.jpg\",\"mime_type\":\"image\\/jpeg\",\"size\":9803,\"modified\":\"2025-07-28 08:50:09\",\"name\":\"product-18\",\"extension\":\"jpg\"}','2025-07-28 01:50:09','2025-07-28 01:50:09'),(5,12,'ecommerce/digital-product-files/product-14.jpg','{\"filename\":\"product-14.jpg\",\"url\":\"ecommerce\\/digital-product-files\\/product-14.jpg\",\"mime_type\":\"image\\/jpeg\",\"size\":9803,\"modified\":\"2025-07-28 08:50:09\",\"name\":\"product-14\",\"extension\":\"jpg\"}','2025-07-28 01:50:09','2025-07-28 01:50:09'),(6,12,'ecommerce/digital-product-files/product-9.jpg','{\"filename\":\"product-9.jpg\",\"url\":\"ecommerce\\/digital-product-files\\/product-9.jpg\",\"mime_type\":\"image\\/jpeg\",\"size\":9803,\"modified\":\"2025-07-28 08:50:09\",\"name\":\"product-9\",\"extension\":\"jpg\"}','2025-07-28 01:50:09','2025-07-28 01:50:09'),(7,16,'ecommerce/digital-product-files/product-14.jpg','{\"filename\":\"product-14.jpg\",\"url\":\"ecommerce\\/digital-product-files\\/product-14.jpg\",\"mime_type\":\"image\\/jpeg\",\"size\":9803,\"modified\":\"2025-07-28 08:50:09\",\"name\":\"product-14\",\"extension\":\"jpg\"}','2025-07-28 01:50:09','2025-07-28 01:50:09'),(8,16,'ecommerce/digital-product-files/product-19.jpg','{\"filename\":\"product-19.jpg\",\"url\":\"ecommerce\\/digital-product-files\\/product-19.jpg\",\"mime_type\":\"image\\/jpeg\",\"size\":9803,\"modified\":\"2025-07-28 08:50:09\",\"name\":\"product-19\",\"extension\":\"jpg\"}','2025-07-28 01:50:09','2025-07-28 01:50:09'),(9,20,'ecommerce/digital-product-files/product-1.jpg','{\"filename\":\"product-1.jpg\",\"url\":\"ecommerce\\/digital-product-files\\/product-1.jpg\",\"mime_type\":\"image\\/jpeg\",\"size\":9803,\"modified\":\"2025-07-28 08:50:09\",\"name\":\"product-1\",\"extension\":\"jpg\"}','2025-07-28 01:50:09','2025-07-28 01:50:09'),(10,20,'ecommerce/digital-product-files/product-8.jpg','{\"filename\":\"product-8.jpg\",\"url\":\"ecommerce\\/digital-product-files\\/product-8.jpg\",\"mime_type\":\"image\\/jpeg\",\"size\":9803,\"modified\":\"2025-07-28 08:50:09\",\"name\":\"product-8\",\"extension\":\"jpg\"}','2025-07-28 01:50:09','2025-07-28 01:50:09'),(11,24,'ecommerce/digital-product-files/product-7.jpg','{\"filename\":\"product-7.jpg\",\"url\":\"ecommerce\\/digital-product-files\\/product-7.jpg\",\"mime_type\":\"image\\/jpeg\",\"size\":9803,\"modified\":\"2025-07-28 08:50:09\",\"name\":\"product-7\",\"extension\":\"jpg\"}','2025-07-28 01:50:09','2025-07-28 01:50:09'),(12,24,'ecommerce/digital-product-files/product-details-desc-1.jpg','{\"filename\":\"product-details-desc-1.jpg\",\"url\":\"ecommerce\\/digital-product-files\\/product-details-desc-1.jpg\",\"mime_type\":\"image\\/jpeg\",\"size\":9803,\"modified\":\"2025-07-28 08:50:09\",\"name\":\"product-details-desc-1\",\"extension\":\"jpg\"}','2025-07-28 01:50:09','2025-07-28 01:50:09'),(13,28,'ecommerce/digital-product-files/product-9.jpg','{\"filename\":\"product-9.jpg\",\"url\":\"ecommerce\\/digital-product-files\\/product-9.jpg\",\"mime_type\":\"image\\/jpeg\",\"size\":9803,\"modified\":\"2025-07-28 08:50:09\",\"name\":\"product-9\",\"extension\":\"jpg\"}','2025-07-28 01:50:09','2025-07-28 01:50:09'),(14,28,'ecommerce/digital-product-files/product-19.jpg','{\"filename\":\"product-19.jpg\",\"url\":\"ecommerce\\/digital-product-files\\/product-19.jpg\",\"mime_type\":\"image\\/jpeg\",\"size\":9803,\"modified\":\"2025-07-28 08:50:09\",\"name\":\"product-19\",\"extension\":\"jpg\"}','2025-07-28 01:50:09','2025-07-28 01:50:09'),(15,32,'ecommerce/digital-product-files/product-9.jpg','{\"filename\":\"product-9.jpg\",\"url\":\"ecommerce\\/digital-product-files\\/product-9.jpg\",\"mime_type\":\"image\\/jpeg\",\"size\":9803,\"modified\":\"2025-07-28 08:50:09\",\"name\":\"product-9\",\"extension\":\"jpg\"}','2025-07-28 01:50:09','2025-07-28 01:50:09'),(16,32,'ecommerce/digital-product-files/product-5.jpg','{\"filename\":\"product-5.jpg\",\"url\":\"ecommerce\\/digital-product-files\\/product-5.jpg\",\"mime_type\":\"image\\/jpeg\",\"size\":9803,\"modified\":\"2025-07-28 08:50:09\",\"name\":\"product-5\",\"extension\":\"jpg\"}','2025-07-28 01:50:09','2025-07-28 01:50:09'),(17,36,'ecommerce/digital-product-files/product-8.jpg','{\"filename\":\"product-8.jpg\",\"url\":\"ecommerce\\/digital-product-files\\/product-8.jpg\",\"mime_type\":\"image\\/jpeg\",\"size\":9803,\"modified\":\"2025-07-28 08:50:09\",\"name\":\"product-8\",\"extension\":\"jpg\"}','2025-07-28 01:50:09','2025-07-28 01:50:09'),(18,36,'ecommerce/digital-product-files/product-details-desc-1.jpg','{\"filename\":\"product-details-desc-1.jpg\",\"url\":\"ecommerce\\/digital-product-files\\/product-details-desc-1.jpg\",\"mime_type\":\"image\\/jpeg\",\"size\":9803,\"modified\":\"2025-07-28 08:50:09\",\"name\":\"product-details-desc-1\",\"extension\":\"jpg\"}','2025-07-28 01:50:09','2025-07-28 01:50:09'),(19,40,'ecommerce/digital-product-files/product-19.jpg','{\"filename\":\"product-19.jpg\",\"url\":\"ecommerce\\/digital-product-files\\/product-19.jpg\",\"mime_type\":\"image\\/jpeg\",\"size\":9803,\"modified\":\"2025-07-28 08:50:09\",\"name\":\"product-19\",\"extension\":\"jpg\"}','2025-07-28 01:50:09','2025-07-28 01:50:09'),(20,40,'ecommerce/digital-product-files/product-5.jpg','{\"filename\":\"product-5.jpg\",\"url\":\"ecommerce\\/digital-product-files\\/product-5.jpg\",\"mime_type\":\"image\\/jpeg\",\"size\":9803,\"modified\":\"2025-07-28 08:50:09\",\"name\":\"product-5\",\"extension\":\"jpg\"}','2025-07-28 01:50:09','2025-07-28 01:50:09'),(21,55,'ecommerce/digital-product-files/product-18.jpg','{\"filename\":\"product-18.jpg\",\"url\":\"ecommerce\\/digital-product-files\\/product-18.jpg\",\"mime_type\":\"image\\/jpeg\",\"size\":9803,\"modified\":\"2025-07-28 08:50:09\",\"name\":\"product-18\",\"extension\":\"jpg\"}','2025-07-28 01:50:09','2025-07-28 01:50:09'),(22,56,'ecommerce/digital-product-files/product-9.jpg','{\"filename\":\"product-9.jpg\",\"url\":\"ecommerce\\/digital-product-files\\/product-9.jpg\",\"mime_type\":\"image\\/jpeg\",\"size\":9803,\"modified\":\"2025-07-28 08:50:09\",\"name\":\"product-9\",\"extension\":\"jpg\"}','2025-07-28 01:50:09','2025-07-28 01:50:09'),(23,57,'ecommerce/digital-product-files/product-details-desc-2.jpg','{\"filename\":\"product-details-desc-2.jpg\",\"url\":\"ecommerce\\/digital-product-files\\/product-details-desc-2.jpg\",\"mime_type\":\"image\\/jpeg\",\"size\":9803,\"modified\":\"2025-07-28 08:50:09\",\"name\":\"product-details-desc-2\",\"extension\":\"jpg\"}','2025-07-28 01:50:09','2025-07-28 01:50:09'),(24,66,'ecommerce/digital-product-files/product-19.jpg','{\"filename\":\"product-19.jpg\",\"url\":\"ecommerce\\/digital-product-files\\/product-19.jpg\",\"mime_type\":\"image\\/jpeg\",\"size\":9803,\"modified\":\"2025-07-28 08:50:09\",\"name\":\"product-19\",\"extension\":\"jpg\"}','2025-07-28 01:50:09','2025-07-28 01:50:09'),(25,74,'ecommerce/digital-product-files/product-8.jpg','{\"filename\":\"product-8.jpg\",\"url\":\"ecommerce\\/digital-product-files\\/product-8.jpg\",\"mime_type\":\"image\\/jpeg\",\"size\":9803,\"modified\":\"2025-07-28 08:50:09\",\"name\":\"product-8\",\"extension\":\"jpg\"}','2025-07-28 01:50:09','2025-07-28 01:50:09'),(26,75,'ecommerce/digital-product-files/product-6.jpg','{\"filename\":\"product-6.jpg\",\"url\":\"ecommerce\\/digital-product-files\\/product-6.jpg\",\"mime_type\":\"image\\/jpeg\",\"size\":9803,\"modified\":\"2025-07-28 08:50:09\",\"name\":\"product-6\",\"extension\":\"jpg\"}','2025-07-28 01:50:09','2025-07-28 01:50:09'),(27,76,'ecommerce/digital-product-files/product-2.jpg','{\"filename\":\"product-2.jpg\",\"url\":\"ecommerce\\/digital-product-files\\/product-2.jpg\",\"mime_type\":\"image\\/jpeg\",\"size\":9803,\"modified\":\"2025-07-28 08:50:09\",\"name\":\"product-2\",\"extension\":\"jpg\"}','2025-07-28 01:50:09','2025-07-28 01:50:09'),(28,77,'ecommerce/digital-product-files/product-18.jpg','{\"filename\":\"product-18.jpg\",\"url\":\"ecommerce\\/digital-product-files\\/product-18.jpg\",\"mime_type\":\"image\\/jpeg\",\"size\":9803,\"modified\":\"2025-07-28 08:50:09\",\"name\":\"product-18\",\"extension\":\"jpg\"}','2025-07-28 01:50:09','2025-07-28 01:50:09'),(29,89,'ecommerce/digital-product-files/product-19.jpg','{\"filename\":\"product-19.jpg\",\"url\":\"ecommerce\\/digital-product-files\\/product-19.jpg\",\"mime_type\":\"image\\/jpeg\",\"size\":9803,\"modified\":\"2025-07-28 08:50:09\",\"name\":\"product-19\",\"extension\":\"jpg\"}','2025-07-28 01:50:09','2025-07-28 01:50:09');

--
-- Table structure for table `ec_product_label_products`
--

CREATE TABLE `ec_product_label_products` (
  `product_label_id` bigint unsigned NOT NULL,
  `product_id` bigint unsigned NOT NULL,
  PRIMARY KEY (`product_label_id`,`product_id`),
  KEY `ec_product_label_products_product_label_id_index` (`product_label_id`),
  KEY `ec_product_label_products_product_id_index` (`product_id`)
) ENGINE=InnoDB DEFAULT CHARSET=utf8mb4 COLLATE=utf8mb4_unicode_ci;

--
-- Dumping data for table `ec_product_label_products`
--

INSERT INTO `ec_product_label_products` VALUES (1,15),(1,30),(1,33),(1,39),(1,42),(2,6),(2,9),(2,18),(2,21),(3,3),(3,12),(3,24),(3,27),(3,36);

--
-- Table structure for table `ec_product_labels`
--

CREATE TABLE `ec_product_labels` (
  `id` bigint unsigned NOT NULL AUTO_INCREMENT,
  `name` varchar(191) COLLATE utf8mb4_unicode_ci NOT NULL,
  `color` varchar(120) COLLATE utf8mb4_unicode_ci DEFAULT NULL,
  `status` varchar(60) COLLATE utf8mb4_unicode_ci NOT NULL DEFAULT 'published',
  `created_at` timestamp NULL DEFAULT NULL,
  `updated_at` timestamp NULL DEFAULT NULL,
  `text_color` varchar(120) COLLATE utf8mb4_unicode_ci DEFAULT NULL,
  PRIMARY KEY (`id`)
) ENGINE=InnoDB AUTO_INCREMENT=4 DEFAULT CHARSET=utf8mb4 COLLATE=utf8mb4_unicode_ci;

--
-- Dumping data for table `ec_product_labels`
--

INSERT INTO `ec_product_labels` VALUES (1,'Hot','#AC2200','published','2025-07-28 01:49:52','2025-07-28 01:49:52',NULL),(2,'New','#006554','published','2025-07-28 01:49:52','2025-07-28 01:49:52',NULL),(3,'Sale','#9A3B00','published','2025-07-28 01:49:52','2025-07-28 01:49:52',NULL);

--
-- Table structure for table `ec_product_labels_translations`
--

CREATE TABLE `ec_product_labels_translations` (
  `lang_code` varchar(191) COLLATE utf8mb4_unicode_ci NOT NULL,
  `ec_product_labels_id` bigint unsigned NOT NULL,
  `name` varchar(191) COLLATE utf8mb4_unicode_ci DEFAULT NULL,
  `description` varchar(400) COLLATE utf8mb4_unicode_ci DEFAULT NULL,
  PRIMARY KEY (`lang_code`,`ec_product_labels_id`)
) ENGINE=InnoDB DEFAULT CHARSET=utf8mb4 COLLATE=utf8mb4_unicode_ci;

--
-- Dumping data for table `ec_product_labels_translations`
--


--
-- Table structure for table `ec_product_license_codes`
--

CREATE TABLE `ec_product_license_codes` (
  `id` bigint unsigned NOT NULL AUTO_INCREMENT,
  `product_id` bigint unsigned NOT NULL,
  `license_code` text COLLATE utf8mb4_unicode_ci NOT NULL,
  `status` varchar(60) COLLATE utf8mb4_unicode_ci NOT NULL DEFAULT 'available',
  `assigned_order_product_id` bigint unsigned DEFAULT NULL,
  `assigned_at` timestamp NULL DEFAULT NULL,
  `created_at` timestamp NULL DEFAULT NULL,
  `updated_at` timestamp NULL DEFAULT NULL,
  PRIMARY KEY (`id`),
  KEY `ec_product_license_codes_product_id_status_index` (`product_id`,`status`)
) ENGINE=InnoDB DEFAULT CHARSET=utf8mb4 COLLATE=utf8mb4_unicode_ci;

--
-- Dumping data for table `ec_product_license_codes`
--


--
-- Table structure for table `ec_product_related_relations`
--

CREATE TABLE `ec_product_related_relations` (
  `from_product_id` bigint unsigned NOT NULL,
  `to_product_id` bigint unsigned NOT NULL,
  PRIMARY KEY (`from_product_id`,`to_product_id`),
  KEY `ec_product_related_relations_from_product_id_index` (`from_product_id`),
  KEY `ec_product_related_relations_to_product_id_index` (`to_product_id`)
) ENGINE=InnoDB DEFAULT CHARSET=utf8mb4 COLLATE=utf8mb4_unicode_ci;

--
-- Dumping data for table `ec_product_related_relations`
--


--
-- Table structure for table `ec_product_specification_attribute`
--

CREATE TABLE `ec_product_specification_attribute` (
  `product_id` bigint unsigned NOT NULL,
  `attribute_id` bigint unsigned NOT NULL,
  `value` text COLLATE utf8mb4_unicode_ci,
  `hidden` tinyint(1) NOT NULL DEFAULT '0',
  `order` tinyint NOT NULL DEFAULT '0',
  PRIMARY KEY (`product_id`,`attribute_id`)
) ENGINE=InnoDB DEFAULT CHARSET=utf8mb4 COLLATE=utf8mb4_unicode_ci;

--
-- Dumping data for table `ec_product_specification_attribute`
--

INSERT INTO `ec_product_specification_attribute` VALUES (1,6,'37.04 cm',0,0),(1,7,'98.57 cm',0,0),(1,8,'2560x1440',0,0),(2,6,'75.45 cm',0,0),(2,7,'1.19 cm',0,0),(2,8,'2560x1440',0,0),(3,6,'66.47 cm',0,0),(3,7,'36.86 cm',0,0),(3,8,'2560x1440',0,0),(4,1,'1.85 cm',0,0),(4,2,'10.27 cm',0,0),(4,3,'84.75 cm',0,0),(4,4,'95.28 cm',0,0),(4,5,'23.01 cm',0,0),(5,1,'83.61 cm',0,0),(5,2,'83.63 cm',0,0),(5,3,'35.67 cm',0,0),(5,4,'36.92 cm',0,0),(5,5,'17.52 cm',0,0),(6,1,'81.86 cm',0,0),(6,2,'94.44 cm',0,0),(6,3,'47.05 cm',0,0),(6,4,'84.74 cm',0,0),(6,5,'1.09 cm',0,0),(7,6,'55.59 cm',0,0),(7,7,'29.33 cm',0,0),(7,8,'2560x1440',0,0),(8,6,'71.99 cm',0,0),(8,7,'39.6 cm',0,0),(8,8,'2560x1440',0,0),(9,6,'30.4 cm',0,0),(9,7,'81.95 cm',0,0),(9,8,'2560x1440',0,0),(10,1,'84.95 cm',0,0),(10,2,'40.79 cm',0,0),(10,3,'53.36 cm',0,0),(10,4,'68.58 cm',0,0),(10,5,'64.96 cm',0,0),(11,6,'85.13 cm',0,0),(11,7,'51.27 cm',0,0),(11,8,'3840x2160',0,0),(12,6,'25 cm',0,0),(12,7,'24.44 cm',0,0),(12,8,'3840x2160',0,0),(13,6,'33.72 cm',0,0),(13,7,'89.69 cm',0,0),(13,8,'2560x1440',0,0),(14,6,'21.32 cm',0,0),(14,7,'52.04 cm',0,0),(14,8,'1920x1080',0,0),(15,1,'57.1 cm',0,0),(15,2,'48.07 cm',0,0),(15,3,'81.72 cm',0,0),(15,4,'11.16 cm',0,0),(15,5,'38.78 cm',0,0),(16,6,'96.68 cm',0,0),(16,7,'5.86 cm',0,0),(16,8,'3840x2160',0,0),(17,6,'60.74 cm',0,0),(17,7,'69.1 cm',0,0),(17,8,'2560x1440',0,0),(18,1,'80.67 cm',0,0),(18,2,'85.75 cm',0,0),(18,3,'40.78 cm',0,0),(18,4,'2.16 cm',0,0),(18,5,'22.68 cm',0,0),(19,1,'54.09 cm',0,0),(19,2,'53.88 cm',0,0),(19,3,'77.93 cm',0,0),(19,4,'1.46 cm',0,0),(19,5,'27.17 cm',0,0),(20,6,'90.67 cm',0,0),(20,7,'42.93 cm',0,0),(20,8,'2560x1440',0,0),(21,1,'38.28 cm',0,0),(21,2,'31.65 cm',0,0),(21,3,'46.12 cm',0,0),(21,4,'16.24 cm',0,0),(21,5,'7.94 cm',0,0),(22,1,'29.95 cm',0,0),(22,2,'71.26 cm',0,0),(22,3,'21.78 cm',0,0),(22,4,'55.93 cm',0,0),(22,5,'99.93 cm',0,0),(23,6,'89.39 cm',0,0),(23,7,'96.69 cm',0,0),(23,8,'1920x1080',0,0),(24,6,'2.04 cm',0,0),(24,7,'12.19 cm',0,0),(24,8,'1920x1080',0,0),(25,1,'17.04 cm',0,0),(25,2,'96.46 cm',0,0),(25,3,'44.19 cm',0,0),(25,4,'39.31 cm',0,0),(25,5,'31.97 cm',0,0),(26,6,'46.29 cm',0,0),(26,7,'52.54 cm',0,0),(26,8,'1920x1080',0,0),(27,1,'36.01 cm',0,0),(27,2,'25.91 cm',0,0),(27,3,'78.85 cm',0,0),(27,4,'65.37 cm',0,0),(27,5,'42.33 cm',0,0),(28,6,'63.82 cm',0,0),(28,7,'26.08 cm',0,0),(28,8,'1920x1080',0,0),(29,1,'81.07 cm',0,0),(29,2,'26.42 cm',0,0),(29,3,'16.7 cm',0,0),(29,4,'57.72 cm',0,0),(29,5,'94.49 cm',0,0),(30,6,'37.05 cm',0,0),(30,7,'30.67 cm',0,0),(30,8,'1920x1080',0,0),(31,1,'89.08 cm',0,0),(31,2,'21.06 cm',0,0),(31,3,'49.4 cm',0,0),(31,4,'23.42 cm',0,0),(31,5,'94.52 cm',0,0),(32,6,'16.58 cm',0,0),(32,7,'65.15 cm',0,0),(32,8,'1920x1080',0,0),(33,6,'12.64 cm',0,0),(33,7,'91.94 cm',0,0),(33,8,'1920x1080',0,0),(34,6,'33.84 cm',0,0),(34,7,'94.52 cm',0,0),(34,8,'1920x1080',0,0),(35,1,'80.37 cm',0,0),(35,2,'51.37 cm',0,0),(35,3,'46.92 cm',0,0),(35,4,'5.83 cm',0,0),(35,5,'33.38 cm',0,0),(36,1,'49.68 cm',0,0),(36,2,'87.32 cm',0,0),(36,3,'83.66 cm',0,0),(36,4,'60.15 cm',0,0),(36,5,'29.55 cm',0,0),(37,6,'69.11 cm',0,0),(37,7,'35.94 cm',0,0),(37,8,'2560x1440',0,0),(38,1,'59.15 cm',0,0),(38,2,'28.31 cm',0,0),(38,3,'24.9 cm',0,0),(38,4,'75.1 cm',0,0),(38,5,'36.12 cm',0,0),(39,6,'17.26 cm',0,0),(39,7,'29.82 cm',0,0),(39,8,'2560x1440',0,0),(40,6,'9.65 cm',0,0),(40,7,'39.11 cm',0,0),(40,8,'2560x1440',0,0),(41,6,'48.24 cm',0,0),(41,7,'14.3 cm',0,0),(41,8,'1920x1080',0,0),(42,6,'46.28 cm',0,0),(42,7,'93.3 cm',0,0),(42,8,'1920x1080',0,0),(43,6,'42.94 cm',0,0),(43,7,'74.37 cm',0,0),(43,8,'1920x1080',0,0);

--
-- Table structure for table `ec_product_tag_product`
--

CREATE TABLE `ec_product_tag_product` (
  `product_id` bigint unsigned NOT NULL,
  `tag_id` bigint unsigned NOT NULL,
  PRIMARY KEY (`product_id`,`tag_id`),
  KEY `ec_product_tag_product_product_id_index` (`product_id`),
  KEY `ec_product_tag_product_tag_id_index` (`tag_id`)
) ENGINE=InnoDB DEFAULT CHARSET=utf8mb4 COLLATE=utf8mb4_unicode_ci;

--
-- Dumping data for table `ec_product_tag_product`
--

INSERT INTO `ec_product_tag_product` VALUES (1,1),(1,5),(1,6),(2,1),(2,4),(2,6),(3,1),(3,2),(3,3),(4,3),(4,5),(4,6),(5,1),(5,2),(5,6),(6,2),(6,4),(6,5),(7,3),(7,4),(7,5),(8,1),(8,2),(8,3),(9,1),(9,2),(9,5),(10,2),(10,5),(10,6),(11,2),(11,3),(11,6),(12,1),(12,4),(12,5),(13,1),(13,3),(13,6),(14,1),(14,2),(14,4),(15,1),(15,2),(15,3),(16,1),(16,3),(16,6),(17,1),(17,2),(17,3),(18,3),(18,4),(18,5),(19,3),(19,4),(19,6),(20,1),(20,3),(20,6),(21,2),(21,3),(21,4),(22,3),(22,5),(22,6),(23,2),(23,3),(23,4),(24,2),(24,5),(24,6),(25,1),(25,4),(25,6),(26,1),(26,3),(26,4),(27,3),(27,4),(27,5),(28,1),(28,4),(28,6),(29,1),(29,3),(29,4),(30,1),(30,5),(30,6),(31,4),(31,5),(31,6),(32,3),(32,4),(32,5),(33,4),(33,5),(33,6),(34,1),(34,5),(34,6),(35,2),(35,3),(35,4),(36,3),(36,5),(36,6),(37,1),(37,2),(37,5),(38,1),(38,2),(38,3),(39,1),(39,2),(39,3),(40,2),(40,5),(40,6),(41,4),(41,5),(41,6),(42,2),(42,5),(42,6),(43,3),(43,4),(43,5);

--
-- Table structure for table `ec_product_tags`
--

CREATE TABLE `ec_product_tags` (
  `id` bigint unsigned NOT NULL AUTO_INCREMENT,
  `name` varchar(120) COLLATE utf8mb4_unicode_ci NOT NULL,
  `description` varchar(400) COLLATE utf8mb4_unicode_ci DEFAULT NULL,
  `status` varchar(60) COLLATE utf8mb4_unicode_ci NOT NULL DEFAULT 'published',
  `created_at` timestamp NULL DEFAULT NULL,
  `updated_at` timestamp NULL DEFAULT NULL,
  PRIMARY KEY (`id`)
) ENGINE=InnoDB AUTO_INCREMENT=7 DEFAULT CHARSET=utf8mb4 COLLATE=utf8mb4_unicode_ci;

--
-- Dumping data for table `ec_product_tags`
--

INSERT INTO `ec_product_tags` VALUES (1,'Electronic',NULL,'published','2025-07-28 01:49:56','2025-07-28 01:49:56'),(2,'Mobile',NULL,'published','2025-07-28 01:49:56','2025-07-28 01:49:56'),(3,'Iphone',NULL,'published','2025-07-28 01:49:56','2025-07-28 01:49:56'),(4,'Printer',NULL,'published','2025-07-28 01:49:56','2025-07-28 01:49:56'),(5,'Office',NULL,'published','2025-07-28 01:49:56','2025-07-28 01:49:56'),(6,'IT',NULL,'published','2025-07-28 01:49:56','2025-07-28 01:49:56');

--
-- Table structure for table `ec_product_tags_translations`
--

CREATE TABLE `ec_product_tags_translations` (
  `lang_code` varchar(191) COLLATE utf8mb4_unicode_ci NOT NULL,
  `ec_product_tags_id` bigint unsigned NOT NULL,
  `name` varchar(191) COLLATE utf8mb4_unicode_ci DEFAULT NULL,
  PRIMARY KEY (`lang_code`,`ec_product_tags_id`)
) ENGINE=InnoDB DEFAULT CHARSET=utf8mb4 COLLATE=utf8mb4_unicode_ci;

--
-- Dumping data for table `ec_product_tags_translations`
--


--
-- Table structure for table `ec_product_up_sale_relations`
--

CREATE TABLE `ec_product_up_sale_relations` (
  `from_product_id` bigint unsigned NOT NULL,
  `to_product_id` bigint unsigned NOT NULL,
  PRIMARY KEY (`from_product_id`,`to_product_id`),
  KEY `ec_product_up_sale_relations_from_product_id_index` (`from_product_id`),
  KEY `ec_product_up_sale_relations_to_product_id_index` (`to_product_id`)
) ENGINE=InnoDB DEFAULT CHARSET=utf8mb4 COLLATE=utf8mb4_unicode_ci;

--
-- Dumping data for table `ec_product_up_sale_relations`
--


--
-- Table structure for table `ec_product_variation_items`
--

CREATE TABLE `ec_product_variation_items` (
  `id` bigint unsigned NOT NULL AUTO_INCREMENT,
  `attribute_id` bigint unsigned NOT NULL,
  `variation_id` bigint unsigned NOT NULL,
  PRIMARY KEY (`id`),
  UNIQUE KEY `ec_product_variation_items_attribute_id_variation_id_unique` (`attribute_id`,`variation_id`),
  KEY `attribute_variation_index` (`attribute_id`,`variation_id`)
) ENGINE=InnoDB AUTO_INCREMENT=119 DEFAULT CHARSET=utf8mb4 COLLATE=utf8mb4_unicode_ci;

--
-- Dumping data for table `ec_product_variation_items`
--

INSERT INTO `ec_product_variation_items` VALUES (1,1,1),(9,1,5),(11,1,6),(25,1,13),(31,1,16),(33,1,17),(49,1,25),(15,2,8),(27,2,14),(43,2,22),(47,2,24),(55,2,28),(59,2,30),(63,2,32),(67,2,34),(5,3,3),(29,3,15),(37,3,19),(45,3,23),(51,3,26),(57,3,29),(61,3,31),(3,4,2),(13,4,7),(23,4,12),(35,4,18),(39,4,20),(41,4,21),(53,4,27),(65,4,33),(7,5,4),(17,5,9),(19,5,10),(21,5,11),(42,6,21),(54,6,27),(56,6,28),(10,7,5),(22,7,11),(24,7,12),(44,7,22),(58,7,29),(64,7,32),(68,7,34),(6,8,3),(8,8,4),(16,8,8),(32,8,16),(34,8,17),(40,8,20),(50,8,25),(52,8,26),(12,9,6),(14,9,7),(20,9,10),(30,9,15),(62,9,31),(2,10,1),(4,10,2),(18,10,9),(26,10,13),(28,10,14),(36,10,18),(38,10,19),(46,10,23),(48,10,24),(60,10,30),(66,10,33),(79,11,40),(83,11,42),(87,11,44),(89,11,45),(71,12,36),(101,12,51),(105,12,53),(117,12,59),(73,13,37),(77,13,39),(111,13,56),(69,14,35),(85,14,43),(103,14,52),(107,14,54),(109,14,55),(113,14,57),(75,15,38),(81,15,41),(91,15,46),(93,15,47),(95,15,48),(97,15,49),(99,15,50),(115,15,58),(112,16,56),(70,17,35),(74,17,37),(84,17,42),(86,17,43),(88,17,44),(92,17,46),(100,17,50),(104,17,52),(106,17,53),(114,17,57),(72,18,36),(76,18,38),(80,18,40),(82,18,41),(98,18,49),(102,18,51),(110,18,55),(116,18,58),(90,19,45),(108,19,54),(118,19,59),(78,20,39),(94,20,47),(96,20,48);

--
-- Table structure for table `ec_product_variations`
--

CREATE TABLE `ec_product_variations` (
  `id` bigint unsigned NOT NULL AUTO_INCREMENT,
  `product_id` bigint unsigned DEFAULT NULL,
  `configurable_product_id` bigint unsigned NOT NULL,
  `is_default` tinyint NOT NULL DEFAULT '0',
  PRIMARY KEY (`id`),
  UNIQUE KEY `ec_product_variations_product_id_configurable_product_id_unique` (`product_id`,`configurable_product_id`),
  KEY `configurable_product_index` (`product_id`,`configurable_product_id`)
) ENGINE=InnoDB AUTO_INCREMENT=60 DEFAULT CHARSET=utf8mb4 COLLATE=utf8mb4_unicode_ci;

--
-- Dumping data for table `ec_product_variations`
--

INSERT INTO `ec_product_variations` VALUES (1,44,1,1),(2,45,1,0),(3,46,1,0),(4,47,1,0),(5,48,2,1),(6,49,2,0),(7,50,3,1),(8,51,3,0),(9,52,3,0),(10,53,6,1),(11,54,6,0),(12,55,8,1),(13,56,8,0),(14,57,8,0),(15,58,9,1),(16,59,9,0),(17,60,9,0),(18,61,9,0),(19,62,9,0),(20,63,10,1),(21,64,10,0),(22,65,11,1),(23,66,16,1),(24,67,17,1),(25,68,17,0),(26,69,17,0),(27,70,18,1),(28,71,18,0),(29,72,18,0),(30,73,18,0),(31,74,20,1),(32,75,20,0),(33,76,20,0),(34,77,20,0),(35,78,21,1),(36,79,22,1),(37,80,22,0),(38,81,22,0),(39,82,25,1),(40,83,25,0),(41,84,25,0),(42,85,27,1),(43,86,27,0),(44,87,27,0),(45,88,27,0),(46,89,28,1),(47,90,31,1),(48,91,31,0),(49,92,33,1),(50,93,35,1),(51,94,35,0),(52,95,37,1),(53,96,37,0),(54,97,41,1),(55,98,41,0),(56,99,41,0),(57,100,41,0),(58,101,42,1),(59,102,42,0);

--
-- Table structure for table `ec_product_views`
--

CREATE TABLE `ec_product_views` (
  `id` bigint unsigned NOT NULL AUTO_INCREMENT,
  `product_id` bigint unsigned NOT NULL,
  `views` int NOT NULL DEFAULT '1',
  `date` date NOT NULL DEFAULT '2025-07-28',
  PRIMARY KEY (`id`),
  UNIQUE KEY `ec_product_views_product_id_date_unique` (`product_id`,`date`),
  KEY `ec_product_views_product_id_index` (`product_id`)
) ENGINE=InnoDB DEFAULT CHARSET=utf8mb4 COLLATE=utf8mb4_unicode_ci;

--
-- Dumping data for table `ec_product_views`
--


--
-- Table structure for table `ec_product_with_attribute_set`
--

CREATE TABLE `ec_product_with_attribute_set` (
  `attribute_set_id` bigint unsigned NOT NULL,
  `product_id` bigint unsigned NOT NULL,
  `order` tinyint unsigned NOT NULL DEFAULT '0',
  PRIMARY KEY (`product_id`,`attribute_set_id`)
) ENGINE=InnoDB DEFAULT CHARSET=utf8mb4 COLLATE=utf8mb4_unicode_ci;

--
-- Dumping data for table `ec_product_with_attribute_set`
--

INSERT INTO `ec_product_with_attribute_set` VALUES (1,1,0),(2,1,0),(1,2,0),(2,2,0),(1,3,0),(2,3,0),(1,6,0),(2,6,0),(1,8,0),(2,8,0),(1,9,0),(2,9,0),(1,10,0),(2,10,0),(1,11,0),(2,11,0),(1,16,0),(2,16,0),(1,17,0),(2,17,0),(1,18,0),(2,18,0),(1,20,0),(2,20,0),(3,21,0),(4,21,0),(3,22,0),(4,22,0),(3,25,0),(4,25,0),(3,27,0),(4,27,0),(3,28,0),(4,28,0),(3,31,0),(4,31,0),(3,33,0),(4,33,0),(3,35,0),(4,35,0),(3,37,0),(4,37,0),(3,41,0),(4,41,0),(3,42,0),(4,42,0);

--
-- Table structure for table `ec_products`
--

CREATE TABLE `ec_products` (
  `id` bigint unsigned NOT NULL AUTO_INCREMENT,
  `name` varchar(191) COLLATE utf8mb4_unicode_ci NOT NULL,
  `description` text COLLATE utf8mb4_unicode_ci,
  `content` longtext COLLATE utf8mb4_unicode_ci,
  `status` varchar(60) COLLATE utf8mb4_unicode_ci NOT NULL DEFAULT 'published',
  `images` text COLLATE utf8mb4_unicode_ci,
  `video_media` text COLLATE utf8mb4_unicode_ci,
  `sku` varchar(191) COLLATE utf8mb4_unicode_ci DEFAULT NULL,
  `order` int unsigned NOT NULL DEFAULT '0',
  `quantity` int unsigned DEFAULT NULL,
  `allow_checkout_when_out_of_stock` tinyint unsigned NOT NULL DEFAULT '0',
  `with_storehouse_management` tinyint unsigned NOT NULL DEFAULT '0',
  `stock_status` varchar(191) COLLATE utf8mb4_unicode_ci DEFAULT 'in_stock',
  `is_featured` tinyint unsigned NOT NULL DEFAULT '0',
  `brand_id` bigint unsigned DEFAULT NULL,
  `is_variation` tinyint NOT NULL DEFAULT '0',
  `sale_type` tinyint NOT NULL DEFAULT '0',
  `price` double unsigned DEFAULT NULL,
  `sale_price` double unsigned DEFAULT NULL,
  `start_date` timestamp NULL DEFAULT NULL,
  `end_date` timestamp NULL DEFAULT NULL,
  `length` double DEFAULT NULL,
  `wide` double DEFAULT NULL,
  `height` double DEFAULT NULL,
  `weight` double DEFAULT NULL,
  `tax_id` bigint unsigned DEFAULT NULL,
  `views` bigint NOT NULL DEFAULT '0',
  `created_at` timestamp NULL DEFAULT NULL,
  `updated_at` timestamp NULL DEFAULT NULL,
  `store_id` bigint unsigned DEFAULT NULL,
  `created_by_id` bigint unsigned DEFAULT '0',
  `created_by_type` varchar(191) COLLATE utf8mb4_unicode_ci NOT NULL DEFAULT 'Botble\\ACL\\Models\\User',
  `approved_by` bigint unsigned DEFAULT '0',
  `image` varchar(191) COLLATE utf8mb4_unicode_ci DEFAULT NULL,
  `product_type` varchar(60) COLLATE utf8mb4_unicode_ci DEFAULT 'physical',
  `barcode` varchar(150) COLLATE utf8mb4_unicode_ci DEFAULT NULL,
  `cost_per_item` double DEFAULT NULL,
  `generate_license_code` tinyint(1) NOT NULL DEFAULT '0',
  `license_code_type` enum('auto_generate','pick_from_list') COLLATE utf8mb4_unicode_ci NOT NULL DEFAULT 'auto_generate',
  `minimum_order_quantity` int unsigned DEFAULT '0',
  `maximum_order_quantity` int unsigned DEFAULT '0',
  `notify_attachment_updated` tinyint(1) NOT NULL DEFAULT '0',
  `specification_table_id` bigint unsigned DEFAULT NULL,
  PRIMARY KEY (`id`),
  KEY `ec_products_brand_id_status_is_variation_created_at_index` (`brand_id`,`status`,`is_variation`,`created_at`),
  KEY `sale_type_index` (`sale_type`),
  KEY `start_date_index` (`start_date`),
  KEY `end_date_index` (`end_date`),
  KEY `sale_price_index` (`sale_price`),
  KEY `is_variation_index` (`is_variation`),
  KEY `ec_products_sku_index` (`sku`)
) ENGINE=InnoDB AUTO_INCREMENT=103 DEFAULT CHARSET=utf8mb4 COLLATE=utf8mb4_unicode_ci;

--
-- Dumping data for table `ec_products`
--

INSERT INTO `ec_products` VALUES (1,'Vintage Denim Jacket','Step out in style with these leather ankle boots, crafted with a sleek design and comfortable block heel. Versatile enough to pair with both dresses and jeans.','<div class=\"row justify-content-center\">\n    <div class=\"col-xl-10\">\n        <div class=\"tp-product-details-desc-item pb-105\">\n            <div class=\"row\">\n                <div class=\"col-lg-6\">\n                    <div class=\"pt-25\">\n                        <span>Anti-Aging Serum</span>\n                        <h3 class=\"tp-product-details-desc-title\">Revitalize Your Skin</h3>\n                        <p>\n                            Turn back the clock with our advanced anti-aging serum. Formulated with potent ingredients like hyaluronic acid and retinol, this serum targets fine lines, wrinkles, and age spots, leaving your skin looking youthful and radiant. Restore your skin\'s natural glow and texture with regular use.\n                        </p>\n                    </div>\n                    <div>\n                        <h3 class=\"tp-product-details-desc-title\">Hydration and Nourishment</h3>\n                        <p>\n                            Our anti-aging serum is enriched with hydrating and nourishing ingredients that penetrate deep into the skin to replenish moisture and improve elasticity. Say goodbye to dry, dull skin and hello to a complexion that\'s supple, smooth, and rejuvenated.\n                        </p>\n                    </div>\n                </div>\n                <div class=\"col-lg-6\">\n                    <div class=\"tp-product-details-desc-thumb\">\n                        <img src=\"/storage/beauty/products/product-1.png\" alt=\"Anti-Aging Serum\">\n                    </div>\n                </div>\n            </div>\n        </div>\n        <div class=\"tp-product-details-desc-item pb-75\">\n            <div class=\"row\">\n                <div class=\"col-lg-7\">\n                    <div class=\"tp-product-details-desc-thumb\">\n                        <img src=\"/storage/beauty/products/product-2.png\" alt=\"Application of Anti-Aging Serum\">\n                    </div>\n                </div>\n\n                <div class=\"col-lg-5 order-first order-lg-last\">\n                    <div class=\"des-content-2 pl-40\">\n                        <h3 class=\"tp-product-details-desc-title\">\n                            Visible Results\n                        </h3>\n                        <p>\n                            Experience noticeable results with our anti-aging serum. Within weeks of use, you\'ll notice smoother, firmer skin with reduced signs of aging. Incorporate it into your daily skincare routine for long-lasting benefits and a complexion that defies time.\n                        </p>\n                    </div>\n                </div>\n            </div>\n        </div>\n        <div class=\"tp-product-details-desc-item\">\n            <div class=\"row\">\n                <div class=\"col-xl-12\">\n                    <div class=\"tp-product-details-desc-banner text-center m-img\">\n                        <h3 class=\"tp-product-details-desc-banner-title tp-product-details-desc-title\">Expertly Formulated</h3>\n                        <img src=\"/storage/beauty/products/product-3.png\" alt=\"Beauty Lab\">\n                    </div>\n                </div>\n            </div>\n        </div>\n    </div>\n</div>\n','published','[\"main\\/products\\/product-12.jpg\",\"main\\/products\\/product-4.jpg\",\"main\\/products\\/product-3.jpg\",\"main\\/products\\/product-14.jpg\"]','[]','PH-177-A1',0,19,0,1,'in_stock',0,1,0,0,1333,NULL,NULL,NULL,18,16,20,541,NULL,82695,'2025-07-28 01:50:06','2025-07-28 01:50:09',1,0,'Botble\\ACL\\Models\\User',0,NULL,'physical','2497086414292',NULL,0,'auto_generate',0,0,0,2),(2,'Floral Maxi Dress','Step out in style with these leather ankle boots, crafted with a sleek design and comfortable block heel. Versatile enough to pair with both dresses and jeans.','<div class=\"row justify-content-center\">\n    <div class=\"col-xl-10\">\n        <div class=\"tp-product-details-desc-item pb-105\">\n            <div class=\"row\">\n                <div class=\"col-lg-6\">\n                    <div class=\"pt-25\">\n                        <span>Anti-Aging Serum</span>\n                        <h3 class=\"tp-product-details-desc-title\">Revitalize Your Skin</h3>\n                        <p>\n                            Turn back the clock with our advanced anti-aging serum. Formulated with potent ingredients like hyaluronic acid and retinol, this serum targets fine lines, wrinkles, and age spots, leaving your skin looking youthful and radiant. Restore your skin\'s natural glow and texture with regular use.\n                        </p>\n                    </div>\n                    <div>\n                        <h3 class=\"tp-product-details-desc-title\">Hydration and Nourishment</h3>\n                        <p>\n                            Our anti-aging serum is enriched with hydrating and nourishing ingredients that penetrate deep into the skin to replenish moisture and improve elasticity. Say goodbye to dry, dull skin and hello to a complexion that\'s supple, smooth, and rejuvenated.\n                        </p>\n                    </div>\n                </div>\n                <div class=\"col-lg-6\">\n                    <div class=\"tp-product-details-desc-thumb\">\n                        <img src=\"/storage/beauty/products/product-1.png\" alt=\"Anti-Aging Serum\">\n                    </div>\n                </div>\n            </div>\n        </div>\n        <div class=\"tp-product-details-desc-item pb-75\">\n            <div class=\"row\">\n                <div class=\"col-lg-7\">\n                    <div class=\"tp-product-details-desc-thumb\">\n                        <img src=\"/storage/beauty/products/product-2.png\" alt=\"Application of Anti-Aging Serum\">\n                    </div>\n                </div>\n\n                <div class=\"col-lg-5 order-first order-lg-last\">\n                    <div class=\"des-content-2 pl-40\">\n                        <h3 class=\"tp-product-details-desc-title\">\n                            Visible Results\n                        </h3>\n                        <p>\n                            Experience noticeable results with our anti-aging serum. Within weeks of use, you\'ll notice smoother, firmer skin with reduced signs of aging. Incorporate it into your daily skincare routine for long-lasting benefits and a complexion that defies time.\n                        </p>\n                    </div>\n                </div>\n            </div>\n        </div>\n        <div class=\"tp-product-details-desc-item\">\n            <div class=\"row\">\n                <div class=\"col-xl-12\">\n                    <div class=\"tp-product-details-desc-banner text-center m-img\">\n                        <h3 class=\"tp-product-details-desc-banner-title tp-product-details-desc-title\">Expertly Formulated</h3>\n                        <img src=\"/storage/beauty/products/product-3.png\" alt=\"Beauty Lab\">\n                    </div>\n                </div>\n            </div>\n        </div>\n    </div>\n</div>\n','published','[\"main\\/products\\/product-11.jpg\",\"main\\/products\\/product-5.jpg\",\"main\\/products\\/product-6.jpg\",\"main\\/products\\/product-details-desc-1.jpg\",\"main\\/products\\/product-10.jpg\"]','[]','WZ-186-A1',0,16,0,1,'in_stock',1,1,0,0,1542,NULL,NULL,NULL,18,17,16,767,NULL,174363,'2025-07-28 01:50:06','2025-07-28 01:50:09',7,0,'Botble\\ACL\\Models\\User',0,NULL,'physical','1797951091841',NULL,0,'auto_generate',0,0,0,2),(3,'Leather Ankle Boots','Embrace bohemian vibes with this embroidered boho blouse, featuring intricate stitching and a relaxed fit. Perfect for a casual day with a touch of style.','<div class=\"row justify-content-center\">\n    <div class=\"col-xl-10\">\n        <div class=\"tp-product-details-desc-item pb-105\">\n            <div class=\"row\">\n                <div class=\"col-lg-6\">\n                    <div class=\"pt-25\">\n                        <span>Anti-Aging Serum</span>\n                        <h3 class=\"tp-product-details-desc-title\">Revitalize Your Skin</h3>\n                        <p>\n                            Turn back the clock with our advanced anti-aging serum. Formulated with potent ingredients like hyaluronic acid and retinol, this serum targets fine lines, wrinkles, and age spots, leaving your skin looking youthful and radiant. Restore your skin\'s natural glow and texture with regular use.\n                        </p>\n                    </div>\n                    <div>\n                        <h3 class=\"tp-product-details-desc-title\">Hydration and Nourishment</h3>\n                        <p>\n                            Our anti-aging serum is enriched with hydrating and nourishing ingredients that penetrate deep into the skin to replenish moisture and improve elasticity. Say goodbye to dry, dull skin and hello to a complexion that\'s supple, smooth, and rejuvenated.\n                        </p>\n                    </div>\n                </div>\n                <div class=\"col-lg-6\">\n                    <div class=\"tp-product-details-desc-thumb\">\n                        <img src=\"/storage/beauty/products/product-1.png\" alt=\"Anti-Aging Serum\">\n                    </div>\n                </div>\n            </div>\n        </div>\n        <div class=\"tp-product-details-desc-item pb-75\">\n            <div class=\"row\">\n                <div class=\"col-lg-7\">\n                    <div class=\"tp-product-details-desc-thumb\">\n                        <img src=\"/storage/beauty/products/product-2.png\" alt=\"Application of Anti-Aging Serum\">\n                    </div>\n                </div>\n\n                <div class=\"col-lg-5 order-first order-lg-last\">\n                    <div class=\"des-content-2 pl-40\">\n                        <h3 class=\"tp-product-details-desc-title\">\n                            Visible Results\n                        </h3>\n                        <p>\n                            Experience noticeable results with our anti-aging serum. Within weeks of use, you\'ll notice smoother, firmer skin with reduced signs of aging. Incorporate it into your daily skincare routine for long-lasting benefits and a complexion that defies time.\n                        </p>\n                    </div>\n                </div>\n            </div>\n        </div>\n        <div class=\"tp-product-details-desc-item\">\n            <div class=\"row\">\n                <div class=\"col-xl-12\">\n                    <div class=\"tp-product-details-desc-banner text-center m-img\">\n                        <h3 class=\"tp-product-details-desc-banner-title tp-product-details-desc-title\">Expertly Formulated</h3>\n                        <img src=\"/storage/beauty/products/product-3.png\" alt=\"Beauty Lab\">\n                    </div>\n                </div>\n            </div>\n        </div>\n    </div>\n</div>\n','published','[\"main\\/products\\/product-7.jpg\",\"main\\/products\\/product-details-desc-2.jpg\",\"main\\/products\\/product-10.jpg\",\"main\\/products\\/product-4.jpg\",\"main\\/products\\/product-3.jpg\",\"main\\/products\\/product-2.jpg\"]','[]','YT-107-A1',0,18,0,1,'in_stock',0,2,0,0,2096,NULL,NULL,NULL,12,15,11,598,NULL,18817,'2025-07-28 01:50:06','2025-07-28 01:50:09',8,0,'Botble\\ACL\\Models\\User',0,NULL,'physical','2181198394510',NULL,0,'auto_generate',0,0,0,2),(4,'Knit Turtleneck Sweater (Digital)','Stay on trend with these high-waisted wide-leg trousers, combining comfort and sophistication. Pair them with heels for a refined look.','<div class=\"row justify-content-center\">\n    <div class=\"col-xl-10\">\n        <div class=\"tp-product-details-desc-item pb-105\">\n            <div class=\"row\">\n                <div class=\"col-lg-6\">\n                    <div class=\"pt-25\">\n                        <span>Anti-Aging Serum</span>\n                        <h3 class=\"tp-product-details-desc-title\">Revitalize Your Skin</h3>\n                        <p>\n                            Turn back the clock with our advanced anti-aging serum. Formulated with potent ingredients like hyaluronic acid and retinol, this serum targets fine lines, wrinkles, and age spots, leaving your skin looking youthful and radiant. Restore your skin\'s natural glow and texture with regular use.\n                        </p>\n                    </div>\n                    <div>\n                        <h3 class=\"tp-product-details-desc-title\">Hydration and Nourishment</h3>\n                        <p>\n                            Our anti-aging serum is enriched with hydrating and nourishing ingredients that penetrate deep into the skin to replenish moisture and improve elasticity. Say goodbye to dry, dull skin and hello to a complexion that\'s supple, smooth, and rejuvenated.\n                        </p>\n                    </div>\n                </div>\n                <div class=\"col-lg-6\">\n                    <div class=\"tp-product-details-desc-thumb\">\n                        <img src=\"/storage/beauty/products/product-1.png\" alt=\"Anti-Aging Serum\">\n                    </div>\n                </div>\n            </div>\n        </div>\n        <div class=\"tp-product-details-desc-item pb-75\">\n            <div class=\"row\">\n                <div class=\"col-lg-7\">\n                    <div class=\"tp-product-details-desc-thumb\">\n                        <img src=\"/storage/beauty/products/product-2.png\" alt=\"Application of Anti-Aging Serum\">\n                    </div>\n                </div>\n\n                <div class=\"col-lg-5 order-first order-lg-last\">\n                    <div class=\"des-content-2 pl-40\">\n                        <h3 class=\"tp-product-details-desc-title\">\n                            Visible Results\n                        </h3>\n                        <p>\n                            Experience noticeable results with our anti-aging serum. Within weeks of use, you\'ll notice smoother, firmer skin with reduced signs of aging. Incorporate it into your daily skincare routine for long-lasting benefits and a complexion that defies time.\n                        </p>\n                    </div>\n                </div>\n            </div>\n        </div>\n        <div class=\"tp-product-details-desc-item\">\n            <div class=\"row\">\n                <div class=\"col-xl-12\">\n                    <div class=\"tp-product-details-desc-banner text-center m-img\">\n                        <h3 class=\"tp-product-details-desc-banner-title tp-product-details-desc-title\">Expertly Formulated</h3>\n                        <img src=\"/storage/beauty/products/product-3.png\" alt=\"Beauty Lab\">\n                    </div>\n                </div>\n            </div>\n        </div>\n    </div>\n</div>\n','published','[\"main\\/products\\/product-11.jpg\",\"main\\/products\\/product-10.jpg\",\"main\\/products\\/product-14.jpg\",\"main\\/products\\/product-details-desc-1.jpg\"]','[[{\"key\":\"file\",\"value\":\"main\\/video\\/video-2.mp4\"},{\"key\":\"url\",\"value\":null},{\"key\":\"thumbnail\",\"value\":\"main\\/video\\/2.jpg\"}]]','8G-144',0,19,0,1,'in_stock',0,1,0,0,721,137,NULL,NULL,12,18,17,881,NULL,101292,'2025-07-28 01:50:06','2025-07-28 01:50:09',8,0,'Botble\\ACL\\Models\\User',0,NULL,'digital','1723932850596',NULL,0,'auto_generate',0,0,0,1),(5,'Classic Aviator Sunglasses','Top off your look with this chic fedora hat, crafted with a classic silhouette and a timeless appeal. A must-have accessory for any fashion-forward wardrobe.','<div class=\"row justify-content-center\">\n    <div class=\"col-xl-10\">\n        <div class=\"tp-product-details-desc-item pb-105\">\n            <div class=\"row\">\n                <div class=\"col-lg-6\">\n                    <div class=\"pt-25\">\n                        <span>Anti-Aging Serum</span>\n                        <h3 class=\"tp-product-details-desc-title\">Revitalize Your Skin</h3>\n                        <p>\n                            Turn back the clock with our advanced anti-aging serum. Formulated with potent ingredients like hyaluronic acid and retinol, this serum targets fine lines, wrinkles, and age spots, leaving your skin looking youthful and radiant. Restore your skin\'s natural glow and texture with regular use.\n                        </p>\n                    </div>\n                    <div>\n                        <h3 class=\"tp-product-details-desc-title\">Hydration and Nourishment</h3>\n                        <p>\n                            Our anti-aging serum is enriched with hydrating and nourishing ingredients that penetrate deep into the skin to replenish moisture and improve elasticity. Say goodbye to dry, dull skin and hello to a complexion that\'s supple, smooth, and rejuvenated.\n                        </p>\n                    </div>\n                </div>\n                <div class=\"col-lg-6\">\n                    <div class=\"tp-product-details-desc-thumb\">\n                        <img src=\"/storage/beauty/products/product-1.png\" alt=\"Anti-Aging Serum\">\n                    </div>\n                </div>\n            </div>\n        </div>\n        <div class=\"tp-product-details-desc-item pb-75\">\n            <div class=\"row\">\n                <div class=\"col-lg-7\">\n                    <div class=\"tp-product-details-desc-thumb\">\n                        <img src=\"/storage/beauty/products/product-2.png\" alt=\"Application of Anti-Aging Serum\">\n                    </div>\n                </div>\n\n                <div class=\"col-lg-5 order-first order-lg-last\">\n                    <div class=\"des-content-2 pl-40\">\n                        <h3 class=\"tp-product-details-desc-title\">\n                            Visible Results\n                        </h3>\n                        <p>\n                            Experience noticeable results with our anti-aging serum. Within weeks of use, you\'ll notice smoother, firmer skin with reduced signs of aging. Incorporate it into your daily skincare routine for long-lasting benefits and a complexion that defies time.\n                        </p>\n                    </div>\n                </div>\n            </div>\n        </div>\n        <div class=\"tp-product-details-desc-item\">\n            <div class=\"row\">\n                <div class=\"col-xl-12\">\n                    <div class=\"tp-product-details-desc-banner text-center m-img\">\n                        <h3 class=\"tp-product-details-desc-banner-title tp-product-details-desc-title\">Expertly Formulated</h3>\n                        <img src=\"/storage/beauty/products/product-3.png\" alt=\"Beauty Lab\">\n                    </div>\n                </div>\n            </div>\n        </div>\n    </div>\n</div>\n','published','[\"main\\/products\\/product-16.jpg\",\"main\\/products\\/product-4.jpg\",\"main\\/products\\/product-6.jpg\"]','[[{\"key\":\"file\",\"value\":null},{\"key\":\"url\",\"value\":\"https:\\/\\/www.youtube.com\\/watch?v=6JYIGclVQdw\"},{\"key\":\"thumbnail\",\"value\":\"main\\/video\\/1.jpg\"}]]','54-142',0,20,0,1,'in_stock',0,2,0,0,2421,1794,NULL,NULL,11,20,18,762,NULL,170427,'2025-07-28 01:50:07','2025-07-28 01:50:09',8,0,'Botble\\ACL\\Models\\User',0,NULL,'physical','5696930628688',NULL,0,'auto_generate',0,0,0,1),(6,'Tailored Wool Blazer','Embrace bohemian vibes with this embroidered boho blouse, featuring intricate stitching and a relaxed fit. Perfect for a casual day with a touch of style.','<div class=\"row justify-content-center\">\n    <div class=\"col-xl-10\">\n        <div class=\"tp-product-details-desc-item pb-105\">\n            <div class=\"row\">\n                <div class=\"col-lg-6\">\n                    <div class=\"pt-25\">\n                        <span>Anti-Aging Serum</span>\n                        <h3 class=\"tp-product-details-desc-title\">Revitalize Your Skin</h3>\n                        <p>\n                            Turn back the clock with our advanced anti-aging serum. Formulated with potent ingredients like hyaluronic acid and retinol, this serum targets fine lines, wrinkles, and age spots, leaving your skin looking youthful and radiant. Restore your skin\'s natural glow and texture with regular use.\n                        </p>\n                    </div>\n                    <div>\n                        <h3 class=\"tp-product-details-desc-title\">Hydration and Nourishment</h3>\n                        <p>\n                            Our anti-aging serum is enriched with hydrating and nourishing ingredients that penetrate deep into the skin to replenish moisture and improve elasticity. Say goodbye to dry, dull skin and hello to a complexion that\'s supple, smooth, and rejuvenated.\n                        </p>\n                    </div>\n                </div>\n                <div class=\"col-lg-6\">\n                    <div class=\"tp-product-details-desc-thumb\">\n                        <img src=\"/storage/beauty/products/product-1.png\" alt=\"Anti-Aging Serum\">\n                    </div>\n                </div>\n            </div>\n        </div>\n        <div class=\"tp-product-details-desc-item pb-75\">\n            <div class=\"row\">\n                <div class=\"col-lg-7\">\n                    <div class=\"tp-product-details-desc-thumb\">\n                        <img src=\"/storage/beauty/products/product-2.png\" alt=\"Application of Anti-Aging Serum\">\n                    </div>\n                </div>\n\n                <div class=\"col-lg-5 order-first order-lg-last\">\n                    <div class=\"des-content-2 pl-40\">\n                        <h3 class=\"tp-product-details-desc-title\">\n                            Visible Results\n                        </h3>\n                        <p>\n                            Experience noticeable results with our anti-aging serum. Within weeks of use, you\'ll notice smoother, firmer skin with reduced signs of aging. Incorporate it into your daily skincare routine for long-lasting benefits and a complexion that defies time.\n                        </p>\n                    </div>\n                </div>\n            </div>\n        </div>\n        <div class=\"tp-product-details-desc-item\">\n            <div class=\"row\">\n                <div class=\"col-xl-12\">\n                    <div class=\"tp-product-details-desc-banner text-center m-img\">\n                        <h3 class=\"tp-product-details-desc-banner-title tp-product-details-desc-title\">Expertly Formulated</h3>\n                        <img src=\"/storage/beauty/products/product-3.png\" alt=\"Beauty Lab\">\n                    </div>\n                </div>\n            </div>\n        </div>\n    </div>\n</div>\n','published','[\"main\\/products\\/product-17.jpg\",\"main\\/products\\/product-4.jpg\",\"main\\/products\\/product-3.jpg\",\"main\\/products\\/product-details-desc-2.jpg\",\"main\\/products\\/product-11.jpg\"]','[]','BL-168-A1',0,15,0,1,'in_stock',0,2,0,0,982,NULL,NULL,NULL,12,16,18,681,NULL,19790,'2025-07-28 01:50:07','2025-07-28 01:50:09',1,0,'Botble\\ACL\\Models\\User',0,NULL,'physical','0971874361682',NULL,0,'auto_generate',0,0,0,1),(7,'Bohemian Fringe Handbag','Embrace bohemian vibes with this embroidered boho blouse, featuring intricate stitching and a relaxed fit. Perfect for a casual day with a touch of style.','<div class=\"row justify-content-center\">\n    <div class=\"col-xl-10\">\n        <div class=\"tp-product-details-desc-item pb-105\">\n            <div class=\"row\">\n                <div class=\"col-lg-6\">\n                    <div class=\"pt-25\">\n                        <span>Anti-Aging Serum</span>\n                        <h3 class=\"tp-product-details-desc-title\">Revitalize Your Skin</h3>\n                        <p>\n                            Turn back the clock with our advanced anti-aging serum. Formulated with potent ingredients like hyaluronic acid and retinol, this serum targets fine lines, wrinkles, and age spots, leaving your skin looking youthful and radiant. Restore your skin\'s natural glow and texture with regular use.\n                        </p>\n                    </div>\n                    <div>\n                        <h3 class=\"tp-product-details-desc-title\">Hydration and Nourishment</h3>\n                        <p>\n                            Our anti-aging serum is enriched with hydrating and nourishing ingredients that penetrate deep into the skin to replenish moisture and improve elasticity. Say goodbye to dry, dull skin and hello to a complexion that\'s supple, smooth, and rejuvenated.\n                        </p>\n                    </div>\n                </div>\n                <div class=\"col-lg-6\">\n                    <div class=\"tp-product-details-desc-thumb\">\n                        <img src=\"/storage/beauty/products/product-1.png\" alt=\"Anti-Aging Serum\">\n                    </div>\n                </div>\n            </div>\n        </div>\n        <div class=\"tp-product-details-desc-item pb-75\">\n            <div class=\"row\">\n                <div class=\"col-lg-7\">\n                    <div class=\"tp-product-details-desc-thumb\">\n                        <img src=\"/storage/beauty/products/product-2.png\" alt=\"Application of Anti-Aging Serum\">\n                    </div>\n                </div>\n\n                <div class=\"col-lg-5 order-first order-lg-last\">\n                    <div class=\"des-content-2 pl-40\">\n                        <h3 class=\"tp-product-details-desc-title\">\n                            Visible Results\n                        </h3>\n                        <p>\n                            Experience noticeable results with our anti-aging serum. Within weeks of use, you\'ll notice smoother, firmer skin with reduced signs of aging. Incorporate it into your daily skincare routine for long-lasting benefits and a complexion that defies time.\n                        </p>\n                    </div>\n                </div>\n            </div>\n        </div>\n        <div class=\"tp-product-details-desc-item\">\n            <div class=\"row\">\n                <div class=\"col-xl-12\">\n                    <div class=\"tp-product-details-desc-banner text-center m-img\">\n                        <h3 class=\"tp-product-details-desc-banner-title tp-product-details-desc-title\">Expertly Formulated</h3>\n                        <img src=\"/storage/beauty/products/product-3.png\" alt=\"Beauty Lab\">\n                    </div>\n                </div>\n            </div>\n        </div>\n    </div>\n</div>\n','published','[\"main\\/products\\/product-5.jpg\",\"main\\/products\\/product-details-desc-3.jpg\",\"main\\/products\\/product-12.jpg\",\"main\\/products\\/product-7.jpg\",\"main\\/products\\/product-2.jpg\",\"main\\/products\\/product-19.jpg\",\"main\\/products\\/product-4.jpg\",\"main\\/products\\/product-details-desc-2.jpg\"]','[[{\"key\":\"file\",\"value\":null},{\"key\":\"url\",\"value\":\"https:\\/\\/www.youtube.com\\/watch?v=6JYIGclVQdw\"},{\"key\":\"thumbnail\",\"value\":\"main\\/video\\/1.jpg\"}]]','UV-133',0,11,0,1,'in_stock',0,5,0,0,519,10,NULL,NULL,13,12,19,648,NULL,157284,'2025-07-28 01:50:07','2025-07-28 01:50:09',8,0,'Botble\\ACL\\Models\\User',0,NULL,'physical','8389090251366',NULL,0,'auto_generate',0,0,0,2),(8,'Silk Scarf with Geometric Print (Digital)','Elevate your street style with this vintage denim jacket, featuring distressed detailing and a relaxed fit for a laid-back vibe.','<div class=\"row justify-content-center\">\n    <div class=\"col-xl-10\">\n        <div class=\"tp-product-details-desc-item pb-105\">\n            <div class=\"row\">\n                <div class=\"col-lg-6\">\n                    <div class=\"pt-25\">\n                        <span>Anti-Aging Serum</span>\n                        <h3 class=\"tp-product-details-desc-title\">Revitalize Your Skin</h3>\n                        <p>\n                            Turn back the clock with our advanced anti-aging serum. Formulated with potent ingredients like hyaluronic acid and retinol, this serum targets fine lines, wrinkles, and age spots, leaving your skin looking youthful and radiant. Restore your skin\'s natural glow and texture with regular use.\n                        </p>\n                    </div>\n                    <div>\n                        <h3 class=\"tp-product-details-desc-title\">Hydration and Nourishment</h3>\n                        <p>\n                            Our anti-aging serum is enriched with hydrating and nourishing ingredients that penetrate deep into the skin to replenish moisture and improve elasticity. Say goodbye to dry, dull skin and hello to a complexion that\'s supple, smooth, and rejuvenated.\n                        </p>\n                    </div>\n                </div>\n                <div class=\"col-lg-6\">\n                    <div class=\"tp-product-details-desc-thumb\">\n                        <img src=\"/storage/beauty/products/product-1.png\" alt=\"Anti-Aging Serum\">\n                    </div>\n                </div>\n            </div>\n        </div>\n        <div class=\"tp-product-details-desc-item pb-75\">\n            <div class=\"row\">\n                <div class=\"col-lg-7\">\n                    <div class=\"tp-product-details-desc-thumb\">\n                        <img src=\"/storage/beauty/products/product-2.png\" alt=\"Application of Anti-Aging Serum\">\n                    </div>\n                </div>\n\n                <div class=\"col-lg-5 order-first order-lg-last\">\n                    <div class=\"des-content-2 pl-40\">\n                        <h3 class=\"tp-product-details-desc-title\">\n                            Visible Results\n                        </h3>\n                        <p>\n                            Experience noticeable results with our anti-aging serum. Within weeks of use, you\'ll notice smoother, firmer skin with reduced signs of aging. Incorporate it into your daily skincare routine for long-lasting benefits and a complexion that defies time.\n                        </p>\n                    </div>\n                </div>\n            </div>\n        </div>\n        <div class=\"tp-product-details-desc-item\">\n            <div class=\"row\">\n                <div class=\"col-xl-12\">\n                    <div class=\"tp-product-details-desc-banner text-center m-img\">\n                        <h3 class=\"tp-product-details-desc-banner-title tp-product-details-desc-title\">Expertly Formulated</h3>\n                        <img src=\"/storage/beauty/products/product-3.png\" alt=\"Beauty Lab\">\n                    </div>\n                </div>\n            </div>\n        </div>\n    </div>\n</div>\n','published','[\"main\\/products\\/product-17.jpg\",\"main\\/products\\/product-18.jpg\",\"main\\/products\\/product-9.jpg\",\"main\\/products\\/product-details-desc-2.jpg\",\"main\\/products\\/product-7.jpg\",\"main\\/products\\/product-5.jpg\"]','[[{\"key\":\"file\",\"value\":null},{\"key\":\"url\",\"value\":\"https:\\/\\/www.youtube.com\\/watch?v=6JYIGclVQdw\"},{\"key\":\"thumbnail\",\"value\":\"main\\/video\\/1.jpg\"}]]','1F-107-A1',0,11,0,1,'in_stock',1,5,0,0,879,747.15,NULL,NULL,11,10,11,639,NULL,105243,'2025-07-28 01:50:07','2025-07-28 01:50:09',7,0,'Botble\\ACL\\Models\\User',0,NULL,'digital','0568399768043',NULL,0,'auto_generate',0,0,0,2),(9,'High-Waisted Wide Leg Trousers','Stay on trend with these high-waisted wide-leg trousers, combining comfort and sophistication. Pair them with heels for a refined look.','<div class=\"row justify-content-center\">\n    <div class=\"col-xl-10\">\n        <div class=\"tp-product-details-desc-item pb-105\">\n            <div class=\"row\">\n                <div class=\"col-lg-6\">\n                    <div class=\"pt-25\">\n                        <span>Anti-Aging Serum</span>\n                        <h3 class=\"tp-product-details-desc-title\">Revitalize Your Skin</h3>\n                        <p>\n                            Turn back the clock with our advanced anti-aging serum. Formulated with potent ingredients like hyaluronic acid and retinol, this serum targets fine lines, wrinkles, and age spots, leaving your skin looking youthful and radiant. Restore your skin\'s natural glow and texture with regular use.\n                        </p>\n                    </div>\n                    <div>\n                        <h3 class=\"tp-product-details-desc-title\">Hydration and Nourishment</h3>\n                        <p>\n                            Our anti-aging serum is enriched with hydrating and nourishing ingredients that penetrate deep into the skin to replenish moisture and improve elasticity. Say goodbye to dry, dull skin and hello to a complexion that\'s supple, smooth, and rejuvenated.\n                        </p>\n                    </div>\n                </div>\n                <div class=\"col-lg-6\">\n                    <div class=\"tp-product-details-desc-thumb\">\n                        <img src=\"/storage/beauty/products/product-1.png\" alt=\"Anti-Aging Serum\">\n                    </div>\n                </div>\n            </div>\n        </div>\n        <div class=\"tp-product-details-desc-item pb-75\">\n            <div class=\"row\">\n                <div class=\"col-lg-7\">\n                    <div class=\"tp-product-details-desc-thumb\">\n                        <img src=\"/storage/beauty/products/product-2.png\" alt=\"Application of Anti-Aging Serum\">\n                    </div>\n                </div>\n\n                <div class=\"col-lg-5 order-first order-lg-last\">\n                    <div class=\"des-content-2 pl-40\">\n                        <h3 class=\"tp-product-details-desc-title\">\n                            Visible Results\n                        </h3>\n                        <p>\n                            Experience noticeable results with our anti-aging serum. Within weeks of use, you\'ll notice smoother, firmer skin with reduced signs of aging. Incorporate it into your daily skincare routine for long-lasting benefits and a complexion that defies time.\n                        </p>\n                    </div>\n                </div>\n            </div>\n        </div>\n        <div class=\"tp-product-details-desc-item\">\n            <div class=\"row\">\n                <div class=\"col-xl-12\">\n                    <div class=\"tp-product-details-desc-banner text-center m-img\">\n                        <h3 class=\"tp-product-details-desc-banner-title tp-product-details-desc-title\">Expertly Formulated</h3>\n                        <img src=\"/storage/beauty/products/product-3.png\" alt=\"Beauty Lab\">\n                    </div>\n                </div>\n            </div>\n        </div>\n    </div>\n</div>\n','published','[\"main\\/products\\/product-16.jpg\",\"main\\/products\\/product-10.jpg\",\"main\\/products\\/product-2.jpg\",\"main\\/products\\/product-9.jpg\",\"main\\/products\\/product-12.jpg\"]','[[{\"key\":\"file\",\"value\":\"main\\/video\\/video-2.mp4\"},{\"key\":\"url\",\"value\":null},{\"key\":\"thumbnail\",\"value\":\"main\\/video\\/2.jpg\"}]]','0O-121-A1',0,14,0,1,'in_stock',1,3,0,0,2117,NULL,NULL,NULL,10,15,10,857,NULL,56843,'2025-07-28 01:50:07','2025-07-28 01:50:09',2,0,'Botble\\ACL\\Models\\User',0,NULL,'physical','4574146549090',NULL,0,'auto_generate',0,0,0,2),(10,'Embroidered Boho Blouse','Top off your look with this chic fedora hat, crafted with a classic silhouette and a timeless appeal. A must-have accessory for any fashion-forward wardrobe.','<div class=\"row justify-content-center\">\n    <div class=\"col-xl-10\">\n        <div class=\"tp-product-details-desc-item pb-105\">\n            <div class=\"row\">\n                <div class=\"col-lg-6\">\n                    <div class=\"pt-25\">\n                        <span>Anti-Aging Serum</span>\n                        <h3 class=\"tp-product-details-desc-title\">Revitalize Your Skin</h3>\n                        <p>\n                            Turn back the clock with our advanced anti-aging serum. Formulated with potent ingredients like hyaluronic acid and retinol, this serum targets fine lines, wrinkles, and age spots, leaving your skin looking youthful and radiant. Restore your skin\'s natural glow and texture with regular use.\n                        </p>\n                    </div>\n                    <div>\n                        <h3 class=\"tp-product-details-desc-title\">Hydration and Nourishment</h3>\n                        <p>\n                            Our anti-aging serum is enriched with hydrating and nourishing ingredients that penetrate deep into the skin to replenish moisture and improve elasticity. Say goodbye to dry, dull skin and hello to a complexion that\'s supple, smooth, and rejuvenated.\n                        </p>\n                    </div>\n                </div>\n                <div class=\"col-lg-6\">\n                    <div class=\"tp-product-details-desc-thumb\">\n                        <img src=\"/storage/beauty/products/product-1.png\" alt=\"Anti-Aging Serum\">\n                    </div>\n                </div>\n            </div>\n        </div>\n        <div class=\"tp-product-details-desc-item pb-75\">\n            <div class=\"row\">\n                <div class=\"col-lg-7\">\n                    <div class=\"tp-product-details-desc-thumb\">\n                        <img src=\"/storage/beauty/products/product-2.png\" alt=\"Application of Anti-Aging Serum\">\n                    </div>\n                </div>\n\n                <div class=\"col-lg-5 order-first order-lg-last\">\n                    <div class=\"des-content-2 pl-40\">\n                        <h3 class=\"tp-product-details-desc-title\">\n                            Visible Results\n                        </h3>\n                        <p>\n                            Experience noticeable results with our anti-aging serum. Within weeks of use, you\'ll notice smoother, firmer skin with reduced signs of aging. Incorporate it into your daily skincare routine for long-lasting benefits and a complexion that defies time.\n                        </p>\n                    </div>\n                </div>\n            </div>\n        </div>\n        <div class=\"tp-product-details-desc-item\">\n            <div class=\"row\">\n                <div class=\"col-xl-12\">\n                    <div class=\"tp-product-details-desc-banner text-center m-img\">\n                        <h3 class=\"tp-product-details-desc-banner-title tp-product-details-desc-title\">Expertly Formulated</h3>\n                        <img src=\"/storage/beauty/products/product-3.png\" alt=\"Beauty Lab\">\n                    </div>\n                </div>\n            </div>\n        </div>\n    </div>\n</div>\n','published','[\"main\\/products\\/product-20.jpg\",\"main\\/products\\/product-15.jpg\",\"main\\/products\\/product-1.jpg\",\"main\\/products\\/product-17.jpg\"]','[[{\"key\":\"file\",\"value\":null},{\"key\":\"url\",\"value\":\"https:\\/\\/www.youtube.com\\/watch?v=6JYIGclVQdw\"},{\"key\":\"thumbnail\",\"value\":\"main\\/video\\/1.jpg\"}]]','SL-123-A1',0,20,0,1,'in_stock',1,4,0,0,1959,NULL,NULL,NULL,11,10,13,899,NULL,70421,'2025-07-28 01:50:07','2025-07-28 01:50:09',8,0,'Botble\\ACL\\Models\\User',0,NULL,'physical','7536204510937',NULL,0,'auto_generate',0,0,0,1),(11,'Statement Chunky Necklace','Elevate your street style with this vintage denim jacket, featuring distressed detailing and a relaxed fit for a laid-back vibe.','<div class=\"row justify-content-center\">\n    <div class=\"col-xl-10\">\n        <div class=\"tp-product-details-desc-item pb-105\">\n            <div class=\"row\">\n                <div class=\"col-lg-6\">\n                    <div class=\"pt-25\">\n                        <span>Anti-Aging Serum</span>\n                        <h3 class=\"tp-product-details-desc-title\">Revitalize Your Skin</h3>\n                        <p>\n                            Turn back the clock with our advanced anti-aging serum. Formulated with potent ingredients like hyaluronic acid and retinol, this serum targets fine lines, wrinkles, and age spots, leaving your skin looking youthful and radiant. Restore your skin\'s natural glow and texture with regular use.\n                        </p>\n                    </div>\n                    <div>\n                        <h3 class=\"tp-product-details-desc-title\">Hydration and Nourishment</h3>\n                        <p>\n                            Our anti-aging serum is enriched with hydrating and nourishing ingredients that penetrate deep into the skin to replenish moisture and improve elasticity. Say goodbye to dry, dull skin and hello to a complexion that\'s supple, smooth, and rejuvenated.\n                        </p>\n                    </div>\n                </div>\n                <div class=\"col-lg-6\">\n                    <div class=\"tp-product-details-desc-thumb\">\n                        <img src=\"/storage/beauty/products/product-1.png\" alt=\"Anti-Aging Serum\">\n                    </div>\n                </div>\n            </div>\n        </div>\n        <div class=\"tp-product-details-desc-item pb-75\">\n            <div class=\"row\">\n                <div class=\"col-lg-7\">\n                    <div class=\"tp-product-details-desc-thumb\">\n                        <img src=\"/storage/beauty/products/product-2.png\" alt=\"Application of Anti-Aging Serum\">\n                    </div>\n                </div>\n\n                <div class=\"col-lg-5 order-first order-lg-last\">\n                    <div class=\"des-content-2 pl-40\">\n                        <h3 class=\"tp-product-details-desc-title\">\n                            Visible Results\n                        </h3>\n                        <p>\n                            Experience noticeable results with our anti-aging serum. Within weeks of use, you\'ll notice smoother, firmer skin with reduced signs of aging. Incorporate it into your daily skincare routine for long-lasting benefits and a complexion that defies time.\n                        </p>\n                    </div>\n                </div>\n            </div>\n        </div>\n        <div class=\"tp-product-details-desc-item\">\n            <div class=\"row\">\n                <div class=\"col-xl-12\">\n                    <div class=\"tp-product-details-desc-banner text-center m-img\">\n                        <h3 class=\"tp-product-details-desc-banner-title tp-product-details-desc-title\">Expertly Formulated</h3>\n                        <img src=\"/storage/beauty/products/product-3.png\" alt=\"Beauty Lab\">\n                    </div>\n                </div>\n            </div>\n        </div>\n    </div>\n</div>\n','published','[\"main\\/products\\/product-13.jpg\",\"main\\/products\\/product-10.jpg\",\"main\\/products\\/product-4.jpg\",\"main\\/products\\/product-7.jpg\",\"main\\/products\\/product-18.jpg\",\"main\\/products\\/product-1.jpg\",\"main\\/products\\/product-details-desc-1.jpg\",\"main\\/products\\/product-9.jpg\"]','[[{\"key\":\"file\",\"value\":null},{\"key\":\"url\",\"value\":\"https:\\/\\/www.youtube.com\\/watch?v=6JYIGclVQdw\"},{\"key\":\"thumbnail\",\"value\":\"main\\/video\\/1.jpg\"}]]','OC-133-A1',0,16,0,1,'in_stock',0,5,0,0,1615,NULL,NULL,NULL,11,15,20,718,NULL,64627,'2025-07-28 01:50:07','2025-07-28 01:50:09',8,0,'Botble\\ACL\\Models\\User',0,NULL,'physical','8890345035032',NULL,0,'auto_generate',0,0,0,2),(12,'Chic Fedora Hat (Digital)','Stay on trend with these high-waisted wide-leg trousers, combining comfort and sophistication. Pair them with heels for a refined look.','<div class=\"row justify-content-center\">\n    <div class=\"col-xl-10\">\n        <div class=\"tp-product-details-desc-item pb-105\">\n            <div class=\"row\">\n                <div class=\"col-lg-6\">\n                    <div class=\"pt-25\">\n                        <span>Anti-Aging Serum</span>\n                        <h3 class=\"tp-product-details-desc-title\">Revitalize Your Skin</h3>\n                        <p>\n                            Turn back the clock with our advanced anti-aging serum. Formulated with potent ingredients like hyaluronic acid and retinol, this serum targets fine lines, wrinkles, and age spots, leaving your skin looking youthful and radiant. Restore your skin\'s natural glow and texture with regular use.\n                        </p>\n                    </div>\n                    <div>\n                        <h3 class=\"tp-product-details-desc-title\">Hydration and Nourishment</h3>\n                        <p>\n                            Our anti-aging serum is enriched with hydrating and nourishing ingredients that penetrate deep into the skin to replenish moisture and improve elasticity. Say goodbye to dry, dull skin and hello to a complexion that\'s supple, smooth, and rejuvenated.\n                        </p>\n                    </div>\n                </div>\n                <div class=\"col-lg-6\">\n                    <div class=\"tp-product-details-desc-thumb\">\n                        <img src=\"/storage/beauty/products/product-1.png\" alt=\"Anti-Aging Serum\">\n                    </div>\n                </div>\n            </div>\n        </div>\n        <div class=\"tp-product-details-desc-item pb-75\">\n            <div class=\"row\">\n                <div class=\"col-lg-7\">\n                    <div class=\"tp-product-details-desc-thumb\">\n                        <img src=\"/storage/beauty/products/product-2.png\" alt=\"Application of Anti-Aging Serum\">\n                    </div>\n                </div>\n\n                <div class=\"col-lg-5 order-first order-lg-last\">\n                    <div class=\"des-content-2 pl-40\">\n                        <h3 class=\"tp-product-details-desc-title\">\n                            Visible Results\n                        </h3>\n                        <p>\n                            Experience noticeable results with our anti-aging serum. Within weeks of use, you\'ll notice smoother, firmer skin with reduced signs of aging. Incorporate it into your daily skincare routine for long-lasting benefits and a complexion that defies time.\n                        </p>\n                    </div>\n                </div>\n            </div>\n        </div>\n        <div class=\"tp-product-details-desc-item\">\n            <div class=\"row\">\n                <div class=\"col-xl-12\">\n                    <div class=\"tp-product-details-desc-banner text-center m-img\">\n                        <h3 class=\"tp-product-details-desc-banner-title tp-product-details-desc-title\">Expertly Formulated</h3>\n                        <img src=\"/storage/beauty/products/product-3.png\" alt=\"Beauty Lab\">\n                    </div>\n                </div>\n            </div>\n        </div>\n    </div>\n</div>\n','published','[\"main\\/products\\/product-14.jpg\",\"main\\/products\\/product-9.jpg\",\"main\\/products\\/product-10.jpg\",\"main\\/products\\/product-details-desc-2.jpg\",\"main\\/products\\/product-16.jpg\",\"main\\/products\\/product-15.jpg\",\"main\\/products\\/product-17.jpg\"]','[]','WQ-117',0,13,0,1,'in_stock',1,3,0,0,270,79,NULL,NULL,13,10,10,816,NULL,91547,'2025-07-28 01:50:07','2025-07-28 01:50:09',5,0,'Botble\\ACL\\Models\\User',0,NULL,'digital','3051142878146',NULL,0,'auto_generate',0,0,0,2),(13,'Strappy Block Heel Sandals','Make a statement in this floral maxi dress, perfect for summer events or a casual day out. The flowy silhouette and vibrant print will turn heads wherever you go.','<div class=\"row justify-content-center\">\n    <div class=\"col-xl-10\">\n        <div class=\"tp-product-details-desc-item pb-105\">\n            <div class=\"row\">\n                <div class=\"col-lg-6\">\n                    <div class=\"pt-25\">\n                        <span>Anti-Aging Serum</span>\n                        <h3 class=\"tp-product-details-desc-title\">Revitalize Your Skin</h3>\n                        <p>\n                            Turn back the clock with our advanced anti-aging serum. Formulated with potent ingredients like hyaluronic acid and retinol, this serum targets fine lines, wrinkles, and age spots, leaving your skin looking youthful and radiant. Restore your skin\'s natural glow and texture with regular use.\n                        </p>\n                    </div>\n                    <div>\n                        <h3 class=\"tp-product-details-desc-title\">Hydration and Nourishment</h3>\n                        <p>\n                            Our anti-aging serum is enriched with hydrating and nourishing ingredients that penetrate deep into the skin to replenish moisture and improve elasticity. Say goodbye to dry, dull skin and hello to a complexion that\'s supple, smooth, and rejuvenated.\n                        </p>\n                    </div>\n                </div>\n                <div class=\"col-lg-6\">\n                    <div class=\"tp-product-details-desc-thumb\">\n                        <img src=\"/storage/beauty/products/product-1.png\" alt=\"Anti-Aging Serum\">\n                    </div>\n                </div>\n            </div>\n        </div>\n        <div class=\"tp-product-details-desc-item pb-75\">\n            <div class=\"row\">\n                <div class=\"col-lg-7\">\n                    <div class=\"tp-product-details-desc-thumb\">\n                        <img src=\"/storage/beauty/products/product-2.png\" alt=\"Application of Anti-Aging Serum\">\n                    </div>\n                </div>\n\n                <div class=\"col-lg-5 order-first order-lg-last\">\n                    <div class=\"des-content-2 pl-40\">\n                        <h3 class=\"tp-product-details-desc-title\">\n                            Visible Results\n                        </h3>\n                        <p>\n                            Experience noticeable results with our anti-aging serum. Within weeks of use, you\'ll notice smoother, firmer skin with reduced signs of aging. Incorporate it into your daily skincare routine for long-lasting benefits and a complexion that defies time.\n                        </p>\n                    </div>\n                </div>\n            </div>\n        </div>\n        <div class=\"tp-product-details-desc-item\">\n            <div class=\"row\">\n                <div class=\"col-xl-12\">\n                    <div class=\"tp-product-details-desc-banner text-center m-img\">\n                        <h3 class=\"tp-product-details-desc-banner-title tp-product-details-desc-title\">Expertly Formulated</h3>\n                        <img src=\"/storage/beauty/products/product-3.png\" alt=\"Beauty Lab\">\n                    </div>\n                </div>\n            </div>\n        </div>\n    </div>\n</div>\n','published','[\"main\\/products\\/product-details-desc-2.jpg\",\"main\\/products\\/product-11.jpg\",\"main\\/products\\/product-18.jpg\",\"main\\/products\\/product-7.jpg\",\"main\\/products\\/product-19.jpg\",\"main\\/products\\/product-2.jpg\",\"main\\/products\\/product-6.jpg\",\"main\\/products\\/product-3.jpg\"]','[[{\"key\":\"file\",\"value\":null},{\"key\":\"url\",\"value\":\"https:\\/\\/www.youtube.com\\/watch?v=6JYIGclVQdw\"},{\"key\":\"thumbnail\",\"value\":\"main\\/video\\/1.jpg\"}]]','DV-178',0,11,0,1,'in_stock',0,2,0,0,1880,1683,NULL,NULL,10,15,14,523,NULL,85855,'2025-07-28 01:50:07','2025-07-28 01:50:09',4,0,'Botble\\ACL\\Models\\User',0,NULL,'physical','6144014840536',NULL,0,'auto_generate',0,0,0,2),(14,'Velvet Evening Gown','Stay on trend with these high-waisted wide-leg trousers, combining comfort and sophistication. Pair them with heels for a refined look.','<div class=\"row justify-content-center\">\n    <div class=\"col-xl-10\">\n        <div class=\"tp-product-details-desc-item pb-105\">\n            <div class=\"row\">\n                <div class=\"col-lg-6\">\n                    <div class=\"pt-25\">\n                        <span>Anti-Aging Serum</span>\n                        <h3 class=\"tp-product-details-desc-title\">Revitalize Your Skin</h3>\n                        <p>\n                            Turn back the clock with our advanced anti-aging serum. Formulated with potent ingredients like hyaluronic acid and retinol, this serum targets fine lines, wrinkles, and age spots, leaving your skin looking youthful and radiant. Restore your skin\'s natural glow and texture with regular use.\n                        </p>\n                    </div>\n                    <div>\n                        <h3 class=\"tp-product-details-desc-title\">Hydration and Nourishment</h3>\n                        <p>\n                            Our anti-aging serum is enriched with hydrating and nourishing ingredients that penetrate deep into the skin to replenish moisture and improve elasticity. Say goodbye to dry, dull skin and hello to a complexion that\'s supple, smooth, and rejuvenated.\n                        </p>\n                    </div>\n                </div>\n                <div class=\"col-lg-6\">\n                    <div class=\"tp-product-details-desc-thumb\">\n                        <img src=\"/storage/beauty/products/product-1.png\" alt=\"Anti-Aging Serum\">\n                    </div>\n                </div>\n            </div>\n        </div>\n        <div class=\"tp-product-details-desc-item pb-75\">\n            <div class=\"row\">\n                <div class=\"col-lg-7\">\n                    <div class=\"tp-product-details-desc-thumb\">\n                        <img src=\"/storage/beauty/products/product-2.png\" alt=\"Application of Anti-Aging Serum\">\n                    </div>\n                </div>\n\n                <div class=\"col-lg-5 order-first order-lg-last\">\n                    <div class=\"des-content-2 pl-40\">\n                        <h3 class=\"tp-product-details-desc-title\">\n                            Visible Results\n                        </h3>\n                        <p>\n                            Experience noticeable results with our anti-aging serum. Within weeks of use, you\'ll notice smoother, firmer skin with reduced signs of aging. Incorporate it into your daily skincare routine for long-lasting benefits and a complexion that defies time.\n                        </p>\n                    </div>\n                </div>\n            </div>\n        </div>\n        <div class=\"tp-product-details-desc-item\">\n            <div class=\"row\">\n                <div class=\"col-xl-12\">\n                    <div class=\"tp-product-details-desc-banner text-center m-img\">\n                        <h3 class=\"tp-product-details-desc-banner-title tp-product-details-desc-title\">Expertly Formulated</h3>\n                        <img src=\"/storage/beauty/products/product-3.png\" alt=\"Beauty Lab\">\n                    </div>\n                </div>\n            </div>\n        </div>\n    </div>\n</div>\n','published','[\"main\\/products\\/product-1.jpg\",\"main\\/products\\/product-2.jpg\",\"main\\/products\\/product-10.jpg\"]','[[{\"key\":\"file\",\"value\":\"main\\/video\\/video-2.mp4\"},{\"key\":\"url\",\"value\":null},{\"key\":\"thumbnail\",\"value\":\"main\\/video\\/2.jpg\"}]]','UP-165',0,18,0,1,'in_stock',0,3,0,0,1044,116,NULL,NULL,19,20,15,607,NULL,127804,'2025-07-28 01:50:07','2025-07-28 01:50:09',4,0,'Botble\\ACL\\Models\\User',0,NULL,'physical','9344886628417',NULL,0,'auto_generate',0,0,0,2),(15,'Quilted Crossbody Bag','Add a pop of color to your outfit with this silk scarf adorned with a geometric print. Wrap it around your neck or tie it to your handbag for a stylish touch.','<div class=\"row justify-content-center\">\n    <div class=\"col-xl-10\">\n        <div class=\"tp-product-details-desc-item pb-105\">\n            <div class=\"row\">\n                <div class=\"col-lg-6\">\n                    <div class=\"pt-25\">\n                        <span>Anti-Aging Serum</span>\n                        <h3 class=\"tp-product-details-desc-title\">Revitalize Your Skin</h3>\n                        <p>\n                            Turn back the clock with our advanced anti-aging serum. Formulated with potent ingredients like hyaluronic acid and retinol, this serum targets fine lines, wrinkles, and age spots, leaving your skin looking youthful and radiant. Restore your skin\'s natural glow and texture with regular use.\n                        </p>\n                    </div>\n                    <div>\n                        <h3 class=\"tp-product-details-desc-title\">Hydration and Nourishment</h3>\n                        <p>\n                            Our anti-aging serum is enriched with hydrating and nourishing ingredients that penetrate deep into the skin to replenish moisture and improve elasticity. Say goodbye to dry, dull skin and hello to a complexion that\'s supple, smooth, and rejuvenated.\n                        </p>\n                    </div>\n                </div>\n                <div class=\"col-lg-6\">\n                    <div class=\"tp-product-details-desc-thumb\">\n                        <img src=\"/storage/beauty/products/product-1.png\" alt=\"Anti-Aging Serum\">\n                    </div>\n                </div>\n            </div>\n        </div>\n        <div class=\"tp-product-details-desc-item pb-75\">\n            <div class=\"row\">\n                <div class=\"col-lg-7\">\n                    <div class=\"tp-product-details-desc-thumb\">\n                        <img src=\"/storage/beauty/products/product-2.png\" alt=\"Application of Anti-Aging Serum\">\n                    </div>\n                </div>\n\n                <div class=\"col-lg-5 order-first order-lg-last\">\n                    <div class=\"des-content-2 pl-40\">\n                        <h3 class=\"tp-product-details-desc-title\">\n                            Visible Results\n                        </h3>\n                        <p>\n                            Experience noticeable results with our anti-aging serum. Within weeks of use, you\'ll notice smoother, firmer skin with reduced signs of aging. Incorporate it into your daily skincare routine for long-lasting benefits and a complexion that defies time.\n                        </p>\n                    </div>\n                </div>\n            </div>\n        </div>\n        <div class=\"tp-product-details-desc-item\">\n            <div class=\"row\">\n                <div class=\"col-xl-12\">\n                    <div class=\"tp-product-details-desc-banner text-center m-img\">\n                        <h3 class=\"tp-product-details-desc-banner-title tp-product-details-desc-title\">Expertly Formulated</h3>\n                        <img src=\"/storage/beauty/products/product-3.png\" alt=\"Beauty Lab\">\n                    </div>\n                </div>\n            </div>\n        </div>\n    </div>\n</div>\n','published','[\"main\\/products\\/product-10.jpg\",\"main\\/products\\/product-3.jpg\",\"main\\/products\\/product-15.jpg\"]','[[{\"key\":\"file\",\"value\":\"main\\/video\\/video-1.mp4\"},{\"key\":\"url\",\"value\":null},{\"key\":\"thumbnail\",\"value\":\"main\\/video\\/1.jpg\"}]]','WL-190',0,17,0,1,'in_stock',0,3,0,0,2267,1354,NULL,NULL,20,20,15,533,NULL,2865,'2025-07-28 01:50:07','2025-07-28 01:50:09',8,0,'Botble\\ACL\\Models\\User',0,NULL,'physical','2578128499115',NULL,0,'auto_generate',0,0,0,1),(16,'Distressed Skinny Jeans (Digital)','Step out in style with these leather ankle boots, crafted with a sleek design and comfortable block heel. Versatile enough to pair with both dresses and jeans.','<div class=\"row justify-content-center\">\n    <div class=\"col-xl-10\">\n        <div class=\"tp-product-details-desc-item pb-105\">\n            <div class=\"row\">\n                <div class=\"col-lg-6\">\n                    <div class=\"pt-25\">\n                        <span>Anti-Aging Serum</span>\n                        <h3 class=\"tp-product-details-desc-title\">Revitalize Your Skin</h3>\n                        <p>\n                            Turn back the clock with our advanced anti-aging serum. Formulated with potent ingredients like hyaluronic acid and retinol, this serum targets fine lines, wrinkles, and age spots, leaving your skin looking youthful and radiant. Restore your skin\'s natural glow and texture with regular use.\n                        </p>\n                    </div>\n                    <div>\n                        <h3 class=\"tp-product-details-desc-title\">Hydration and Nourishment</h3>\n                        <p>\n                            Our anti-aging serum is enriched with hydrating and nourishing ingredients that penetrate deep into the skin to replenish moisture and improve elasticity. Say goodbye to dry, dull skin and hello to a complexion that\'s supple, smooth, and rejuvenated.\n                        </p>\n                    </div>\n                </div>\n                <div class=\"col-lg-6\">\n                    <div class=\"tp-product-details-desc-thumb\">\n                        <img src=\"/storage/beauty/products/product-1.png\" alt=\"Anti-Aging Serum\">\n                    </div>\n                </div>\n            </div>\n        </div>\n        <div class=\"tp-product-details-desc-item pb-75\">\n            <div class=\"row\">\n                <div class=\"col-lg-7\">\n                    <div class=\"tp-product-details-desc-thumb\">\n                        <img src=\"/storage/beauty/products/product-2.png\" alt=\"Application of Anti-Aging Serum\">\n                    </div>\n                </div>\n\n                <div class=\"col-lg-5 order-first order-lg-last\">\n                    <div class=\"des-content-2 pl-40\">\n                        <h3 class=\"tp-product-details-desc-title\">\n                            Visible Results\n                        </h3>\n                        <p>\n                            Experience noticeable results with our anti-aging serum. Within weeks of use, you\'ll notice smoother, firmer skin with reduced signs of aging. Incorporate it into your daily skincare routine for long-lasting benefits and a complexion that defies time.\n                        </p>\n                    </div>\n                </div>\n            </div>\n        </div>\n        <div class=\"tp-product-details-desc-item\">\n            <div class=\"row\">\n                <div class=\"col-xl-12\">\n                    <div class=\"tp-product-details-desc-banner text-center m-img\">\n                        <h3 class=\"tp-product-details-desc-banner-title tp-product-details-desc-title\">Expertly Formulated</h3>\n                        <img src=\"/storage/beauty/products/product-3.png\" alt=\"Beauty Lab\">\n                    </div>\n                </div>\n            </div>\n        </div>\n    </div>\n</div>\n','published','[\"main\\/products\\/product-14.jpg\",\"main\\/products\\/product-19.jpg\",\"main\\/products\\/product-20.jpg\",\"main\\/products\\/product-5.jpg\"]','[]','RE-124-A1',0,17,0,1,'in_stock',0,3,0,0,363,254.1,NULL,NULL,18,16,17,688,NULL,180174,'2025-07-28 01:50:07','2025-07-28 01:50:09',7,0,'Botble\\ACL\\Models\\User',0,NULL,'digital','7212961504173',NULL,0,'auto_generate',0,0,0,2),(17,'Lace-Up Combat Boots','Embrace bohemian vibes with this embroidered boho blouse, featuring intricate stitching and a relaxed fit. Perfect for a casual day with a touch of style.','<div class=\"row justify-content-center\">\n    <div class=\"col-xl-10\">\n        <div class=\"tp-product-details-desc-item pb-105\">\n            <div class=\"row\">\n                <div class=\"col-lg-6\">\n                    <div class=\"pt-25\">\n                        <span>Anti-Aging Serum</span>\n                        <h3 class=\"tp-product-details-desc-title\">Revitalize Your Skin</h3>\n                        <p>\n                            Turn back the clock with our advanced anti-aging serum. Formulated with potent ingredients like hyaluronic acid and retinol, this serum targets fine lines, wrinkles, and age spots, leaving your skin looking youthful and radiant. Restore your skin\'s natural glow and texture with regular use.\n                        </p>\n                    </div>\n                    <div>\n                        <h3 class=\"tp-product-details-desc-title\">Hydration and Nourishment</h3>\n                        <p>\n                            Our anti-aging serum is enriched with hydrating and nourishing ingredients that penetrate deep into the skin to replenish moisture and improve elasticity. Say goodbye to dry, dull skin and hello to a complexion that\'s supple, smooth, and rejuvenated.\n                        </p>\n                    </div>\n                </div>\n                <div class=\"col-lg-6\">\n                    <div class=\"tp-product-details-desc-thumb\">\n                        <img src=\"/storage/beauty/products/product-1.png\" alt=\"Anti-Aging Serum\">\n                    </div>\n                </div>\n            </div>\n        </div>\n        <div class=\"tp-product-details-desc-item pb-75\">\n            <div class=\"row\">\n                <div class=\"col-lg-7\">\n                    <div class=\"tp-product-details-desc-thumb\">\n                        <img src=\"/storage/beauty/products/product-2.png\" alt=\"Application of Anti-Aging Serum\">\n                    </div>\n                </div>\n\n                <div class=\"col-lg-5 order-first order-lg-last\">\n                    <div class=\"des-content-2 pl-40\">\n                        <h3 class=\"tp-product-details-desc-title\">\n                            Visible Results\n                        </h3>\n                        <p>\n                            Experience noticeable results with our anti-aging serum. Within weeks of use, you\'ll notice smoother, firmer skin with reduced signs of aging. Incorporate it into your daily skincare routine for long-lasting benefits and a complexion that defies time.\n                        </p>\n                    </div>\n                </div>\n            </div>\n        </div>\n        <div class=\"tp-product-details-desc-item\">\n            <div class=\"row\">\n                <div class=\"col-xl-12\">\n                    <div class=\"tp-product-details-desc-banner text-center m-img\">\n                        <h3 class=\"tp-product-details-desc-banner-title tp-product-details-desc-title\">Expertly Formulated</h3>\n                        <img src=\"/storage/beauty/products/product-3.png\" alt=\"Beauty Lab\">\n                    </div>\n                </div>\n            </div>\n        </div>\n    </div>\n</div>\n','published','[\"main\\/products\\/product-details-desc-1.jpg\",\"main\\/products\\/product-8.jpg\",\"main\\/products\\/product-12.jpg\",\"main\\/products\\/product-16.jpg\",\"main\\/products\\/product-11.jpg\"]','[]','KU-134-A1',0,10,0,1,'in_stock',1,5,0,0,1712,NULL,NULL,NULL,17,15,19,745,NULL,157795,'2025-07-28 01:50:07','2025-07-28 01:50:09',7,0,'Botble\\ACL\\Models\\User',0,NULL,'physical','8138711899414',NULL,0,'auto_generate',0,0,0,2),(18,'Cotton Striped T-Shirt Dress','Step out in style with these leather ankle boots, crafted with a sleek design and comfortable block heel. Versatile enough to pair with both dresses and jeans.','<div class=\"row justify-content-center\">\n    <div class=\"col-xl-10\">\n        <div class=\"tp-product-details-desc-item pb-105\">\n            <div class=\"row\">\n                <div class=\"col-lg-6\">\n                    <div class=\"pt-25\">\n                        <span>Anti-Aging Serum</span>\n                        <h3 class=\"tp-product-details-desc-title\">Revitalize Your Skin</h3>\n                        <p>\n                            Turn back the clock with our advanced anti-aging serum. Formulated with potent ingredients like hyaluronic acid and retinol, this serum targets fine lines, wrinkles, and age spots, leaving your skin looking youthful and radiant. Restore your skin\'s natural glow and texture with regular use.\n                        </p>\n                    </div>\n                    <div>\n                        <h3 class=\"tp-product-details-desc-title\">Hydration and Nourishment</h3>\n                        <p>\n                            Our anti-aging serum is enriched with hydrating and nourishing ingredients that penetrate deep into the skin to replenish moisture and improve elasticity. Say goodbye to dry, dull skin and hello to a complexion that\'s supple, smooth, and rejuvenated.\n                        </p>\n                    </div>\n                </div>\n                <div class=\"col-lg-6\">\n                    <div class=\"tp-product-details-desc-thumb\">\n                        <img src=\"/storage/beauty/products/product-1.png\" alt=\"Anti-Aging Serum\">\n                    </div>\n                </div>\n            </div>\n        </div>\n        <div class=\"tp-product-details-desc-item pb-75\">\n            <div class=\"row\">\n                <div class=\"col-lg-7\">\n                    <div class=\"tp-product-details-desc-thumb\">\n                        <img src=\"/storage/beauty/products/product-2.png\" alt=\"Application of Anti-Aging Serum\">\n                    </div>\n                </div>\n\n                <div class=\"col-lg-5 order-first order-lg-last\">\n                    <div class=\"des-content-2 pl-40\">\n                        <h3 class=\"tp-product-details-desc-title\">\n                            Visible Results\n                        </h3>\n                        <p>\n                            Experience noticeable results with our anti-aging serum. Within weeks of use, you\'ll notice smoother, firmer skin with reduced signs of aging. Incorporate it into your daily skincare routine for long-lasting benefits and a complexion that defies time.\n                        </p>\n                    </div>\n                </div>\n            </div>\n        </div>\n        <div class=\"tp-product-details-desc-item\">\n            <div class=\"row\">\n                <div class=\"col-xl-12\">\n                    <div class=\"tp-product-details-desc-banner text-center m-img\">\n                        <h3 class=\"tp-product-details-desc-banner-title tp-product-details-desc-title\">Expertly Formulated</h3>\n                        <img src=\"/storage/beauty/products/product-3.png\" alt=\"Beauty Lab\">\n                    </div>\n                </div>\n            </div>\n        </div>\n    </div>\n</div>\n','published','[\"main\\/products\\/product-19.jpg\",\"main\\/products\\/product-7.jpg\",\"main\\/products\\/product-8.jpg\",\"main\\/products\\/product-14.jpg\",\"main\\/products\\/product-2.jpg\"]','[[{\"key\":\"file\",\"value\":\"main\\/video\\/video-1.mp4\"},{\"key\":\"url\",\"value\":null},{\"key\":\"thumbnail\",\"value\":\"main\\/video\\/1.jpg\"}]]','6E-154-A1',0,17,0,1,'in_stock',1,3,0,0,428,NULL,NULL,NULL,19,14,13,537,NULL,17356,'2025-07-28 01:50:07','2025-07-28 01:50:09',2,0,'Botble\\ACL\\Models\\User',0,NULL,'physical','8156116563457',NULL,0,'auto_generate',0,0,0,1),(19,'Printed Palazzo Pants','Achieve a polished look with this tailored wool blazer, designed for a flattering fit and versatile enough for both work and casual outings.','<div class=\"row justify-content-center\">\n    <div class=\"col-xl-10\">\n        <div class=\"tp-product-details-desc-item pb-105\">\n            <div class=\"row\">\n                <div class=\"col-lg-6\">\n                    <div class=\"pt-25\">\n                        <span>Anti-Aging Serum</span>\n                        <h3 class=\"tp-product-details-desc-title\">Revitalize Your Skin</h3>\n                        <p>\n                            Turn back the clock with our advanced anti-aging serum. Formulated with potent ingredients like hyaluronic acid and retinol, this serum targets fine lines, wrinkles, and age spots, leaving your skin looking youthful and radiant. Restore your skin\'s natural glow and texture with regular use.\n                        </p>\n                    </div>\n                    <div>\n                        <h3 class=\"tp-product-details-desc-title\">Hydration and Nourishment</h3>\n                        <p>\n                            Our anti-aging serum is enriched with hydrating and nourishing ingredients that penetrate deep into the skin to replenish moisture and improve elasticity. Say goodbye to dry, dull skin and hello to a complexion that\'s supple, smooth, and rejuvenated.\n                        </p>\n                    </div>\n                </div>\n                <div class=\"col-lg-6\">\n                    <div class=\"tp-product-details-desc-thumb\">\n                        <img src=\"/storage/beauty/products/product-1.png\" alt=\"Anti-Aging Serum\">\n                    </div>\n                </div>\n            </div>\n        </div>\n        <div class=\"tp-product-details-desc-item pb-75\">\n            <div class=\"row\">\n                <div class=\"col-lg-7\">\n                    <div class=\"tp-product-details-desc-thumb\">\n                        <img src=\"/storage/beauty/products/product-2.png\" alt=\"Application of Anti-Aging Serum\">\n                    </div>\n                </div>\n\n                <div class=\"col-lg-5 order-first order-lg-last\">\n                    <div class=\"des-content-2 pl-40\">\n                        <h3 class=\"tp-product-details-desc-title\">\n                            Visible Results\n                        </h3>\n                        <p>\n                            Experience noticeable results with our anti-aging serum. Within weeks of use, you\'ll notice smoother, firmer skin with reduced signs of aging. Incorporate it into your daily skincare routine for long-lasting benefits and a complexion that defies time.\n                        </p>\n                    </div>\n                </div>\n            </div>\n        </div>\n        <div class=\"tp-product-details-desc-item\">\n            <div class=\"row\">\n                <div class=\"col-xl-12\">\n                    <div class=\"tp-product-details-desc-banner text-center m-img\">\n                        <h3 class=\"tp-product-details-desc-banner-title tp-product-details-desc-title\">Expertly Formulated</h3>\n                        <img src=\"/storage/beauty/products/product-3.png\" alt=\"Beauty Lab\">\n                    </div>\n                </div>\n            </div>\n        </div>\n    </div>\n</div>\n','published','[\"main\\/products\\/product-6.jpg\",\"main\\/products\\/product-4.jpg\",\"main\\/products\\/product-19.jpg\",\"main\\/products\\/product-11.jpg\",\"main\\/products\\/product-14.jpg\",\"main\\/products\\/product-5.jpg\"]','[[{\"key\":\"file\",\"value\":\"main\\/video\\/video-2.mp4\"},{\"key\":\"url\",\"value\":null},{\"key\":\"thumbnail\",\"value\":\"main\\/video\\/2.jpg\"}]]','LX-198',0,18,0,1,'in_stock',1,3,0,0,1410,1071,NULL,NULL,16,11,14,842,NULL,141189,'2025-07-28 01:50:07','2025-07-28 01:50:09',4,0,'Botble\\ACL\\Models\\User',0,NULL,'physical','3821005716867',NULL,0,'auto_generate',0,0,0,1),(20,'Structured Satchel Bag (Digital)','Top off your look with this chic fedora hat, crafted with a classic silhouette and a timeless appeal. A must-have accessory for any fashion-forward wardrobe.','<div class=\"row justify-content-center\">\n    <div class=\"col-xl-10\">\n        <div class=\"tp-product-details-desc-item pb-105\">\n            <div class=\"row\">\n                <div class=\"col-lg-6\">\n                    <div class=\"pt-25\">\n                        <span>Anti-Aging Serum</span>\n                        <h3 class=\"tp-product-details-desc-title\">Revitalize Your Skin</h3>\n                        <p>\n                            Turn back the clock with our advanced anti-aging serum. Formulated with potent ingredients like hyaluronic acid and retinol, this serum targets fine lines, wrinkles, and age spots, leaving your skin looking youthful and radiant. Restore your skin\'s natural glow and texture with regular use.\n                        </p>\n                    </div>\n                    <div>\n                        <h3 class=\"tp-product-details-desc-title\">Hydration and Nourishment</h3>\n                        <p>\n                            Our anti-aging serum is enriched with hydrating and nourishing ingredients that penetrate deep into the skin to replenish moisture and improve elasticity. Say goodbye to dry, dull skin and hello to a complexion that\'s supple, smooth, and rejuvenated.\n                        </p>\n                    </div>\n                </div>\n                <div class=\"col-lg-6\">\n                    <div class=\"tp-product-details-desc-thumb\">\n                        <img src=\"/storage/beauty/products/product-1.png\" alt=\"Anti-Aging Serum\">\n                    </div>\n                </div>\n            </div>\n        </div>\n        <div class=\"tp-product-details-desc-item pb-75\">\n            <div class=\"row\">\n                <div class=\"col-lg-7\">\n                    <div class=\"tp-product-details-desc-thumb\">\n                        <img src=\"/storage/beauty/products/product-2.png\" alt=\"Application of Anti-Aging Serum\">\n                    </div>\n                </div>\n\n                <div class=\"col-lg-5 order-first order-lg-last\">\n                    <div class=\"des-content-2 pl-40\">\n                        <h3 class=\"tp-product-details-desc-title\">\n                            Visible Results\n                        </h3>\n                        <p>\n                            Experience noticeable results with our anti-aging serum. Within weeks of use, you\'ll notice smoother, firmer skin with reduced signs of aging. Incorporate it into your daily skincare routine for long-lasting benefits and a complexion that defies time.\n                        </p>\n                    </div>\n                </div>\n            </div>\n        </div>\n        <div class=\"tp-product-details-desc-item\">\n            <div class=\"row\">\n                <div class=\"col-xl-12\">\n                    <div class=\"tp-product-details-desc-banner text-center m-img\">\n                        <h3 class=\"tp-product-details-desc-banner-title tp-product-details-desc-title\">Expertly Formulated</h3>\n                        <img src=\"/storage/beauty/products/product-3.png\" alt=\"Beauty Lab\">\n                    </div>\n                </div>\n            </div>\n        </div>\n    </div>\n</div>\n','published','[\"main\\/products\\/product-1.jpg\",\"main\\/products\\/product-8.jpg\",\"main\\/products\\/product-6.jpg\",\"main\\/products\\/product-2.jpg\",\"main\\/products\\/product-18.jpg\"]','[[{\"key\":\"file\",\"value\":null},{\"key\":\"url\",\"value\":\"https:\\/\\/www.youtube.com\\/watch?v=6JYIGclVQdw\"},{\"key\":\"thumbnail\",\"value\":\"main\\/video\\/1.jpg\"}]]','P7-187-A1',0,12,0,1,'in_stock',0,4,0,0,2000,1600,NULL,NULL,10,12,14,798,NULL,16793,'2025-07-28 01:50:07','2025-07-28 01:50:09',4,0,'Botble\\ACL\\Models\\User',0,NULL,'digital','5017255140288',NULL,0,'auto_generate',0,0,0,2),(21,'Off-Shoulder Ruffle Top','Stay on trend with these high-waisted wide-leg trousers, combining comfort and sophistication. Pair them with heels for a refined look.','<div class=\"row justify-content-center\">\n    <div class=\"col-xl-10\">\n        <div class=\"tp-product-details-desc-item pb-105\">\n            <div class=\"row\">\n                <div class=\"col-lg-6\">\n                    <div class=\"pt-25\">\n                        <span>Anti-Aging Serum</span>\n                        <h3 class=\"tp-product-details-desc-title\">Revitalize Your Skin</h3>\n                        <p>\n                            Turn back the clock with our advanced anti-aging serum. Formulated with potent ingredients like hyaluronic acid and retinol, this serum targets fine lines, wrinkles, and age spots, leaving your skin looking youthful and radiant. Restore your skin\'s natural glow and texture with regular use.\n                        </p>\n                    </div>\n                    <div>\n                        <h3 class=\"tp-product-details-desc-title\">Hydration and Nourishment</h3>\n                        <p>\n                            Our anti-aging serum is enriched with hydrating and nourishing ingredients that penetrate deep into the skin to replenish moisture and improve elasticity. Say goodbye to dry, dull skin and hello to a complexion that\'s supple, smooth, and rejuvenated.\n                        </p>\n                    </div>\n                </div>\n                <div class=\"col-lg-6\">\n                    <div class=\"tp-product-details-desc-thumb\">\n                        <img src=\"/storage/beauty/products/product-1.png\" alt=\"Anti-Aging Serum\">\n                    </div>\n                </div>\n            </div>\n        </div>\n        <div class=\"tp-product-details-desc-item pb-75\">\n            <div class=\"row\">\n                <div class=\"col-lg-7\">\n                    <div class=\"tp-product-details-desc-thumb\">\n                        <img src=\"/storage/beauty/products/product-2.png\" alt=\"Application of Anti-Aging Serum\">\n                    </div>\n                </div>\n\n                <div class=\"col-lg-5 order-first order-lg-last\">\n                    <div class=\"des-content-2 pl-40\">\n                        <h3 class=\"tp-product-details-desc-title\">\n                            Visible Results\n                        </h3>\n                        <p>\n                            Experience noticeable results with our anti-aging serum. Within weeks of use, you\'ll notice smoother, firmer skin with reduced signs of aging. Incorporate it into your daily skincare routine for long-lasting benefits and a complexion that defies time.\n                        </p>\n                    </div>\n                </div>\n            </div>\n        </div>\n        <div class=\"tp-product-details-desc-item\">\n            <div class=\"row\">\n                <div class=\"col-xl-12\">\n                    <div class=\"tp-product-details-desc-banner text-center m-img\">\n                        <h3 class=\"tp-product-details-desc-banner-title tp-product-details-desc-title\">Expertly Formulated</h3>\n                        <img src=\"/storage/beauty/products/product-3.png\" alt=\"Beauty Lab\">\n                    </div>\n                </div>\n            </div>\n        </div>\n    </div>\n</div>\n','published','[\"main\\/products\\/product-details-desc-1.jpg\",\"main\\/products\\/product-2.jpg\",\"main\\/products\\/product-8.jpg\",\"main\\/products\\/product-10.jpg\",\"main\\/products\\/product-13.jpg\",\"main\\/products\\/product-3.jpg\"]','[[{\"key\":\"file\",\"value\":\"main\\/video\\/video-1.mp4\"},{\"key\":\"url\",\"value\":null},{\"key\":\"thumbnail\",\"value\":\"main\\/video\\/1.jpg\"}]]','YB-142-A1',0,12,0,1,'in_stock',1,4,0,0,2118,NULL,NULL,NULL,14,15,14,889,NULL,18690,'2025-07-28 01:50:07','2025-07-28 01:50:09',6,0,'Botble\\ACL\\Models\\User',0,NULL,'physical','7988591454385',NULL,0,'auto_generate',0,0,0,1),(22,'Suede Pointed-Toe Pumps','Make a statement in this floral maxi dress, perfect for summer events or a casual day out. The flowy silhouette and vibrant print will turn heads wherever you go.','<div class=\"row justify-content-center\">\n    <div class=\"col-xl-10\">\n        <div class=\"tp-product-details-desc-item pb-105\">\n            <div class=\"row\">\n                <div class=\"col-lg-6\">\n                    <div class=\"pt-25\">\n                        <span>Anti-Aging Serum</span>\n                        <h3 class=\"tp-product-details-desc-title\">Revitalize Your Skin</h3>\n                        <p>\n                            Turn back the clock with our advanced anti-aging serum. Formulated with potent ingredients like hyaluronic acid and retinol, this serum targets fine lines, wrinkles, and age spots, leaving your skin looking youthful and radiant. Restore your skin\'s natural glow and texture with regular use.\n                        </p>\n                    </div>\n                    <div>\n                        <h3 class=\"tp-product-details-desc-title\">Hydration and Nourishment</h3>\n                        <p>\n                            Our anti-aging serum is enriched with hydrating and nourishing ingredients that penetrate deep into the skin to replenish moisture and improve elasticity. Say goodbye to dry, dull skin and hello to a complexion that\'s supple, smooth, and rejuvenated.\n                        </p>\n                    </div>\n                </div>\n                <div class=\"col-lg-6\">\n                    <div class=\"tp-product-details-desc-thumb\">\n                        <img src=\"/storage/beauty/products/product-1.png\" alt=\"Anti-Aging Serum\">\n                    </div>\n                </div>\n            </div>\n        </div>\n        <div class=\"tp-product-details-desc-item pb-75\">\n            <div class=\"row\">\n                <div class=\"col-lg-7\">\n                    <div class=\"tp-product-details-desc-thumb\">\n                        <img src=\"/storage/beauty/products/product-2.png\" alt=\"Application of Anti-Aging Serum\">\n                    </div>\n                </div>\n\n                <div class=\"col-lg-5 order-first order-lg-last\">\n                    <div class=\"des-content-2 pl-40\">\n                        <h3 class=\"tp-product-details-desc-title\">\n                            Visible Results\n                        </h3>\n                        <p>\n                            Experience noticeable results with our anti-aging serum. Within weeks of use, you\'ll notice smoother, firmer skin with reduced signs of aging. Incorporate it into your daily skincare routine for long-lasting benefits and a complexion that defies time.\n                        </p>\n                    </div>\n                </div>\n            </div>\n        </div>\n        <div class=\"tp-product-details-desc-item\">\n            <div class=\"row\">\n                <div class=\"col-xl-12\">\n                    <div class=\"tp-product-details-desc-banner text-center m-img\">\n                        <h3 class=\"tp-product-details-desc-banner-title tp-product-details-desc-title\">Expertly Formulated</h3>\n                        <img src=\"/storage/beauty/products/product-3.png\" alt=\"Beauty Lab\">\n                    </div>\n                </div>\n            </div>\n        </div>\n    </div>\n</div>\n','published','[\"main\\/products\\/product-10.jpg\",\"main\\/products\\/product-18.jpg\",\"main\\/products\\/product-3.jpg\",\"main\\/products\\/product-9.jpg\",\"main\\/products\\/product-14.jpg\"]','[]','N7-160-A1',0,11,0,1,'in_stock',0,3,0,0,1373,NULL,NULL,NULL,16,16,19,663,NULL,16710,'2025-07-28 01:50:07','2025-07-28 01:50:09',3,0,'Botble\\ACL\\Models\\User',0,NULL,'physical','6493689133277',NULL,0,'auto_generate',0,0,0,1),(23,'Cropped Cable Knit Sweater','Elevate your street style with this vintage denim jacket, featuring distressed detailing and a relaxed fit for a laid-back vibe.','<div class=\"row justify-content-center\">\n    <div class=\"col-xl-10\">\n        <div class=\"tp-product-details-desc-item pb-105\">\n            <div class=\"row\">\n                <div class=\"col-lg-6\">\n                    <div class=\"pt-25\">\n                        <span>Anti-Aging Serum</span>\n                        <h3 class=\"tp-product-details-desc-title\">Revitalize Your Skin</h3>\n                        <p>\n                            Turn back the clock with our advanced anti-aging serum. Formulated with potent ingredients like hyaluronic acid and retinol, this serum targets fine lines, wrinkles, and age spots, leaving your skin looking youthful and radiant. Restore your skin\'s natural glow and texture with regular use.\n                        </p>\n                    </div>\n                    <div>\n                        <h3 class=\"tp-product-details-desc-title\">Hydration and Nourishment</h3>\n                        <p>\n                            Our anti-aging serum is enriched with hydrating and nourishing ingredients that penetrate deep into the skin to replenish moisture and improve elasticity. Say goodbye to dry, dull skin and hello to a complexion that\'s supple, smooth, and rejuvenated.\n                        </p>\n                    </div>\n                </div>\n                <div class=\"col-lg-6\">\n                    <div class=\"tp-product-details-desc-thumb\">\n                        <img src=\"/storage/beauty/products/product-1.png\" alt=\"Anti-Aging Serum\">\n                    </div>\n                </div>\n            </div>\n        </div>\n        <div class=\"tp-product-details-desc-item pb-75\">\n            <div class=\"row\">\n                <div class=\"col-lg-7\">\n                    <div class=\"tp-product-details-desc-thumb\">\n                        <img src=\"/storage/beauty/products/product-2.png\" alt=\"Application of Anti-Aging Serum\">\n                    </div>\n                </div>\n\n                <div class=\"col-lg-5 order-first order-lg-last\">\n                    <div class=\"des-content-2 pl-40\">\n                        <h3 class=\"tp-product-details-desc-title\">\n                            Visible Results\n                        </h3>\n                        <p>\n                            Experience noticeable results with our anti-aging serum. Within weeks of use, you\'ll notice smoother, firmer skin with reduced signs of aging. Incorporate it into your daily skincare routine for long-lasting benefits and a complexion that defies time.\n                        </p>\n                    </div>\n                </div>\n            </div>\n        </div>\n        <div class=\"tp-product-details-desc-item\">\n            <div class=\"row\">\n                <div class=\"col-xl-12\">\n                    <div class=\"tp-product-details-desc-banner text-center m-img\">\n                        <h3 class=\"tp-product-details-desc-banner-title tp-product-details-desc-title\">Expertly Formulated</h3>\n                        <img src=\"/storage/beauty/products/product-3.png\" alt=\"Beauty Lab\">\n                    </div>\n                </div>\n            </div>\n        </div>\n    </div>\n</div>\n','published','[\"main\\/products\\/product-17.jpg\",\"main\\/products\\/product-9.jpg\",\"main\\/products\\/product-15.jpg\",\"main\\/products\\/product-12.jpg\",\"main\\/products\\/product-5.jpg\",\"main\\/products\\/product-2.jpg\",\"main\\/products\\/product-1.jpg\",\"main\\/products\\/product-details-desc-1.jpg\"]','[]','M1-125',0,14,0,1,'in_stock',1,4,0,0,1715,71,NULL,NULL,20,11,13,857,NULL,24022,'2025-07-28 01:50:07','2025-07-28 01:50:09',4,0,'Botble\\ACL\\Models\\User',0,NULL,'physical','2237838640667',NULL,0,'auto_generate',0,0,0,2),(24,'Athleisure Jogger Pants (Digital)','Step out in style with these leather ankle boots, crafted with a sleek design and comfortable block heel. Versatile enough to pair with both dresses and jeans.','<div class=\"row justify-content-center\">\n    <div class=\"col-xl-10\">\n        <div class=\"tp-product-details-desc-item pb-105\">\n            <div class=\"row\">\n                <div class=\"col-lg-6\">\n                    <div class=\"pt-25\">\n                        <span>Anti-Aging Serum</span>\n                        <h3 class=\"tp-product-details-desc-title\">Revitalize Your Skin</h3>\n                        <p>\n                            Turn back the clock with our advanced anti-aging serum. Formulated with potent ingredients like hyaluronic acid and retinol, this serum targets fine lines, wrinkles, and age spots, leaving your skin looking youthful and radiant. Restore your skin\'s natural glow and texture with regular use.\n                        </p>\n                    </div>\n                    <div>\n                        <h3 class=\"tp-product-details-desc-title\">Hydration and Nourishment</h3>\n                        <p>\n                            Our anti-aging serum is enriched with hydrating and nourishing ingredients that penetrate deep into the skin to replenish moisture and improve elasticity. Say goodbye to dry, dull skin and hello to a complexion that\'s supple, smooth, and rejuvenated.\n                        </p>\n                    </div>\n                </div>\n                <div class=\"col-lg-6\">\n                    <div class=\"tp-product-details-desc-thumb\">\n                        <img src=\"/storage/beauty/products/product-1.png\" alt=\"Anti-Aging Serum\">\n                    </div>\n                </div>\n            </div>\n        </div>\n        <div class=\"tp-product-details-desc-item pb-75\">\n            <div class=\"row\">\n                <div class=\"col-lg-7\">\n                    <div class=\"tp-product-details-desc-thumb\">\n                        <img src=\"/storage/beauty/products/product-2.png\" alt=\"Application of Anti-Aging Serum\">\n                    </div>\n                </div>\n\n                <div class=\"col-lg-5 order-first order-lg-last\">\n                    <div class=\"des-content-2 pl-40\">\n                        <h3 class=\"tp-product-details-desc-title\">\n                            Visible Results\n                        </h3>\n                        <p>\n                            Experience noticeable results with our anti-aging serum. Within weeks of use, you\'ll notice smoother, firmer skin with reduced signs of aging. Incorporate it into your daily skincare routine for long-lasting benefits and a complexion that defies time.\n                        </p>\n                    </div>\n                </div>\n            </div>\n        </div>\n        <div class=\"tp-product-details-desc-item\">\n            <div class=\"row\">\n                <div class=\"col-xl-12\">\n                    <div class=\"tp-product-details-desc-banner text-center m-img\">\n                        <h3 class=\"tp-product-details-desc-banner-title tp-product-details-desc-title\">Expertly Formulated</h3>\n                        <img src=\"/storage/beauty/products/product-3.png\" alt=\"Beauty Lab\">\n                    </div>\n                </div>\n            </div>\n        </div>\n    </div>\n</div>\n','published','[\"main\\/products\\/product-7.jpg\",\"main\\/products\\/product-details-desc-1.jpg\",\"main\\/products\\/product-2.jpg\",\"main\\/products\\/product-8.jpg\",\"main\\/products\\/product-5.jpg\"]','[]','SS-107',0,10,0,1,'in_stock',0,4,0,0,2238,1377,NULL,NULL,16,18,19,869,NULL,193409,'2025-07-28 01:50:07','2025-07-28 01:50:09',1,0,'Botble\\ACL\\Models\\User',0,NULL,'digital','9464543319813',NULL,0,'auto_generate',0,0,0,2),(25,'Leopard Print Midi Skirt','Achieve a polished look with this tailored wool blazer, designed for a flattering fit and versatile enough for both work and casual outings.','<div class=\"row justify-content-center\">\n    <div class=\"col-xl-10\">\n        <div class=\"tp-product-details-desc-item pb-105\">\n            <div class=\"row\">\n                <div class=\"col-lg-6\">\n                    <div class=\"pt-25\">\n                        <span>Anti-Aging Serum</span>\n                        <h3 class=\"tp-product-details-desc-title\">Revitalize Your Skin</h3>\n                        <p>\n                            Turn back the clock with our advanced anti-aging serum. Formulated with potent ingredients like hyaluronic acid and retinol, this serum targets fine lines, wrinkles, and age spots, leaving your skin looking youthful and radiant. Restore your skin\'s natural glow and texture with regular use.\n                        </p>\n                    </div>\n                    <div>\n                        <h3 class=\"tp-product-details-desc-title\">Hydration and Nourishment</h3>\n                        <p>\n                            Our anti-aging serum is enriched with hydrating and nourishing ingredients that penetrate deep into the skin to replenish moisture and improve elasticity. Say goodbye to dry, dull skin and hello to a complexion that\'s supple, smooth, and rejuvenated.\n                        </p>\n                    </div>\n                </div>\n                <div class=\"col-lg-6\">\n                    <div class=\"tp-product-details-desc-thumb\">\n                        <img src=\"/storage/beauty/products/product-1.png\" alt=\"Anti-Aging Serum\">\n                    </div>\n                </div>\n            </div>\n        </div>\n        <div class=\"tp-product-details-desc-item pb-75\">\n            <div class=\"row\">\n                <div class=\"col-lg-7\">\n                    <div class=\"tp-product-details-desc-thumb\">\n                        <img src=\"/storage/beauty/products/product-2.png\" alt=\"Application of Anti-Aging Serum\">\n                    </div>\n                </div>\n\n                <div class=\"col-lg-5 order-first order-lg-last\">\n                    <div class=\"des-content-2 pl-40\">\n                        <h3 class=\"tp-product-details-desc-title\">\n                            Visible Results\n                        </h3>\n                        <p>\n                            Experience noticeable results with our anti-aging serum. Within weeks of use, you\'ll notice smoother, firmer skin with reduced signs of aging. Incorporate it into your daily skincare routine for long-lasting benefits and a complexion that defies time.\n                        </p>\n                    </div>\n                </div>\n            </div>\n        </div>\n        <div class=\"tp-product-details-desc-item\">\n            <div class=\"row\">\n                <div class=\"col-xl-12\">\n                    <div class=\"tp-product-details-desc-banner text-center m-img\">\n                        <h3 class=\"tp-product-details-desc-banner-title tp-product-details-desc-title\">Expertly Formulated</h3>\n                        <img src=\"/storage/beauty/products/product-3.png\" alt=\"Beauty Lab\">\n                    </div>\n                </div>\n            </div>\n        </div>\n    </div>\n</div>\n','published','[\"main\\/products\\/product-17.jpg\",\"main\\/products\\/product-1.jpg\",\"main\\/products\\/product-4.jpg\"]','[]','YA-131-A1',0,11,0,1,'in_stock',1,1,0,0,1714,NULL,NULL,NULL,13,14,12,861,NULL,39483,'2025-07-28 01:50:07','2025-07-28 01:50:09',3,0,'Botble\\ACL\\Models\\User',0,NULL,'physical','2360051364420',NULL,0,'auto_generate',0,0,0,1),(26,'Retro Cat-Eye Sunglasses','Top off your look with this chic fedora hat, crafted with a classic silhouette and a timeless appeal. A must-have accessory for any fashion-forward wardrobe.','<div class=\"row justify-content-center\">\n    <div class=\"col-xl-10\">\n        <div class=\"tp-product-details-desc-item pb-105\">\n            <div class=\"row\">\n                <div class=\"col-lg-6\">\n                    <div class=\"pt-25\">\n                        <span>Anti-Aging Serum</span>\n                        <h3 class=\"tp-product-details-desc-title\">Revitalize Your Skin</h3>\n                        <p>\n                            Turn back the clock with our advanced anti-aging serum. Formulated with potent ingredients like hyaluronic acid and retinol, this serum targets fine lines, wrinkles, and age spots, leaving your skin looking youthful and radiant. Restore your skin\'s natural glow and texture with regular use.\n                        </p>\n                    </div>\n                    <div>\n                        <h3 class=\"tp-product-details-desc-title\">Hydration and Nourishment</h3>\n                        <p>\n                            Our anti-aging serum is enriched with hydrating and nourishing ingredients that penetrate deep into the skin to replenish moisture and improve elasticity. Say goodbye to dry, dull skin and hello to a complexion that\'s supple, smooth, and rejuvenated.\n                        </p>\n                    </div>\n                </div>\n                <div class=\"col-lg-6\">\n                    <div class=\"tp-product-details-desc-thumb\">\n                        <img src=\"/storage/beauty/products/product-1.png\" alt=\"Anti-Aging Serum\">\n                    </div>\n                </div>\n            </div>\n        </div>\n        <div class=\"tp-product-details-desc-item pb-75\">\n            <div class=\"row\">\n                <div class=\"col-lg-7\">\n                    <div class=\"tp-product-details-desc-thumb\">\n                        <img src=\"/storage/beauty/products/product-2.png\" alt=\"Application of Anti-Aging Serum\">\n                    </div>\n                </div>\n\n                <div class=\"col-lg-5 order-first order-lg-last\">\n                    <div class=\"des-content-2 pl-40\">\n                        <h3 class=\"tp-product-details-desc-title\">\n                            Visible Results\n                        </h3>\n                        <p>\n                            Experience noticeable results with our anti-aging serum. Within weeks of use, you\'ll notice smoother, firmer skin with reduced signs of aging. Incorporate it into your daily skincare routine for long-lasting benefits and a complexion that defies time.\n                        </p>\n                    </div>\n                </div>\n            </div>\n        </div>\n        <div class=\"tp-product-details-desc-item\">\n            <div class=\"row\">\n                <div class=\"col-xl-12\">\n                    <div class=\"tp-product-details-desc-banner text-center m-img\">\n                        <h3 class=\"tp-product-details-desc-banner-title tp-product-details-desc-title\">Expertly Formulated</h3>\n                        <img src=\"/storage/beauty/products/product-3.png\" alt=\"Beauty Lab\">\n                    </div>\n                </div>\n            </div>\n        </div>\n    </div>\n</div>\n','published','[\"main\\/products\\/product-8.jpg\",\"main\\/products\\/product-6.jpg\",\"main\\/products\\/product-9.jpg\",\"main\\/products\\/product-17.jpg\",\"main\\/products\\/product-20.jpg\"]','[[{\"key\":\"file\",\"value\":\"main\\/video\\/video-1.mp4\"},{\"key\":\"url\",\"value\":null},{\"key\":\"thumbnail\",\"value\":\"main\\/video\\/1.jpg\"}]]','28-170',0,17,0,1,'in_stock',1,3,0,0,2091,1355,NULL,NULL,20,14,17,730,NULL,109472,'2025-07-28 01:50:07','2025-07-28 01:50:09',8,0,'Botble\\ACL\\Models\\User',0,NULL,'physical','9887468065892',NULL,0,'auto_generate',0,0,0,2),(27,'Faux Fur Trimmed Coat','Elevate your street style with this vintage denim jacket, featuring distressed detailing and a relaxed fit for a laid-back vibe.','<div class=\"row justify-content-center\">\n    <div class=\"col-xl-10\">\n        <div class=\"tp-product-details-desc-item pb-105\">\n            <div class=\"row\">\n                <div class=\"col-lg-6\">\n                    <div class=\"pt-25\">\n                        <span>Anti-Aging Serum</span>\n                        <h3 class=\"tp-product-details-desc-title\">Revitalize Your Skin</h3>\n                        <p>\n                            Turn back the clock with our advanced anti-aging serum. Formulated with potent ingredients like hyaluronic acid and retinol, this serum targets fine lines, wrinkles, and age spots, leaving your skin looking youthful and radiant. Restore your skin\'s natural glow and texture with regular use.\n                        </p>\n                    </div>\n                    <div>\n                        <h3 class=\"tp-product-details-desc-title\">Hydration and Nourishment</h3>\n                        <p>\n                            Our anti-aging serum is enriched with hydrating and nourishing ingredients that penetrate deep into the skin to replenish moisture and improve elasticity. Say goodbye to dry, dull skin and hello to a complexion that\'s supple, smooth, and rejuvenated.\n                        </p>\n                    </div>\n                </div>\n                <div class=\"col-lg-6\">\n                    <div class=\"tp-product-details-desc-thumb\">\n                        <img src=\"/storage/beauty/products/product-1.png\" alt=\"Anti-Aging Serum\">\n                    </div>\n                </div>\n            </div>\n        </div>\n        <div class=\"tp-product-details-desc-item pb-75\">\n            <div class=\"row\">\n                <div class=\"col-lg-7\">\n                    <div class=\"tp-product-details-desc-thumb\">\n                        <img src=\"/storage/beauty/products/product-2.png\" alt=\"Application of Anti-Aging Serum\">\n                    </div>\n                </div>\n\n                <div class=\"col-lg-5 order-first order-lg-last\">\n                    <div class=\"des-content-2 pl-40\">\n                        <h3 class=\"tp-product-details-desc-title\">\n                            Visible Results\n                        </h3>\n                        <p>\n                            Experience noticeable results with our anti-aging serum. Within weeks of use, you\'ll notice smoother, firmer skin with reduced signs of aging. Incorporate it into your daily skincare routine for long-lasting benefits and a complexion that defies time.\n                        </p>\n                    </div>\n                </div>\n            </div>\n        </div>\n        <div class=\"tp-product-details-desc-item\">\n            <div class=\"row\">\n                <div class=\"col-xl-12\">\n                    <div class=\"tp-product-details-desc-banner text-center m-img\">\n                        <h3 class=\"tp-product-details-desc-banner-title tp-product-details-desc-title\">Expertly Formulated</h3>\n                        <img src=\"/storage/beauty/products/product-3.png\" alt=\"Beauty Lab\">\n                    </div>\n                </div>\n            </div>\n        </div>\n    </div>\n</div>\n','published','[\"main\\/products\\/product-6.jpg\",\"main\\/products\\/product-7.jpg\",\"main\\/products\\/product-4.jpg\"]','[[{\"key\":\"file\",\"value\":null},{\"key\":\"url\",\"value\":\"https:\\/\\/www.youtube.com\\/watch?v=6JYIGclVQdw\"},{\"key\":\"thumbnail\",\"value\":\"main\\/video\\/1.jpg\"}]]','BV-133-A1',0,18,0,1,'in_stock',0,3,0,0,367,NULL,NULL,NULL,19,14,17,608,NULL,65206,'2025-07-28 01:50:07','2025-07-28 01:50:09',5,0,'Botble\\ACL\\Models\\User',0,NULL,'physical','8964382369761',NULL,0,'auto_generate',0,0,0,1),(28,'Boho Fringed Kimono (Digital)','Embrace bohemian vibes with this embroidered boho blouse, featuring intricate stitching and a relaxed fit. Perfect for a casual day with a touch of style.','<div class=\"row justify-content-center\">\n    <div class=\"col-xl-10\">\n        <div class=\"tp-product-details-desc-item pb-105\">\n            <div class=\"row\">\n                <div class=\"col-lg-6\">\n                    <div class=\"pt-25\">\n                        <span>Anti-Aging Serum</span>\n                        <h3 class=\"tp-product-details-desc-title\">Revitalize Your Skin</h3>\n                        <p>\n                            Turn back the clock with our advanced anti-aging serum. Formulated with potent ingredients like hyaluronic acid and retinol, this serum targets fine lines, wrinkles, and age spots, leaving your skin looking youthful and radiant. Restore your skin\'s natural glow and texture with regular use.\n                        </p>\n                    </div>\n                    <div>\n                        <h3 class=\"tp-product-details-desc-title\">Hydration and Nourishment</h3>\n                        <p>\n                            Our anti-aging serum is enriched with hydrating and nourishing ingredients that penetrate deep into the skin to replenish moisture and improve elasticity. Say goodbye to dry, dull skin and hello to a complexion that\'s supple, smooth, and rejuvenated.\n                        </p>\n                    </div>\n                </div>\n                <div class=\"col-lg-6\">\n                    <div class=\"tp-product-details-desc-thumb\">\n                        <img src=\"/storage/beauty/products/product-1.png\" alt=\"Anti-Aging Serum\">\n                    </div>\n                </div>\n            </div>\n        </div>\n        <div class=\"tp-product-details-desc-item pb-75\">\n            <div class=\"row\">\n                <div class=\"col-lg-7\">\n                    <div class=\"tp-product-details-desc-thumb\">\n                        <img src=\"/storage/beauty/products/product-2.png\" alt=\"Application of Anti-Aging Serum\">\n                    </div>\n                </div>\n\n                <div class=\"col-lg-5 order-first order-lg-last\">\n                    <div class=\"des-content-2 pl-40\">\n                        <h3 class=\"tp-product-details-desc-title\">\n                            Visible Results\n                        </h3>\n                        <p>\n                            Experience noticeable results with our anti-aging serum. Within weeks of use, you\'ll notice smoother, firmer skin with reduced signs of aging. Incorporate it into your daily skincare routine for long-lasting benefits and a complexion that defies time.\n                        </p>\n                    </div>\n                </div>\n            </div>\n        </div>\n        <div class=\"tp-product-details-desc-item\">\n            <div class=\"row\">\n                <div class=\"col-xl-12\">\n                    <div class=\"tp-product-details-desc-banner text-center m-img\">\n                        <h3 class=\"tp-product-details-desc-banner-title tp-product-details-desc-title\">Expertly Formulated</h3>\n                        <img src=\"/storage/beauty/products/product-3.png\" alt=\"Beauty Lab\">\n                    </div>\n                </div>\n            </div>\n        </div>\n    </div>\n</div>\n','published','[\"main\\/products\\/product-9.jpg\",\"main\\/products\\/product-19.jpg\",\"main\\/products\\/product-13.jpg\",\"main\\/products\\/product-5.jpg\",\"main\\/products\\/product-3.jpg\"]','[[{\"key\":\"file\",\"value\":\"main\\/video\\/video-2.mp4\"},{\"key\":\"url\",\"value\":null},{\"key\":\"thumbnail\",\"value\":\"main\\/video\\/2.jpg\"}]]','CM-126-A1',0,10,0,1,'in_stock',0,4,0,0,968,861.52,NULL,NULL,19,13,20,823,NULL,17520,'2025-07-28 01:50:07','2025-07-28 01:50:09',4,0,'Botble\\ACL\\Models\\User',0,NULL,'digital','6615455635710',NULL,0,'auto_generate',0,0,0,2),(29,'Ruffled Wrap Dress','Stay cozy and chic in this knit turtleneck sweater, featuring a ribbed texture and a timeless design. Perfect for chilly days and nights.','<div class=\"row justify-content-center\">\n    <div class=\"col-xl-10\">\n        <div class=\"tp-product-details-desc-item pb-105\">\n            <div class=\"row\">\n                <div class=\"col-lg-6\">\n                    <div class=\"pt-25\">\n                        <span>Anti-Aging Serum</span>\n                        <h3 class=\"tp-product-details-desc-title\">Revitalize Your Skin</h3>\n                        <p>\n                            Turn back the clock with our advanced anti-aging serum. Formulated with potent ingredients like hyaluronic acid and retinol, this serum targets fine lines, wrinkles, and age spots, leaving your skin looking youthful and radiant. Restore your skin\'s natural glow and texture with regular use.\n                        </p>\n                    </div>\n                    <div>\n                        <h3 class=\"tp-product-details-desc-title\">Hydration and Nourishment</h3>\n                        <p>\n                            Our anti-aging serum is enriched with hydrating and nourishing ingredients that penetrate deep into the skin to replenish moisture and improve elasticity. Say goodbye to dry, dull skin and hello to a complexion that\'s supple, smooth, and rejuvenated.\n                        </p>\n                    </div>\n                </div>\n                <div class=\"col-lg-6\">\n                    <div class=\"tp-product-details-desc-thumb\">\n                        <img src=\"/storage/beauty/products/product-1.png\" alt=\"Anti-Aging Serum\">\n                    </div>\n                </div>\n            </div>\n        </div>\n        <div class=\"tp-product-details-desc-item pb-75\">\n            <div class=\"row\">\n                <div class=\"col-lg-7\">\n                    <div class=\"tp-product-details-desc-thumb\">\n                        <img src=\"/storage/beauty/products/product-2.png\" alt=\"Application of Anti-Aging Serum\">\n                    </div>\n                </div>\n\n                <div class=\"col-lg-5 order-first order-lg-last\">\n                    <div class=\"des-content-2 pl-40\">\n                        <h3 class=\"tp-product-details-desc-title\">\n                            Visible Results\n                        </h3>\n                        <p>\n                            Experience noticeable results with our anti-aging serum. Within weeks of use, you\'ll notice smoother, firmer skin with reduced signs of aging. Incorporate it into your daily skincare routine for long-lasting benefits and a complexion that defies time.\n                        </p>\n                    </div>\n                </div>\n            </div>\n        </div>\n        <div class=\"tp-product-details-desc-item\">\n            <div class=\"row\">\n                <div class=\"col-xl-12\">\n                    <div class=\"tp-product-details-desc-banner text-center m-img\">\n                        <h3 class=\"tp-product-details-desc-banner-title tp-product-details-desc-title\">Expertly Formulated</h3>\n                        <img src=\"/storage/beauty/products/product-3.png\" alt=\"Beauty Lab\">\n                    </div>\n                </div>\n            </div>\n        </div>\n    </div>\n</div>\n','published','[\"main\\/products\\/product-20.jpg\",\"main\\/products\\/product-7.jpg\",\"main\\/products\\/product-details-desc-1.jpg\",\"main\\/products\\/product-4.jpg\",\"main\\/products\\/product-10.jpg\",\"main\\/products\\/product-16.jpg\",\"main\\/products\\/product-3.jpg\",\"main\\/products\\/product-details-desc-2.jpg\"]','[[{\"key\":\"file\",\"value\":null},{\"key\":\"url\",\"value\":\"https:\\/\\/www.youtube.com\\/watch?v=6JYIGclVQdw\"},{\"key\":\"thumbnail\",\"value\":\"main\\/video\\/2.jpg\"}]]','IB-110',0,13,0,1,'in_stock',0,4,0,0,395,174,NULL,NULL,13,19,15,898,NULL,98062,'2025-07-28 01:50:07','2025-07-28 01:50:09',7,0,'Botble\\ACL\\Models\\User',0,NULL,'physical','6586141157871',NULL,0,'auto_generate',0,0,0,1),(30,'Beaded Evening Clutch','Step out in style with these leather ankle boots, crafted with a sleek design and comfortable block heel. Versatile enough to pair with both dresses and jeans.','<div class=\"row justify-content-center\">\n    <div class=\"col-xl-10\">\n        <div class=\"tp-product-details-desc-item pb-105\">\n            <div class=\"row\">\n                <div class=\"col-lg-6\">\n                    <div class=\"pt-25\">\n                        <span>Anti-Aging Serum</span>\n                        <h3 class=\"tp-product-details-desc-title\">Revitalize Your Skin</h3>\n                        <p>\n                            Turn back the clock with our advanced anti-aging serum. Formulated with potent ingredients like hyaluronic acid and retinol, this serum targets fine lines, wrinkles, and age spots, leaving your skin looking youthful and radiant. Restore your skin\'s natural glow and texture with regular use.\n                        </p>\n                    </div>\n                    <div>\n                        <h3 class=\"tp-product-details-desc-title\">Hydration and Nourishment</h3>\n                        <p>\n                            Our anti-aging serum is enriched with hydrating and nourishing ingredients that penetrate deep into the skin to replenish moisture and improve elasticity. Say goodbye to dry, dull skin and hello to a complexion that\'s supple, smooth, and rejuvenated.\n                        </p>\n                    </div>\n                </div>\n                <div class=\"col-lg-6\">\n                    <div class=\"tp-product-details-desc-thumb\">\n                        <img src=\"/storage/beauty/products/product-1.png\" alt=\"Anti-Aging Serum\">\n                    </div>\n                </div>\n            </div>\n        </div>\n        <div class=\"tp-product-details-desc-item pb-75\">\n            <div class=\"row\">\n                <div class=\"col-lg-7\">\n                    <div class=\"tp-product-details-desc-thumb\">\n                        <img src=\"/storage/beauty/products/product-2.png\" alt=\"Application of Anti-Aging Serum\">\n                    </div>\n                </div>\n\n                <div class=\"col-lg-5 order-first order-lg-last\">\n                    <div class=\"des-content-2 pl-40\">\n                        <h3 class=\"tp-product-details-desc-title\">\n                            Visible Results\n                        </h3>\n                        <p>\n                            Experience noticeable results with our anti-aging serum. Within weeks of use, you\'ll notice smoother, firmer skin with reduced signs of aging. Incorporate it into your daily skincare routine for long-lasting benefits and a complexion that defies time.\n                        </p>\n                    </div>\n                </div>\n            </div>\n        </div>\n        <div class=\"tp-product-details-desc-item\">\n            <div class=\"row\">\n                <div class=\"col-xl-12\">\n                    <div class=\"tp-product-details-desc-banner text-center m-img\">\n                        <h3 class=\"tp-product-details-desc-banner-title tp-product-details-desc-title\">Expertly Formulated</h3>\n                        <img src=\"/storage/beauty/products/product-3.png\" alt=\"Beauty Lab\">\n                    </div>\n                </div>\n            </div>\n        </div>\n    </div>\n</div>\n','published','[\"main\\/products\\/product-details-desc-3.jpg\",\"main\\/products\\/product-14.jpg\",\"main\\/products\\/product-18.jpg\",\"main\\/products\\/product-5.jpg\",\"main\\/products\\/product-8.jpg\",\"main\\/products\\/product-17.jpg\"]','[]','KZ-101',0,12,0,1,'in_stock',1,3,0,0,2244,612,NULL,NULL,14,19,18,862,NULL,105573,'2025-07-28 01:50:07','2025-07-28 01:50:09',3,0,'Botble\\ACL\\Models\\User',0,NULL,'physical','3248402916391',NULL,0,'auto_generate',0,0,0,2),(31,'Wide Brim Floppy Hat','Make a bold statement with this chunky necklace, designed to add a touch of glamour to any outfit. The perfect accessory for a night out.','<div class=\"row justify-content-center\">\n    <div class=\"col-xl-10\">\n        <div class=\"tp-product-details-desc-item pb-105\">\n            <div class=\"row\">\n                <div class=\"col-lg-6\">\n                    <div class=\"pt-25\">\n                        <span>Anti-Aging Serum</span>\n                        <h3 class=\"tp-product-details-desc-title\">Revitalize Your Skin</h3>\n                        <p>\n                            Turn back the clock with our advanced anti-aging serum. Formulated with potent ingredients like hyaluronic acid and retinol, this serum targets fine lines, wrinkles, and age spots, leaving your skin looking youthful and radiant. Restore your skin\'s natural glow and texture with regular use.\n                        </p>\n                    </div>\n                    <div>\n                        <h3 class=\"tp-product-details-desc-title\">Hydration and Nourishment</h3>\n                        <p>\n                            Our anti-aging serum is enriched with hydrating and nourishing ingredients that penetrate deep into the skin to replenish moisture and improve elasticity. Say goodbye to dry, dull skin and hello to a complexion that\'s supple, smooth, and rejuvenated.\n                        </p>\n                    </div>\n                </div>\n                <div class=\"col-lg-6\">\n                    <div class=\"tp-product-details-desc-thumb\">\n                        <img src=\"/storage/beauty/products/product-1.png\" alt=\"Anti-Aging Serum\">\n                    </div>\n                </div>\n            </div>\n        </div>\n        <div class=\"tp-product-details-desc-item pb-75\">\n            <div class=\"row\">\n                <div class=\"col-lg-7\">\n                    <div class=\"tp-product-details-desc-thumb\">\n                        <img src=\"/storage/beauty/products/product-2.png\" alt=\"Application of Anti-Aging Serum\">\n                    </div>\n                </div>\n\n                <div class=\"col-lg-5 order-first order-lg-last\">\n                    <div class=\"des-content-2 pl-40\">\n                        <h3 class=\"tp-product-details-desc-title\">\n                            Visible Results\n                        </h3>\n                        <p>\n                            Experience noticeable results with our anti-aging serum. Within weeks of use, you\'ll notice smoother, firmer skin with reduced signs of aging. Incorporate it into your daily skincare routine for long-lasting benefits and a complexion that defies time.\n                        </p>\n                    </div>\n                </div>\n            </div>\n        </div>\n        <div class=\"tp-product-details-desc-item\">\n            <div class=\"row\">\n                <div class=\"col-xl-12\">\n                    <div class=\"tp-product-details-desc-banner text-center m-img\">\n                        <h3 class=\"tp-product-details-desc-banner-title tp-product-details-desc-title\">Expertly Formulated</h3>\n                        <img src=\"/storage/beauty/products/product-3.png\" alt=\"Beauty Lab\">\n                    </div>\n                </div>\n            </div>\n        </div>\n    </div>\n</div>\n','published','[\"main\\/products\\/product-20.jpg\",\"main\\/products\\/product-6.jpg\",\"main\\/products\\/product-details-desc-3.jpg\",\"main\\/products\\/product-9.jpg\",\"main\\/products\\/product-2.jpg\",\"main\\/products\\/product-15.jpg\",\"main\\/products\\/product-14.jpg\",\"main\\/products\\/product-16.jpg\"]','[[{\"key\":\"file\",\"value\":\"main\\/video\\/video-1.mp4\"},{\"key\":\"url\",\"value\":null},{\"key\":\"thumbnail\",\"value\":\"main\\/video\\/1.jpg\"}]]','4P-132-A1',0,18,0,1,'in_stock',1,5,0,0,379,NULL,NULL,NULL,14,17,13,638,NULL,158195,'2025-07-28 01:50:07','2025-07-28 01:50:09',1,0,'Botble\\ACL\\Models\\User',0,NULL,'physical','7993411683371',NULL,0,'auto_generate',0,0,0,1),(32,'Denim Overall Jumpsuit (Digital)','Make a statement in this floral maxi dress, perfect for summer events or a casual day out. The flowy silhouette and vibrant print will turn heads wherever you go.','<div class=\"row justify-content-center\">\n    <div class=\"col-xl-10\">\n        <div class=\"tp-product-details-desc-item pb-105\">\n            <div class=\"row\">\n                <div class=\"col-lg-6\">\n                    <div class=\"pt-25\">\n                        <span>Anti-Aging Serum</span>\n                        <h3 class=\"tp-product-details-desc-title\">Revitalize Your Skin</h3>\n                        <p>\n                            Turn back the clock with our advanced anti-aging serum. Formulated with potent ingredients like hyaluronic acid and retinol, this serum targets fine lines, wrinkles, and age spots, leaving your skin looking youthful and radiant. Restore your skin\'s natural glow and texture with regular use.\n                        </p>\n                    </div>\n                    <div>\n                        <h3 class=\"tp-product-details-desc-title\">Hydration and Nourishment</h3>\n                        <p>\n                            Our anti-aging serum is enriched with hydrating and nourishing ingredients that penetrate deep into the skin to replenish moisture and improve elasticity. Say goodbye to dry, dull skin and hello to a complexion that\'s supple, smooth, and rejuvenated.\n                        </p>\n                    </div>\n                </div>\n                <div class=\"col-lg-6\">\n                    <div class=\"tp-product-details-desc-thumb\">\n                        <img src=\"/storage/beauty/products/product-1.png\" alt=\"Anti-Aging Serum\">\n                    </div>\n                </div>\n            </div>\n        </div>\n        <div class=\"tp-product-details-desc-item pb-75\">\n            <div class=\"row\">\n                <div class=\"col-lg-7\">\n                    <div class=\"tp-product-details-desc-thumb\">\n                        <img src=\"/storage/beauty/products/product-2.png\" alt=\"Application of Anti-Aging Serum\">\n                    </div>\n                </div>\n\n                <div class=\"col-lg-5 order-first order-lg-last\">\n                    <div class=\"des-content-2 pl-40\">\n                        <h3 class=\"tp-product-details-desc-title\">\n                            Visible Results\n                        </h3>\n                        <p>\n                            Experience noticeable results with our anti-aging serum. Within weeks of use, you\'ll notice smoother, firmer skin with reduced signs of aging. Incorporate it into your daily skincare routine for long-lasting benefits and a complexion that defies time.\n                        </p>\n                    </div>\n                </div>\n            </div>\n        </div>\n        <div class=\"tp-product-details-desc-item\">\n            <div class=\"row\">\n                <div class=\"col-xl-12\">\n                    <div class=\"tp-product-details-desc-banner text-center m-img\">\n                        <h3 class=\"tp-product-details-desc-banner-title tp-product-details-desc-title\">Expertly Formulated</h3>\n                        <img src=\"/storage/beauty/products/product-3.png\" alt=\"Beauty Lab\">\n                    </div>\n                </div>\n            </div>\n        </div>\n    </div>\n</div>\n','published','[\"main\\/products\\/product-9.jpg\",\"main\\/products\\/product-5.jpg\",\"main\\/products\\/product-15.jpg\",\"main\\/products\\/product-18.jpg\",\"main\\/products\\/product-6.jpg\",\"main\\/products\\/product-16.jpg\",\"main\\/products\\/product-details-desc-1.jpg\",\"main\\/products\\/product-19.jpg\"]','[]','AU-189',0,19,0,1,'in_stock',0,4,0,0,2089,1834,NULL,NULL,13,15,11,679,NULL,151436,'2025-07-28 01:50:07','2025-07-28 01:50:09',5,0,'Botble\\ACL\\Models\\User',0,NULL,'digital','7185049197065',NULL,0,'auto_generate',0,0,0,2),(33,'Embellished Ballet Flats','Step out in style with these leather ankle boots, crafted with a sleek design and comfortable block heel. Versatile enough to pair with both dresses and jeans.','<div class=\"row justify-content-center\">\n    <div class=\"col-xl-10\">\n        <div class=\"tp-product-details-desc-item pb-105\">\n            <div class=\"row\">\n                <div class=\"col-lg-6\">\n                    <div class=\"pt-25\">\n                        <span>Anti-Aging Serum</span>\n                        <h3 class=\"tp-product-details-desc-title\">Revitalize Your Skin</h3>\n                        <p>\n                            Turn back the clock with our advanced anti-aging serum. Formulated with potent ingredients like hyaluronic acid and retinol, this serum targets fine lines, wrinkles, and age spots, leaving your skin looking youthful and radiant. Restore your skin\'s natural glow and texture with regular use.\n                        </p>\n                    </div>\n                    <div>\n                        <h3 class=\"tp-product-details-desc-title\">Hydration and Nourishment</h3>\n                        <p>\n                            Our anti-aging serum is enriched with hydrating and nourishing ingredients that penetrate deep into the skin to replenish moisture and improve elasticity. Say goodbye to dry, dull skin and hello to a complexion that\'s supple, smooth, and rejuvenated.\n                        </p>\n                    </div>\n                </div>\n                <div class=\"col-lg-6\">\n                    <div class=\"tp-product-details-desc-thumb\">\n                        <img src=\"/storage/beauty/products/product-1.png\" alt=\"Anti-Aging Serum\">\n                    </div>\n                </div>\n            </div>\n        </div>\n        <div class=\"tp-product-details-desc-item pb-75\">\n            <div class=\"row\">\n                <div class=\"col-lg-7\">\n                    <div class=\"tp-product-details-desc-thumb\">\n                        <img src=\"/storage/beauty/products/product-2.png\" alt=\"Application of Anti-Aging Serum\">\n                    </div>\n                </div>\n\n                <div class=\"col-lg-5 order-first order-lg-last\">\n                    <div class=\"des-content-2 pl-40\">\n                        <h3 class=\"tp-product-details-desc-title\">\n                            Visible Results\n                        </h3>\n                        <p>\n                            Experience noticeable results with our anti-aging serum. Within weeks of use, you\'ll notice smoother, firmer skin with reduced signs of aging. Incorporate it into your daily skincare routine for long-lasting benefits and a complexion that defies time.\n                        </p>\n                    </div>\n                </div>\n            </div>\n        </div>\n        <div class=\"tp-product-details-desc-item\">\n            <div class=\"row\">\n                <div class=\"col-xl-12\">\n                    <div class=\"tp-product-details-desc-banner text-center m-img\">\n                        <h3 class=\"tp-product-details-desc-banner-title tp-product-details-desc-title\">Expertly Formulated</h3>\n                        <img src=\"/storage/beauty/products/product-3.png\" alt=\"Beauty Lab\">\n                    </div>\n                </div>\n            </div>\n        </div>\n    </div>\n</div>\n','published','[\"main\\/products\\/product-7.jpg\",\"main\\/products\\/product-13.jpg\",\"main\\/products\\/product-12.jpg\"]','[[{\"key\":\"file\",\"value\":\"main\\/video\\/video-2.mp4\"},{\"key\":\"url\",\"value\":null},{\"key\":\"thumbnail\",\"value\":\"main\\/video\\/2.jpg\"}]]','OE-172-A1',0,11,0,1,'in_stock',1,5,0,0,1554,NULL,NULL,NULL,10,12,20,697,NULL,121606,'2025-07-28 01:50:07','2025-07-28 01:50:09',8,0,'Botble\\ACL\\Models\\User',0,NULL,'physical','7383700431385',NULL,0,'auto_generate',0,0,0,2),(34,'Pleated Midi Skirt','Add a pop of color to your outfit with this silk scarf adorned with a geometric print. Wrap it around your neck or tie it to your handbag for a stylish touch.','<div class=\"row justify-content-center\">\n    <div class=\"col-xl-10\">\n        <div class=\"tp-product-details-desc-item pb-105\">\n            <div class=\"row\">\n                <div class=\"col-lg-6\">\n                    <div class=\"pt-25\">\n                        <span>Anti-Aging Serum</span>\n                        <h3 class=\"tp-product-details-desc-title\">Revitalize Your Skin</h3>\n                        <p>\n                            Turn back the clock with our advanced anti-aging serum. Formulated with potent ingredients like hyaluronic acid and retinol, this serum targets fine lines, wrinkles, and age spots, leaving your skin looking youthful and radiant. Restore your skin\'s natural glow and texture with regular use.\n                        </p>\n                    </div>\n                    <div>\n                        <h3 class=\"tp-product-details-desc-title\">Hydration and Nourishment</h3>\n                        <p>\n                            Our anti-aging serum is enriched with hydrating and nourishing ingredients that penetrate deep into the skin to replenish moisture and improve elasticity. Say goodbye to dry, dull skin and hello to a complexion that\'s supple, smooth, and rejuvenated.\n                        </p>\n                    </div>\n                </div>\n                <div class=\"col-lg-6\">\n                    <div class=\"tp-product-details-desc-thumb\">\n                        <img src=\"/storage/beauty/products/product-1.png\" alt=\"Anti-Aging Serum\">\n                    </div>\n                </div>\n            </div>\n        </div>\n        <div class=\"tp-product-details-desc-item pb-75\">\n            <div class=\"row\">\n                <div class=\"col-lg-7\">\n                    <div class=\"tp-product-details-desc-thumb\">\n                        <img src=\"/storage/beauty/products/product-2.png\" alt=\"Application of Anti-Aging Serum\">\n                    </div>\n                </div>\n\n                <div class=\"col-lg-5 order-first order-lg-last\">\n                    <div class=\"des-content-2 pl-40\">\n                        <h3 class=\"tp-product-details-desc-title\">\n                            Visible Results\n                        </h3>\n                        <p>\n                            Experience noticeable results with our anti-aging serum. Within weeks of use, you\'ll notice smoother, firmer skin with reduced signs of aging. Incorporate it into your daily skincare routine for long-lasting benefits and a complexion that defies time.\n                        </p>\n                    </div>\n                </div>\n            </div>\n        </div>\n        <div class=\"tp-product-details-desc-item\">\n            <div class=\"row\">\n                <div class=\"col-xl-12\">\n                    <div class=\"tp-product-details-desc-banner text-center m-img\">\n                        <h3 class=\"tp-product-details-desc-banner-title tp-product-details-desc-title\">Expertly Formulated</h3>\n                        <img src=\"/storage/beauty/products/product-3.png\" alt=\"Beauty Lab\">\n                    </div>\n                </div>\n            </div>\n        </div>\n    </div>\n</div>\n','published','[\"main\\/products\\/product-14.jpg\",\"main\\/products\\/product-12.jpg\",\"main\\/products\\/product-13.jpg\",\"main\\/products\\/product-9.jpg\",\"main\\/products\\/product-16.jpg\"]','[[{\"key\":\"file\",\"value\":\"main\\/video\\/video-1.mp4\"},{\"key\":\"url\",\"value\":null},{\"key\":\"thumbnail\",\"value\":\"main\\/video\\/1.jpg\"}]]','RP-186',0,10,0,1,'in_stock',1,3,0,0,1147,123,NULL,NULL,17,19,15,664,NULL,164246,'2025-07-28 01:50:08','2025-07-28 01:50:09',6,0,'Botble\\ACL\\Models\\User',0,NULL,'physical','1571835972866',NULL,0,'auto_generate',0,0,0,2),(35,'Velour Tracksuit Set','Complete your look with these classic aviator sunglasses, offering a touch of timeless glamour and UV protection for your eyes.','<div class=\"row justify-content-center\">\n    <div class=\"col-xl-10\">\n        <div class=\"tp-product-details-desc-item pb-105\">\n            <div class=\"row\">\n                <div class=\"col-lg-6\">\n                    <div class=\"pt-25\">\n                        <span>Anti-Aging Serum</span>\n                        <h3 class=\"tp-product-details-desc-title\">Revitalize Your Skin</h3>\n                        <p>\n                            Turn back the clock with our advanced anti-aging serum. Formulated with potent ingredients like hyaluronic acid and retinol, this serum targets fine lines, wrinkles, and age spots, leaving your skin looking youthful and radiant. Restore your skin\'s natural glow and texture with regular use.\n                        </p>\n                    </div>\n                    <div>\n                        <h3 class=\"tp-product-details-desc-title\">Hydration and Nourishment</h3>\n                        <p>\n                            Our anti-aging serum is enriched with hydrating and nourishing ingredients that penetrate deep into the skin to replenish moisture and improve elasticity. Say goodbye to dry, dull skin and hello to a complexion that\'s supple, smooth, and rejuvenated.\n                        </p>\n                    </div>\n                </div>\n                <div class=\"col-lg-6\">\n                    <div class=\"tp-product-details-desc-thumb\">\n                        <img src=\"/storage/beauty/products/product-1.png\" alt=\"Anti-Aging Serum\">\n                    </div>\n                </div>\n            </div>\n        </div>\n        <div class=\"tp-product-details-desc-item pb-75\">\n            <div class=\"row\">\n                <div class=\"col-lg-7\">\n                    <div class=\"tp-product-details-desc-thumb\">\n                        <img src=\"/storage/beauty/products/product-2.png\" alt=\"Application of Anti-Aging Serum\">\n                    </div>\n                </div>\n\n                <div class=\"col-lg-5 order-first order-lg-last\">\n                    <div class=\"des-content-2 pl-40\">\n                        <h3 class=\"tp-product-details-desc-title\">\n                            Visible Results\n                        </h3>\n                        <p>\n                            Experience noticeable results with our anti-aging serum. Within weeks of use, you\'ll notice smoother, firmer skin with reduced signs of aging. Incorporate it into your daily skincare routine for long-lasting benefits and a complexion that defies time.\n                        </p>\n                    </div>\n                </div>\n            </div>\n        </div>\n        <div class=\"tp-product-details-desc-item\">\n            <div class=\"row\">\n                <div class=\"col-xl-12\">\n                    <div class=\"tp-product-details-desc-banner text-center m-img\">\n                        <h3 class=\"tp-product-details-desc-banner-title tp-product-details-desc-title\">Expertly Formulated</h3>\n                        <img src=\"/storage/beauty/products/product-3.png\" alt=\"Beauty Lab\">\n                    </div>\n                </div>\n            </div>\n        </div>\n    </div>\n</div>\n','published','[\"main\\/products\\/product-9.jpg\",\"main\\/products\\/product-12.jpg\",\"main\\/products\\/product-16.jpg\",\"main\\/products\\/product-19.jpg\",\"main\\/products\\/product-2.jpg\",\"main\\/products\\/product-7.jpg\"]','[]','VK-125-A1',0,12,0,1,'in_stock',1,5,0,0,1912,NULL,NULL,NULL,17,19,20,613,NULL,58269,'2025-07-28 01:50:08','2025-07-28 01:50:09',8,0,'Botble\\ACL\\Models\\User',0,NULL,'physical','4180306035091',NULL,0,'auto_generate',0,0,0,1),(36,'Geometric Patterned Cardigan (Digital)','Elevate your street style with this vintage denim jacket, featuring distressed detailing and a relaxed fit for a laid-back vibe.','<div class=\"row justify-content-center\">\n    <div class=\"col-xl-10\">\n        <div class=\"tp-product-details-desc-item pb-105\">\n            <div class=\"row\">\n                <div class=\"col-lg-6\">\n                    <div class=\"pt-25\">\n                        <span>Anti-Aging Serum</span>\n                        <h3 class=\"tp-product-details-desc-title\">Revitalize Your Skin</h3>\n                        <p>\n                            Turn back the clock with our advanced anti-aging serum. Formulated with potent ingredients like hyaluronic acid and retinol, this serum targets fine lines, wrinkles, and age spots, leaving your skin looking youthful and radiant. Restore your skin\'s natural glow and texture with regular use.\n                        </p>\n                    </div>\n                    <div>\n                        <h3 class=\"tp-product-details-desc-title\">Hydration and Nourishment</h3>\n                        <p>\n                            Our anti-aging serum is enriched with hydrating and nourishing ingredients that penetrate deep into the skin to replenish moisture and improve elasticity. Say goodbye to dry, dull skin and hello to a complexion that\'s supple, smooth, and rejuvenated.\n                        </p>\n                    </div>\n                </div>\n                <div class=\"col-lg-6\">\n                    <div class=\"tp-product-details-desc-thumb\">\n                        <img src=\"/storage/beauty/products/product-1.png\" alt=\"Anti-Aging Serum\">\n                    </div>\n                </div>\n            </div>\n        </div>\n        <div class=\"tp-product-details-desc-item pb-75\">\n            <div class=\"row\">\n                <div class=\"col-lg-7\">\n                    <div class=\"tp-product-details-desc-thumb\">\n                        <img src=\"/storage/beauty/products/product-2.png\" alt=\"Application of Anti-Aging Serum\">\n                    </div>\n                </div>\n\n                <div class=\"col-lg-5 order-first order-lg-last\">\n                    <div class=\"des-content-2 pl-40\">\n                        <h3 class=\"tp-product-details-desc-title\">\n                            Visible Results\n                        </h3>\n                        <p>\n                            Experience noticeable results with our anti-aging serum. Within weeks of use, you\'ll notice smoother, firmer skin with reduced signs of aging. Incorporate it into your daily skincare routine for long-lasting benefits and a complexion that defies time.\n                        </p>\n                    </div>\n                </div>\n            </div>\n        </div>\n        <div class=\"tp-product-details-desc-item\">\n            <div class=\"row\">\n                <div class=\"col-xl-12\">\n                    <div class=\"tp-product-details-desc-banner text-center m-img\">\n                        <h3 class=\"tp-product-details-desc-banner-title tp-product-details-desc-title\">Expertly Formulated</h3>\n                        <img src=\"/storage/beauty/products/product-3.png\" alt=\"Beauty Lab\">\n                    </div>\n                </div>\n            </div>\n        </div>\n    </div>\n</div>\n','published','[\"main\\/products\\/product-8.jpg\",\"main\\/products\\/product-details-desc-1.jpg\",\"main\\/products\\/product-details-desc-3.jpg\",\"main\\/products\\/product-13.jpg\",\"main\\/products\\/product-11.jpg\",\"main\\/products\\/product-4.jpg\",\"main\\/products\\/product-15.jpg\",\"main\\/products\\/product-17.jpg\"]','[]','LQ-100',0,20,0,1,'in_stock',1,4,0,0,511,416,NULL,NULL,20,20,12,564,NULL,172564,'2025-07-28 01:50:08','2025-07-28 01:50:09',8,0,'Botble\\ACL\\Models\\User',0,NULL,'digital','4401373353087',NULL,0,'auto_generate',0,0,0,1),(37,'Buckle Detail Ankle Booties','Add a pop of color to your outfit with this silk scarf adorned with a geometric print. Wrap it around your neck or tie it to your handbag for a stylish touch.','<div class=\"row justify-content-center\">\n    <div class=\"col-xl-10\">\n        <div class=\"tp-product-details-desc-item pb-105\">\n            <div class=\"row\">\n                <div class=\"col-lg-6\">\n                    <div class=\"pt-25\">\n                        <span>Anti-Aging Serum</span>\n                        <h3 class=\"tp-product-details-desc-title\">Revitalize Your Skin</h3>\n                        <p>\n                            Turn back the clock with our advanced anti-aging serum. Formulated with potent ingredients like hyaluronic acid and retinol, this serum targets fine lines, wrinkles, and age spots, leaving your skin looking youthful and radiant. Restore your skin\'s natural glow and texture with regular use.\n                        </p>\n                    </div>\n                    <div>\n                        <h3 class=\"tp-product-details-desc-title\">Hydration and Nourishment</h3>\n                        <p>\n                            Our anti-aging serum is enriched with hydrating and nourishing ingredients that penetrate deep into the skin to replenish moisture and improve elasticity. Say goodbye to dry, dull skin and hello to a complexion that\'s supple, smooth, and rejuvenated.\n                        </p>\n                    </div>\n                </div>\n                <div class=\"col-lg-6\">\n                    <div class=\"tp-product-details-desc-thumb\">\n                        <img src=\"/storage/beauty/products/product-1.png\" alt=\"Anti-Aging Serum\">\n                    </div>\n                </div>\n            </div>\n        </div>\n        <div class=\"tp-product-details-desc-item pb-75\">\n            <div class=\"row\">\n                <div class=\"col-lg-7\">\n                    <div class=\"tp-product-details-desc-thumb\">\n                        <img src=\"/storage/beauty/products/product-2.png\" alt=\"Application of Anti-Aging Serum\">\n                    </div>\n                </div>\n\n                <div class=\"col-lg-5 order-first order-lg-last\">\n                    <div class=\"des-content-2 pl-40\">\n                        <h3 class=\"tp-product-details-desc-title\">\n                            Visible Results\n                        </h3>\n                        <p>\n                            Experience noticeable results with our anti-aging serum. Within weeks of use, you\'ll notice smoother, firmer skin with reduced signs of aging. Incorporate it into your daily skincare routine for long-lasting benefits and a complexion that defies time.\n                        </p>\n                    </div>\n                </div>\n            </div>\n        </div>\n        <div class=\"tp-product-details-desc-item\">\n            <div class=\"row\">\n                <div class=\"col-xl-12\">\n                    <div class=\"tp-product-details-desc-banner text-center m-img\">\n                        <h3 class=\"tp-product-details-desc-banner-title tp-product-details-desc-title\">Expertly Formulated</h3>\n                        <img src=\"/storage/beauty/products/product-3.png\" alt=\"Beauty Lab\">\n                    </div>\n                </div>\n            </div>\n        </div>\n    </div>\n</div>\n','published','[\"main\\/products\\/product-12.jpg\",\"main\\/products\\/product-6.jpg\",\"main\\/products\\/product-16.jpg\",\"main\\/products\\/product-1.jpg\"]','[[{\"key\":\"file\",\"value\":\"main\\/video\\/video-2.mp4\"},{\"key\":\"url\",\"value\":null},{\"key\":\"thumbnail\",\"value\":\"main\\/video\\/2.jpg\"}]]','36-101-A1',0,17,0,1,'in_stock',1,2,0,0,645,NULL,NULL,NULL,18,17,11,622,NULL,28979,'2025-07-28 01:50:08','2025-07-28 01:50:09',2,0,'Botble\\ACL\\Models\\User',0,NULL,'physical','3748195263165',NULL,0,'auto_generate',0,0,0,2),(38,'Embroidered Bomber Jacket','Top off your look with this chic fedora hat, crafted with a classic silhouette and a timeless appeal. A must-have accessory for any fashion-forward wardrobe.','<div class=\"row justify-content-center\">\n    <div class=\"col-xl-10\">\n        <div class=\"tp-product-details-desc-item pb-105\">\n            <div class=\"row\">\n                <div class=\"col-lg-6\">\n                    <div class=\"pt-25\">\n                        <span>Anti-Aging Serum</span>\n                        <h3 class=\"tp-product-details-desc-title\">Revitalize Your Skin</h3>\n                        <p>\n                            Turn back the clock with our advanced anti-aging serum. Formulated with potent ingredients like hyaluronic acid and retinol, this serum targets fine lines, wrinkles, and age spots, leaving your skin looking youthful and radiant. Restore your skin\'s natural glow and texture with regular use.\n                        </p>\n                    </div>\n                    <div>\n                        <h3 class=\"tp-product-details-desc-title\">Hydration and Nourishment</h3>\n                        <p>\n                            Our anti-aging serum is enriched with hydrating and nourishing ingredients that penetrate deep into the skin to replenish moisture and improve elasticity. Say goodbye to dry, dull skin and hello to a complexion that\'s supple, smooth, and rejuvenated.\n                        </p>\n                    </div>\n                </div>\n                <div class=\"col-lg-6\">\n                    <div class=\"tp-product-details-desc-thumb\">\n                        <img src=\"/storage/beauty/products/product-1.png\" alt=\"Anti-Aging Serum\">\n                    </div>\n                </div>\n            </div>\n        </div>\n        <div class=\"tp-product-details-desc-item pb-75\">\n            <div class=\"row\">\n                <div class=\"col-lg-7\">\n                    <div class=\"tp-product-details-desc-thumb\">\n                        <img src=\"/storage/beauty/products/product-2.png\" alt=\"Application of Anti-Aging Serum\">\n                    </div>\n                </div>\n\n                <div class=\"col-lg-5 order-first order-lg-last\">\n                    <div class=\"des-content-2 pl-40\">\n                        <h3 class=\"tp-product-details-desc-title\">\n                            Visible Results\n                        </h3>\n                        <p>\n                            Experience noticeable results with our anti-aging serum. Within weeks of use, you\'ll notice smoother, firmer skin with reduced signs of aging. Incorporate it into your daily skincare routine for long-lasting benefits and a complexion that defies time.\n                        </p>\n                    </div>\n                </div>\n            </div>\n        </div>\n        <div class=\"tp-product-details-desc-item\">\n            <div class=\"row\">\n                <div class=\"col-xl-12\">\n                    <div class=\"tp-product-details-desc-banner text-center m-img\">\n                        <h3 class=\"tp-product-details-desc-banner-title tp-product-details-desc-title\">Expertly Formulated</h3>\n                        <img src=\"/storage/beauty/products/product-3.png\" alt=\"Beauty Lab\">\n                    </div>\n                </div>\n            </div>\n        </div>\n    </div>\n</div>\n','published','[\"main\\/products\\/product-5.jpg\",\"main\\/products\\/product-19.jpg\",\"main\\/products\\/product-16.jpg\"]','[[{\"key\":\"file\",\"value\":null},{\"key\":\"url\",\"value\":\"https:\\/\\/www.youtube.com\\/watch?v=6JYIGclVQdw\"},{\"key\":\"thumbnail\",\"value\":\"main\\/video\\/2.jpg\"}]]','8B-130',0,15,0,1,'in_stock',1,3,0,0,668,273,NULL,NULL,14,14,17,556,NULL,106847,'2025-07-28 01:50:08','2025-07-28 01:50:09',8,0,'Botble\\ACL\\Models\\User',0,NULL,'physical','9050927525576',NULL,0,'auto_generate',0,0,0,1),(39,'Cowl Neck Knit Poncho','Add a pop of color to your outfit with this silk scarf adorned with a geometric print. Wrap it around your neck or tie it to your handbag for a stylish touch.','<div class=\"row justify-content-center\">\n    <div class=\"col-xl-10\">\n        <div class=\"tp-product-details-desc-item pb-105\">\n            <div class=\"row\">\n                <div class=\"col-lg-6\">\n                    <div class=\"pt-25\">\n                        <span>Anti-Aging Serum</span>\n                        <h3 class=\"tp-product-details-desc-title\">Revitalize Your Skin</h3>\n                        <p>\n                            Turn back the clock with our advanced anti-aging serum. Formulated with potent ingredients like hyaluronic acid and retinol, this serum targets fine lines, wrinkles, and age spots, leaving your skin looking youthful and radiant. Restore your skin\'s natural glow and texture with regular use.\n                        </p>\n                    </div>\n                    <div>\n                        <h3 class=\"tp-product-details-desc-title\">Hydration and Nourishment</h3>\n                        <p>\n                            Our anti-aging serum is enriched with hydrating and nourishing ingredients that penetrate deep into the skin to replenish moisture and improve elasticity. Say goodbye to dry, dull skin and hello to a complexion that\'s supple, smooth, and rejuvenated.\n                        </p>\n                    </div>\n                </div>\n                <div class=\"col-lg-6\">\n                    <div class=\"tp-product-details-desc-thumb\">\n                        <img src=\"/storage/beauty/products/product-1.png\" alt=\"Anti-Aging Serum\">\n                    </div>\n                </div>\n            </div>\n        </div>\n        <div class=\"tp-product-details-desc-item pb-75\">\n            <div class=\"row\">\n                <div class=\"col-lg-7\">\n                    <div class=\"tp-product-details-desc-thumb\">\n                        <img src=\"/storage/beauty/products/product-2.png\" alt=\"Application of Anti-Aging Serum\">\n                    </div>\n                </div>\n\n                <div class=\"col-lg-5 order-first order-lg-last\">\n                    <div class=\"des-content-2 pl-40\">\n                        <h3 class=\"tp-product-details-desc-title\">\n                            Visible Results\n                        </h3>\n                        <p>\n                            Experience noticeable results with our anti-aging serum. Within weeks of use, you\'ll notice smoother, firmer skin with reduced signs of aging. Incorporate it into your daily skincare routine for long-lasting benefits and a complexion that defies time.\n                        </p>\n                    </div>\n                </div>\n            </div>\n        </div>\n        <div class=\"tp-product-details-desc-item\">\n            <div class=\"row\">\n                <div class=\"col-xl-12\">\n                    <div class=\"tp-product-details-desc-banner text-center m-img\">\n                        <h3 class=\"tp-product-details-desc-banner-title tp-product-details-desc-title\">Expertly Formulated</h3>\n                        <img src=\"/storage/beauty/products/product-3.png\" alt=\"Beauty Lab\">\n                    </div>\n                </div>\n            </div>\n        </div>\n    </div>\n</div>\n','published','[\"main\\/products\\/product-9.jpg\",\"main\\/products\\/product-13.jpg\",\"main\\/products\\/product-details-desc-2.jpg\",\"main\\/products\\/product-2.jpg\",\"main\\/products\\/product-17.jpg\",\"main\\/products\\/product-12.jpg\",\"main\\/products\\/product-10.jpg\"]','[[{\"key\":\"file\",\"value\":null},{\"key\":\"url\",\"value\":\"https:\\/\\/www.youtube.com\\/watch?v=6JYIGclVQdw\"},{\"key\":\"thumbnail\",\"value\":\"main\\/video\\/2.jpg\"}]]','YQ-155',0,12,0,1,'in_stock',0,1,0,0,675,620,NULL,NULL,15,18,12,711,NULL,191238,'2025-07-28 01:50:08','2025-07-28 01:50:09',4,0,'Botble\\ACL\\Models\\User',0,NULL,'physical','6296446198744',NULL,0,'auto_generate',0,0,0,2),(40,'Chunky Knit Infinity Scarf (Digital)','Accessorize with this bohemian fringe handbag, featuring intricate details and enough space for your essentials. The perfect boho-chic addition to your collection.','<div class=\"row justify-content-center\">\n    <div class=\"col-xl-10\">\n        <div class=\"tp-product-details-desc-item pb-105\">\n            <div class=\"row\">\n                <div class=\"col-lg-6\">\n                    <div class=\"pt-25\">\n                        <span>Anti-Aging Serum</span>\n                        <h3 class=\"tp-product-details-desc-title\">Revitalize Your Skin</h3>\n                        <p>\n                            Turn back the clock with our advanced anti-aging serum. Formulated with potent ingredients like hyaluronic acid and retinol, this serum targets fine lines, wrinkles, and age spots, leaving your skin looking youthful and radiant. Restore your skin\'s natural glow and texture with regular use.\n                        </p>\n                    </div>\n                    <div>\n                        <h3 class=\"tp-product-details-desc-title\">Hydration and Nourishment</h3>\n                        <p>\n                            Our anti-aging serum is enriched with hydrating and nourishing ingredients that penetrate deep into the skin to replenish moisture and improve elasticity. Say goodbye to dry, dull skin and hello to a complexion that\'s supple, smooth, and rejuvenated.\n                        </p>\n                    </div>\n                </div>\n                <div class=\"col-lg-6\">\n                    <div class=\"tp-product-details-desc-thumb\">\n                        <img src=\"/storage/beauty/products/product-1.png\" alt=\"Anti-Aging Serum\">\n                    </div>\n                </div>\n            </div>\n        </div>\n        <div class=\"tp-product-details-desc-item pb-75\">\n            <div class=\"row\">\n                <div class=\"col-lg-7\">\n                    <div class=\"tp-product-details-desc-thumb\">\n                        <img src=\"/storage/beauty/products/product-2.png\" alt=\"Application of Anti-Aging Serum\">\n                    </div>\n                </div>\n\n                <div class=\"col-lg-5 order-first order-lg-last\">\n                    <div class=\"des-content-2 pl-40\">\n                        <h3 class=\"tp-product-details-desc-title\">\n                            Visible Results\n                        </h3>\n                        <p>\n                            Experience noticeable results with our anti-aging serum. Within weeks of use, you\'ll notice smoother, firmer skin with reduced signs of aging. Incorporate it into your daily skincare routine for long-lasting benefits and a complexion that defies time.\n                        </p>\n                    </div>\n                </div>\n            </div>\n        </div>\n        <div class=\"tp-product-details-desc-item\">\n            <div class=\"row\">\n                <div class=\"col-xl-12\">\n                    <div class=\"tp-product-details-desc-banner text-center m-img\">\n                        <h3 class=\"tp-product-details-desc-banner-title tp-product-details-desc-title\">Expertly Formulated</h3>\n                        <img src=\"/storage/beauty/products/product-3.png\" alt=\"Beauty Lab\">\n                    </div>\n                </div>\n            </div>\n        </div>\n    </div>\n</div>\n','published','[\"main\\/products\\/product-19.jpg\",\"main\\/products\\/product-5.jpg\",\"main\\/products\\/product-9.jpg\",\"main\\/products\\/product-14.jpg\",\"main\\/products\\/product-11.jpg\",\"main\\/products\\/product-10.jpg\"]','[[{\"key\":\"file\",\"value\":\"main\\/video\\/video-1.mp4\"},{\"key\":\"url\",\"value\":null},{\"key\":\"thumbnail\",\"value\":\"main\\/video\\/1.jpg\"}]]','IU-165',0,16,0,1,'in_stock',0,1,0,0,2285,1869,NULL,NULL,15,15,16,586,NULL,22692,'2025-07-28 01:50:08','2025-07-28 01:50:09',2,0,'Botble\\ACL\\Models\\User',0,NULL,'digital','9424652955937',NULL,0,'auto_generate',0,0,0,2),(41,'Retro High-Top Sneakers','Elevate your street style with this vintage denim jacket, featuring distressed detailing and a relaxed fit for a laid-back vibe.','<div class=\"row justify-content-center\">\n    <div class=\"col-xl-10\">\n        <div class=\"tp-product-details-desc-item pb-105\">\n            <div class=\"row\">\n                <div class=\"col-lg-6\">\n                    <div class=\"pt-25\">\n                        <span>Anti-Aging Serum</span>\n                        <h3 class=\"tp-product-details-desc-title\">Revitalize Your Skin</h3>\n                        <p>\n                            Turn back the clock with our advanced anti-aging serum. Formulated with potent ingredients like hyaluronic acid and retinol, this serum targets fine lines, wrinkles, and age spots, leaving your skin looking youthful and radiant. Restore your skin\'s natural glow and texture with regular use.\n                        </p>\n                    </div>\n                    <div>\n                        <h3 class=\"tp-product-details-desc-title\">Hydration and Nourishment</h3>\n                        <p>\n                            Our anti-aging serum is enriched with hydrating and nourishing ingredients that penetrate deep into the skin to replenish moisture and improve elasticity. Say goodbye to dry, dull skin and hello to a complexion that\'s supple, smooth, and rejuvenated.\n                        </p>\n                    </div>\n                </div>\n                <div class=\"col-lg-6\">\n                    <div class=\"tp-product-details-desc-thumb\">\n                        <img src=\"/storage/beauty/products/product-1.png\" alt=\"Anti-Aging Serum\">\n                    </div>\n                </div>\n            </div>\n        </div>\n        <div class=\"tp-product-details-desc-item pb-75\">\n            <div class=\"row\">\n                <div class=\"col-lg-7\">\n                    <div class=\"tp-product-details-desc-thumb\">\n                        <img src=\"/storage/beauty/products/product-2.png\" alt=\"Application of Anti-Aging Serum\">\n                    </div>\n                </div>\n\n                <div class=\"col-lg-5 order-first order-lg-last\">\n                    <div class=\"des-content-2 pl-40\">\n                        <h3 class=\"tp-product-details-desc-title\">\n                            Visible Results\n                        </h3>\n                        <p>\n                            Experience noticeable results with our anti-aging serum. Within weeks of use, you\'ll notice smoother, firmer skin with reduced signs of aging. Incorporate it into your daily skincare routine for long-lasting benefits and a complexion that defies time.\n                        </p>\n                    </div>\n                </div>\n            </div>\n        </div>\n        <div class=\"tp-product-details-desc-item\">\n            <div class=\"row\">\n                <div class=\"col-xl-12\">\n                    <div class=\"tp-product-details-desc-banner text-center m-img\">\n                        <h3 class=\"tp-product-details-desc-banner-title tp-product-details-desc-title\">Expertly Formulated</h3>\n                        <img src=\"/storage/beauty/products/product-3.png\" alt=\"Beauty Lab\">\n                    </div>\n                </div>\n            </div>\n        </div>\n    </div>\n</div>\n','published','[\"main\\/products\\/product-17.jpg\",\"main\\/products\\/product-details-desc-3.jpg\",\"main\\/products\\/product-4.jpg\",\"main\\/products\\/product-10.jpg\",\"main\\/products\\/product-6.jpg\"]','[]','ZQ-186-A1',0,18,0,1,'in_stock',0,3,0,0,2401,NULL,NULL,NULL,15,17,12,843,NULL,82003,'2025-07-28 01:50:08','2025-07-28 01:50:09',3,0,'Botble\\ACL\\Models\\User',0,NULL,'physical','9666199246967',NULL,0,'auto_generate',0,0,0,2),(42,'Faux Leather Leggings','Add a pop of color to your outfit with this silk scarf adorned with a geometric print. Wrap it around your neck or tie it to your handbag for a stylish touch.','<div class=\"row justify-content-center\">\n    <div class=\"col-xl-10\">\n        <div class=\"tp-product-details-desc-item pb-105\">\n            <div class=\"row\">\n                <div class=\"col-lg-6\">\n                    <div class=\"pt-25\">\n                        <span>Anti-Aging Serum</span>\n                        <h3 class=\"tp-product-details-desc-title\">Revitalize Your Skin</h3>\n                        <p>\n                            Turn back the clock with our advanced anti-aging serum. Formulated with potent ingredients like hyaluronic acid and retinol, this serum targets fine lines, wrinkles, and age spots, leaving your skin looking youthful and radiant. Restore your skin\'s natural glow and texture with regular use.\n                        </p>\n                    </div>\n                    <div>\n                        <h3 class=\"tp-product-details-desc-title\">Hydration and Nourishment</h3>\n                        <p>\n                            Our anti-aging serum is enriched with hydrating and nourishing ingredients that penetrate deep into the skin to replenish moisture and improve elasticity. Say goodbye to dry, dull skin and hello to a complexion that\'s supple, smooth, and rejuvenated.\n                        </p>\n                    </div>\n                </div>\n                <div class=\"col-lg-6\">\n                    <div class=\"tp-product-details-desc-thumb\">\n                        <img src=\"/storage/beauty/products/product-1.png\" alt=\"Anti-Aging Serum\">\n                    </div>\n                </div>\n            </div>\n        </div>\n        <div class=\"tp-product-details-desc-item pb-75\">\n            <div class=\"row\">\n                <div class=\"col-lg-7\">\n                    <div class=\"tp-product-details-desc-thumb\">\n                        <img src=\"/storage/beauty/products/product-2.png\" alt=\"Application of Anti-Aging Serum\">\n                    </div>\n                </div>\n\n                <div class=\"col-lg-5 order-first order-lg-last\">\n                    <div class=\"des-content-2 pl-40\">\n                        <h3 class=\"tp-product-details-desc-title\">\n                            Visible Results\n                        </h3>\n                        <p>\n                            Experience noticeable results with our anti-aging serum. Within weeks of use, you\'ll notice smoother, firmer skin with reduced signs of aging. Incorporate it into your daily skincare routine for long-lasting benefits and a complexion that defies time.\n                        </p>\n                    </div>\n                </div>\n            </div>\n        </div>\n        <div class=\"tp-product-details-desc-item\">\n            <div class=\"row\">\n                <div class=\"col-xl-12\">\n                    <div class=\"tp-product-details-desc-banner text-center m-img\">\n                        <h3 class=\"tp-product-details-desc-banner-title tp-product-details-desc-title\">Expertly Formulated</h3>\n                        <img src=\"/storage/beauty/products/product-3.png\" alt=\"Beauty Lab\">\n                    </div>\n                </div>\n            </div>\n        </div>\n    </div>\n</div>\n','published','[\"main\\/products\\/product-17.jpg\",\"main\\/products\\/product-3.jpg\",\"main\\/products\\/product-1.jpg\",\"main\\/products\\/product-4.jpg\",\"main\\/products\\/product-20.jpg\",\"main\\/products\\/product-details-desc-1.jpg\"]','[[{\"key\":\"file\",\"value\":null},{\"key\":\"url\",\"value\":\"https:\\/\\/www.youtube.com\\/watch?v=6JYIGclVQdw\"},{\"key\":\"thumbnail\",\"value\":\"main\\/video\\/1.jpg\"}]]','I0-120-A1',0,11,0,1,'in_stock',1,2,0,0,1092,NULL,NULL,NULL,19,13,11,580,NULL,178543,'2025-07-28 01:50:08','2025-07-28 01:50:09',8,0,'Botble\\ACL\\Models\\User',0,NULL,'physical','9493790708941',NULL,0,'auto_generate',0,0,0,2),(43,'Metallic Pleated Maxi Skirt','Make a statement in this floral maxi dress, perfect for summer events or a casual day out. The flowy silhouette and vibrant print will turn heads wherever you go.','<div class=\"row justify-content-center\">\n    <div class=\"col-xl-10\">\n        <div class=\"tp-product-details-desc-item pb-105\">\n            <div class=\"row\">\n                <div class=\"col-lg-6\">\n                    <div class=\"pt-25\">\n                        <span>Anti-Aging Serum</span>\n                        <h3 class=\"tp-product-details-desc-title\">Revitalize Your Skin</h3>\n                        <p>\n                            Turn back the clock with our advanced anti-aging serum. Formulated with potent ingredients like hyaluronic acid and retinol, this serum targets fine lines, wrinkles, and age spots, leaving your skin looking youthful and radiant. Restore your skin\'s natural glow and texture with regular use.\n                        </p>\n                    </div>\n                    <div>\n                        <h3 class=\"tp-product-details-desc-title\">Hydration and Nourishment</h3>\n                        <p>\n                            Our anti-aging serum is enriched with hydrating and nourishing ingredients that penetrate deep into the skin to replenish moisture and improve elasticity. Say goodbye to dry, dull skin and hello to a complexion that\'s supple, smooth, and rejuvenated.\n                        </p>\n                    </div>\n                </div>\n                <div class=\"col-lg-6\">\n                    <div class=\"tp-product-details-desc-thumb\">\n                        <img src=\"/storage/beauty/products/product-1.png\" alt=\"Anti-Aging Serum\">\n                    </div>\n                </div>\n            </div>\n        </div>\n        <div class=\"tp-product-details-desc-item pb-75\">\n            <div class=\"row\">\n                <div class=\"col-lg-7\">\n                    <div class=\"tp-product-details-desc-thumb\">\n                        <img src=\"/storage/beauty/products/product-2.png\" alt=\"Application of Anti-Aging Serum\">\n                    </div>\n                </div>\n\n                <div class=\"col-lg-5 order-first order-lg-last\">\n                    <div class=\"des-content-2 pl-40\">\n                        <h3 class=\"tp-product-details-desc-title\">\n                            Visible Results\n                        </h3>\n                        <p>\n                            Experience noticeable results with our anti-aging serum. Within weeks of use, you\'ll notice smoother, firmer skin with reduced signs of aging. Incorporate it into your daily skincare routine for long-lasting benefits and a complexion that defies time.\n                        </p>\n                    </div>\n                </div>\n            </div>\n        </div>\n        <div class=\"tp-product-details-desc-item\">\n            <div class=\"row\">\n                <div class=\"col-xl-12\">\n                    <div class=\"tp-product-details-desc-banner text-center m-img\">\n                        <h3 class=\"tp-product-details-desc-banner-title tp-product-details-desc-title\">Expertly Formulated</h3>\n                        <img src=\"/storage/beauty/products/product-3.png\" alt=\"Beauty Lab\">\n                    </div>\n                </div>\n            </div>\n        </div>\n    </div>\n</div>\n','published','[\"main\\/products\\/product-3.jpg\",\"main\\/products\\/product-2.jpg\",\"main\\/products\\/product-12.jpg\",\"main\\/products\\/product-8.jpg\",\"main\\/products\\/product-1.jpg\",\"main\\/products\\/product-5.jpg\"]','[[{\"key\":\"file\",\"value\":\"main\\/video\\/video-2.mp4\"},{\"key\":\"url\",\"value\":null},{\"key\":\"thumbnail\",\"value\":\"main\\/video\\/2.jpg\"}]]','HU-128',0,18,0,1,'in_stock',1,5,0,0,1402,1292,NULL,NULL,14,10,18,743,NULL,186136,'2025-07-28 01:50:08','2025-07-28 01:50:09',3,0,'Botble\\ACL\\Models\\User',0,NULL,'physical','7361850135377',NULL,0,'auto_generate',0,0,0,2),(44,'Vintage Denim Jacket',NULL,NULL,'published','[\"main\\/products\\/product-4.jpg\"]',NULL,'PH-177-A1',0,19,0,1,'in_stock',0,1,1,0,1333,NULL,NULL,NULL,18,16,20,541,NULL,0,'2025-07-28 01:50:08','2025-07-28 01:50:09',NULL,0,'Botble\\ACL\\Models\\User',0,NULL,'physical','8662085764998',NULL,0,'auto_generate',0,0,0,NULL),(45,'Vintage Denim Jacket',NULL,NULL,'published','[\"main\\/products\\/product-3.jpg\"]',NULL,'PH-177-A1-A2',0,19,0,1,'in_stock',0,1,1,0,1333,NULL,NULL,NULL,18,16,20,541,NULL,0,'2025-07-28 01:50:08','2025-07-28 01:50:09',NULL,0,'Botble\\ACL\\Models\\User',0,NULL,'physical','5688946458724',NULL,0,'auto_generate',0,0,0,NULL),(46,'Vintage Denim Jacket',NULL,NULL,'published','[\"main\\/products\\/product-14.jpg\"]',NULL,'PH-177-A1-A3',0,19,0,1,'in_stock',0,1,1,0,1333,NULL,NULL,NULL,18,16,20,541,NULL,0,'2025-07-28 01:50:08','2025-07-28 01:50:09',NULL,0,'Botble\\ACL\\Models\\User',0,NULL,'physical','9532998202544',NULL,0,'auto_generate',0,0,0,NULL),(47,'Vintage Denim Jacket',NULL,NULL,'published','[\"main\\/products\\/product-12.jpg\"]',NULL,'PH-177-A1-A4',0,19,0,1,'in_stock',0,1,1,0,1333,NULL,NULL,NULL,18,16,20,541,NULL,0,'2025-07-28 01:50:08','2025-07-28 01:50:09',NULL,0,'Botble\\ACL\\Models\\User',0,NULL,'physical','4921661223095',NULL,0,'auto_generate',0,0,0,NULL),(48,'Floral Maxi Dress',NULL,NULL,'published','[\"main\\/products\\/product-5.jpg\"]',NULL,'WZ-186-A1',0,16,0,1,'in_stock',0,1,1,0,1542,NULL,NULL,NULL,18,17,16,767,NULL,0,'2025-07-28 01:50:08','2025-07-28 01:50:09',NULL,0,'Botble\\ACL\\Models\\User',0,NULL,'physical','3832027972957',NULL,0,'auto_generate',0,0,0,NULL),(49,'Floral Maxi Dress',NULL,NULL,'published','[\"main\\/products\\/product-6.jpg\"]',NULL,'WZ-186-A1-A2',0,16,0,1,'in_stock',0,1,1,0,1542,NULL,NULL,NULL,18,17,16,767,NULL,0,'2025-07-28 01:50:08','2025-07-28 01:50:09',NULL,0,'Botble\\ACL\\Models\\User',0,NULL,'physical','7081126721386',NULL,0,'auto_generate',0,0,0,NULL),(50,'Leather Ankle Boots',NULL,NULL,'published','[\"main\\/products\\/product-details-desc-2.jpg\"]',NULL,'YT-107-A1',0,18,0,1,'in_stock',0,2,1,0,2096,NULL,NULL,NULL,12,15,11,598,NULL,0,'2025-07-28 01:50:08','2025-07-28 01:50:09',NULL,0,'Botble\\ACL\\Models\\User',0,NULL,'physical','7861754365622',NULL,0,'auto_generate',0,0,0,NULL),(51,'Leather Ankle Boots',NULL,NULL,'published','[\"main\\/products\\/product-10.jpg\"]',NULL,'YT-107-A1-A2',0,18,0,1,'in_stock',0,2,1,0,2096,NULL,NULL,NULL,12,15,11,598,NULL,0,'2025-07-28 01:50:08','2025-07-28 01:50:09',NULL,0,'Botble\\ACL\\Models\\User',0,NULL,'physical','3417587154274',NULL,0,'auto_generate',0,0,0,NULL),(52,'Leather Ankle Boots',NULL,NULL,'published','[\"main\\/products\\/product-4.jpg\"]',NULL,'YT-107-A1-A3',0,18,0,1,'in_stock',0,2,1,0,2096,NULL,NULL,NULL,12,15,11,598,NULL,0,'2025-07-28 01:50:08','2025-07-28 01:50:09',NULL,0,'Botble\\ACL\\Models\\User',0,NULL,'physical','8095755000957',NULL,0,'auto_generate',0,0,0,NULL),(53,'Tailored Wool Blazer',NULL,NULL,'published','[\"main\\/products\\/product-4.jpg\"]',NULL,'BL-168-A1',0,15,0,1,'in_stock',0,2,1,0,982,NULL,NULL,NULL,12,16,18,681,NULL,0,'2025-07-28 01:50:08','2025-07-28 01:50:09',NULL,0,'Botble\\ACL\\Models\\User',0,NULL,'physical','5439079010569',NULL,0,'auto_generate',0,0,0,NULL),(54,'Tailored Wool Blazer',NULL,NULL,'published','[\"main\\/products\\/product-3.jpg\"]',NULL,'BL-168-A1-A2',0,15,0,1,'in_stock',0,2,1,0,982,NULL,NULL,NULL,12,16,18,681,NULL,0,'2025-07-28 01:50:08','2025-07-28 01:50:09',NULL,0,'Botble\\ACL\\Models\\User',0,NULL,'physical','5272754853620',NULL,0,'auto_generate',0,0,0,NULL),(55,'Silk Scarf with Geometric Print (Digital)',NULL,NULL,'published','[\"main\\/products\\/product-18.jpg\"]',NULL,'1F-107-A1',0,11,0,1,'in_stock',0,5,1,0,879,747.15,NULL,NULL,11,10,11,639,NULL,0,'2025-07-28 01:50:08','2025-07-28 01:50:09',NULL,0,'Botble\\ACL\\Models\\User',0,NULL,'digital','4370261026146',NULL,0,'auto_generate',0,0,0,NULL),(56,'Silk Scarf with Geometric Print (Digital)',NULL,NULL,'published','[\"main\\/products\\/product-9.jpg\"]',NULL,'1F-107-A1-A2',0,11,0,1,'in_stock',0,5,1,0,879,668.04,NULL,NULL,11,10,11,639,NULL,0,'2025-07-28 01:50:08','2025-07-28 01:50:09',NULL,0,'Botble\\ACL\\Models\\User',0,NULL,'digital','2491000829049',NULL,0,'auto_generate',0,0,0,NULL),(57,'Silk Scarf with Geometric Print (Digital)',NULL,NULL,'published','[\"main\\/products\\/product-details-desc-2.jpg\"]',NULL,'1F-107-A1-A3',0,11,0,1,'in_stock',0,5,1,0,879,747.15,NULL,NULL,11,10,11,639,NULL,0,'2025-07-28 01:50:08','2025-07-28 01:50:09',NULL,0,'Botble\\ACL\\Models\\User',0,NULL,'digital','6143458340497',NULL,0,'auto_generate',0,0,0,NULL),(58,'High-Waisted Wide Leg Trousers',NULL,NULL,'published','[\"main\\/products\\/product-10.jpg\"]',NULL,'0O-121-A1',0,14,0,1,'in_stock',0,3,1,0,2117,NULL,NULL,NULL,10,15,10,857,NULL,0,'2025-07-28 01:50:08','2025-07-28 01:50:09',NULL,0,'Botble\\ACL\\Models\\User',0,NULL,'physical','1258979999880',NULL,0,'auto_generate',0,0,0,NULL),(59,'High-Waisted Wide Leg Trousers',NULL,NULL,'published','[\"main\\/products\\/product-2.jpg\"]',NULL,'0O-121-A1-A2',0,14,0,1,'in_stock',0,3,1,0,2117,NULL,NULL,NULL,10,15,10,857,NULL,0,'2025-07-28 01:50:08','2025-07-28 01:50:09',NULL,0,'Botble\\ACL\\Models\\User',0,NULL,'physical','6261451740189',NULL,0,'auto_generate',0,0,0,NULL),(60,'High-Waisted Wide Leg Trousers',NULL,NULL,'published','[\"main\\/products\\/product-9.jpg\"]',NULL,'0O-121-A1-A3',0,14,0,1,'in_stock',0,3,1,0,2117,NULL,NULL,NULL,10,15,10,857,NULL,0,'2025-07-28 01:50:08','2025-07-28 01:50:09',NULL,0,'Botble\\ACL\\Models\\User',0,NULL,'physical','0506007441926',NULL,0,'auto_generate',0,0,0,NULL),(61,'High-Waisted Wide Leg Trousers',NULL,NULL,'published','[\"main\\/products\\/product-12.jpg\"]',NULL,'0O-121-A1-A4',0,14,0,1,'in_stock',0,3,1,0,2117,NULL,NULL,NULL,10,15,10,857,NULL,0,'2025-07-28 01:50:08','2025-07-28 01:50:09',NULL,0,'Botble\\ACL\\Models\\User',0,NULL,'physical','7242419736344',NULL,0,'auto_generate',0,0,0,NULL),(62,'High-Waisted Wide Leg Trousers',NULL,NULL,'published','[\"main\\/products\\/product-16.jpg\"]',NULL,'0O-121-A1-A5',0,14,0,1,'in_stock',0,3,1,0,2117,NULL,NULL,NULL,10,15,10,857,NULL,0,'2025-07-28 01:50:08','2025-07-28 01:50:09',NULL,0,'Botble\\ACL\\Models\\User',0,NULL,'physical','3450107148933',NULL,0,'auto_generate',0,0,0,NULL),(63,'Embroidered Boho Blouse',NULL,NULL,'published','[\"main\\/products\\/product-15.jpg\"]',NULL,'SL-123-A1',0,20,0,1,'in_stock',0,4,1,0,1959,NULL,NULL,NULL,11,10,13,899,NULL,0,'2025-07-28 01:50:08','2025-07-28 01:50:09',NULL,0,'Botble\\ACL\\Models\\User',0,NULL,'physical','7188783487805',NULL,0,'auto_generate',0,0,0,NULL),(64,'Embroidered Boho Blouse',NULL,NULL,'published','[\"main\\/products\\/product-1.jpg\"]',NULL,'SL-123-A1-A2',0,20,0,1,'in_stock',0,4,1,0,1959,NULL,NULL,NULL,11,10,13,899,NULL,0,'2025-07-28 01:50:08','2025-07-28 01:50:09',NULL,0,'Botble\\ACL\\Models\\User',0,NULL,'physical','5553378551308',NULL,0,'auto_generate',0,0,0,NULL),(65,'Statement Chunky Necklace',NULL,NULL,'published','[\"main\\/products\\/product-10.jpg\"]',NULL,'OC-133-A1',0,16,0,1,'in_stock',0,5,1,0,1615,NULL,NULL,NULL,11,15,20,718,NULL,0,'2025-07-28 01:50:08','2025-07-28 01:50:09',NULL,0,'Botble\\ACL\\Models\\User',0,NULL,'physical','4342872090854',NULL,0,'auto_generate',0,0,0,NULL),(66,'Distressed Skinny Jeans (Digital)',NULL,NULL,'published','[\"main\\/products\\/product-19.jpg\"]',NULL,'RE-124-A1',0,17,0,1,'in_stock',0,3,1,0,363,254.1,NULL,NULL,18,16,17,688,NULL,0,'2025-07-28 01:50:08','2025-07-28 01:50:09',NULL,0,'Botble\\ACL\\Models\\User',0,NULL,'digital','9578440292220',NULL,0,'auto_generate',0,0,0,NULL),(67,'Lace-Up Combat Boots',NULL,NULL,'published','[\"main\\/products\\/product-8.jpg\"]',NULL,'KU-134-A1',0,10,0,1,'in_stock',0,5,1,0,1712,NULL,NULL,NULL,17,15,19,745,NULL,0,'2025-07-28 01:50:08','2025-07-28 01:50:09',NULL,0,'Botble\\ACL\\Models\\User',0,NULL,'physical','7010024789075',NULL,0,'auto_generate',0,0,0,NULL),(68,'Lace-Up Combat Boots',NULL,NULL,'published','[\"main\\/products\\/product-12.jpg\"]',NULL,'KU-134-A1-A2',0,10,0,1,'in_stock',0,5,1,0,1712,NULL,NULL,NULL,17,15,19,745,NULL,0,'2025-07-28 01:50:08','2025-07-28 01:50:09',NULL,0,'Botble\\ACL\\Models\\User',0,NULL,'physical','2757472795689',NULL,0,'auto_generate',0,0,0,NULL),(69,'Lace-Up Combat Boots',NULL,NULL,'published','[\"main\\/products\\/product-16.jpg\"]',NULL,'KU-134-A1-A3',0,10,0,1,'in_stock',0,5,1,0,1712,NULL,NULL,NULL,17,15,19,745,NULL,0,'2025-07-28 01:50:08','2025-07-28 01:50:09',NULL,0,'Botble\\ACL\\Models\\User',0,NULL,'physical','1622603615345',NULL,0,'auto_generate',0,0,0,NULL),(70,'Cotton Striped T-Shirt Dress',NULL,NULL,'published','[\"main\\/products\\/product-7.jpg\"]',NULL,'6E-154-A1',0,17,0,1,'in_stock',0,3,1,0,428,NULL,NULL,NULL,19,14,13,537,NULL,0,'2025-07-28 01:50:08','2025-07-28 01:50:09',NULL,0,'Botble\\ACL\\Models\\User',0,NULL,'physical','5059714550078',NULL,0,'auto_generate',0,0,0,NULL),(71,'Cotton Striped T-Shirt Dress',NULL,NULL,'published','[\"main\\/products\\/product-8.jpg\"]',NULL,'6E-154-A1-A2',0,17,0,1,'in_stock',0,3,1,0,428,NULL,NULL,NULL,19,14,13,537,NULL,0,'2025-07-28 01:50:08','2025-07-28 01:50:09',NULL,0,'Botble\\ACL\\Models\\User',0,NULL,'physical','3652743278511',NULL,0,'auto_generate',0,0,0,NULL),(72,'Cotton Striped T-Shirt Dress',NULL,NULL,'published','[\"main\\/products\\/product-14.jpg\"]',NULL,'6E-154-A1-A3',0,17,0,1,'in_stock',0,3,1,0,428,NULL,NULL,NULL,19,14,13,537,NULL,0,'2025-07-28 01:50:08','2025-07-28 01:50:09',NULL,0,'Botble\\ACL\\Models\\User',0,NULL,'physical','5664900640428',NULL,0,'auto_generate',0,0,0,NULL),(73,'Cotton Striped T-Shirt Dress',NULL,NULL,'published','[\"main\\/products\\/product-2.jpg\"]',NULL,'6E-154-A1-A4',0,17,0,1,'in_stock',0,3,1,0,428,NULL,NULL,NULL,19,14,13,537,NULL,0,'2025-07-28 01:50:08','2025-07-28 01:50:09',NULL,0,'Botble\\ACL\\Models\\User',0,NULL,'physical','1298752678151',NULL,0,'auto_generate',0,0,0,NULL),(74,'Structured Satchel Bag (Digital)',NULL,NULL,'published','[\"main\\/products\\/product-8.jpg\"]',NULL,'P7-187-A1',0,12,0,1,'in_stock',0,4,1,0,2000,1600,NULL,NULL,10,12,14,798,NULL,0,'2025-07-28 01:50:08','2025-07-28 01:50:09',NULL,0,'Botble\\ACL\\Models\\User',0,NULL,'digital','4323343439594',NULL,0,'auto_generate',0,0,0,NULL),(75,'Structured Satchel Bag (Digital)',NULL,NULL,'published','[\"main\\/products\\/product-6.jpg\"]',NULL,'P7-187-A1-A2',0,12,0,1,'in_stock',0,4,1,0,2000,1620,NULL,NULL,10,12,14,798,NULL,0,'2025-07-28 01:50:08','2025-07-28 01:50:09',NULL,0,'Botble\\ACL\\Models\\User',0,NULL,'digital','2151101621507',NULL,0,'auto_generate',0,0,0,NULL),(76,'Structured Satchel Bag (Digital)',NULL,NULL,'published','[\"main\\/products\\/product-2.jpg\"]',NULL,'P7-187-A1-A3',0,12,0,1,'in_stock',0,4,1,0,2000,1400,NULL,NULL,10,12,14,798,NULL,0,'2025-07-28 01:50:08','2025-07-28 01:50:09',NULL,0,'Botble\\ACL\\Models\\User',0,NULL,'digital','2802884440167',NULL,0,'auto_generate',0,0,0,NULL),(77,'Structured Satchel Bag (Digital)',NULL,NULL,'published','[\"main\\/products\\/product-18.jpg\"]',NULL,'P7-187-A1-A4',0,12,0,1,'in_stock',0,4,1,0,2000,1600,NULL,NULL,10,12,14,798,NULL,0,'2025-07-28 01:50:08','2025-07-28 01:50:09',NULL,0,'Botble\\ACL\\Models\\User',0,NULL,'digital','0826750145743',NULL,0,'auto_generate',0,0,0,NULL),(78,'Off-Shoulder Ruffle Top',NULL,NULL,'published','[\"main\\/products\\/product-2.jpg\"]',NULL,'YB-142-A1',0,12,0,1,'in_stock',0,4,1,0,2118,NULL,NULL,NULL,14,15,14,889,NULL,0,'2025-07-28 01:50:08','2025-07-28 01:50:09',NULL,0,'Botble\\ACL\\Models\\User',0,NULL,'physical','3126428870357',NULL,0,'auto_generate',0,0,0,NULL),(79,'Suede Pointed-Toe Pumps',NULL,NULL,'published','[\"main\\/products\\/product-18.jpg\"]',NULL,'N7-160-A1',0,11,0,1,'in_stock',0,3,1,0,1373,NULL,NULL,NULL,16,16,19,663,NULL,0,'2025-07-28 01:50:08','2025-07-28 01:50:09',NULL,0,'Botble\\ACL\\Models\\User',0,NULL,'physical','8361632770757',NULL,0,'auto_generate',0,0,0,NULL),(80,'Suede Pointed-Toe Pumps',NULL,NULL,'published','[\"main\\/products\\/product-3.jpg\"]',NULL,'N7-160-A1-A2',0,11,0,1,'in_stock',0,3,1,0,1373,NULL,NULL,NULL,16,16,19,663,NULL,0,'2025-07-28 01:50:08','2025-07-28 01:50:09',NULL,0,'Botble\\ACL\\Models\\User',0,NULL,'physical','1593526392265',NULL,0,'auto_generate',0,0,0,NULL),(81,'Suede Pointed-Toe Pumps',NULL,NULL,'published','[\"main\\/products\\/product-9.jpg\"]',NULL,'N7-160-A1-A3',0,11,0,1,'in_stock',0,3,1,0,1373,NULL,NULL,NULL,16,16,19,663,NULL,0,'2025-07-28 01:50:08','2025-07-28 01:50:09',NULL,0,'Botble\\ACL\\Models\\User',0,NULL,'physical','5994218008666',NULL,0,'auto_generate',0,0,0,NULL),(82,'Leopard Print Midi Skirt',NULL,NULL,'published','[\"main\\/products\\/product-1.jpg\"]',NULL,'YA-131-A1',0,11,0,1,'in_stock',0,1,1,0,1714,NULL,NULL,NULL,13,14,12,861,NULL,0,'2025-07-28 01:50:08','2025-07-28 01:50:09',NULL,0,'Botble\\ACL\\Models\\User',0,NULL,'physical','5097688549377',NULL,0,'auto_generate',0,0,0,NULL),(83,'Leopard Print Midi Skirt',NULL,NULL,'published','[\"main\\/products\\/product-4.jpg\"]',NULL,'YA-131-A1-A2',0,11,0,1,'in_stock',0,1,1,0,1714,NULL,NULL,NULL,13,14,12,861,NULL,0,'2025-07-28 01:50:08','2025-07-28 01:50:09',NULL,0,'Botble\\ACL\\Models\\User',0,NULL,'physical','5747895612158',NULL,0,'auto_generate',0,0,0,NULL),(84,'Leopard Print Midi Skirt',NULL,NULL,'published','[\"main\\/products\\/product-17.jpg\"]',NULL,'YA-131-A1-A3',0,11,0,1,'in_stock',0,1,1,0,1714,NULL,NULL,NULL,13,14,12,861,NULL,0,'2025-07-28 01:50:08','2025-07-28 01:50:09',NULL,0,'Botble\\ACL\\Models\\User',0,NULL,'physical','4276536479429',NULL,0,'auto_generate',0,0,0,NULL),(85,'Faux Fur Trimmed Coat',NULL,NULL,'published','[\"main\\/products\\/product-7.jpg\"]',NULL,'BV-133-A1',0,18,0,1,'in_stock',0,3,1,0,367,NULL,NULL,NULL,19,14,17,608,NULL,0,'2025-07-28 01:50:08','2025-07-28 01:50:09',NULL,0,'Botble\\ACL\\Models\\User',0,NULL,'physical','5974297128677',NULL,0,'auto_generate',0,0,0,NULL),(86,'Faux Fur Trimmed Coat',NULL,NULL,'published','[\"main\\/products\\/product-4.jpg\"]',NULL,'BV-133-A1-A2',0,18,0,1,'in_stock',0,3,1,0,367,NULL,NULL,NULL,19,14,17,608,NULL,0,'2025-07-28 01:50:08','2025-07-28 01:50:09',NULL,0,'Botble\\ACL\\Models\\User',0,NULL,'physical','9014326219634',NULL,0,'auto_generate',0,0,0,NULL),(87,'Faux Fur Trimmed Coat',NULL,NULL,'published','[\"main\\/products\\/product-6.jpg\"]',NULL,'BV-133-A1-A3',0,18,0,1,'in_stock',0,3,1,0,367,NULL,NULL,NULL,19,14,17,608,NULL,0,'2025-07-28 01:50:08','2025-07-28 01:50:09',NULL,0,'Botble\\ACL\\Models\\User',0,NULL,'physical','8659686143222',NULL,0,'auto_generate',0,0,0,NULL),(88,'Faux Fur Trimmed Coat',NULL,NULL,'published','[\"main\\/products\\/product-6.jpg\"]',NULL,'BV-133-A1-A4',0,18,0,1,'in_stock',0,3,1,0,367,NULL,NULL,NULL,19,14,17,608,NULL,0,'2025-07-28 01:50:08','2025-07-28 01:50:09',NULL,0,'Botble\\ACL\\Models\\User',0,NULL,'physical','8326338534829',NULL,0,'auto_generate',0,0,0,NULL),(89,'Boho Fringed Kimono (Digital)',NULL,NULL,'published','[\"main\\/products\\/product-19.jpg\"]',NULL,'CM-126-A1',0,10,0,1,'in_stock',0,4,1,0,968,861.52,NULL,NULL,19,13,20,823,NULL,0,'2025-07-28 01:50:08','2025-07-28 01:50:09',NULL,0,'Botble\\ACL\\Models\\User',0,NULL,'digital','7138769142273',NULL,0,'auto_generate',0,0,0,NULL),(90,'Wide Brim Floppy Hat',NULL,NULL,'published','[\"main\\/products\\/product-6.jpg\"]',NULL,'4P-132-A1',0,18,0,1,'in_stock',0,5,1,0,379,NULL,NULL,NULL,14,17,13,638,NULL,0,'2025-07-28 01:50:08','2025-07-28 01:50:09',NULL,0,'Botble\\ACL\\Models\\User',0,NULL,'physical','2000083598768',NULL,0,'auto_generate',0,0,0,NULL),(91,'Wide Brim Floppy Hat',NULL,NULL,'published','[\"main\\/products\\/product-details-desc-3.jpg\"]',NULL,'4P-132-A1-A2',0,18,0,1,'in_stock',0,5,1,0,379,NULL,NULL,NULL,14,17,13,638,NULL,0,'2025-07-28 01:50:08','2025-07-28 01:50:09',NULL,0,'Botble\\ACL\\Models\\User',0,NULL,'physical','1745183656611',NULL,0,'auto_generate',0,0,0,NULL),(92,'Embellished Ballet Flats',NULL,NULL,'published','[\"main\\/products\\/product-13.jpg\"]',NULL,'OE-172-A1',0,11,0,1,'in_stock',0,5,1,0,1554,NULL,NULL,NULL,10,12,20,697,NULL,0,'2025-07-28 01:50:08','2025-07-28 01:50:09',NULL,0,'Botble\\ACL\\Models\\User',0,NULL,'physical','6406416865310',NULL,0,'auto_generate',0,0,0,NULL),(93,'Velour Tracksuit Set',NULL,NULL,'published','[\"main\\/products\\/product-12.jpg\"]',NULL,'VK-125-A1',0,12,0,1,'in_stock',0,5,1,0,1912,NULL,NULL,NULL,17,19,20,613,NULL,0,'2025-07-28 01:50:08','2025-07-28 01:50:09',NULL,0,'Botble\\ACL\\Models\\User',0,NULL,'physical','1859347727793',NULL,0,'auto_generate',0,0,0,NULL),(94,'Velour Tracksuit Set',NULL,NULL,'published','[\"main\\/products\\/product-16.jpg\"]',NULL,'VK-125-A1-A2',0,12,0,1,'in_stock',0,5,1,0,1912,NULL,NULL,NULL,17,19,20,613,NULL,0,'2025-07-28 01:50:08','2025-07-28 01:50:09',NULL,0,'Botble\\ACL\\Models\\User',0,NULL,'physical','2151321268780',NULL,0,'auto_generate',0,0,0,NULL),(95,'Buckle Detail Ankle Booties',NULL,NULL,'published','[\"main\\/products\\/product-6.jpg\"]',NULL,'36-101-A1',0,17,0,1,'in_stock',0,2,1,0,645,NULL,NULL,NULL,18,17,11,622,NULL,0,'2025-07-28 01:50:08','2025-07-28 01:50:09',NULL,0,'Botble\\ACL\\Models\\User',0,NULL,'physical','7883283822377',NULL,0,'auto_generate',0,0,0,NULL),(96,'Buckle Detail Ankle Booties',NULL,NULL,'published','[\"main\\/products\\/product-16.jpg\"]',NULL,'36-101-A1-A2',0,17,0,1,'in_stock',0,2,1,0,645,NULL,NULL,NULL,18,17,11,622,NULL,0,'2025-07-28 01:50:09','2025-07-28 01:50:09',NULL,0,'Botble\\ACL\\Models\\User',0,NULL,'physical','9950789637328',NULL,0,'auto_generate',0,0,0,NULL),(97,'Retro High-Top Sneakers',NULL,NULL,'published','[\"main\\/products\\/product-details-desc-3.jpg\"]',NULL,'ZQ-186-A1',0,18,0,1,'in_stock',0,3,1,0,2401,NULL,NULL,NULL,15,17,12,843,NULL,0,'2025-07-28 01:50:09','2025-07-28 01:50:09',NULL,0,'Botble\\ACL\\Models\\User',0,NULL,'physical','2468486906601',NULL,0,'auto_generate',0,0,0,NULL),(98,'Retro High-Top Sneakers',NULL,NULL,'published','[\"main\\/products\\/product-4.jpg\"]',NULL,'ZQ-186-A1-A2',0,18,0,1,'in_stock',0,3,1,0,2401,NULL,NULL,NULL,15,17,12,843,NULL,0,'2025-07-28 01:50:09','2025-07-28 01:50:09',NULL,0,'Botble\\ACL\\Models\\User',0,NULL,'physical','2063436548926',NULL,0,'auto_generate',0,0,0,NULL),(99,'Retro High-Top Sneakers',NULL,NULL,'published','[\"main\\/products\\/product-10.jpg\"]',NULL,'ZQ-186-A1-A3',0,18,0,1,'in_stock',0,3,1,0,2401,NULL,NULL,NULL,15,17,12,843,NULL,0,'2025-07-28 01:50:09','2025-07-28 01:50:09',NULL,0,'Botble\\ACL\\Models\\User',0,NULL,'physical','1107394904118',NULL,0,'auto_generate',0,0,0,NULL),(100,'Retro High-Top Sneakers',NULL,NULL,'published','[\"main\\/products\\/product-6.jpg\"]',NULL,'ZQ-186-A1-A4',0,18,0,1,'in_stock',0,3,1,0,2401,NULL,NULL,NULL,15,17,12,843,NULL,0,'2025-07-28 01:50:09','2025-07-28 01:50:09',NULL,0,'Botble\\ACL\\Models\\User',0,NULL,'physical','0943825364585',NULL,0,'auto_generate',0,0,0,NULL),(101,'Faux Leather Leggings',NULL,NULL,'published','[\"main\\/products\\/product-3.jpg\"]',NULL,'I0-120-A1',0,11,0,1,'in_stock',0,2,1,0,1092,NULL,NULL,NULL,19,13,11,580,NULL,0,'2025-07-28 01:50:09','2025-07-28 01:50:09',NULL,0,'Botble\\ACL\\Models\\User',0,NULL,'physical','1342077363824',NULL,0,'auto_generate',0,0,0,NULL),(102,'Faux Leather Leggings',NULL,NULL,'published','[\"main\\/products\\/product-1.jpg\"]',NULL,'I0-120-A1-A2',0,11,0,1,'in_stock',0,2,1,0,1092,NULL,NULL,NULL,19,13,11,580,NULL,0,'2025-07-28 01:50:09','2025-07-28 01:50:09',NULL,0,'Botble\\ACL\\Models\\User',0,NULL,'physical','0913022941872',NULL,0,'auto_generate',0,0,0,NULL);

--
