--
-- Host: 127.0.0.1    Database: shofy
-- ------------------------------------------------------


--
-- Table structure for table `activations`
--

CREATE TABLE `activations` (
  `id` bigint unsigned NOT NULL AUTO_INCREMENT,
  `user_id` bigint unsigned NOT NULL,
  `code` varchar(120) COLLATE utf8mb4_unicode_ci NOT NULL,
  `completed` tinyint(1) NOT NULL DEFAULT '0',
  `completed_at` timestamp NULL DEFAULT NULL,
  `created_at` timestamp NULL DEFAULT NULL,
  `updated_at` timestamp NULL DEFAULT NULL,
  PRIMARY KEY (`id`),
  KEY `activations_user_id_index` (`user_id`)
) ENGINE=InnoDB AUTO_INCREMENT=2 DEFAULT CHARSET=utf8mb4 COLLATE=utf8mb4_unicode_ci;

--
-- Dumping data for table `activations`
--

INSERT INTO `activations` VALUES (1,1,'jBy6Ts51wNLBW92FHwripq4IODWMhBFn',1,'2025-07-28 01:49:07','2025-07-28 01:49:07','2025-07-28 01:49:07');

--
-- Table structure for table `admin_notifications`
--

CREATE TABLE `admin_notifications` (
  `id` bigint unsigned NOT NULL AUTO_INCREMENT,
  `title` varchar(191) COLLATE utf8mb4_unicode_ci NOT NULL,
  `action_label` varchar(191) COLLATE utf8mb4_unicode_ci DEFAULT NULL,
  `action_url` varchar(191) COLLATE utf8mb4_unicode_ci DEFAULT NULL,
  `description` varchar(400) COLLATE utf8mb4_unicode_ci DEFAULT NULL,
  `read_at` timestamp NULL DEFAULT NULL,
  `created_at` timestamp NULL DEFAULT NULL,
  `updated_at` timestamp NULL DEFAULT NULL,
  `permission` varchar(191) COLLATE utf8mb4_unicode_ci DEFAULT NULL,
  PRIMARY KEY (`id`)
) ENGINE=InnoDB DEFAULT CHARSET=utf8mb4 COLLATE=utf8mb4_unicode_ci;

--
-- Dumping data for table `admin_notifications`
--


--
-- Table structure for table `ads`
--

CREATE TABLE `ads` (
  `id` bigint unsigned NOT NULL AUTO_INCREMENT,
  `name` varchar(191) COLLATE utf8mb4_unicode_ci NOT NULL,
  `expired_at` datetime DEFAULT NULL,
  `location` varchar(120) COLLATE utf8mb4_unicode_ci DEFAULT NULL,
  `key` varchar(120) COLLATE utf8mb4_unicode_ci NOT NULL,
  `image` varchar(191) COLLATE utf8mb4_unicode_ci DEFAULT NULL,
  `url` varchar(191) COLLATE utf8mb4_unicode_ci DEFAULT NULL,
  `clicked` bigint NOT NULL DEFAULT '0',
  `order` int DEFAULT '0',
  `status` varchar(60) COLLATE utf8mb4_unicode_ci NOT NULL DEFAULT 'published',
  `created_at` timestamp NULL DEFAULT NULL,
  `updated_at` timestamp NULL DEFAULT NULL,
  `open_in_new_tab` tinyint(1) NOT NULL DEFAULT '1',
  `tablet_image` varchar(191) COLLATE utf8mb4_unicode_ci DEFAULT NULL,
  `mobile_image` varchar(191) COLLATE utf8mb4_unicode_ci DEFAULT NULL,
  `ads_type` varchar(191) COLLATE utf8mb4_unicode_ci DEFAULT NULL,
  `google_adsense_slot_id` varchar(191) COLLATE utf8mb4_unicode_ci DEFAULT NULL,
  PRIMARY KEY (`id`),
  UNIQUE KEY `ads_key_unique` (`key`)
) ENGINE=InnoDB AUTO_INCREMENT=7 DEFAULT CHARSET=utf8mb4 COLLATE=utf8mb4_unicode_ci;

--
-- Dumping data for table `ads`
--

INSERT INTO `ads` VALUES (1,'Ads 1','2030-07-28 00:00:00','not_set','UROL9F9ZZVAA','main/banners/1.jpg','/products',0,1,'published','2025-07-28 01:49:33','2025-07-28 01:49:33',1,NULL,NULL,'custom_ad',NULL),(2,'Ads 2','2030-07-28 00:00:00','not_set','B30VDBKO7SBF','main/banners/2.jpg','/products',0,2,'published','2025-07-28 01:49:33','2025-07-28 01:49:33',1,NULL,NULL,'custom_ad',NULL),(3,'Ads 3','2030-07-28 00:00:00','not_set','WXAUTIJV1QU0','fashion/banners/1.jpg','/products',0,3,'published','2025-07-28 01:49:33','2025-07-28 01:49:33',1,NULL,NULL,'custom_ad',NULL),(4,'Ads 4','2030-07-28 00:00:00','not_set','7Z5RXBBWV7J2','fashion/banners/2.jpg','/products',0,4,'published','2025-07-28 01:49:33','2025-07-28 01:49:33',1,NULL,NULL,'custom_ad',NULL),(5,'Ads 5','2030-07-28 00:00:00','not_set','JY08TDO8FG1E','fashion/banners/3.jpg','/products',0,5,'published','2025-07-28 01:49:33','2025-07-28 01:49:33',1,NULL,NULL,'custom_ad',NULL),(6,'Ads 6','2030-07-28 00:00:00','not_set','VKJNCBIBQC1O','fashion/banners/4.jpg','/products',0,6,'published','2025-07-28 01:49:33','2025-07-28 01:49:33',1,NULL,NULL,'custom_ad',NULL);

--
-- Table structure for table `ads_translations`
--

CREATE TABLE `ads_translations` (
  `lang_code` varchar(191) COLLATE utf8mb4_unicode_ci NOT NULL,
  `ads_id` bigint unsigned NOT NULL,
  `name` varchar(191) COLLATE utf8mb4_unicode_ci DEFAULT NULL,
  `image` varchar(191) COLLATE utf8mb4_unicode_ci DEFAULT NULL,
  `url` varchar(191) COLLATE utf8mb4_unicode_ci DEFAULT NULL,
  `tablet_image` varchar(191) COLLATE utf8mb4_unicode_ci DEFAULT NULL,
  `mobile_image` varchar(191) COLLATE utf8mb4_unicode_ci DEFAULT NULL,
  PRIMARY KEY (`lang_code`,`ads_id`)
) ENGINE=InnoDB DEFAULT CHARSET=utf8mb4 COLLATE=utf8mb4_unicode_ci;

--
-- Dumping data for table `ads_translations`
--


--
-- Table structure for table `announcements`
--

CREATE TABLE `announcements` (
  `id` bigint unsigned NOT NULL AUTO_INCREMENT,
  `name` varchar(191) COLLATE utf8mb4_unicode_ci NOT NULL,
  `content` text COLLATE utf8mb4_unicode_ci NOT NULL,
  `has_action` tinyint(1) NOT NULL DEFAULT '0',
  `action_label` varchar(60) COLLATE utf8mb4_unicode_ci DEFAULT NULL,
  `action_url` varchar(400) COLLATE utf8mb4_unicode_ci DEFAULT NULL,
  `action_open_new_tab` tinyint(1) NOT NULL DEFAULT '0',
  `dismissible` tinyint(1) NOT NULL DEFAULT '0',
  `start_date` datetime DEFAULT NULL,
  `end_date` datetime DEFAULT NULL,
  `is_active` tinyint(1) NOT NULL DEFAULT '1',
  `created_at` timestamp NULL DEFAULT NULL,
  `updated_at` timestamp NULL DEFAULT NULL,
  PRIMARY KEY (`id`)
) ENGINE=InnoDB AUTO_INCREMENT=4 DEFAULT CHARSET=utf8mb4 COLLATE=utf8mb4_unicode_ci;

--
-- Dumping data for table `announcements`
--

INSERT INTO `announcements` VALUES (1,'Announcement 1','Enjoy free shipping on all orders over $99! Shop now and save on delivery costs.',0,NULL,NULL,0,1,'2025-07-28 08:49:25',NULL,1,'2025-07-28 01:49:25','2025-07-28 01:49:25'),(2,'Announcement 2','Need assistance? Our customer support is available 24/7 to help you with any questions or concerns.',0,NULL,NULL,0,1,'2025-07-28 08:49:25',NULL,1,'2025-07-28 01:49:25','2025-07-28 01:49:25'),(3,'Announcement 3','Shop with confidence! We offer a hassle-free 30 days return service for your peace of mind.',0,NULL,NULL,0,1,'2025-07-28 08:49:25',NULL,1,'2025-07-28 01:49:25','2025-07-28 01:49:25');

--
-- Table structure for table `announcements_translations`
--

CREATE TABLE `announcements_translations` (
  `lang_code` varchar(191) COLLATE utf8mb4_unicode_ci NOT NULL,
  `announcements_id` bigint unsigned NOT NULL,
  `content` text COLLATE utf8mb4_unicode_ci,
  `action_label` varchar(60) COLLATE utf8mb4_unicode_ci DEFAULT NULL,
  PRIMARY KEY (`lang_code`,`announcements_id`)
) ENGINE=InnoDB DEFAULT CHARSET=utf8mb4 COLLATE=utf8mb4_unicode_ci;

--
-- Dumping data for table `announcements_translations`
--


--
-- Table structure for table `audit_histories`
--

CREATE TABLE `audit_histories` (
  `id` bigint unsigned NOT NULL AUTO_INCREMENT,
  `user_id` bigint unsigned NOT NULL,
  `user_type` varchar(191) COLLATE utf8mb4_unicode_ci DEFAULT 'Botble\\ACL\\Models\\User',
  `module` varchar(60) COLLATE utf8mb4_unicode_ci NOT NULL,
  `request` longtext COLLATE utf8mb4_unicode_ci,
  `action` varchar(120) COLLATE utf8mb4_unicode_ci NOT NULL,
  `user_agent` text COLLATE utf8mb4_unicode_ci,
  `ip_address` varchar(45) COLLATE utf8mb4_unicode_ci DEFAULT NULL,
  `actor_id` bigint unsigned NOT NULL,
  `actor_type` varchar(191) COLLATE utf8mb4_unicode_ci DEFAULT 'Botble\\ACL\\Models\\User',
  `reference_id` bigint unsigned NOT NULL,
  `reference_name` varchar(191) COLLATE utf8mb4_unicode_ci NOT NULL,
  `type` varchar(20) COLLATE utf8mb4_unicode_ci NOT NULL,
  `created_at` timestamp NULL DEFAULT NULL,
  `updated_at` timestamp NULL DEFAULT NULL,
  PRIMARY KEY (`id`),
  KEY `audit_histories_user_id_index` (`user_id`),
  KEY `audit_histories_module_index` (`module`)
) ENGINE=InnoDB DEFAULT CHARSET=utf8mb4 COLLATE=utf8mb4_unicode_ci;

--
-- Dumping data for table `audit_histories`
--


--
-- Table structure for table `cache`
--

CREATE TABLE `cache` (
  `key` varchar(191) COLLATE utf8mb4_unicode_ci NOT NULL,
  `value` mediumtext COLLATE utf8mb4_unicode_ci NOT NULL,
  `expiration` int NOT NULL,
  PRIMARY KEY (`key`)
) ENGINE=InnoDB DEFAULT CHARSET=utf8mb4 COLLATE=utf8mb4_unicode_ci;

--
-- Dumping data for table `cache`
--


--
-- Table structure for table `cache_locks`
--

CREATE TABLE `cache_locks` (
  `key` varchar(191) COLLATE utf8mb4_unicode_ci NOT NULL,
  `owner` varchar(191) COLLATE utf8mb4_unicode_ci NOT NULL,
  `expiration` int NOT NULL,
  PRIMARY KEY (`key`)
) ENGINE=InnoDB DEFAULT CHARSET=utf8mb4 COLLATE=utf8mb4_unicode_ci;

--
-- Dumping data for table `cache_locks`
--


--
-- Table structure for table `categories`
--

CREATE TABLE `categories` (
  `id` bigint unsigned NOT NULL AUTO_INCREMENT,
  `name` varchar(120) COLLATE utf8mb4_unicode_ci NOT NULL,
  `parent_id` bigint unsigned NOT NULL DEFAULT '0',
  `description` varchar(400) COLLATE utf8mb4_unicode_ci DEFAULT NULL,
  `status` varchar(60) COLLATE utf8mb4_unicode_ci NOT NULL DEFAULT 'published',
  `author_id` bigint unsigned DEFAULT NULL,
  `author_type` varchar(191) COLLATE utf8mb4_unicode_ci NOT NULL DEFAULT 'Botble\\ACL\\Models\\User',
  `icon` varchar(60) COLLATE utf8mb4_unicode_ci DEFAULT NULL,
  `order` int unsigned NOT NULL DEFAULT '0',
  `is_featured` tinyint NOT NULL DEFAULT '0',
  `is_default` tinyint unsigned NOT NULL DEFAULT '0',
  `created_at` timestamp NULL DEFAULT NULL,
  `updated_at` timestamp NULL DEFAULT NULL,
  PRIMARY KEY (`id`),
  KEY `categories_parent_id_index` (`parent_id`),
  KEY `categories_status_index` (`status`),
  KEY `categories_created_at_index` (`created_at`)
) ENGINE=InnoDB AUTO_INCREMENT=7 DEFAULT CHARSET=utf8mb4 COLLATE=utf8mb4_unicode_ci;

--
-- Dumping data for table `categories`
--

INSERT INTO `categories` VALUES (1,'Crisp Bread &amp; Cake',0,'Hic qui ut ab et earum et. Quibusdam laboriosam ratione animi et dolorem. Iusto eum qui qui esse aspernatur. Dolores eum dolor voluptas unde. Earum rem at ad et eum cumque.','published',1,'Botble\\ACL\\Models\\User',NULL,0,0,0,'2025-07-28 01:49:18','2025-07-28 01:49:18'),(2,'Fashion',0,'Dolor laborum maiores non. Fuga sit aut placeat. Ut sint veritatis recusandae est veritatis perspiciatis. Deleniti cum eveniet dolorem hic est. Qui et voluptatem modi aliquam.','published',1,'Botble\\ACL\\Models\\User',NULL,0,1,0,'2025-07-28 01:49:18','2025-07-28 01:49:18'),(3,'Electronic',0,'Veniam quis placeat perferendis placeat qui cum. Dolor labore ea magni eaque.','published',1,'Botble\\ACL\\Models\\User',NULL,0,1,0,'2025-07-28 01:49:18','2025-07-28 01:49:18'),(4,'Commercial',0,'Dolor consequatur nulla enim ut officia ipsum sit. Voluptatum eum aliquam id porro fuga. Earum inventore hic tempora aut ea ut. Numquam quisquam est soluta. Omnis excepturi error beatae neque.','published',1,'Botble\\ACL\\Models\\User',NULL,0,1,0,'2025-07-28 01:49:18','2025-07-28 01:49:18'),(5,'Organic Fruits',0,'Corrupti eius similique laboriosam inventore consectetur aut. Voluptatem qui eos a. Enim nulla eum et at. Et a qui dolor architecto quisquam aut dolorum.','published',1,'Botble\\ACL\\Models\\User',NULL,0,1,0,'2025-07-28 01:49:18','2025-07-28 01:49:18'),(6,'Ecological',0,'Quam neque maiores tempora tempore omnis aut dolorum. Impedit rem sint autem necessitatibus sit id nulla. Quas quae vitae et aliquam quisquam enim consequatur cumque.','published',1,'Botble\\ACL\\Models\\User',NULL,0,1,0,'2025-07-28 01:49:18','2025-07-28 01:49:18');

--
-- Table structure for table `categories_translations`
--

CREATE TABLE `categories_translations` (
  `lang_code` varchar(20) COLLATE utf8mb4_unicode_ci NOT NULL,
  `categories_id` bigint unsigned NOT NULL,
  `name` varchar(191) COLLATE utf8mb4_unicode_ci DEFAULT NULL,
  `description` varchar(400) COLLATE utf8mb4_unicode_ci DEFAULT NULL,
  PRIMARY KEY (`lang_code`,`categories_id`)
) ENGINE=InnoDB DEFAULT CHARSET=utf8mb4 COLLATE=utf8mb4_unicode_ci;

--
-- Dumping data for table `categories_translations`
--


--
-- Table structure for table `cities`
--

CREATE TABLE `cities` (
  `id` bigint unsigned NOT NULL AUTO_INCREMENT,
  `name` varchar(120) COLLATE utf8mb4_unicode_ci NOT NULL,
  `slug` varchar(120) COLLATE utf8mb4_unicode_ci DEFAULT NULL,
  `state_id` bigint unsigned DEFAULT NULL,
  `country_id` bigint unsigned DEFAULT NULL,
  `record_id` varchar(40) COLLATE utf8mb4_unicode_ci DEFAULT NULL,
  `order` tinyint NOT NULL DEFAULT '0',
  `image` varchar(191) COLLATE utf8mb4_unicode_ci DEFAULT NULL,
  `is_default` tinyint unsigned NOT NULL DEFAULT '0',
  `status` varchar(60) COLLATE utf8mb4_unicode_ci NOT NULL DEFAULT 'published',
  `created_at` timestamp NULL DEFAULT NULL,
  `updated_at` timestamp NULL DEFAULT NULL,
  `zip_code` varchar(20) COLLATE utf8mb4_unicode_ci DEFAULT NULL,
  PRIMARY KEY (`id`),
  UNIQUE KEY `cities_slug_unique` (`slug`)
) ENGINE=InnoDB DEFAULT CHARSET=utf8mb4 COLLATE=utf8mb4_unicode_ci;

--
-- Dumping data for table `cities`
--


--
-- Table structure for table `cities_translations`
--

CREATE TABLE `cities_translations` (
  `lang_code` varchar(20) COLLATE utf8mb4_unicode_ci NOT NULL,
  `cities_id` bigint unsigned NOT NULL,
  `name` varchar(120) COLLATE utf8mb4_unicode_ci DEFAULT NULL,
  `slug` varchar(120) COLLATE utf8mb4_unicode_ci DEFAULT NULL,
  PRIMARY KEY (`lang_code`,`cities_id`)
) ENGINE=InnoDB DEFAULT CHARSET=utf8mb4 COLLATE=utf8mb4_unicode_ci;

--
-- Dumping data for table `cities_translations`
--


--
-- Table structure for table `contact_custom_field_options`
--

CREATE TABLE `contact_custom_field_options` (
  `id` bigint unsigned NOT NULL AUTO_INCREMENT,
  `custom_field_id` bigint unsigned NOT NULL,
  `label` varchar(191) COLLATE utf8mb4_unicode_ci DEFAULT NULL,
  `value` varchar(191) COLLATE utf8mb4_unicode_ci NOT NULL,
  `order` int NOT NULL DEFAULT '999',
  `created_at` timestamp NULL DEFAULT NULL,
  `updated_at` timestamp NULL DEFAULT NULL,
  PRIMARY KEY (`id`)
) ENGINE=InnoDB DEFAULT CHARSET=utf8mb4 COLLATE=utf8mb4_unicode_ci;

--
-- Dumping data for table `contact_custom_field_options`
--


--
-- Table structure for table `contact_custom_field_options_translations`
--

CREATE TABLE `contact_custom_field_options_translations` (
  `contact_custom_field_options_id` bigint unsigned NOT NULL,
  `lang_code` varchar(191) COLLATE utf8mb4_unicode_ci NOT NULL,
  `label` varchar(191) COLLATE utf8mb4_unicode_ci DEFAULT NULL,
  `value` varchar(191) COLLATE utf8mb4_unicode_ci DEFAULT NULL,
  PRIMARY KEY (`lang_code`,`contact_custom_field_options_id`)
) ENGINE=InnoDB DEFAULT CHARSET=utf8mb4 COLLATE=utf8mb4_unicode_ci;

--
-- Dumping data for table `contact_custom_field_options_translations`
--


--
-- Table structure for table `contact_custom_fields`
--

CREATE TABLE `contact_custom_fields` (
  `id` bigint unsigned NOT NULL AUTO_INCREMENT,
  `type` varchar(191) COLLATE utf8mb4_unicode_ci NOT NULL,
  `required` tinyint(1) NOT NULL DEFAULT '0',
  `name` varchar(191) COLLATE utf8mb4_unicode_ci NOT NULL,
  `placeholder` varchar(191) COLLATE utf8mb4_unicode_ci DEFAULT NULL,
  `order` int NOT NULL DEFAULT '999',
  `status` varchar(191) COLLATE utf8mb4_unicode_ci NOT NULL DEFAULT 'published',
  `created_at` timestamp NULL DEFAULT NULL,
  `updated_at` timestamp NULL DEFAULT NULL,
  PRIMARY KEY (`id`)
) ENGINE=InnoDB DEFAULT CHARSET=utf8mb4 COLLATE=utf8mb4_unicode_ci;

--
-- Dumping data for table `contact_custom_fields`
--


--
-- Table structure for table `contact_custom_fields_translations`
--

CREATE TABLE `contact_custom_fields_translations` (
  `contact_custom_fields_id` bigint unsigned NOT NULL,
  `lang_code` varchar(191) COLLATE utf8mb4_unicode_ci NOT NULL,
  `name` varchar(191) COLLATE utf8mb4_unicode_ci DEFAULT NULL,
  `placeholder` varchar(191) COLLATE utf8mb4_unicode_ci DEFAULT NULL,
  PRIMARY KEY (`lang_code`,`contact_custom_fields_id`)
) ENGINE=InnoDB DEFAULT CHARSET=utf8mb4 COLLATE=utf8mb4_unicode_ci;

--
-- Dumping data for table `contact_custom_fields_translations`
--


--
-- Table structure for table `contact_replies`
--

CREATE TABLE `contact_replies` (
  `id` bigint unsigned NOT NULL AUTO_INCREMENT,
  `message` longtext COLLATE utf8mb4_unicode_ci NOT NULL,
  `contact_id` bigint unsigned NOT NULL,
  `created_at` timestamp NULL DEFAULT NULL,
  `updated_at` timestamp NULL DEFAULT NULL,
  PRIMARY KEY (`id`)
) ENGINE=InnoDB DEFAULT CHARSET=utf8mb4 COLLATE=utf8mb4_unicode_ci;

--
-- Dumping data for table `contact_replies`
--


--
-- Table structure for table `contacts`
--

CREATE TABLE `contacts` (
  `id` bigint unsigned NOT NULL AUTO_INCREMENT,
  `name` varchar(60) COLLATE utf8mb4_unicode_ci NOT NULL,
  `email` varchar(60) COLLATE utf8mb4_unicode_ci DEFAULT NULL,
  `phone` varchar(60) COLLATE utf8mb4_unicode_ci DEFAULT NULL,
  `address` varchar(120) COLLATE utf8mb4_unicode_ci DEFAULT NULL,
  `subject` varchar(120) COLLATE utf8mb4_unicode_ci DEFAULT NULL,
  `content` longtext COLLATE utf8mb4_unicode_ci NOT NULL,
  `custom_fields` text COLLATE utf8mb4_unicode_ci,
  `status` varchar(60) COLLATE utf8mb4_unicode_ci NOT NULL DEFAULT 'unread',
  `created_at` timestamp NULL DEFAULT NULL,
  `updated_at` timestamp NULL DEFAULT NULL,
  PRIMARY KEY (`id`)
) ENGINE=InnoDB AUTO_INCREMENT=11 DEFAULT CHARSET=utf8mb4 COLLATE=utf8mb4_unicode_ci;

--
-- Dumping data for table `contacts`
--

INSERT INTO `contacts` VALUES (1,'Richie Cummerata','marcus.gorczany@example.net','+1-848-745-6731','533 Reynolds Street\nSouth Carolina, AZ 75318','Voluptas totam laboriosam repudiandae sit enim.','Et repudiandae consequatur vel et magni quibusdam. Incidunt expedita quibusdam saepe odio illum. Repellat expedita minima ut. Ullam sit fugit quod ea in voluptatem beatae. Doloremque fugit itaque quae sunt sapiente. Iure nesciunt id et pariatur. Cum maiores perferendis ut vero tempora doloribus tempore. Quo repellat provident sunt fugit omnis et. Esse sequi similique qui ratione aspernatur eius neque.',NULL,'unread','2025-07-28 01:49:15','2025-07-28 01:49:15'),(2,'Rosina Kulas','dimitri28@example.org','+1.318.504.5134','60307 Smith Radial Suite 115\nNew Shanahaven, WY 02363-6157','Sed quas molestiae dolorem ut magni id iure.','Autem labore saepe asperiores suscipit perspiciatis sint ut. Voluptatem est ipsam eos iure. Tempore dolorem sint iure. Ut commodi laboriosam maiores voluptatem fugiat quae. Fugiat est et exercitationem quia. Architecto a exercitationem sit non dolorem incidunt. Provident ut exercitationem in nemo qui ipsum sit. Et eaque nam sed. Quibusdam repudiandae atque nihil autem aut sequi. Dolores dolores voluptatum est. Temporibus dolores cupiditate est id veritatis voluptatibus.',NULL,'unread','2025-07-28 01:49:15','2025-07-28 01:49:15'),(3,'Samantha Barrows','schmidt.leland@example.com','+1 (678) 625-1256','3033 Claudine Radial\nEast Lilianeton, HI 11528','Amet consequatur odio voluptas consequatur.','Voluptatem aut qui odit natus. Voluptatem eveniet aperiam impedit harum velit accusamus enim animi. Natus beatae itaque libero aut eius at. Vitae eaque eaque laudantium doloribus laboriosam reiciendis et. Est eum voluptatem debitis aut. Ea id ad excepturi facere nulla natus. Sit ut totam ea non. Earum aut quia temporibus aperiam necessitatibus. Quaerat quia id unde aut. Et dolores fuga dignissimos accusantium quia eius corporis. Et aut earum omnis magni. Quo pariatur blanditiis quibusdam enim.',NULL,'unread','2025-07-28 01:49:15','2025-07-28 01:49:15'),(4,'Viva Hansen PhD','beryl46@example.com','+1-713-505-2003','8633 Frida Squares Apt. 915\nBeierfort, ME 92480-2018','Veniam placeat vel nam fugit aut dolores.','Inventore quis ex consequatur dolores. Quod ea saepe quia aut facilis ex sed maiores. Dignissimos voluptates veritatis nihil doloribus ea omnis ut rerum. Dicta omnis provident voluptas. Et cumque quia quae corrupti excepturi nihil aut vel. Beatae quaerat occaecati ex ad ut quia. Sint quo a aut delectus natus. Tenetur sequi sit cupiditate. Similique est officia maiores id voluptatum ad assumenda. Veritatis et itaque ducimus vitae. Enim a et est blanditiis aut debitis.',NULL,'unread','2025-07-28 01:49:15','2025-07-28 01:49:15'),(5,'Paxton Crona','christiana.parisian@example.org','(304) 767-5662','5142 Ilene Mount Apt. 367\nFrancescoland, IA 52091','Et blanditiis et beatae suscipit voluptate.','Hic libero earum ut et. Et ea recusandae molestiae saepe maxime. Est nulla ut non quo velit voluptatibus aut. Repellat non sit voluptas repellat sit aperiam. Et occaecati dicta et tempore debitis. Totam vel hic assumenda alias harum saepe. Perferendis commodi tenetur doloribus possimus similique impedit. Dolores commodi nesciunt quia aut necessitatibus odio enim impedit. Suscipit sit veniam ea libero laboriosam. Eum et aut modi eum ab harum. Consequatur id debitis ea at ut debitis.',NULL,'unread','2025-07-28 01:49:15','2025-07-28 01:49:15'),(6,'Trenton Stehr','mertz.ericka@example.net','+1 (661) 962-7183','91680 Ciara Ranch Apt. 287\nSouth Donny, RI 98227-5877','Qui et quaerat quaerat eaque.','Modi voluptatem iusto animi sunt ipsam. Eligendi officiis accusantium et perferendis vitae totam. Vitae tempore et commodi eaque. Quae aliquid nostrum voluptatem beatae ipsam sint omnis molestiae. Mollitia laborum quae qui aspernatur est esse. Sit aperiam excepturi et dolorem temporibus. Animi neque sit quos architecto sapiente omnis quibusdam a.',NULL,'unread','2025-07-28 01:49:15','2025-07-28 01:49:15'),(7,'Stanton Morar','bonita.muller@example.com','(304) 780-2318','6382 Grimes Meadow\nAsiamouth, DC 74091-8060','Eligendi blanditiis officiis cupiditate sit.','Eum quas maiores molestias molestias porro ea vero. Aut porro ut dolor autem nihil dignissimos id. Animi similique dolore quaerat molestias. Recusandae odio earum totam enim qui architecto eum. Qui expedita cum voluptate velit aspernatur voluptatum iste. Fugit molestiae dolorem voluptatem est omnis. Saepe recusandae pariatur magnam odit eos corrupti. Quam et dicta corrupti. Architecto facilis debitis sint ratione aliquid dolores alias quod. Quo nam et rerum quia cumque beatae rerum et.',NULL,'read','2025-07-28 01:49:15','2025-07-28 01:49:15'),(8,'Ray Feil','wuckert.estell@example.org','1-364-247-0682','28343 Magdalen Mountains Apt. 865\nNorth Violaland, NJ 52702','Quae sed earum qui unde repellendus sed dolore.','Quod libero aliquid est nesciunt. Voluptatem ea ut dolorem quidem quae fuga. Id sunt dolorem libero eos at. Qui vero iure iure aut deserunt sunt omnis. Vel possimus qui et et. Commodi quod et quo consequatur deserunt est maiores. Aspernatur architecto possimus eligendi tempore voluptatem ea. Voluptatibus illum sit minus quo ut aut maiores. Ipsa omnis quis ut qui. Eius vel qui vitae tempora.',NULL,'unread','2025-07-28 01:49:15','2025-07-28 01:49:15'),(9,'Mrs. Nikki Lemke DDS','pacocha.tyrese@example.org','+1.765.858.7904','1822 Lynch Rapid Suite 276\nVonRuedenberg, IA 22119','Tempore explicabo dolore minus esse et quia.','Provident in aspernatur voluptas quia. Explicabo voluptas beatae molestias ipsa error aut. Cumque quia deleniti accusantium corrupti. Perspiciatis quibusdam iusto non magnam non. A laborum quibusdam amet. Quia doloribus itaque itaque at est. Minima dolorem sint iusto odio quia. Repellendus debitis delectus eaque recusandae. Hic maxime eum esse aperiam. Ab animi dignissimos ratione animi neque molestiae. Illo et ad voluptatem voluptatum ab sed.',NULL,'read','2025-07-28 01:49:15','2025-07-28 01:49:15'),(10,'Hallie Kutch DDS','lizeth.schmeler@example.com','(442) 563-1054','23261 Bosco Forge Suite 260\nLake Emiliashire, IA 27336','Ut id non consectetur reprehenderit modi.','Blanditiis nobis aliquid sed accusantium tempore provident tenetur corporis. Voluptatem dolorem atque et. Officia consequatur quisquam repellendus architecto. Facilis nemo reiciendis est dolores in aliquid et. Fugit omnis quia eum officia. Ea magnam explicabo eum excepturi. Qui expedita dolor molestias eos voluptatibus.',NULL,'unread','2025-07-28 01:49:15','2025-07-28 01:49:15');

--
-- Table structure for table `countries`
--

CREATE TABLE `countries` (
  `id` bigint unsigned NOT NULL AUTO_INCREMENT,
  `name` varchar(120) COLLATE utf8mb4_unicode_ci NOT NULL,
  `nationality` varchar(120) COLLATE utf8mb4_unicode_ci DEFAULT NULL,
  `order` tinyint NOT NULL DEFAULT '0',
  `image` varchar(191) COLLATE utf8mb4_unicode_ci DEFAULT NULL,
  `is_default` tinyint unsigned NOT NULL DEFAULT '0',
  `status` varchar(60) COLLATE utf8mb4_unicode_ci NOT NULL DEFAULT 'published',
  `created_at` timestamp NULL DEFAULT NULL,
  `updated_at` timestamp NULL DEFAULT NULL,
  `code` varchar(10) COLLATE utf8mb4_unicode_ci DEFAULT NULL,
  PRIMARY KEY (`id`)
) ENGINE=InnoDB DEFAULT CHARSET=utf8mb4 COLLATE=utf8mb4_unicode_ci;

--
-- Dumping data for table `countries`
--


--
-- Table structure for table `countries_translations`
--

CREATE TABLE `countries_translations` (
  `lang_code` varchar(20) COLLATE utf8mb4_unicode_ci NOT NULL,
  `countries_id` bigint unsigned NOT NULL,
  `name` varchar(120) COLLATE utf8mb4_unicode_ci DEFAULT NULL,
  `nationality` varchar(120) COLLATE utf8mb4_unicode_ci DEFAULT NULL,
  PRIMARY KEY (`lang_code`,`countries_id`)
) ENGINE=InnoDB DEFAULT CHARSET=utf8mb4 COLLATE=utf8mb4_unicode_ci;

--
-- Dumping data for table `countries_translations`
--


--
-- Table structure for table `dashboard_widget_settings`
--

CREATE TABLE `dashboard_widget_settings` (
  `id` bigint unsigned NOT NULL AUTO_INCREMENT,
  `settings` text COLLATE utf8mb4_unicode_ci,
  `user_id` bigint unsigned NOT NULL,
  `widget_id` bigint unsigned NOT NULL,
  `order` tinyint unsigned NOT NULL DEFAULT '0',
  `status` tinyint unsigned NOT NULL DEFAULT '1',
  `created_at` timestamp NULL DEFAULT NULL,
  `updated_at` timestamp NULL DEFAULT NULL,
  PRIMARY KEY (`id`),
  KEY `dashboard_widget_settings_user_id_index` (`user_id`),
  KEY `dashboard_widget_settings_widget_id_index` (`widget_id`)
) ENGINE=InnoDB DEFAULT CHARSET=utf8mb4 COLLATE=utf8mb4_unicode_ci;

--
-- Dumping data for table `dashboard_widget_settings`
--


--
-- Table structure for table `dashboard_widgets`
--

CREATE TABLE `dashboard_widgets` (
  `id` bigint unsigned NOT NULL AUTO_INCREMENT,
  `name` varchar(120) COLLATE utf8mb4_unicode_ci NOT NULL,
  `created_at` timestamp NULL DEFAULT NULL,
  `updated_at` timestamp NULL DEFAULT NULL,
  PRIMARY KEY (`id`)
) ENGINE=InnoDB DEFAULT CHARSET=utf8mb4 COLLATE=utf8mb4_unicode_ci;

--
-- Dumping data for table `dashboard_widgets`
--


--
-- Table structure for table `device_tokens`
--

CREATE TABLE `device_tokens` (
  `id` bigint unsigned NOT NULL AUTO_INCREMENT,
  `token` varchar(191) COLLATE utf8mb4_unicode_ci NOT NULL,
  `platform` varchar(191) COLLATE utf8mb4_unicode_ci DEFAULT NULL,
  `app_version` varchar(191) COLLATE utf8mb4_unicode_ci DEFAULT NULL,
  `device_id` varchar(191) COLLATE utf8mb4_unicode_ci DEFAULT NULL,
  `user_type` varchar(191) COLLATE utf8mb4_unicode_ci DEFAULT NULL,
  `user_id` bigint unsigned DEFAULT NULL,
  `is_active` tinyint(1) NOT NULL DEFAULT '1',
  `last_used_at` timestamp NULL DEFAULT NULL,
  `created_at` timestamp NULL DEFAULT NULL,
  `updated_at` timestamp NULL DEFAULT NULL,
  PRIMARY KEY (`id`),
  UNIQUE KEY `device_tokens_token_unique` (`token`),
  KEY `device_tokens_user_type_user_id_index` (`user_type`,`user_id`),
  KEY `device_tokens_platform_is_active_index` (`platform`,`is_active`),
  KEY `device_tokens_is_active_index` (`is_active`)
) ENGINE=InnoDB DEFAULT CHARSET=utf8mb4 COLLATE=utf8mb4_unicode_ci;

--
-- Dumping data for table `device_tokens`
--


--
-- Table structure for table `ec_abandoned_carts`
--

CREATE TABLE `ec_abandoned_carts` (
  `id` bigint unsigned NOT NULL AUTO_INCREMENT,
  `customer_id` bigint unsigned DEFAULT NULL,
  `session_id` varchar(191) COLLATE utf8mb4_unicode_ci DEFAULT NULL,
  `cart_data` json NOT NULL,
  `total_amount` decimal(15,2) NOT NULL DEFAULT '0.00',
  `items_count` int NOT NULL DEFAULT '0',
  `email` varchar(191) COLLATE utf8mb4_unicode_ci DEFAULT NULL,
  `phone` varchar(191) COLLATE utf8mb4_unicode_ci DEFAULT NULL,
  `customer_name` varchar(191) COLLATE utf8mb4_unicode_ci DEFAULT NULL,
  `abandoned_at` timestamp NULL DEFAULT NULL,
  `reminder_sent_at` timestamp NULL DEFAULT NULL,
  `reminders_sent` int NOT NULL DEFAULT '0',
  `is_recovered` tinyint(1) NOT NULL DEFAULT '0',
  `recovered_at` timestamp NULL DEFAULT NULL,
  `recovered_order_id` bigint unsigned DEFAULT NULL,
  `created_at` timestamp NULL DEFAULT NULL,
  `updated_at` timestamp NULL DEFAULT NULL,
  PRIMARY KEY (`id`),
  KEY `ec_abandoned_carts_abandoned_at_is_recovered_index` (`abandoned_at`,`is_recovered`),
  KEY `ec_abandoned_carts_created_at_is_recovered_index` (`created_at`,`is_recovered`),
  KEY `ec_abandoned_carts_customer_id_index` (`customer_id`),
  KEY `ec_abandoned_carts_session_id_index` (`session_id`),
  KEY `ec_abandoned_carts_email_index` (`email`),
  KEY `ec_abandoned_carts_recovered_order_id_index` (`recovered_order_id`)
) ENGINE=InnoDB DEFAULT CHARSET=utf8mb4 COLLATE=utf8mb4_unicode_ci;

--
-- Dumping data for table `ec_abandoned_carts`
--


--
-- Table structure for table `ec_brands`
--

CREATE TABLE `ec_brands` (
  `id` bigint unsigned NOT NULL AUTO_INCREMENT,
  `name` varchar(191) COLLATE utf8mb4_unicode_ci NOT NULL,
  `description` mediumtext COLLATE utf8mb4_unicode_ci,
  `website` varchar(191) COLLATE utf8mb4_unicode_ci DEFAULT NULL,
  `logo` varchar(191) COLLATE utf8mb4_unicode_ci DEFAULT NULL,
  `status` varchar(60) COLLATE utf8mb4_unicode_ci NOT NULL DEFAULT 'published',
  `order` tinyint unsigned NOT NULL DEFAULT '0',
  `is_featured` tinyint unsigned NOT NULL DEFAULT '0',
  `created_at` timestamp NULL DEFAULT NULL,
  `updated_at` timestamp NULL DEFAULT NULL,
  PRIMARY KEY (`id`)
) ENGINE=InnoDB AUTO_INCREMENT=6 DEFAULT CHARSET=utf8mb4 COLLATE=utf8mb4_unicode_ci;

--
-- Dumping data for table `ec_brands`
--

INSERT INTO `ec_brands` VALUES (1,'FoodPound','New Snacks Release',NULL,'main/brands/1.png','published',0,1,'2025-07-28 01:49:08','2025-07-28 01:49:08'),(2,'iTea JSC','Happy Tea 100% Organic. From $29.9',NULL,'main/brands/2.png','published',1,1,'2025-07-28 01:49:08','2025-07-28 01:49:08'),(3,'Soda Brand','Fresh Meat Sausage. BUY 2 GET 1!',NULL,'main/brands/3.png','published',2,1,'2025-07-28 01:49:08','2025-07-28 01:49:08'),(4,'Shofy','Fresh Meat Sausage. BUY 2 GET 1!',NULL,'main/brands/4.png','published',3,1,'2025-07-28 01:49:08','2025-07-28 01:49:08'),(5,'Soda Brand','Fresh Meat Sausage. BUY 2 GET 1!',NULL,'main/brands/5.png','published',4,1,'2025-07-28 01:49:08','2025-07-28 01:49:08');

--
-- Table structure for table `ec_brands_translations`
--

CREATE TABLE `ec_brands_translations` (
  `lang_code` varchar(191) COLLATE utf8mb4_unicode_ci NOT NULL,
  `ec_brands_id` bigint unsigned NOT NULL,
  `name` varchar(191) COLLATE utf8mb4_unicode_ci DEFAULT NULL,
  `description` mediumtext COLLATE utf8mb4_unicode_ci,
  PRIMARY KEY (`lang_code`,`ec_brands_id`)
) ENGINE=InnoDB DEFAULT CHARSET=utf8mb4 COLLATE=utf8mb4_unicode_ci;

--
-- Dumping data for table `ec_brands_translations`
--


--
-- Table structure for table `ec_cart`
--

CREATE TABLE `ec_cart` (
  `identifier` varchar(60) COLLATE utf8mb4_unicode_ci NOT NULL,
  `instance` varchar(60) COLLATE utf8mb4_unicode_ci NOT NULL,
  `content` longtext COLLATE utf8mb4_unicode_ci NOT NULL,
  `created_at` timestamp NULL DEFAULT NULL,
  `updated_at` timestamp NULL DEFAULT NULL,
  PRIMARY KEY (`identifier`,`instance`)
) ENGINE=InnoDB DEFAULT CHARSET=utf8mb4 COLLATE=utf8mb4_unicode_ci;

--
-- Dumping data for table `ec_cart`
--


--
-- Table structure for table `ec_currencies`
--

CREATE TABLE `ec_currencies` (
  `id` bigint unsigned NOT NULL AUTO_INCREMENT,
  `title` varchar(191) COLLATE utf8mb4_unicode_ci NOT NULL,
  `symbol` varchar(10) COLLATE utf8mb4_unicode_ci NOT NULL,
  `is_prefix_symbol` tinyint unsigned NOT NULL DEFAULT '0',
  `decimals` tinyint unsigned DEFAULT '0',
  `order` int unsigned DEFAULT '0',
  `is_default` tinyint NOT NULL DEFAULT '0',
  `exchange_rate` double NOT NULL DEFAULT '1',
  `created_at` timestamp NULL DEFAULT NULL,
  `updated_at` timestamp NULL DEFAULT NULL,
  PRIMARY KEY (`id`)
) ENGINE=InnoDB AUTO_INCREMENT=5 DEFAULT CHARSET=utf8mb4 COLLATE=utf8mb4_unicode_ci;

--
-- Dumping data for table `ec_currencies`
--

INSERT INTO `ec_currencies` VALUES (1,'USD','$',1,2,0,1,1,'2025-07-28 01:49:08','2025-07-28 01:49:08'),(2,'EUR','€',0,2,1,0,0.84,'2025-07-28 01:49:08','2025-07-28 01:49:08'),(3,'VND','₫',0,0,2,0,23203,'2025-07-28 01:49:08','2025-07-28 01:49:08'),(4,'NGN','₦',1,2,2,0,895.52,'2025-07-28 01:49:08','2025-07-28 01:49:08');

--
-- Table structure for table `ec_customer_addresses`
--

CREATE TABLE `ec_customer_addresses` (
  `id` bigint unsigned NOT NULL AUTO_INCREMENT,
  `name` varchar(191) COLLATE utf8mb4_unicode_ci NOT NULL,
  `email` varchar(60) COLLATE utf8mb4_unicode_ci DEFAULT NULL,
  `phone` varchar(20) COLLATE utf8mb4_unicode_ci DEFAULT NULL,
  `country` varchar(120) COLLATE utf8mb4_unicode_ci DEFAULT NULL,
  `state` varchar(120) COLLATE utf8mb4_unicode_ci DEFAULT NULL,
  `city` varchar(120) COLLATE utf8mb4_unicode_ci DEFAULT NULL,
  `address` varchar(191) COLLATE utf8mb4_unicode_ci DEFAULT NULL,
  `customer_id` bigint unsigned NOT NULL,
  `is_default` tinyint unsigned NOT NULL DEFAULT '0',
  `created_at` timestamp NULL DEFAULT NULL,
  `updated_at` timestamp NULL DEFAULT NULL,
  `zip_code` varchar(20) COLLATE utf8mb4_unicode_ci DEFAULT NULL,
  PRIMARY KEY (`id`)
) ENGINE=InnoDB AUTO_INCREMENT=13 DEFAULT CHARSET=utf8mb4 COLLATE=utf8mb4_unicode_ci;

--
-- Dumping data for table `ec_customer_addresses`
--

INSERT INTO `ec_customer_addresses` VALUES (1,'Makayla Strosin','customer@botble.com','+18484893957','HK','Missouri','Wildermanland','71447 McDermott Causeway Apt. 618',1,1,'2025-07-28 01:49:09','2025-07-28 01:49:09','10230-1028'),(2,'Makayla Strosin','customer@botble.com','+19289136768','SY','Nevada','North Rey','1239 Alvera Highway',1,0,'2025-07-28 01:49:09','2025-07-28 01:49:09','01112'),(3,'Jeffry Veum','vendor@botble.com','+14583806452','SO','New Jersey','Kertzmannstad','5141 Graham Tunnel',2,1,'2025-07-28 01:49:10','2025-07-28 01:49:10','21255'),(4,'Jeffry Veum','vendor@botble.com','+14792447834','RW','Texas','Boscostad','85656 Schmidt Burgs',2,0,'2025-07-28 01:49:10','2025-07-28 01:49:10','49015-7482'),(5,'Darion Gislason','jace.hodkiewicz@example.com','+16627646076','PA','North Carolina','Kavonmouth','5548 Frida Isle Suite 182',3,1,'2025-07-28 01:49:10','2025-07-28 01:49:10','79857'),(6,'Vicente Kohler II','vada.schowalter@example.com','+15736462513','MX','Alaska','New Elwinmouth','876 Ezekiel Branch',4,1,'2025-07-28 01:49:11','2025-07-28 01:49:11','48655'),(7,'Mrs. Helena Frami','marlee.casper@example.net','+13478708985','GL','District of Columbia','Rippinberg','60205 Elliot Circles Suite 102',5,1,'2025-07-28 01:49:12','2025-07-28 01:49:12','71957-5058'),(8,'Freda Medhurst','lindsey26@example.org','+14132963412','LI','South Carolina','Lake Nataliaport','17822 Effie Coves',6,1,'2025-07-28 01:49:13','2025-07-28 01:49:13','97878'),(9,'Icie Barrows','hweissnat@example.net','+19737272940','MF','Alaska','New Emilio','946 Hassie Dale Apt. 607',7,1,'2025-07-28 01:49:14','2025-07-28 01:49:14','57765'),(10,'Dr. Mae Stehr','deckow.maye@example.org','+16033241238','FK','Utah','West Ambrosetown','94741 Ian Forest',8,1,'2025-07-28 01:49:14','2025-07-28 01:49:14','88219-3732'),(11,'Jordane Schinner','pinkie.pfannerstill@example.net','+19256792749','UA','Connecticut','Littleview','62905 Ryley Branch Apt. 345',9,1,'2025-07-28 01:49:15','2025-07-28 01:49:15','71155-6852'),(12,'Ms. Jeanette Olson DDS','swift.kevin@example.net','+13855135507','LV','Indiana','Muellerside','248 Evert Row Apt. 046',10,1,'2025-07-28 01:49:15','2025-07-28 01:49:15','30578-6851');

--
-- Table structure for table `ec_customer_deletion_requests`
--

CREATE TABLE `ec_customer_deletion_requests` (
  `id` bigint unsigned NOT NULL AUTO_INCREMENT,
  `customer_id` bigint unsigned NOT NULL,
  `customer_name` varchar(191) COLLATE utf8mb4_unicode_ci DEFAULT NULL,
  `customer_phone` varchar(191) COLLATE utf8mb4_unicode_ci DEFAULT NULL,
  `customer_email` varchar(191) COLLATE utf8mb4_unicode_ci DEFAULT NULL,
  `token` varchar(191) COLLATE utf8mb4_unicode_ci NOT NULL,
  `status` varchar(50) COLLATE utf8mb4_unicode_ci NOT NULL DEFAULT 'waiting_for_confirmation',
  `reason` text COLLATE utf8mb4_unicode_ci,
  `confirmed_at` datetime DEFAULT NULL,
  `created_at` timestamp NULL DEFAULT NULL,
  `updated_at` timestamp NULL DEFAULT NULL,
  PRIMARY KEY (`id`),
  UNIQUE KEY `ec_customer_deletion_requests_token_unique` (`token`)
) ENGINE=InnoDB DEFAULT CHARSET=utf8mb4 COLLATE=utf8mb4_unicode_ci;

--
-- Dumping data for table `ec_customer_deletion_requests`
--


--
-- Table structure for table `ec_customer_password_resets`
--

CREATE TABLE `ec_customer_password_resets` (
  `email` varchar(191) COLLATE utf8mb4_unicode_ci NOT NULL,
  `token` varchar(191) COLLATE utf8mb4_unicode_ci NOT NULL,
  `created_at` timestamp NULL DEFAULT NULL,
  KEY `ec_customer_password_resets_email_index` (`email`),
  KEY `ec_customer_password_resets_token_index` (`token`)
) ENGINE=InnoDB DEFAULT CHARSET=utf8mb4 COLLATE=utf8mb4_unicode_ci;

--
-- Dumping data for table `ec_customer_password_resets`
--


--
-- Table structure for table `ec_customer_recently_viewed_products`
--

CREATE TABLE `ec_customer_recently_viewed_products` (
  `id` bigint unsigned NOT NULL AUTO_INCREMENT,
  `customer_id` bigint unsigned NOT NULL,
  `product_id` bigint unsigned NOT NULL,
  PRIMARY KEY (`id`)
) ENGINE=InnoDB DEFAULT CHARSET=utf8mb4 COLLATE=utf8mb4_unicode_ci;

--
-- Dumping data for table `ec_customer_recently_viewed_products`
--


--
-- Table structure for table `ec_customer_used_coupons`
--

CREATE TABLE `ec_customer_used_coupons` (
  `discount_id` bigint unsigned NOT NULL,
  `customer_id` bigint unsigned NOT NULL,
  PRIMARY KEY (`discount_id`,`customer_id`)
) ENGINE=InnoDB DEFAULT CHARSET=utf8mb4 COLLATE=utf8mb4_unicode_ci;

--
-- Dumping data for table `ec_customer_used_coupons`
--


--
-- Table structure for table `ec_customers`
--

CREATE TABLE `ec_customers` (
  `id` bigint unsigned NOT NULL AUTO_INCREMENT,
  `name` varchar(191) COLLATE utf8mb4_unicode_ci NOT NULL,
  `email` varchar(191) COLLATE utf8mb4_unicode_ci DEFAULT NULL,
  `password` varchar(191) COLLATE utf8mb4_unicode_ci NOT NULL,
  `avatar` varchar(191) COLLATE utf8mb4_unicode_ci DEFAULT NULL,
  `dob` date DEFAULT NULL,
  `phone` varchar(20) COLLATE utf8mb4_unicode_ci DEFAULT NULL,
  `remember_token` varchar(100) COLLATE utf8mb4_unicode_ci DEFAULT NULL,
  `created_at` timestamp NULL DEFAULT NULL,
  `updated_at` timestamp NULL DEFAULT NULL,
  `confirmed_at` datetime DEFAULT NULL,
  `email_verify_token` varchar(120) COLLATE utf8mb4_unicode_ci DEFAULT NULL,
  `is_vendor` tinyint(1) NOT NULL DEFAULT '0',
  `vendor_verified_at` datetime DEFAULT NULL,
  `status` varchar(60) COLLATE utf8mb4_unicode_ci NOT NULL DEFAULT 'activated',
  `block_reason` varchar(400) COLLATE utf8mb4_unicode_ci DEFAULT NULL,
  `private_notes` text COLLATE utf8mb4_unicode_ci,
  `stripe_account_id` varchar(191) COLLATE utf8mb4_unicode_ci DEFAULT NULL,
  `stripe_account_active` tinyint(1) NOT NULL DEFAULT '0',
  PRIMARY KEY (`id`)
) ENGINE=InnoDB AUTO_INCREMENT=11 DEFAULT CHARSET=utf8mb4 COLLATE=utf8mb4_unicode_ci;

--
-- Dumping data for table `ec_customers`
--

INSERT INTO `ec_customers` VALUES (1,'Makayla Strosin','customer@botble.com','$2y$12$6MmyGzaBqdoB7XruW/2DfOx5ee7EWW4y4dW19dV61fiSYkKb/MYAS','main/customers/4.jpg','1975-07-22','+12768735251',NULL,'2025-07-28 01:49:09','2025-07-28 01:49:09','1975-07-22 08:49:09',NULL,0,NULL,'activated',NULL,NULL,NULL,0),(2,'Jeffry Veum','vendor@botble.com','$2y$12$BgFWFucsSGkHJGWEBHrZGOHnhj7mNXs8v3gb5VsX8/GCvvKcqK0Sa','main/customers/6.jpg','1930-07-09','+15736633896',NULL,'2025-07-28 01:49:10','2025-07-28 01:49:22','1930-07-09 08:49:09',NULL,1,'2025-07-28 08:49:22','activated',NULL,NULL,NULL,0),(3,'Darion Gislason','jace.hodkiewicz@example.com','$2y$12$/awwjO3qcCESKgpkGuT9cuRf4MWxCvuSaErE2zHsTfnnKwvHBK9Oi','main/customers/1.jpg','1898-07-06','+16285131410',NULL,'2025-07-28 01:49:10','2025-07-28 01:49:22','1898-07-06 08:49:09',NULL,1,'2025-07-28 08:49:22','activated',NULL,NULL,NULL,0),(4,'Vicente Kohler II','vada.schowalter@example.com','$2y$12$t3BCiMQJ4LZL0rGfVP29IutAWR9RI1mrynpxO0TYTq2IT9Sx2G3zK','main/customers/2.jpg','1850-06-14','+12483163466',NULL,'2025-07-28 01:49:11','2025-07-28 01:49:23','1850-06-14 08:49:09',NULL,1,'2025-07-28 08:49:22','activated',NULL,NULL,NULL,0),(5,'Mrs. Helena Frami','marlee.casper@example.net','$2y$12$tLZ56lwThCUnnYiLDGJZYO9sToHOTWsCXL/BEvGOeLKvtqwzHks4e','main/customers/3.jpg','1817-05-16','+17473674055',NULL,'2025-07-28 01:49:12','2025-07-28 01:49:23','1817-05-16 08:49:09',NULL,1,'2025-07-28 08:49:22','activated',NULL,NULL,NULL,0),(6,'Freda Medhurst','lindsey26@example.org','$2y$12$2jF.44o3Td3C2aQgiYwv2OV72ZIy5csfNuLXp/Y9yO4cpp/qUCPoW','main/customers/4.jpg','1786-04-18','+13479479656',NULL,'2025-07-28 01:49:13','2025-07-28 01:49:24','1786-04-18 08:49:09',NULL,1,'2025-07-28 08:49:22','activated',NULL,NULL,NULL,0),(7,'Icie Barrows','hweissnat@example.net','$2y$12$zgwID9ecI2Mvb2MYYn3uh.ixqU2Rm35BjytT.dH6FZLv.13XZ0rO.','main/customers/5.jpg','1748-04-04','+16784381317',NULL,'2025-07-28 01:49:14','2025-07-28 01:49:24','1748-04-04 08:49:09',NULL,1,'2025-07-28 08:49:22','activated',NULL,NULL,NULL,0),(8,'Dr. Mae Stehr','deckow.maye@example.org','$2y$12$AS19pewX/ZliUOTlY55THO.GOWaU9EgME1wt2KLED8sIGwgrScuDu','main/customers/6.jpg','1718-03-14','+19292101041',NULL,'2025-07-28 01:49:14','2025-07-28 01:49:24','1718-03-14 08:49:09',NULL,1,'2025-07-28 08:49:22','activated',NULL,NULL,NULL,0),(9,'Jordane Schinner','pinkie.pfannerstill@example.net','$2y$12$lJ6bublIf.SyXveK4YjR3ekAS9YXueCS86Qpm9hN2WUWNP29ghHr2','main/customers/7.jpg','1692-02-15','+18155422722',NULL,'2025-07-28 01:49:15','2025-07-28 01:49:25','1692-02-15 08:49:09',NULL,0,NULL,'activated',NULL,NULL,NULL,0),(10,'Ms. Jeanette Olson DDS','swift.kevin@example.net','$2y$12$PFBb0HJiIUewNMSfaeY8WeBAFAgWYsd/P7M53dT7T1xmUjSbJ8ANu','main/customers/8.jpg','1650-02-04','+13478348669',NULL,'2025-07-28 01:49:15','2025-07-28 01:49:25','1650-02-04 08:49:09',NULL,0,NULL,'activated',NULL,NULL,NULL,0);

--
-- Table structure for table `ec_discount_customers`
--

CREATE TABLE `ec_discount_customers` (
  `discount_id` bigint unsigned NOT NULL,
  `customer_id` bigint unsigned NOT NULL,
  PRIMARY KEY (`discount_id`,`customer_id`)
) ENGINE=InnoDB DEFAULT CHARSET=utf8mb4 COLLATE=utf8mb4_unicode_ci;

--
-- Dumping data for table `ec_discount_customers`
--


--
-- Table structure for table `ec_discount_product_categories`
--

CREATE TABLE `ec_discount_product_categories` (
  `discount_id` bigint unsigned NOT NULL,
  `product_category_id` bigint unsigned NOT NULL,
  PRIMARY KEY (`discount_id`,`product_category_id`)
) ENGINE=InnoDB DEFAULT CHARSET=utf8mb4 COLLATE=utf8mb4_unicode_ci;

--
-- Dumping data for table `ec_discount_product_categories`
--


--
-- Table structure for table `ec_discount_product_collections`
--

CREATE TABLE `ec_discount_product_collections` (
  `discount_id` bigint unsigned NOT NULL,
  `product_collection_id` bigint unsigned NOT NULL,
  PRIMARY KEY (`discount_id`,`product_collection_id`)
) ENGINE=InnoDB DEFAULT CHARSET=utf8mb4 COLLATE=utf8mb4_unicode_ci;

--
-- Dumping data for table `ec_discount_product_collections`
--


--
-- Table structure for table `ec_discount_products`
--

CREATE TABLE `ec_discount_products` (
  `discount_id` bigint unsigned NOT NULL,
  `product_id` bigint unsigned NOT NULL,
  PRIMARY KEY (`discount_id`,`product_id`)
) ENGINE=InnoDB DEFAULT CHARSET=utf8mb4 COLLATE=utf8mb4_unicode_ci;

--
-- Dumping data for table `ec_discount_products`
--


--
-- Table structure for table `ec_discounts`
--

CREATE TABLE `ec_discounts` (
  `id` bigint unsigned NOT NULL AUTO_INCREMENT,
  `title` varchar(120) COLLATE utf8mb4_unicode_ci DEFAULT NULL,
  `code` varchar(20) COLLATE utf8mb4_unicode_ci DEFAULT NULL,
  `start_date` datetime DEFAULT NULL,
  `end_date` datetime DEFAULT NULL,
  `quantity` int DEFAULT NULL,
  `total_used` int unsigned NOT NULL DEFAULT '0',
  `value` double DEFAULT NULL,
  `type` varchar(60) COLLATE utf8mb4_unicode_ci DEFAULT 'coupon',
  `can_use_with_promotion` tinyint(1) NOT NULL DEFAULT '0',
  `can_use_with_flash_sale` tinyint(1) NOT NULL DEFAULT '0',
  `discount_on` varchar(20) COLLATE utf8mb4_unicode_ci DEFAULT NULL,
  `product_quantity` int unsigned DEFAULT NULL,
  `type_option` varchar(100) COLLATE utf8mb4_unicode_ci NOT NULL DEFAULT 'amount',
  `target` varchar(100) COLLATE utf8mb4_unicode_ci NOT NULL DEFAULT 'all-orders',
  `min_order_price` decimal(15,2) DEFAULT NULL,
  `apply_via_url` tinyint(1) NOT NULL DEFAULT '0',
  `display_at_checkout` tinyint(1) NOT NULL DEFAULT '0',
  `created_at` timestamp NULL DEFAULT NULL,
  `updated_at` timestamp NULL DEFAULT NULL,
  `store_id` bigint unsigned DEFAULT NULL,
  `description` varchar(400) COLLATE utf8mb4_unicode_ci DEFAULT NULL,
  PRIMARY KEY (`id`),
  UNIQUE KEY `ec_discounts_code_unique` (`code`)
) ENGINE=InnoDB AUTO_INCREMENT=11 DEFAULT CHARSET=utf8mb4 COLLATE=utf8mb4_unicode_ci;

--
-- Dumping data for table `ec_discounts`
--

INSERT INTO `ec_discounts` VALUES (1,'Discount 1','GKVFCYPAPBSW','2025-07-27 08:49:19','2025-08-15 08:49:19',NULL,0,320,'coupon',0,0,NULL,NULL,'shipping','all-orders',NULL,0,1,'2025-07-28 01:49:19','2025-07-28 01:49:19',NULL,NULL),(2,'Discount 2','9WQERLNRAFQU','2025-07-27 08:49:19',NULL,NULL,0,963,'coupon',0,0,NULL,NULL,'same-price','all-orders',NULL,0,1,'2025-07-28 01:49:19','2025-07-28 01:49:19',NULL,NULL),(3,'Discount 3','VVBXSRKEJMNS','2025-07-27 08:49:19',NULL,NULL,0,84,'coupon',0,0,NULL,NULL,'percentage','all-orders',NULL,0,1,'2025-07-28 01:49:19','2025-07-28 01:49:19',NULL,NULL),(4,'Discount 4','QTEW5JNBC0V2','2025-07-27 08:49:19','2025-08-25 08:49:19',NULL,0,491,'coupon',0,0,NULL,NULL,'shipping','all-orders',NULL,0,1,'2025-07-28 01:49:19','2025-07-28 01:49:19',NULL,NULL),(5,'Discount 5','C2S7RXLO0AQH','2025-07-27 08:49:19','2025-08-01 08:49:19',NULL,0,701,'coupon',0,0,NULL,NULL,'same-price','all-orders',NULL,0,1,'2025-07-28 01:49:19','2025-07-28 01:49:19',NULL,NULL),(6,'Discount 6','SV611KKPZQPG','2025-07-27 08:49:19',NULL,NULL,0,767,'coupon',0,0,NULL,NULL,'same-price','all-orders',NULL,0,1,'2025-07-28 01:49:19','2025-07-28 01:49:19',NULL,NULL),(7,'Discount 7','PVGASGPGDTES','2025-07-27 08:49:19','2025-08-11 08:49:19',NULL,0,80,'coupon',0,0,NULL,NULL,'percentage','all-orders',NULL,0,1,'2025-07-28 01:49:19','2025-07-28 01:49:19',NULL,NULL),(8,'Discount 8','BUBEM5GNFFCW','2025-07-27 08:49:19','2025-08-14 08:49:19',NULL,0,35,'coupon',0,0,NULL,NULL,'percentage','all-orders',NULL,0,1,'2025-07-28 01:49:19','2025-07-28 01:49:19',NULL,NULL),(9,'Discount 9','FXPPS70SEWBS','2025-07-27 08:49:19',NULL,NULL,0,39,'coupon',0,0,NULL,NULL,'amount','all-orders',NULL,0,1,'2025-07-28 01:49:19','2025-07-28 01:49:19',NULL,NULL),(10,'Discount 10','LZWWERUMKCW0','2025-07-27 08:49:19',NULL,NULL,0,721,'coupon',0,0,NULL,NULL,'amount','all-orders',NULL,0,1,'2025-07-28 01:49:19','2025-07-28 01:49:19',NULL,NULL);

--
-- Table structure for table `ec_flash_sale_products`
--

CREATE TABLE `ec_flash_sale_products` (
  `flash_sale_id` bigint unsigned NOT NULL,
  `product_id` bigint unsigned NOT NULL,
  `price` double unsigned DEFAULT NULL,
  `quantity` int unsigned DEFAULT NULL,
  `sold` int unsigned NOT NULL DEFAULT '0'
) ENGINE=InnoDB DEFAULT CHARSET=utf8mb4 COLLATE=utf8mb4_unicode_ci;

--
-- Dumping data for table `ec_flash_sale_products`
--

INSERT INTO `ec_flash_sale_products` VALUES (1,1,268.8,14,4),(1,2,395.6,13,2),(1,3,555.6,9,2),(1,4,602.3556,16,3),(1,5,873.6,8,5),(1,6,174.42,18,5),(1,7,502.95,14,3),(1,8,95.48,16,1),(1,9,1230.03,16,1),(1,10,372.45,13,5);

--
-- Table structure for table `ec_flash_sales`
--

CREATE TABLE `ec_flash_sales` (
  `id` bigint unsigned NOT NULL AUTO_INCREMENT,
  `name` varchar(191) COLLATE utf8mb4_unicode_ci NOT NULL,
  `end_date` datetime NOT NULL,
  `status` varchar(60) COLLATE utf8mb4_unicode_ci NOT NULL DEFAULT 'published',
  `created_at` timestamp NULL DEFAULT NULL,
  `updated_at` timestamp NULL DEFAULT NULL,
  PRIMARY KEY (`id`)
) ENGINE=InnoDB AUTO_INCREMENT=2 DEFAULT CHARSET=utf8mb4 COLLATE=utf8mb4_unicode_ci;

--
-- Dumping data for table `ec_flash_sales`
--

INSERT INTO `ec_flash_sales` VALUES (1,'Winter Sale','2025-11-13 00:00:00','published','2025-07-28 01:49:33','2025-07-28 01:49:33');

--
-- Table structure for table `ec_flash_sales_translations`
--

CREATE TABLE `ec_flash_sales_translations` (
  `lang_code` varchar(191) COLLATE utf8mb4_unicode_ci NOT NULL,
  `ec_flash_sales_id` bigint unsigned NOT NULL,
  `name` varchar(191) COLLATE utf8mb4_unicode_ci DEFAULT NULL,
  PRIMARY KEY (`lang_code`,`ec_flash_sales_id`)
) ENGINE=InnoDB DEFAULT CHARSET=utf8mb4 COLLATE=utf8mb4_unicode_ci;

--
-- Dumping data for table `ec_flash_sales_translations`
--


--
-- Table structure for table `ec_global_option_value`
--

CREATE TABLE `ec_global_option_value` (
  `id` bigint unsigned NOT NULL AUTO_INCREMENT,
  `option_id` bigint unsigned NOT NULL COMMENT 'option id',
  `option_value` tinytext COLLATE utf8mb4_unicode_ci COMMENT 'option value',
  `affect_price` double DEFAULT NULL COMMENT 'value of price of this option affect',
  `order` int NOT NULL DEFAULT '9999',
  `affect_type` tinyint NOT NULL DEFAULT '0' COMMENT '0. fixed 1. percent',
  `created_at` timestamp NULL DEFAULT NULL,
  `updated_at` timestamp NULL DEFAULT NULL,
  PRIMARY KEY (`id`)
) ENGINE=InnoDB AUTO_INCREMENT=13 DEFAULT CHARSET=utf8mb4 COLLATE=utf8mb4_unicode_ci;

--
-- Dumping data for table `ec_global_option_value`
--

INSERT INTO `ec_global_option_value` VALUES (1,1,'1 Year',0,9999,0,'2025-07-28 01:49:19','2025-07-28 01:49:19'),(2,1,'2 Year',10,9999,0,'2025-07-28 01:49:19','2025-07-28 01:49:19'),(3,1,'3 Year',20,9999,0,'2025-07-28 01:49:19','2025-07-28 01:49:19'),(4,2,'4GB',0,9999,0,'2025-07-28 01:49:19','2025-07-28 01:49:19'),(5,2,'8GB',10,9999,0,'2025-07-28 01:49:19','2025-07-28 01:49:19'),(6,2,'16GB',20,9999,0,'2025-07-28 01:49:19','2025-07-28 01:49:19'),(7,3,'Core i5',0,9999,0,'2025-07-28 01:49:19','2025-07-28 01:49:19'),(8,3,'Core i7',10,9999,0,'2025-07-28 01:49:19','2025-07-28 01:49:19'),(9,3,'Core i9',20,9999,0,'2025-07-28 01:49:19','2025-07-28 01:49:19'),(10,4,'128GB',0,9999,0,'2025-07-28 01:49:19','2025-07-28 01:49:19'),(11,4,'256GB',10,9999,0,'2025-07-28 01:49:19','2025-07-28 01:49:19'),(12,4,'512GB',20,9999,0,'2025-07-28 01:49:19','2025-07-28 01:49:19');

--
-- Table structure for table `ec_global_option_value_translations`
--

CREATE TABLE `ec_global_option_value_translations` (
  `lang_code` varchar(191) COLLATE utf8mb4_unicode_ci NOT NULL,
  `ec_global_option_value_id` bigint unsigned NOT NULL,
  `option_value` varchar(191) COLLATE utf8mb4_unicode_ci DEFAULT NULL,
  PRIMARY KEY (`lang_code`,`ec_global_option_value_id`)
) ENGINE=InnoDB DEFAULT CHARSET=utf8mb4 COLLATE=utf8mb4_unicode_ci;

--
-- Dumping data for table `ec_global_option_value_translations`
--


--
-- Table structure for table `ec_global_options`
--

CREATE TABLE `ec_global_options` (
  `id` bigint unsigned NOT NULL AUTO_INCREMENT,
  `name` varchar(191) COLLATE utf8mb4_unicode_ci NOT NULL COMMENT 'Name of options',
  `option_type` varchar(191) COLLATE utf8mb4_unicode_ci NOT NULL COMMENT 'option type',
  `required` tinyint(1) NOT NULL DEFAULT '0' COMMENT 'Checked if this option is required',
  `created_at` timestamp NULL DEFAULT NULL,
  `updated_at` timestamp NULL DEFAULT NULL,
  PRIMARY KEY (`id`)
) ENGINE=InnoDB AUTO_INCREMENT=5 DEFAULT CHARSET=utf8mb4 COLLATE=utf8mb4_unicode_ci;

--
-- Dumping data for table `ec_global_options`
--

INSERT INTO `ec_global_options` VALUES (1,'Warranty','Botble\\Ecommerce\\Option\\OptionType\\RadioButton',1,'2025-07-28 01:49:19','2025-07-28 01:49:19'),(2,'RAM','Botble\\Ecommerce\\Option\\OptionType\\RadioButton',1,'2025-07-28 01:49:19','2025-07-28 01:49:19'),(3,'CPU','Botble\\Ecommerce\\Option\\OptionType\\RadioButton',1,'2025-07-28 01:49:19','2025-07-28 01:49:19'),(4,'HDD','Botble\\Ecommerce\\Option\\OptionType\\Dropdown',0,'2025-07-28 01:49:19','2025-07-28 01:49:19');

--
-- Table structure for table `ec_global_options_translations`
--

CREATE TABLE `ec_global_options_translations` (
  `lang_code` varchar(191) COLLATE utf8mb4_unicode_ci NOT NULL,
  `ec_global_options_id` bigint unsigned NOT NULL,
  `name` varchar(191) COLLATE utf8mb4_unicode_ci DEFAULT NULL,
  PRIMARY KEY (`lang_code`,`ec_global_options_id`)
) ENGINE=InnoDB DEFAULT CHARSET=utf8mb4 COLLATE=utf8mb4_unicode_ci;

--
-- Dumping data for table `ec_global_options_translations`
--


--
-- Table structure for table `ec_grouped_products`
--

CREATE TABLE `ec_grouped_products` (
  `id` bigint unsigned NOT NULL AUTO_INCREMENT,
  `parent_product_id` bigint unsigned NOT NULL,
  `product_id` bigint unsigned NOT NULL,
  `fixed_qty` int NOT NULL DEFAULT '1',
  PRIMARY KEY (`id`)
) ENGINE=InnoDB DEFAULT CHARSET=utf8mb4 COLLATE=utf8mb4_unicode_ci;

--
-- Dumping data for table `ec_grouped_products`
--


--
-- Table structure for table `ec_invoice_items`
--

CREATE TABLE `ec_invoice_items` (
  `id` bigint unsigned NOT NULL AUTO_INCREMENT,
  `invoice_id` bigint unsigned NOT NULL,
  `reference_type` varchar(191) COLLATE utf8mb4_unicode_ci NOT NULL,
  `reference_id` bigint unsigned NOT NULL,
  `name` varchar(191) COLLATE utf8mb4_unicode_ci NOT NULL,
  `description` varchar(400) COLLATE utf8mb4_unicode_ci DEFAULT NULL,
  `image` varchar(191) COLLATE utf8mb4_unicode_ci DEFAULT NULL,
  `qty` int unsigned NOT NULL,
  `price` decimal(15,2) NOT NULL DEFAULT '0.00',
  `sub_total` decimal(15,2) unsigned NOT NULL,
  `tax_amount` decimal(15,2) unsigned NOT NULL DEFAULT '0.00',
  `discount_amount` decimal(15,2) unsigned NOT NULL DEFAULT '0.00',
  `amount` decimal(15,2) unsigned NOT NULL,
  `options` text COLLATE utf8mb4_unicode_ci,
  `created_at` timestamp NULL DEFAULT NULL,
  `updated_at` timestamp NULL DEFAULT NULL,
  PRIMARY KEY (`id`),
  KEY `ec_invoice_items_reference_type_reference_id_index` (`reference_type`,`reference_id`)
) ENGINE=InnoDB DEFAULT CHARSET=utf8mb4 COLLATE=utf8mb4_unicode_ci;

--
-- Dumping data for table `ec_invoice_items`
--


--
-- Table structure for table `ec_invoices`
--

CREATE TABLE `ec_invoices` (
  `id` bigint unsigned NOT NULL AUTO_INCREMENT,
  `reference_type` varchar(191) COLLATE utf8mb4_unicode_ci NOT NULL,
  `reference_id` bigint unsigned NOT NULL,
  `code` varchar(191) COLLATE utf8mb4_unicode_ci NOT NULL,
  `customer_name` varchar(191) COLLATE utf8mb4_unicode_ci DEFAULT NULL,
  `company_name` varchar(191) COLLATE utf8mb4_unicode_ci DEFAULT NULL,
  `company_logo` varchar(191) COLLATE utf8mb4_unicode_ci DEFAULT NULL,
  `customer_email` varchar(191) COLLATE utf8mb4_unicode_ci DEFAULT NULL,
  `customer_phone` varchar(191) COLLATE utf8mb4_unicode_ci DEFAULT NULL,
  `customer_address` varchar(191) COLLATE utf8mb4_unicode_ci DEFAULT NULL,
  `customer_country` varchar(191) COLLATE utf8mb4_unicode_ci DEFAULT NULL,
  `customer_state` varchar(191) COLLATE utf8mb4_unicode_ci DEFAULT NULL,
  `customer_city` varchar(191) COLLATE utf8mb4_unicode_ci DEFAULT NULL,
  `customer_zip_code` varchar(191) COLLATE utf8mb4_unicode_ci DEFAULT NULL,
  `customer_address_line` varchar(191) COLLATE utf8mb4_unicode_ci DEFAULT NULL,
  `customer_tax_id` varchar(191) COLLATE utf8mb4_unicode_ci DEFAULT NULL,
  `sub_total` decimal(15,2) unsigned NOT NULL,
  `tax_amount` decimal(15,2) DEFAULT '0.00',
  `shipping_amount` decimal(15,2) unsigned NOT NULL DEFAULT '0.00',
  `payment_fee` decimal(15,2) DEFAULT '0.00',
  `discount_amount` decimal(15,2) unsigned NOT NULL DEFAULT '0.00',
  `shipping_option` varchar(60) COLLATE utf8mb4_unicode_ci DEFAULT NULL,
  `shipping_method` varchar(60) COLLATE utf8mb4_unicode_ci NOT NULL DEFAULT 'default',
  `coupon_code` varchar(120) COLLATE utf8mb4_unicode_ci DEFAULT NULL,
  `discount_description` varchar(191) COLLATE utf8mb4_unicode_ci DEFAULT NULL,
  `amount` decimal(15,2) unsigned NOT NULL,
  `description` text COLLATE utf8mb4_unicode_ci,
  `payment_id` bigint unsigned DEFAULT NULL,
  `status` varchar(191) COLLATE utf8mb4_unicode_ci NOT NULL DEFAULT 'pending',
  `paid_at` timestamp NULL DEFAULT NULL,
  `created_at` timestamp NULL DEFAULT NULL,
  `updated_at` timestamp NULL DEFAULT NULL,
  PRIMARY KEY (`id`),
  UNIQUE KEY `ec_invoices_code_unique` (`code`),
  KEY `ec_invoices_reference_type_reference_id_index` (`reference_type`,`reference_id`),
  KEY `ec_invoices_payment_id_index` (`payment_id`),
  KEY `ec_invoices_status_index` (`status`)
) ENGINE=InnoDB DEFAULT CHARSET=utf8mb4 COLLATE=utf8mb4_unicode_ci;

--
-- Dumping data for table `ec_invoices`
--


--
-- Table structure for table `ec_option_value`
--

CREATE TABLE `ec_option_value` (
  `id` bigint unsigned NOT NULL AUTO_INCREMENT,
  `option_id` bigint unsigned NOT NULL COMMENT 'option id',
  `option_value` tinytext COLLATE utf8mb4_unicode_ci COMMENT 'option value',
  `affect_price` double DEFAULT NULL COMMENT 'value of price of this option affect',
  `order` int NOT NULL DEFAULT '9999',
  `affect_type` tinyint NOT NULL DEFAULT '0' COMMENT '0. fixed 1. percent',
  `created_at` timestamp NULL DEFAULT NULL,
  `updated_at` timestamp NULL DEFAULT NULL,
  PRIMARY KEY (`id`)
) ENGINE=InnoDB DEFAULT CHARSET=utf8mb4 COLLATE=utf8mb4_unicode_ci;

--
-- Dumping data for table `ec_option_value`
--


--
-- Table structure for table `ec_option_value_translations`
--

CREATE TABLE `ec_option_value_translations` (
  `lang_code` varchar(191) COLLATE utf8mb4_unicode_ci NOT NULL,
  `ec_option_value_id` bigint unsigned NOT NULL,
  `option_value` varchar(191) COLLATE utf8mb4_unicode_ci DEFAULT NULL,
  PRIMARY KEY (`lang_code`,`ec_option_value_id`)
) ENGINE=InnoDB DEFAULT CHARSET=utf8mb4 COLLATE=utf8mb4_unicode_ci;

--
-- Dumping data for table `ec_option_value_translations`
--


--
-- Table structure for table `ec_options`
--

CREATE TABLE `ec_options` (
  `id` bigint unsigned NOT NULL AUTO_INCREMENT,
  `name` varchar(191) COLLATE utf8mb4_unicode_ci NOT NULL COMMENT 'Name of options',
  `option_type` varchar(191) COLLATE utf8mb4_unicode_ci DEFAULT NULL COMMENT 'option type',
  `product_id` bigint unsigned NOT NULL DEFAULT '0',
  `order` int NOT NULL DEFAULT '9999',
  `required` tinyint(1) NOT NULL DEFAULT '0' COMMENT 'Checked if this option is required',
  `created_at` timestamp NULL DEFAULT NULL,
  `updated_at` timestamp NULL DEFAULT NULL,
  PRIMARY KEY (`id`)
) ENGINE=InnoDB DEFAULT CHARSET=utf8mb4 COLLATE=utf8mb4_unicode_ci;

--
-- Dumping data for table `ec_options`
--


--
-- Table structure for table `ec_options_translations`
--

CREATE TABLE `ec_options_translations` (
  `lang_code` varchar(191) COLLATE utf8mb4_unicode_ci NOT NULL,
  `ec_options_id` bigint unsigned NOT NULL,
  `name` varchar(191) COLLATE utf8mb4_unicode_ci DEFAULT NULL,
  PRIMARY KEY (`lang_code`,`ec_options_id`)
) ENGINE=InnoDB DEFAULT CHARSET=utf8mb4 COLLATE=utf8mb4_unicode_ci;

--
-- Dumping data for table `ec_options_translations`
--


--
-- Table structure for table `ec_order_addresses`
--

CREATE TABLE `ec_order_addresses` (
  `id` bigint unsigned NOT NULL AUTO_INCREMENT,
  `name` varchar(191) COLLATE utf8mb4_unicode_ci NOT NULL,
  `phone` varchar(20) COLLATE utf8mb4_unicode_ci DEFAULT NULL,
  `email` varchar(191) COLLATE utf8mb4_unicode_ci DEFAULT NULL,
  `country` varchar(120) COLLATE utf8mb4_unicode_ci DEFAULT NULL,
  `state` varchar(120) COLLATE utf8mb4_unicode_ci DEFAULT NULL,
  `city` varchar(120) COLLATE utf8mb4_unicode_ci DEFAULT NULL,
  `address` varchar(191) COLLATE utf8mb4_unicode_ci DEFAULT NULL,
  `order_id` bigint unsigned NOT NULL,
  `zip_code` varchar(20) COLLATE utf8mb4_unicode_ci DEFAULT NULL,
  `type` varchar(60) COLLATE utf8mb4_unicode_ci NOT NULL DEFAULT 'shipping_address',
  PRIMARY KEY (`id`)
) ENGINE=InnoDB DEFAULT CHARSET=utf8mb4 COLLATE=utf8mb4_unicode_ci;

--
-- Dumping data for table `ec_order_addresses`
--


--
-- Table structure for table `ec_order_histories`
--

CREATE TABLE `ec_order_histories` (
  `id` bigint unsigned NOT NULL AUTO_INCREMENT,
  `action` varchar(120) COLLATE utf8mb4_unicode_ci NOT NULL,
  `description` varchar(400) COLLATE utf8mb4_unicode_ci DEFAULT NULL,
  `user_id` bigint unsigned DEFAULT NULL,
  `order_id` bigint unsigned NOT NULL,
  `extras` text COLLATE utf8mb4_unicode_ci,
  `created_at` timestamp NULL DEFAULT NULL,
  `updated_at` timestamp NULL DEFAULT NULL,
  PRIMARY KEY (`id`)
) ENGINE=InnoDB DEFAULT CHARSET=utf8mb4 COLLATE=utf8mb4_unicode_ci;

--
-- Dumping data for table `ec_order_histories`
--


--
-- Table structure for table `ec_order_product`
--

CREATE TABLE `ec_order_product` (
  `id` bigint unsigned NOT NULL AUTO_INCREMENT,
  `order_id` bigint unsigned NOT NULL,
  `qty` int NOT NULL,
  `price` decimal(15,2) NOT NULL,
  `tax_amount` decimal(15,2) DEFAULT '0.00',
  `options` text COLLATE utf8mb4_unicode_ci,
  `product_options` text COLLATE utf8mb4_unicode_ci COMMENT 'product option data',
  `product_id` bigint unsigned DEFAULT NULL,
  `product_name` varchar(191) COLLATE utf8mb4_unicode_ci NOT NULL,
  `product_image` varchar(191) COLLATE utf8mb4_unicode_ci DEFAULT NULL,
  `weight` double DEFAULT '0',
  `restock_quantity` int unsigned DEFAULT '0',
  `created_at` timestamp NULL DEFAULT NULL,
  `updated_at` timestamp NULL DEFAULT NULL,
  `product_type` varchar(60) COLLATE utf8mb4_unicode_ci NOT NULL DEFAULT 'physical',
  `times_downloaded` int NOT NULL DEFAULT '0',
  `license_code` text COLLATE utf8mb4_unicode_ci,
  `downloaded_at` timestamp NULL DEFAULT NULL,
  PRIMARY KEY (`id`)
) ENGINE=InnoDB DEFAULT CHARSET=utf8mb4 COLLATE=utf8mb4_unicode_ci;

--
-- Dumping data for table `ec_order_product`
--


--
-- Table structure for table `ec_order_referrals`
--

CREATE TABLE `ec_order_referrals` (
  `id` bigint unsigned NOT NULL AUTO_INCREMENT,
  `ip` varchar(39) COLLATE utf8mb4_unicode_ci DEFAULT NULL,
  `landing_domain` varchar(191) COLLATE utf8mb4_unicode_ci DEFAULT NULL,
  `landing_page` varchar(191) COLLATE utf8mb4_unicode_ci DEFAULT NULL,
  `landing_params` varchar(191) COLLATE utf8mb4_unicode_ci DEFAULT NULL,
  `referral` varchar(191) COLLATE utf8mb4_unicode_ci DEFAULT NULL,
  `gclid` varchar(191) COLLATE utf8mb4_unicode_ci DEFAULT NULL,
  `fclid` varchar(191) COLLATE utf8mb4_unicode_ci DEFAULT NULL,
  `utm_source` varchar(191) COLLATE utf8mb4_unicode_ci DEFAULT NULL,
  `utm_campaign` varchar(191) COLLATE utf8mb4_unicode_ci DEFAULT NULL,
  `utm_medium` varchar(191) COLLATE utf8mb4_unicode_ci DEFAULT NULL,
  `utm_term` varchar(191) COLLATE utf8mb4_unicode_ci DEFAULT NULL,
  `utm_content` varchar(191) COLLATE utf8mb4_unicode_ci DEFAULT NULL,
  `referrer_url` text COLLATE utf8mb4_unicode_ci,
  `referrer_domain` varchar(191) COLLATE utf8mb4_unicode_ci DEFAULT NULL,
  `order_id` bigint unsigned DEFAULT NULL,
  `created_at` timestamp NULL DEFAULT NULL,
  `updated_at` timestamp NULL DEFAULT NULL,
  PRIMARY KEY (`id`),
  KEY `ec_order_referrals_order_id_index` (`order_id`)
) ENGINE=InnoDB DEFAULT CHARSET=utf8mb4 COLLATE=utf8mb4_unicode_ci;

--
-- Dumping data for table `ec_order_referrals`
--


--
-- Table structure for table `ec_order_return_histories`
--

CREATE TABLE `ec_order_return_histories` (
  `id` bigint unsigned NOT NULL AUTO_INCREMENT,
  `user_id` bigint unsigned DEFAULT NULL,
  `order_return_id` bigint unsigned NOT NULL,
  `action` varchar(191) COLLATE utf8mb4_unicode_ci NOT NULL,
  `description` varchar(400) COLLATE utf8mb4_unicode_ci DEFAULT NULL,
  `reason` varchar(191) COLLATE utf8mb4_unicode_ci DEFAULT NULL,
  `created_at` timestamp NULL DEFAULT NULL,
  `updated_at` timestamp NULL DEFAULT NULL,
  PRIMARY KEY (`id`)
) ENGINE=InnoDB DEFAULT CHARSET=utf8mb4 COLLATE=utf8mb4_unicode_ci;

--
-- Dumping data for table `ec_order_return_histories`
--


--
-- Table structure for table `ec_order_return_items`
--

CREATE TABLE `ec_order_return_items` (
  `id` bigint unsigned NOT NULL AUTO_INCREMENT,
  `order_return_id` bigint unsigned NOT NULL COMMENT 'Order return id',
  `order_product_id` bigint unsigned NOT NULL COMMENT 'Order product id',
  `product_id` bigint unsigned NOT NULL COMMENT 'Product id',
  `product_name` varchar(191) COLLATE utf8mb4_unicode_ci NOT NULL,
  `product_image` varchar(191) COLLATE utf8mb4_unicode_ci DEFAULT NULL,
  `qty` int NOT NULL COMMENT 'Quantity return',
  `price` decimal(15,2) NOT NULL COMMENT 'Price Product',
  `reason` text COLLATE utf8mb4_unicode_ci,
  `created_at` timestamp NULL DEFAULT NULL,
  `updated_at` timestamp NULL DEFAULT NULL,
  `refund_amount` decimal(12,2) DEFAULT '0.00',
  PRIMARY KEY (`id`)
) ENGINE=InnoDB DEFAULT CHARSET=utf8mb4 COLLATE=utf8mb4_unicode_ci;

--
-- Dumping data for table `ec_order_return_items`
--


--
-- Table structure for table `ec_order_returns`
--

CREATE TABLE `ec_order_returns` (
  `id` bigint unsigned NOT NULL AUTO_INCREMENT,
  `code` varchar(191) COLLATE utf8mb4_unicode_ci DEFAULT NULL,
  `order_id` bigint unsigned NOT NULL COMMENT 'Order ID',
  `store_id` bigint unsigned DEFAULT NULL COMMENT 'Store ID',
  `user_id` bigint unsigned NOT NULL COMMENT 'Customer ID',
  `reason` text COLLATE utf8mb4_unicode_ci COMMENT 'Reason return order',
  `order_status` varchar(191) COLLATE utf8mb4_unicode_ci DEFAULT NULL COMMENT 'Order current status',
  `return_status` varchar(191) COLLATE utf8mb4_unicode_ci NOT NULL COMMENT 'Return status',
  `created_at` timestamp NULL DEFAULT NULL,
  `updated_at` timestamp NULL DEFAULT NULL,
  PRIMARY KEY (`id`),
  UNIQUE KEY `ec_order_returns_code_unique` (`code`)
) ENGINE=InnoDB DEFAULT CHARSET=utf8mb4 COLLATE=utf8mb4_unicode_ci;

--
-- Dumping data for table `ec_order_returns`
--


--
-- Table structure for table `ec_order_tax_information`
--

CREATE TABLE `ec_order_tax_information` (
  `id` bigint unsigned NOT NULL AUTO_INCREMENT,
  `order_id` bigint unsigned NOT NULL,
  `company_name` varchar(120) COLLATE utf8mb4_unicode_ci NOT NULL,
  `company_address` varchar(191) COLLATE utf8mb4_unicode_ci NOT NULL,
  `company_tax_code` varchar(20) COLLATE utf8mb4_unicode_ci NOT NULL,
  `company_email` varchar(60) COLLATE utf8mb4_unicode_ci NOT NULL,
  `created_at` timestamp NULL DEFAULT NULL,
  `updated_at` timestamp NULL DEFAULT NULL,
  PRIMARY KEY (`id`),
  KEY `ec_order_tax_information_order_id_index` (`order_id`)
) ENGINE=InnoDB DEFAULT CHARSET=utf8mb4 COLLATE=utf8mb4_unicode_ci;

--
-- Dumping data for table `ec_order_tax_information`
--


--
-- Table structure for table `ec_orders`
--

CREATE TABLE `ec_orders` (
  `id` bigint unsigned NOT NULL AUTO_INCREMENT,
  `code` varchar(191) COLLATE utf8mb4_unicode_ci DEFAULT NULL,
  `user_id` bigint unsigned DEFAULT NULL,
  `shipping_option` varchar(60) COLLATE utf8mb4_unicode_ci DEFAULT NULL,
  `shipping_method` varchar(60) COLLATE utf8mb4_unicode_ci NOT NULL DEFAULT 'default',
  `status` varchar(120) COLLATE utf8mb4_unicode_ci NOT NULL DEFAULT 'pending',
  `amount` decimal(15,2) NOT NULL,
  `tax_amount` decimal(15,2) DEFAULT '0.00',
  `shipping_amount` decimal(15,2) DEFAULT NULL,
  `payment_fee` decimal(15,2) DEFAULT '0.00',
  `description` text COLLATE utf8mb4_unicode_ci,
  `coupon_code` varchar(120) COLLATE utf8mb4_unicode_ci DEFAULT NULL,
  `discount_amount` decimal(15,2) DEFAULT NULL,
  `sub_total` decimal(15,2) NOT NULL,
  `is_confirmed` tinyint(1) NOT NULL DEFAULT '0',
  `discount_description` varchar(191) COLLATE utf8mb4_unicode_ci DEFAULT NULL,
  `is_finished` tinyint(1) DEFAULT '0',
  `cancellation_reason` varchar(191) COLLATE utf8mb4_unicode_ci DEFAULT NULL,
  `cancellation_reason_description` varchar(191) COLLATE utf8mb4_unicode_ci DEFAULT NULL,
  `completed_at` timestamp NULL DEFAULT NULL,
  `token` varchar(120) COLLATE utf8mb4_unicode_ci DEFAULT NULL,
  `payment_id` bigint unsigned DEFAULT NULL,
  `created_at` timestamp NULL DEFAULT NULL,
  `updated_at` timestamp NULL DEFAULT NULL,
  `store_id` bigint unsigned DEFAULT NULL,
  `proof_file` varchar(191) COLLATE utf8mb4_unicode_ci DEFAULT NULL,
  `private_notes` text COLLATE utf8mb4_unicode_ci,
  PRIMARY KEY (`id`),
  UNIQUE KEY `ec_orders_code_unique` (`code`),
  KEY `ec_orders_user_id_status_created_at_index` (`user_id`,`status`,`created_at`)
) ENGINE=InnoDB DEFAULT CHARSET=utf8mb4 COLLATE=utf8mb4_unicode_ci;

--
-- Dumping data for table `ec_orders`
--


--
-- Table structure for table `ec_product_attribute_sets`
--

CREATE TABLE `ec_product_attribute_sets` (
  `id` bigint unsigned NOT NULL AUTO_INCREMENT,
  `title` varchar(120) COLLATE utf8mb4_unicode_ci NOT NULL,
  `slug` varchar(120) COLLATE utf8mb4_unicode_ci DEFAULT NULL,
  `display_layout` varchar(191) COLLATE utf8mb4_unicode_ci NOT NULL DEFAULT 'dropdown',
  `is_searchable` tinyint unsigned NOT NULL DEFAULT '1',
  `is_comparable` tinyint unsigned NOT NULL DEFAULT '1',
  `is_use_in_product_listing` tinyint unsigned NOT NULL DEFAULT '0',
  `status` varchar(60) COLLATE utf8mb4_unicode_ci NOT NULL DEFAULT 'published',
  `order` tinyint unsigned NOT NULL DEFAULT '0',
  `created_at` timestamp NULL DEFAULT NULL,
  `updated_at` timestamp NULL DEFAULT NULL,
  `use_image_from_product_variation` tinyint unsigned NOT NULL DEFAULT '0',
  PRIMARY KEY (`id`)
) ENGINE=InnoDB AUTO_INCREMENT=5 DEFAULT CHARSET=utf8mb4 COLLATE=utf8mb4_unicode_ci;

--
-- Dumping data for table `ec_product_attribute_sets`
--

INSERT INTO `ec_product_attribute_sets` VALUES (1,'Color','color','visual',1,1,1,'published',0,'2025-07-28 01:49:08','2025-07-28 01:49:08',0),(2,'Size','size','text',1,1,1,'published',1,'2025-07-28 01:49:08','2025-07-28 01:49:08',0),(3,'Weight','weight','text',1,1,1,'published',0,'2025-07-28 01:49:08','2025-07-28 01:49:08',0),(4,'Boxes','boxes','text',1,1,1,'published',1,'2025-07-28 01:49:08','2025-07-28 01:49:08',0);

--
-- Table structure for table `ec_product_attribute_sets_translations`
--

CREATE TABLE `ec_product_attribute_sets_translations` (
  `lang_code` varchar(191) COLLATE utf8mb4_unicode_ci NOT NULL,
  `ec_product_attribute_sets_id` bigint unsigned NOT NULL,
  `title` varchar(191) COLLATE utf8mb4_unicode_ci DEFAULT NULL,
  PRIMARY KEY (`lang_code`,`ec_product_attribute_sets_id`)
) ENGINE=InnoDB DEFAULT CHARSET=utf8mb4 COLLATE=utf8mb4_unicode_ci;

--
-- Dumping data for table `ec_product_attribute_sets_translations`
--


--
-- Table structure for table `ec_product_attributes`
--

CREATE TABLE `ec_product_attributes` (
  `id` bigint unsigned NOT NULL AUTO_INCREMENT,
  `attribute_set_id` bigint unsigned NOT NULL,
  `title` varchar(120) COLLATE utf8mb4_unicode_ci NOT NULL,
  `slug` varchar(120) COLLATE utf8mb4_unicode_ci DEFAULT NULL,
  `color` varchar(120) COLLATE utf8mb4_unicode_ci DEFAULT NULL,
  `image` varchar(191) COLLATE utf8mb4_unicode_ci DEFAULT NULL,
  `is_default` tinyint unsigned NOT NULL DEFAULT '0',
  `order` tinyint unsigned NOT NULL DEFAULT '0',
  `created_at` timestamp NULL DEFAULT NULL,
  `updated_at` timestamp NULL DEFAULT NULL,
  PRIMARY KEY (`id`),
  KEY `attribute_set_status_index` (`attribute_set_id`)
) ENGINE=InnoDB AUTO_INCREMENT=21 DEFAULT CHARSET=utf8mb4 COLLATE=utf8mb4_unicode_ci;

--
-- Dumping data for table `ec_product_attributes`
--

INSERT INTO `ec_product_attributes` VALUES (1,1,'Green','green','#5FB7D4',NULL,1,1,'2025-07-28 01:49:08','2025-07-28 01:49:08'),(2,1,'Blue','blue','#333333',NULL,0,2,'2025-07-28 01:49:08','2025-07-28 01:49:08'),(3,1,'Red','red','#DA323F',NULL,0,3,'2025-07-28 01:49:08','2025-07-28 01:49:08'),(4,1,'Black','black','#2F366C',NULL,0,4,'2025-07-28 01:49:08','2025-07-28 01:49:08'),(5,1,'Brown','brown','#87554B',NULL,0,5,'2025-07-28 01:49:08','2025-07-28 01:49:08'),(6,2,'S','s',NULL,NULL,1,1,'2025-07-28 01:49:08','2025-07-28 01:49:08'),(7,2,'M','m',NULL,NULL,0,2,'2025-07-28 01:49:08','2025-07-28 01:49:08'),(8,2,'L','l',NULL,NULL,0,3,'2025-07-28 01:49:08','2025-07-28 01:49:08'),(9,2,'XL','xl',NULL,NULL,0,4,'2025-07-28 01:49:08','2025-07-28 01:49:08'),(10,2,'XXL','xxl',NULL,NULL,0,5,'2025-07-28 01:49:08','2025-07-28 01:49:08'),(11,3,'1KG','1kg',NULL,NULL,1,1,'2025-07-28 01:49:08','2025-07-28 01:49:08'),(12,3,'2KG','2kg',NULL,NULL,0,2,'2025-07-28 01:49:08','2025-07-28 01:49:08'),(13,3,'3KG','3kg',NULL,NULL,0,3,'2025-07-28 01:49:08','2025-07-28 01:49:08'),(14,3,'4KG','4kg',NULL,NULL,0,4,'2025-07-28 01:49:08','2025-07-28 01:49:08'),(15,3,'5KG','5kg',NULL,NULL,0,5,'2025-07-28 01:49:08','2025-07-28 01:49:08'),(16,4,'1 Box','1-box',NULL,NULL,1,1,'2025-07-28 01:49:08','2025-07-28 01:49:08'),(17,4,'2 Boxes','2-boxes',NULL,NULL,0,2,'2025-07-28 01:49:08','2025-07-28 01:49:08'),(18,4,'3 Boxes','3-boxes',NULL,NULL,0,3,'2025-07-28 01:49:08','2025-07-28 01:49:08'),(19,4,'4 Boxes','4-boxes',NULL,NULL,0,4,'2025-07-28 01:49:08','2025-07-28 01:49:08'),(20,4,'5 Boxes','5-boxes',NULL,NULL,0,5,'2025-07-28 01:49:08','2025-07-28 01:49:08');

--
-- Table structure for table `ec_product_attributes_translations`
--

CREATE TABLE `ec_product_attributes_translations` (
  `lang_code` varchar(191) COLLATE utf8mb4_unicode_ci NOT NULL,
  `ec_product_attributes_id` bigint unsigned NOT NULL,
  `title` varchar(191) COLLATE utf8mb4_unicode_ci DEFAULT NULL,
  PRIMARY KEY (`lang_code`,`ec_product_attributes_id`)
) ENGINE=InnoDB DEFAULT CHARSET=utf8mb4 COLLATE=utf8mb4_unicode_ci;

--
-- Dumping data for table `ec_product_attributes_translations`
--


--
-- Table structure for table `ec_product_categories`
--

CREATE TABLE `ec_product_categories` (
  `id` bigint unsigned NOT NULL AUTO_INCREMENT,
  `name` varchar(191) COLLATE utf8mb4_unicode_ci NOT NULL,
  `parent_id` bigint unsigned NOT NULL DEFAULT '0',
  `description` mediumtext COLLATE utf8mb4_unicode_ci,
  `status` varchar(60) COLLATE utf8mb4_unicode_ci NOT NULL DEFAULT 'published',
  `order` int unsigned NOT NULL DEFAULT '0',
  `image` varchar(191) COLLATE utf8mb4_unicode_ci DEFAULT NULL,
  `is_featured` tinyint unsigned NOT NULL DEFAULT '0',
  `created_at` timestamp NULL DEFAULT NULL,
  `updated_at` timestamp NULL DEFAULT NULL,
  `icon` varchar(191) COLLATE utf8mb4_unicode_ci DEFAULT NULL,
  `icon_image` varchar(191) COLLATE utf8mb4_unicode_ci DEFAULT NULL,
  PRIMARY KEY (`id`),
  KEY `ec_product_categories_parent_id_status_created_at_index` (`parent_id`,`status`,`created_at`),
  KEY `ec_product_categories_parent_id_status_index` (`parent_id`,`status`)
) ENGINE=InnoDB AUTO_INCREMENT=20 DEFAULT CHARSET=utf8mb4 COLLATE=utf8mb4_unicode_ci;

--
-- Dumping data for table `ec_product_categories`
--

INSERT INTO `ec_product_categories` VALUES (1,'Bags',0,NULL,'published',0,'fashion/product-categories/1.jpg',1,'2025-07-28 01:49:26','2025-07-28 01:49:26',NULL,NULL),(2,'Clothing',0,NULL,'published',1,'fashion/product-categories/4.jpg',1,'2025-07-28 01:49:26','2025-07-28 01:49:26',NULL,NULL),(3,'Men\'s Clothing',2,NULL,'published',0,NULL,0,'2025-07-28 01:49:26','2025-07-28 01:49:26',NULL,NULL),(4,'T-Shirts',3,NULL,'published',0,NULL,0,'2025-07-28 01:49:26','2025-07-28 01:49:26',NULL,NULL),(5,'Jeans',3,NULL,'published',1,NULL,0,'2025-07-28 01:49:26','2025-07-28 01:49:26',NULL,NULL),(6,'Suits',3,NULL,'published',2,NULL,0,'2025-07-28 01:49:26','2025-07-28 01:49:26',NULL,NULL),(7,'Women\'s Clothing',2,NULL,'published',1,'fashion/product-categories/2.jpg',1,'2025-07-28 01:49:26','2025-07-28 01:49:26',NULL,NULL),(8,'Dresses',7,NULL,'published',0,NULL,0,'2025-07-28 01:49:26','2025-07-28 01:49:26',NULL,NULL),(9,'Blouses',7,NULL,'published',1,NULL,0,'2025-07-28 01:49:26','2025-07-28 01:49:26',NULL,NULL),(10,'Pants',7,NULL,'published',2,NULL,0,'2025-07-28 01:49:27','2025-07-28 01:49:27',NULL,NULL),(11,'Footwear',0,NULL,'published',2,'fashion/product-categories/6.jpg',1,'2025-07-28 01:49:27','2025-07-28 01:49:27',NULL,NULL),(12,'Accessories',0,NULL,'published',3,NULL,0,'2025-07-28 01:49:27','2025-07-28 01:49:27',NULL,NULL),(13,'Hats',12,NULL,'published',0,NULL,0,'2025-07-28 01:49:27','2025-07-28 01:49:27',NULL,NULL),(14,'Scarves',12,NULL,'published',1,NULL,0,'2025-07-28 01:49:27','2025-07-28 01:49:27',NULL,NULL),(15,'Jewelry',12,NULL,'published',2,NULL,0,'2025-07-28 01:49:27','2025-07-28 01:49:27',NULL,NULL),(16,'Sportswear',0,NULL,'published',4,NULL,0,'2025-07-28 01:49:27','2025-07-28 01:49:27',NULL,NULL),(17,'Activewear',16,NULL,'published',0,NULL,0,'2025-07-28 01:49:27','2025-07-28 01:49:27',NULL,NULL),(18,'Running Shoes',16,NULL,'published',1,'fashion/product-categories/3.jpg',1,'2025-07-28 01:49:27','2025-07-28 01:49:27',NULL,NULL),(19,'Outerwear',0,NULL,'published',5,'fashion/product-categories/5.jpg',1,'2025-07-28 01:49:27','2025-07-28 01:49:27',NULL,NULL);

--
-- Table structure for table `ec_product_categories_translations`
--

CREATE TABLE `ec_product_categories_translations` (
  `lang_code` varchar(191) COLLATE utf8mb4_unicode_ci NOT NULL,
  `ec_product_categories_id` bigint unsigned NOT NULL,
  `name` varchar(191) COLLATE utf8mb4_unicode_ci DEFAULT NULL,
  `description` mediumtext COLLATE utf8mb4_unicode_ci,
  PRIMARY KEY (`lang_code`,`ec_product_categories_id`)
) ENGINE=InnoDB DEFAULT CHARSET=utf8mb4 COLLATE=utf8mb4_unicode_ci;

--
-- Dumping data for table `ec_product_categories_translations`
--


--
-- Table structure for table `ec_product_categorizables`
--

CREATE TABLE `ec_product_categorizables` (
  `category_id` bigint unsigned NOT NULL,
  `reference_id` bigint unsigned NOT NULL,
  `reference_type` varchar(120) COLLATE utf8mb4_unicode_ci NOT NULL,
  PRIMARY KEY (`category_id`,`reference_id`,`reference_type`),
  KEY `ec_product_categorizables_category_id_index` (`category_id`),
  KEY `ec_product_categorizables_reference_id_index` (`reference_id`),
  KEY `ec_product_categorizables_reference_type_index` (`reference_type`)
) ENGINE=InnoDB DEFAULT CHARSET=utf8mb4 COLLATE=utf8mb4_unicode_ci;

--
-- Dumping data for table `ec_product_categorizables`
--


--
-- Table structure for table `ec_product_category_product`
--

CREATE TABLE `ec_product_category_product` (
  `category_id` bigint unsigned NOT NULL,
  `product_id` bigint unsigned NOT NULL,
  PRIMARY KEY (`product_id`,`category_id`),
  KEY `ec_product_category_product_category_id_index` (`category_id`),
  KEY `ec_product_category_product_product_id_index` (`product_id`)
) ENGINE=InnoDB DEFAULT CHARSET=utf8mb4 COLLATE=utf8mb4_unicode_ci;

--
-- Dumping data for table `ec_product_category_product`
--

INSERT INTO `ec_product_category_product` VALUES (1,1),(1,6),(1,7),(1,14),(1,20),(1,21),(1,32),(1,33),(1,37),(2,2),(2,10),(2,13),(2,16),(2,19),(2,21),(2,26),(2,27),(2,29),(2,30),(2,31),(2,34),(2,41),(2,42),(3,1),(3,4),(3,5),(3,6),(3,17),(3,21),(3,33),(3,38),(3,42),(3,43),(4,6),(4,7),(4,9),(4,12),(4,16),(4,25),(4,27),(4,28),(4,30),(4,37),(4,41),(4,42),(5,1),(5,11),(5,15),(5,16),(5,22),(5,24),(5,37),(5,40),(5,41),(5,42),(6,6),(6,13),(6,17),(6,26),(6,27),(6,29),(6,31),(6,39),(7,8),(7,11),(7,20),(7,22),(7,23),(7,24),(7,36),(7,37),(8,3),(8,39),(8,40),(9,2),(9,7),(9,8),(9,11),(9,13),(9,15),(9,23),(9,26),(9,27),(9,31),(9,32),(9,35),(9,36),(9,43),(10,1),(10,4),(10,8),(10,9),(10,36),(10,43),(11,2),(11,12),(11,14),(11,16),(11,18),(11,19),(11,23),(11,25),(11,29),(11,33),(11,35),(11,39),(11,41),(12,5),(12,15),(12,17),(12,19),(12,20),(12,24),(12,31),(13,3),(13,17),(13,18),(13,19),(13,22),(13,23),(13,29),(14,4),(14,10),(14,11),(14,13),(14,15),(14,24),(14,28),(14,30),(14,32),(14,35),(14,38),(15,4),(15,8),(15,9),(15,10),(15,22),(15,25),(15,28),(15,33),(15,35),(15,43),(16,5),(16,14),(16,20),(16,25),(16,26),(16,30),(16,38),(17,3),(17,5),(17,7),(17,12),(17,28),(17,34),(17,38),(17,39),(17,40),(18,2),(18,10),(18,18),(18,34),(18,36),(18,40),(19,3),(19,9),(19,12),(19,14),(19,18),(19,21),(19,32),(19,34);

--
-- Table structure for table `ec_product_collection_products`
--

CREATE TABLE `ec_product_collection_products` (
  `product_collection_id` bigint unsigned NOT NULL,
  `product_id` bigint unsigned NOT NULL,
  PRIMARY KEY (`product_id`,`product_collection_id`),
  KEY `ec_product_collection_products_product_collection_id_index` (`product_collection_id`),
  KEY `ec_product_collection_products_product_id_index` (`product_id`)
) ENGINE=InnoDB DEFAULT CHARSET=utf8mb4 COLLATE=utf8mb4_unicode_ci;

--
-- Dumping data for table `ec_product_collection_products`
--

INSERT INTO `ec_product_collection_products` VALUES (1,2),(1,4),(1,11),(1,24),(1,25),(1,33),(1,34),(1,36),(1,37),(1,41),(2,8),(2,9),(2,12),(2,13),(2,14),(2,16),(2,22),(2,23),(2,26),(2,31),(2,32),(2,42),(3,5),(3,15),(3,18),(3,21),(3,35),(3,40),(3,43),(4,1),(4,3),(4,6),(4,7),(4,10),(4,17),(4,19),(4,20),(4,27),(4,28),(4,29),(4,30),(4,38),(4,39);

--
-- Table structure for table `ec_product_collections`
--

CREATE TABLE `ec_product_collections` (
  `id` bigint unsigned NOT NULL AUTO_INCREMENT,
  `name` varchar(191) COLLATE utf8mb4_unicode_ci NOT NULL,
  `slug` varchar(191) COLLATE utf8mb4_unicode_ci NOT NULL,
  `description` varchar(400) COLLATE utf8mb4_unicode_ci DEFAULT NULL,
  `image` varchar(191) COLLATE utf8mb4_unicode_ci DEFAULT NULL,
  `status` varchar(60) COLLATE utf8mb4_unicode_ci NOT NULL DEFAULT 'published',
  `created_at` timestamp NULL DEFAULT NULL,
  `updated_at` timestamp NULL DEFAULT NULL,
  `is_featured` tinyint unsigned NOT NULL DEFAULT '0',
  PRIMARY KEY (`id`)
) ENGINE=InnoDB AUTO_INCREMENT=5 DEFAULT CHARSET=utf8mb4 COLLATE=utf8mb4_unicode_ci;

--
-- Dumping data for table `ec_product_collections`
--

INSERT INTO `ec_product_collections` VALUES (1,'Trendy Wardrobe Essentials','trendy-wardrobe-essentials',NULL,NULL,'published','2025-07-28 01:49:27','2025-07-28 01:49:27',0),(2,'Fashion Forward Finds','fashion-forward-finds',NULL,NULL,'published','2025-07-28 01:49:27','2025-07-28 01:49:27',0),(3,'Chic &amp; Stylish Collection','chic-stylish-collection',NULL,NULL,'published','2025-07-28 01:49:27','2025-07-28 01:49:27',0),(4,'Weekly Fashion Picks','weekly-fashion-picks',NULL,NULL,'published','2025-07-28 01:49:27','2025-07-28 01:49:27',0);

--
-- Table structure for table `ec_product_collections_translations`
--

CREATE TABLE `ec_product_collections_translations` (
  `lang_code` varchar(191) COLLATE utf8mb4_unicode_ci NOT NULL,
  `ec_product_collections_id` bigint unsigned NOT NULL,
  `name` varchar(191) COLLATE utf8mb4_unicode_ci DEFAULT NULL,
  `description` varchar(400) COLLATE utf8mb4_unicode_ci DEFAULT NULL,
  PRIMARY KEY (`lang_code`,`ec_product_collections_id`)
) ENGINE=InnoDB DEFAULT CHARSET=utf8mb4 COLLATE=utf8mb4_unicode_ci;

--
-- Dumping data for table `ec_product_collections_translations`
--


--
-- Table structure for table `ec_product_cross_sale_relations`
--

CREATE TABLE `ec_product_cross_sale_relations` (
  `from_product_id` bigint unsigned NOT NULL,
  `to_product_id` bigint unsigned NOT NULL,
  `is_variant` tinyint(1) NOT NULL DEFAULT '0',
  `price` decimal(15,2) DEFAULT '0.00',
  `price_type` varchar(191) COLLATE utf8mb4_unicode_ci NOT NULL DEFAULT 'fixed',
  `apply_to_all_variations` tinyint(1) NOT NULL DEFAULT '1',
  PRIMARY KEY (`from_product_id`,`to_product_id`),
  KEY `ec_product_cross_sale_relations_from_product_id_index` (`from_product_id`),
  KEY `ec_product_cross_sale_relations_to_product_id_index` (`to_product_id`)
) ENGINE=InnoDB DEFAULT CHARSET=utf8mb4 COLLATE=utf8mb4_unicode_ci;

--
-- Dumping data for table `ec_product_cross_sale_relations`
--

INSERT INTO `ec_product_cross_sale_relations` VALUES (1,6,0,0.00,'fixed',1),(1,18,0,0.00,'fixed',1),(1,20,0,0.00,'fixed',1),(1,25,0,0.00,'fixed',1),(1,33,0,0.00,'fixed',1),(1,34,0,0.00,'fixed',1),(1,40,0,0.00,'fixed',1),(2,4,0,0.00,'fixed',1),(2,19,0,0.00,'fixed',1),(2,22,0,0.00,'fixed',1),(2,26,0,0.00,'fixed',1),(2,33,0,0.00,'fixed',1),(2,37,0,0.00,'fixed',1),(3,2,0,0.00,'fixed',1),(3,6,0,0.00,'fixed',1),(3,21,0,0.00,'fixed',1),(3,28,0,0.00,'fixed',1),(3,34,0,0.00,'fixed',1),(3,37,0,0.00,'fixed',1),(4,7,0,0.00,'fixed',1),(4,11,0,0.00,'fixed',1),(4,24,0,0.00,'fixed',1),(4,33,0,0.00,'fixed',1),(4,35,0,0.00,'fixed',1),(4,38,0,0.00,'fixed',1),(5,16,0,0.00,'fixed',1),(5,21,0,0.00,'fixed',1),(5,22,0,0.00,'fixed',1),(5,26,0,0.00,'fixed',1),(5,31,0,0.00,'fixed',1),(5,41,0,0.00,'fixed',1),(6,4,0,0.00,'fixed',1),(6,14,0,0.00,'fixed',1),(6,22,0,0.00,'fixed',1),(6,36,0,0.00,'fixed',1),(6,40,0,0.00,'fixed',1),(6,43,0,0.00,'fixed',1),(7,5,0,0.00,'fixed',1),(7,23,0,0.00,'fixed',1),(7,24,0,0.00,'fixed',1),(7,25,0,0.00,'fixed',1),(7,27,0,0.00,'fixed',1),(7,37,0,0.00,'fixed',1),(7,42,0,0.00,'fixed',1),(8,17,0,0.00,'fixed',1),(8,23,0,0.00,'fixed',1),(8,26,0,0.00,'fixed',1),(8,28,0,0.00,'fixed',1),(8,31,0,0.00,'fixed',1),(8,33,0,0.00,'fixed',1),(8,34,0,0.00,'fixed',1),(9,2,0,0.00,'fixed',1),(9,6,0,0.00,'fixed',1),(9,12,0,0.00,'fixed',1),(9,26,0,0.00,'fixed',1),(9,30,0,0.00,'fixed',1),(9,41,0,0.00,'fixed',1),(10,12,0,0.00,'fixed',1),(10,15,0,0.00,'fixed',1),(10,25,0,0.00,'fixed',1),(10,27,0,0.00,'fixed',1),(10,40,0,0.00,'fixed',1),(10,41,0,0.00,'fixed',1),(11,2,0,0.00,'fixed',1),(11,4,0,0.00,'fixed',1),(11,9,0,0.00,'fixed',1),(11,17,0,0.00,'fixed',1),(11,18,0,0.00,'fixed',1),(11,26,0,0.00,'fixed',1),(11,31,0,0.00,'fixed',1),(12,5,0,0.00,'fixed',1),(12,9,0,0.00,'fixed',1),(12,15,0,0.00,'fixed',1),(12,24,0,0.00,'fixed',1),(12,31,0,0.00,'fixed',1),(12,35,0,0.00,'fixed',1),(12,36,0,0.00,'fixed',1),(13,2,0,0.00,'fixed',1),(13,7,0,0.00,'fixed',1),(13,10,0,0.00,'fixed',1),(13,26,0,0.00,'fixed',1),(13,27,0,0.00,'fixed',1),(13,28,0,0.00,'fixed',1),(13,41,0,0.00,'fixed',1),(14,6,0,0.00,'fixed',1),(14,16,0,0.00,'fixed',1),(14,21,0,0.00,'fixed',1),(14,38,0,0.00,'fixed',1),(14,40,0,0.00,'fixed',1),(14,42,0,0.00,'fixed',1),(15,4,0,0.00,'fixed',1),(15,9,0,0.00,'fixed',1),(15,17,0,0.00,'fixed',1),(15,25,0,0.00,'fixed',1),(15,38,0,0.00,'fixed',1),(15,40,0,0.00,'fixed',1),(16,4,0,0.00,'fixed',1),(16,7,0,0.00,'fixed',1),(16,11,0,0.00,'fixed',1),(16,24,0,0.00,'fixed',1),(16,26,0,0.00,'fixed',1),(16,28,0,0.00,'fixed',1),(17,2,0,0.00,'fixed',1),(17,4,0,0.00,'fixed',1),(17,7,0,0.00,'fixed',1),(17,16,0,0.00,'fixed',1),(17,22,0,0.00,'fixed',1),(17,43,0,0.00,'fixed',1),(18,3,0,0.00,'fixed',1),(18,12,0,0.00,'fixed',1),(18,25,0,0.00,'fixed',1),(18,36,0,0.00,'fixed',1),(18,43,0,0.00,'fixed',1),(19,4,0,0.00,'fixed',1),(19,5,0,0.00,'fixed',1),(19,20,0,0.00,'fixed',1),(19,29,0,0.00,'fixed',1),(19,30,0,0.00,'fixed',1),(19,31,0,0.00,'fixed',1),(19,43,0,0.00,'fixed',1),(20,9,0,0.00,'fixed',1),(20,12,0,0.00,'fixed',1),(20,15,0,0.00,'fixed',1),(20,17,0,0.00,'fixed',1),(20,18,0,0.00,'fixed',1),(20,42,0,0.00,'fixed',1),(21,1,0,0.00,'fixed',1),(21,11,0,0.00,'fixed',1),(21,16,0,0.00,'fixed',1),(21,22,0,0.00,'fixed',1),(21,23,0,0.00,'fixed',1),(21,26,0,0.00,'fixed',1),(21,28,0,0.00,'fixed',1),(22,2,0,0.00,'fixed',1),(22,6,0,0.00,'fixed',1),(22,14,0,0.00,'fixed',1),(22,15,0,0.00,'fixed',1),(22,21,0,0.00,'fixed',1),(22,26,0,0.00,'fixed',1),(23,1,0,0.00,'fixed',1),(23,5,0,0.00,'fixed',1),(23,14,0,0.00,'fixed',1),(23,27,0,0.00,'fixed',1),(23,35,0,0.00,'fixed',1),(23,41,0,0.00,'fixed',1),(24,2,0,0.00,'fixed',1),(24,3,0,0.00,'fixed',1),(24,7,0,0.00,'fixed',1),(24,30,0,0.00,'fixed',1),(24,32,0,0.00,'fixed',1),(24,40,0,0.00,'fixed',1),(25,3,0,0.00,'fixed',1),(25,11,0,0.00,'fixed',1),(25,20,0,0.00,'fixed',1),(25,24,0,0.00,'fixed',1),(25,32,0,0.00,'fixed',1),(25,38,0,0.00,'fixed',1),(26,2,0,0.00,'fixed',1),(26,12,0,0.00,'fixed',1),(26,19,0,0.00,'fixed',1),(26,24,0,0.00,'fixed',1),(26,36,0,0.00,'fixed',1),(26,39,0,0.00,'fixed',1),(27,2,0,0.00,'fixed',1),(27,12,0,0.00,'fixed',1),(27,23,0,0.00,'fixed',1),(27,28,0,0.00,'fixed',1),(27,36,0,0.00,'fixed',1),(27,37,0,0.00,'fixed',1),(27,42,0,0.00,'fixed',1),(28,3,0,0.00,'fixed',1),(28,6,0,0.00,'fixed',1),(28,30,0,0.00,'fixed',1),(28,32,0,0.00,'fixed',1),(28,34,0,0.00,'fixed',1),(28,41,0,0.00,'fixed',1),(29,12,0,0.00,'fixed',1),(29,22,0,0.00,'fixed',1),(29,26,0,0.00,'fixed',1),(29,32,0,0.00,'fixed',1),(29,39,0,0.00,'fixed',1),(29,43,0,0.00,'fixed',1),(30,8,0,0.00,'fixed',1),(30,13,0,0.00,'fixed',1),(30,16,0,0.00,'fixed',1),(30,19,0,0.00,'fixed',1),(30,26,0,0.00,'fixed',1),(30,38,0,0.00,'fixed',1),(30,40,0,0.00,'fixed',1),(31,11,0,0.00,'fixed',1),(31,15,0,0.00,'fixed',1),(31,20,0,0.00,'fixed',1),(31,34,0,0.00,'fixed',1),(31,37,0,0.00,'fixed',1),(31,41,0,0.00,'fixed',1),(32,2,0,0.00,'fixed',1),(32,4,0,0.00,'fixed',1),(32,10,0,0.00,'fixed',1),(32,18,0,0.00,'fixed',1),(32,30,0,0.00,'fixed',1),(32,31,0,0.00,'fixed',1),(32,38,0,0.00,'fixed',1),(33,1,0,0.00,'fixed',1),(33,4,0,0.00,'fixed',1),(33,16,0,0.00,'fixed',1),(33,19,0,0.00,'fixed',1),(33,20,0,0.00,'fixed',1),(33,32,0,0.00,'fixed',1),(33,41,0,0.00,'fixed',1),(34,5,0,0.00,'fixed',1),(34,9,0,0.00,'fixed',1),(34,19,0,0.00,'fixed',1),(34,27,0,0.00,'fixed',1),(34,33,0,0.00,'fixed',1),(34,37,0,0.00,'fixed',1),(34,41,0,0.00,'fixed',1),(35,2,0,0.00,'fixed',1),(35,3,0,0.00,'fixed',1),(35,11,0,0.00,'fixed',1),(35,15,0,0.00,'fixed',1),(35,18,0,0.00,'fixed',1),(35,19,0,0.00,'fixed',1),(35,39,0,0.00,'fixed',1),(36,3,0,0.00,'fixed',1),(36,15,0,0.00,'fixed',1),(36,21,0,0.00,'fixed',1),(36,27,0,0.00,'fixed',1),(36,30,0,0.00,'fixed',1),(36,38,0,0.00,'fixed',1),(37,7,0,0.00,'fixed',1),(37,9,0,0.00,'fixed',1),(37,20,0,0.00,'fixed',1),(37,22,0,0.00,'fixed',1),(37,28,0,0.00,'fixed',1),(37,35,0,0.00,'fixed',1),(38,2,0,0.00,'fixed',1),(38,5,0,0.00,'fixed',1),(38,13,0,0.00,'fixed',1),(38,18,0,0.00,'fixed',1),(38,21,0,0.00,'fixed',1),(38,23,0,0.00,'fixed',1),(38,34,0,0.00,'fixed',1),(39,2,0,0.00,'fixed',1),(39,5,0,0.00,'fixed',1),(39,19,0,0.00,'fixed',1),(39,22,0,0.00,'fixed',1),(39,29,0,0.00,'fixed',1),(39,32,0,0.00,'fixed',1),(39,36,0,0.00,'fixed',1),(40,7,0,0.00,'fixed',1),(40,8,0,0.00,'fixed',1),(40,14,0,0.00,'fixed',1),(40,18,0,0.00,'fixed',1),(40,22,0,0.00,'fixed',1),(40,42,0,0.00,'fixed',1),(40,43,0,0.00,'fixed',1),(41,2,0,0.00,'fixed',1),(41,8,0,0.00,'fixed',1),(41,15,0,0.00,'fixed',1),(41,16,0,0.00,'fixed',1),(41,23,0,0.00,'fixed',1),(41,30,0,0.00,'fixed',1),(42,2,0,0.00,'fixed',1),(42,16,0,0.00,'fixed',1),(42,28,0,0.00,'fixed',1),(42,30,0,0.00,'fixed',1),(42,35,0,0.00,'fixed',1),(42,39,0,0.00,'fixed',1),(42,41,0,0.00,'fixed',1),(43,1,0,0.00,'fixed',1),(43,2,0,0.00,'fixed',1),(43,11,0,0.00,'fixed',1),(43,24,0,0.00,'fixed',1),(43,31,0,0.00,'fixed',1),(43,38,0,0.00,'fixed',1);

--
-- Table structure for table `ec_product_files`
--

CREATE TABLE `ec_product_files` (
  `id` bigint unsigned NOT NULL AUTO_INCREMENT,
  `product_id` bigint unsigned DEFAULT NULL,
  `url` varchar(400) COLLATE utf8mb4_unicode_ci DEFAULT NULL,
  `extras` mediumtext COLLATE utf8mb4_unicode_ci,
  `created_at` timestamp NULL DEFAULT NULL,
  `updated_at` timestamp NULL DEFAULT NULL,
  PRIMARY KEY (`id`),
  KEY `ec_product_files_product_id_index` (`product_id`)
) ENGINE=InnoDB AUTO_INCREMENT=32 DEFAULT CHARSET=utf8mb4 COLLATE=utf8mb4_unicode_ci;

--
-- Dumping data for table `ec_product_files`
--

INSERT INTO `ec_product_files` VALUES (1,4,'ecommerce/digital-product-files/product-9.jpg','{\"filename\":\"product-9.jpg\",\"url\":\"ecommerce\\/digital-product-files\\/product-9.jpg\",\"mime_type\":\"image\\/jpeg\",\"size\":9803,\"modified\":\"2025-07-28 08:49:31\",\"name\":\"product-9\",\"extension\":\"jpg\"}','2025-07-28 01:49:31','2025-07-28 01:49:31'),(2,4,'ecommerce/digital-product-files/product-4.jpg','{\"filename\":\"product-4.jpg\",\"url\":\"ecommerce\\/digital-product-files\\/product-4.jpg\",\"mime_type\":\"image\\/jpeg\",\"size\":9803,\"modified\":\"2025-07-28 08:49:31\",\"name\":\"product-4\",\"extension\":\"jpg\"}','2025-07-28 01:49:31','2025-07-28 01:49:31'),(3,8,'ecommerce/digital-product-files/product-10.jpg','{\"filename\":\"product-10.jpg\",\"url\":\"ecommerce\\/digital-product-files\\/product-10.jpg\",\"mime_type\":\"image\\/jpeg\",\"size\":9803,\"modified\":\"2025-07-28 08:49:31\",\"name\":\"product-10\",\"extension\":\"jpg\"}','2025-07-28 01:49:31','2025-07-28 01:49:31'),(4,8,'ecommerce/digital-product-files/product-13.jpg','{\"filename\":\"product-13.jpg\",\"url\":\"ecommerce\\/digital-product-files\\/product-13.jpg\",\"mime_type\":\"image\\/jpeg\",\"size\":9803,\"modified\":\"2025-07-28 08:49:31\",\"name\":\"product-13\",\"extension\":\"jpg\"}','2025-07-28 01:49:31','2025-07-28 01:49:31'),(5,12,'ecommerce/digital-product-files/product-17.jpg','{\"filename\":\"product-17.jpg\",\"url\":\"ecommerce\\/digital-product-files\\/product-17.jpg\",\"mime_type\":\"image\\/jpeg\",\"size\":9803,\"modified\":\"2025-07-28 08:49:31\",\"name\":\"product-17\",\"extension\":\"jpg\"}','2025-07-28 01:49:31','2025-07-28 01:49:31'),(6,12,'ecommerce/digital-product-files/product-6.jpg','{\"filename\":\"product-6.jpg\",\"url\":\"ecommerce\\/digital-product-files\\/product-6.jpg\",\"mime_type\":\"image\\/jpeg\",\"size\":9803,\"modified\":\"2025-07-28 08:49:31\",\"name\":\"product-6\",\"extension\":\"jpg\"}','2025-07-28 01:49:31','2025-07-28 01:49:31'),(7,16,'ecommerce/digital-product-files/product-6.jpg','{\"filename\":\"product-6.jpg\",\"url\":\"ecommerce\\/digital-product-files\\/product-6.jpg\",\"mime_type\":\"image\\/jpeg\",\"size\":9803,\"modified\":\"2025-07-28 08:49:31\",\"name\":\"product-6\",\"extension\":\"jpg\"}','2025-07-28 01:49:31','2025-07-28 01:49:31'),(8,16,'ecommerce/digital-product-files/product-2.jpg','{\"filename\":\"product-2.jpg\",\"url\":\"ecommerce\\/digital-product-files\\/product-2.jpg\",\"mime_type\":\"image\\/jpeg\",\"size\":9803,\"modified\":\"2025-07-28 08:49:31\",\"name\":\"product-2\",\"extension\":\"jpg\"}','2025-07-28 01:49:31','2025-07-28 01:49:31'),(9,20,'ecommerce/digital-product-files/product-10.jpg','{\"filename\":\"product-10.jpg\",\"url\":\"ecommerce\\/digital-product-files\\/product-10.jpg\",\"mime_type\":\"image\\/jpeg\",\"size\":9803,\"modified\":\"2025-07-28 08:49:31\",\"name\":\"product-10\",\"extension\":\"jpg\"}','2025-07-28 01:49:31','2025-07-28 01:49:31'),(10,20,'ecommerce/digital-product-files/product-4.jpg','{\"filename\":\"product-4.jpg\",\"url\":\"ecommerce\\/digital-product-files\\/product-4.jpg\",\"mime_type\":\"image\\/jpeg\",\"size\":9803,\"modified\":\"2025-07-28 08:49:31\",\"name\":\"product-4\",\"extension\":\"jpg\"}','2025-07-28 01:49:31','2025-07-28 01:49:31'),(11,24,'ecommerce/digital-product-files/product-2.jpg','{\"filename\":\"product-2.jpg\",\"url\":\"ecommerce\\/digital-product-files\\/product-2.jpg\",\"mime_type\":\"image\\/jpeg\",\"size\":9803,\"modified\":\"2025-07-28 08:49:31\",\"name\":\"product-2\",\"extension\":\"jpg\"}','2025-07-28 01:49:31','2025-07-28 01:49:31'),(12,24,'ecommerce/digital-product-files/product-20.jpg','{\"filename\":\"product-20.jpg\",\"url\":\"ecommerce\\/digital-product-files\\/product-20.jpg\",\"mime_type\":\"image\\/jpeg\",\"size\":9803,\"modified\":\"2025-07-28 08:49:31\",\"name\":\"product-20\",\"extension\":\"jpg\"}','2025-07-28 01:49:31','2025-07-28 01:49:31'),(13,28,'ecommerce/digital-product-files/product-17.jpg','{\"filename\":\"product-17.jpg\",\"url\":\"ecommerce\\/digital-product-files\\/product-17.jpg\",\"mime_type\":\"image\\/jpeg\",\"size\":9803,\"modified\":\"2025-07-28 08:49:31\",\"name\":\"product-17\",\"extension\":\"jpg\"}','2025-07-28 01:49:31','2025-07-28 01:49:31'),(14,28,'ecommerce/digital-product-files/product-19.jpg','{\"filename\":\"product-19.jpg\",\"url\":\"ecommerce\\/digital-product-files\\/product-19.jpg\",\"mime_type\":\"image\\/jpeg\",\"size\":9803,\"modified\":\"2025-07-28 08:49:31\",\"name\":\"product-19\",\"extension\":\"jpg\"}','2025-07-28 01:49:31','2025-07-28 01:49:31'),(15,32,'ecommerce/digital-product-files/product-14.jpg','{\"filename\":\"product-14.jpg\",\"url\":\"ecommerce\\/digital-product-files\\/product-14.jpg\",\"mime_type\":\"image\\/jpeg\",\"size\":9803,\"modified\":\"2025-07-28 08:49:31\",\"name\":\"product-14\",\"extension\":\"jpg\"}','2025-07-28 01:49:31','2025-07-28 01:49:31'),(16,32,'ecommerce/digital-product-files/product-10.jpg','{\"filename\":\"product-10.jpg\",\"url\":\"ecommerce\\/digital-product-files\\/product-10.jpg\",\"mime_type\":\"image\\/jpeg\",\"size\":9803,\"modified\":\"2025-07-28 08:49:31\",\"name\":\"product-10\",\"extension\":\"jpg\"}','2025-07-28 01:49:31','2025-07-28 01:49:31'),(17,36,'ecommerce/digital-product-files/product-12.jpg','{\"filename\":\"product-12.jpg\",\"url\":\"ecommerce\\/digital-product-files\\/product-12.jpg\",\"mime_type\":\"image\\/jpeg\",\"size\":9803,\"modified\":\"2025-07-28 08:49:31\",\"name\":\"product-12\",\"extension\":\"jpg\"}','2025-07-28 01:49:31','2025-07-28 01:49:31'),(18,36,'ecommerce/digital-product-files/product-20.jpg','{\"filename\":\"product-20.jpg\",\"url\":\"ecommerce\\/digital-product-files\\/product-20.jpg\",\"mime_type\":\"image\\/jpeg\",\"size\":9803,\"modified\":\"2025-07-28 08:49:31\",\"name\":\"product-20\",\"extension\":\"jpg\"}','2025-07-28 01:49:31','2025-07-28 01:49:31'),(19,40,'ecommerce/digital-product-files/product-details-desc-3.jpg','{\"filename\":\"product-details-desc-3.jpg\",\"url\":\"ecommerce\\/digital-product-files\\/product-details-desc-3.jpg\",\"mime_type\":\"image\\/jpeg\",\"size\":9803,\"modified\":\"2025-07-28 08:49:31\",\"name\":\"product-details-desc-3\",\"extension\":\"jpg\"}','2025-07-28 01:49:31','2025-07-28 01:49:31'),(20,40,'ecommerce/digital-product-files/product-5.jpg','{\"filename\":\"product-5.jpg\",\"url\":\"ecommerce\\/digital-product-files\\/product-5.jpg\",\"mime_type\":\"image\\/jpeg\",\"size\":9803,\"modified\":\"2025-07-28 08:49:31\",\"name\":\"product-5\",\"extension\":\"jpg\"}','2025-07-28 01:49:31','2025-07-28 01:49:31'),(21,47,'ecommerce/digital-product-files/product-4.jpg','{\"filename\":\"product-4.jpg\",\"url\":\"ecommerce\\/digital-product-files\\/product-4.jpg\",\"mime_type\":\"image\\/jpeg\",\"size\":9803,\"modified\":\"2025-07-28 08:49:31\",\"name\":\"product-4\",\"extension\":\"jpg\"}','2025-07-28 01:49:31','2025-07-28 01:49:31'),(22,48,'ecommerce/digital-product-files/product-1.jpg','{\"filename\":\"product-1.jpg\",\"url\":\"ecommerce\\/digital-product-files\\/product-1.jpg\",\"mime_type\":\"image\\/jpeg\",\"size\":9803,\"modified\":\"2025-07-28 08:49:31\",\"name\":\"product-1\",\"extension\":\"jpg\"}','2025-07-28 01:49:31','2025-07-28 01:49:31'),(23,61,'ecommerce/digital-product-files/product-6.jpg','{\"filename\":\"product-6.jpg\",\"url\":\"ecommerce\\/digital-product-files\\/product-6.jpg\",\"mime_type\":\"image\\/jpeg\",\"size\":9803,\"modified\":\"2025-07-28 08:49:31\",\"name\":\"product-6\",\"extension\":\"jpg\"}','2025-07-28 01:49:31','2025-07-28 01:49:31'),(24,62,'ecommerce/digital-product-files/product-details-desc-1.jpg','{\"filename\":\"product-details-desc-1.jpg\",\"url\":\"ecommerce\\/digital-product-files\\/product-details-desc-1.jpg\",\"mime_type\":\"image\\/jpeg\",\"size\":9803,\"modified\":\"2025-07-28 08:49:31\",\"name\":\"product-details-desc-1\",\"extension\":\"jpg\"}','2025-07-28 01:49:31','2025-07-28 01:49:31'),(25,67,'ecommerce/digital-product-files/product-2.jpg','{\"filename\":\"product-2.jpg\",\"url\":\"ecommerce\\/digital-product-files\\/product-2.jpg\",\"mime_type\":\"image\\/jpeg\",\"size\":9803,\"modified\":\"2025-07-28 08:49:31\",\"name\":\"product-2\",\"extension\":\"jpg\"}','2025-07-28 01:49:31','2025-07-28 01:49:31'),(26,68,'ecommerce/digital-product-files/product-12.jpg','{\"filename\":\"product-12.jpg\",\"url\":\"ecommerce\\/digital-product-files\\/product-12.jpg\",\"mime_type\":\"image\\/jpeg\",\"size\":9803,\"modified\":\"2025-07-28 08:49:31\",\"name\":\"product-12\",\"extension\":\"jpg\"}','2025-07-28 01:49:31','2025-07-28 01:49:31'),(27,69,'ecommerce/digital-product-files/product-details-desc-2.jpg','{\"filename\":\"product-details-desc-2.jpg\",\"url\":\"ecommerce\\/digital-product-files\\/product-details-desc-2.jpg\",\"mime_type\":\"image\\/jpeg\",\"size\":9803,\"modified\":\"2025-07-28 08:49:31\",\"name\":\"product-details-desc-2\",\"extension\":\"jpg\"}','2025-07-28 01:49:31','2025-07-28 01:49:31'),(28,74,'ecommerce/digital-product-files/product-4.jpg','{\"filename\":\"product-4.jpg\",\"url\":\"ecommerce\\/digital-product-files\\/product-4.jpg\",\"mime_type\":\"image\\/jpeg\",\"size\":9803,\"modified\":\"2025-07-28 08:49:31\",\"name\":\"product-4\",\"extension\":\"jpg\"}','2025-07-28 01:49:31','2025-07-28 01:49:31'),(29,75,'ecommerce/digital-product-files/product-6.jpg','{\"filename\":\"product-6.jpg\",\"url\":\"ecommerce\\/digital-product-files\\/product-6.jpg\",\"mime_type\":\"image\\/jpeg\",\"size\":9803,\"modified\":\"2025-07-28 08:49:31\",\"name\":\"product-6\",\"extension\":\"jpg\"}','2025-07-28 01:49:31','2025-07-28 01:49:31'),(30,83,'ecommerce/digital-product-files/product-20.jpg','{\"filename\":\"product-20.jpg\",\"url\":\"ecommerce\\/digital-product-files\\/product-20.jpg\",\"mime_type\":\"image\\/jpeg\",\"size\":9803,\"modified\":\"2025-07-28 08:49:31\",\"name\":\"product-20\",\"extension\":\"jpg\"}','2025-07-28 01:49:31','2025-07-28 01:49:31'),(31,84,'ecommerce/digital-product-files/product-5.jpg','{\"filename\":\"product-5.jpg\",\"url\":\"ecommerce\\/digital-product-files\\/product-5.jpg\",\"mime_type\":\"image\\/jpeg\",\"size\":9803,\"modified\":\"2025-07-28 08:49:31\",\"name\":\"product-5\",\"extension\":\"jpg\"}','2025-07-28 01:49:31','2025-07-28 01:49:31');

--
-- Table structure for table `ec_product_label_products`
--

CREATE TABLE `ec_product_label_products` (
  `product_label_id` bigint unsigned NOT NULL,
  `product_id` bigint unsigned NOT NULL,
  PRIMARY KEY (`product_label_id`,`product_id`),
  KEY `ec_product_label_products_product_label_id_index` (`product_label_id`),
  KEY `ec_product_label_products_product_id_index` (`product_id`)
) ENGINE=InnoDB DEFAULT CHARSET=utf8mb4 COLLATE=utf8mb4_unicode_ci;

--
-- Dumping data for table `ec_product_label_products`
--

INSERT INTO `ec_product_label_products` VALUES (1,6),(1,30),(1,39),(2,3),(2,9),(2,12),(2,21),(2,24),(2,36),(3,15),(3,18),(3,27),(3,33),(3,42);

--
-- Table structure for table `ec_product_labels`
--

CREATE TABLE `ec_product_labels` (
  `id` bigint unsigned NOT NULL AUTO_INCREMENT,
  `name` varchar(191) COLLATE utf8mb4_unicode_ci NOT NULL,
  `color` varchar(120) COLLATE utf8mb4_unicode_ci DEFAULT NULL,
  `status` varchar(60) COLLATE utf8mb4_unicode_ci NOT NULL DEFAULT 'published',
  `created_at` timestamp NULL DEFAULT NULL,
  `updated_at` timestamp NULL DEFAULT NULL,
  `text_color` varchar(120) COLLATE utf8mb4_unicode_ci DEFAULT NULL,
  PRIMARY KEY (`id`)
) ENGINE=InnoDB AUTO_INCREMENT=4 DEFAULT CHARSET=utf8mb4 COLLATE=utf8mb4_unicode_ci;

--
-- Dumping data for table `ec_product_labels`
--

INSERT INTO `ec_product_labels` VALUES (1,'Hot','#AC2200','published','2025-07-28 01:49:08','2025-07-28 01:49:08',NULL),(2,'New','#006554','published','2025-07-28 01:49:08','2025-07-28 01:49:08',NULL),(3,'Sale','#9A3B00','published','2025-07-28 01:49:08','2025-07-28 01:49:08',NULL);

--
-- Table structure for table `ec_product_labels_translations`
--

CREATE TABLE `ec_product_labels_translations` (
  `lang_code` varchar(191) COLLATE utf8mb4_unicode_ci NOT NULL,
  `ec_product_labels_id` bigint unsigned NOT NULL,
  `name` varchar(191) COLLATE utf8mb4_unicode_ci DEFAULT NULL,
  `description` varchar(400) COLLATE utf8mb4_unicode_ci DEFAULT NULL,
  PRIMARY KEY (`lang_code`,`ec_product_labels_id`)
) ENGINE=InnoDB DEFAULT CHARSET=utf8mb4 COLLATE=utf8mb4_unicode_ci;

--
-- Dumping data for table `ec_product_labels_translations`
--


--
-- Table structure for table `ec_product_license_codes`
--

CREATE TABLE `ec_product_license_codes` (
  `id` bigint unsigned NOT NULL AUTO_INCREMENT,
  `product_id` bigint unsigned NOT NULL,
  `license_code` text COLLATE utf8mb4_unicode_ci NOT NULL,
  `status` varchar(60) COLLATE utf8mb4_unicode_ci NOT NULL DEFAULT 'available',
  `assigned_order_product_id` bigint unsigned DEFAULT NULL,
  `assigned_at` timestamp NULL DEFAULT NULL,
  `created_at` timestamp NULL DEFAULT NULL,
  `updated_at` timestamp NULL DEFAULT NULL,
  PRIMARY KEY (`id`),
  KEY `ec_product_license_codes_product_id_status_index` (`product_id`,`status`)
) ENGINE=InnoDB DEFAULT CHARSET=utf8mb4 COLLATE=utf8mb4_unicode_ci;

--
-- Dumping data for table `ec_product_license_codes`
--


--
-- Table structure for table `ec_product_related_relations`
--

CREATE TABLE `ec_product_related_relations` (
  `from_product_id` bigint unsigned NOT NULL,
  `to_product_id` bigint unsigned NOT NULL,
  PRIMARY KEY (`from_product_id`,`to_product_id`),
  KEY `ec_product_related_relations_from_product_id_index` (`from_product_id`),
  KEY `ec_product_related_relations_to_product_id_index` (`to_product_id`)
) ENGINE=InnoDB DEFAULT CHARSET=utf8mb4 COLLATE=utf8mb4_unicode_ci;

--
-- Dumping data for table `ec_product_related_relations`
--


--
-- Table structure for table `ec_product_specification_attribute`
--

CREATE TABLE `ec_product_specification_attribute` (
  `product_id` bigint unsigned NOT NULL,
  `attribute_id` bigint unsigned NOT NULL,
  `value` text COLLATE utf8mb4_unicode_ci,
  `hidden` tinyint(1) NOT NULL DEFAULT '0',
  `order` tinyint NOT NULL DEFAULT '0',
  PRIMARY KEY (`product_id`,`attribute_id`)
) ENGINE=InnoDB DEFAULT CHARSET=utf8mb4 COLLATE=utf8mb4_unicode_ci;

--
-- Dumping data for table `ec_product_specification_attribute`
--

INSERT INTO `ec_product_specification_attribute` VALUES (1,6,'70.5 cm',0,0),(1,7,'98.72 cm',0,0),(1,8,'2560x1440',0,0),(2,6,'53.36 cm',0,0),(2,7,'52.52 cm',0,0),(2,8,'1920x1080',0,0),(3,1,'56.79 cm',0,0),(3,2,'47.85 cm',0,0),(3,3,'74.69 cm',0,0),(3,4,'73.44 cm',0,0),(3,5,'48.11 cm',0,0),(4,6,'88.6 cm',0,0),(4,7,'71.23 cm',0,0),(4,8,'1920x1080',0,0),(5,1,'86.03 cm',0,0),(5,2,'53.53 cm',0,0),(5,3,'32.55 cm',0,0),(5,4,'74.73 cm',0,0),(5,5,'60.46 cm',0,0),(6,6,'4.36 cm',0,0),(6,7,'10.28 cm',0,0),(6,8,'3840x2160',0,0),(7,6,'9.59 cm',0,0),(7,7,'83.53 cm',0,0),(7,8,'1920x1080',0,0),(8,6,'87.71 cm',0,0),(8,7,'65.84 cm',0,0),(8,8,'3840x2160',0,0),(9,6,'55.42 cm',0,0),(9,7,'95.55 cm',0,0),(9,8,'3840x2160',0,0),(10,1,'5 cm',0,0),(10,2,'38.04 cm',0,0),(10,3,'24.69 cm',0,0),(10,4,'59.24 cm',0,0),(10,5,'79.2 cm',0,0),(11,1,'20.29 cm',0,0),(11,2,'99.42 cm',0,0),(11,3,'4.43 cm',0,0),(11,4,'86.33 cm',0,0),(11,5,'14.46 cm',0,0),(12,1,'86.02 cm',0,0),(12,2,'47.99 cm',0,0),(12,3,'66.35 cm',0,0),(12,4,'52.39 cm',0,0),(12,5,'91.54 cm',0,0),(13,1,'54.65 cm',0,0),(13,2,'37.75 cm',0,0),(13,3,'89.06 cm',0,0),(13,4,'9.13 cm',0,0),(13,5,'45.93 cm',0,0),(14,1,'57.31 cm',0,0),(14,2,'83.5 cm',0,0),(14,3,'20.44 cm',0,0),(14,4,'38.13 cm',0,0),(14,5,'16.75 cm',0,0),(15,6,'21.13 cm',0,0),(15,7,'19.78 cm',0,0),(15,8,'3840x2160',0,0),(16,6,'73.94 cm',0,0),(16,7,'23 cm',0,0),(16,8,'3840x2160',0,0),(17,1,'28.63 cm',0,0),(17,2,'18.99 cm',0,0),(17,3,'35.5 cm',0,0),(17,4,'74.54 cm',0,0),(17,5,'55.53 cm',0,0),(18,1,'88.87 cm',0,0),(18,2,'32.5 cm',0,0),(18,3,'17.83 cm',0,0),(18,4,'22.4 cm',0,0),(18,5,'21.79 cm',0,0),(19,1,'27.41 cm',0,0),(19,2,'86.68 cm',0,0),(19,3,'49.13 cm',0,0),(19,4,'83.01 cm',0,0),(19,5,'95.42 cm',0,0),(20,6,'64.94 cm',0,0),(20,7,'13.71 cm',0,0),(20,8,'2560x1440',0,0),(21,6,'26.07 cm',0,0),(21,7,'22.98 cm',0,0),(21,8,'3840x2160',0,0),(22,1,'13.5 cm',0,0),(22,2,'42.43 cm',0,0),(22,3,'69.17 cm',0,0),(22,4,'93.69 cm',0,0),(22,5,'67.51 cm',0,0),(23,1,'31.82 cm',0,0),(23,2,'21.63 cm',0,0),(23,3,'92.42 cm',0,0),(23,4,'72.69 cm',0,0),(23,5,'36.76 cm',0,0),(24,1,'14.34 cm',0,0),(24,2,'71.46 cm',0,0),(24,3,'62.6 cm',0,0),(24,4,'9.55 cm',0,0),(24,5,'26.19 cm',0,0),(25,6,'51.26 cm',0,0),(25,7,'37.57 cm',0,0),(25,8,'1920x1080',0,0),(26,1,'12.85 cm',0,0),(26,2,'2.92 cm',0,0),(26,3,'19.64 cm',0,0),(26,4,'98.6 cm',0,0),(26,5,'90.13 cm',0,0),(27,6,'70.21 cm',0,0),(27,7,'1.47 cm',0,0),(27,8,'1920x1080',0,0),(28,1,'50.51 cm',0,0),(28,2,'62.47 cm',0,0),(28,3,'18.68 cm',0,0),(28,4,'68.3 cm',0,0),(28,5,'21.45 cm',0,0),(29,6,'1.47 cm',0,0),(29,7,'5.87 cm',0,0),(29,8,'2560x1440',0,0),(30,6,'51.38 cm',0,0),(30,7,'44.34 cm',0,0),(30,8,'1920x1080',0,0),(31,1,'34.27 cm',0,0),(31,2,'28.18 cm',0,0),(31,3,'57.32 cm',0,0),(31,4,'6.13 cm',0,0),(31,5,'49.22 cm',0,0),(32,1,'31.97 cm',0,0),(32,2,'23.61 cm',0,0),(32,3,'28.19 cm',0,0),(32,4,'67.38 cm',0,0),(32,5,'89.35 cm',0,0),(33,6,'32.05 cm',0,0),(33,7,'90.81 cm',0,0),(33,8,'2560x1440',0,0),(34,6,'50.6 cm',0,0),(34,7,'79.03 cm',0,0),(34,8,'2560x1440',0,0),(35,6,'24.35 cm',0,0),(35,7,'71.81 cm',0,0),(35,8,'2560x1440',0,0),(36,1,'33.14 cm',0,0),(36,2,'31.21 cm',0,0),(36,3,'38.65 cm',0,0),(36,4,'31.28 cm',0,0),(36,5,'81.83 cm',0,0),(37,6,'46.51 cm',0,0),(37,7,'51.02 cm',0,0),(37,8,'1920x1080',0,0),(38,1,'14.8 cm',0,0),(38,2,'21.64 cm',0,0),(38,3,'15.92 cm',0,0),(38,4,'79.34 cm',0,0),(38,5,'12.36 cm',0,0),(39,6,'10.06 cm',0,0),(39,7,'72.13 cm',0,0),(39,8,'2560x1440',0,0),(40,6,'8.96 cm',0,0),(40,7,'5.21 cm',0,0),(40,8,'3840x2160',0,0),(41,6,'19.83 cm',0,0),(41,7,'51.35 cm',0,0),(41,8,'2560x1440',0,0),(42,1,'96.6 cm',0,0),(42,2,'74.91 cm',0,0),(42,3,'27.09 cm',0,0),(42,4,'37.53 cm',0,0),(42,5,'34.95 cm',0,0),(43,1,'75.75 cm',0,0),(43,2,'73.54 cm',0,0),(43,3,'54.65 cm',0,0),(43,4,'16.16 cm',0,0),(43,5,'89.64 cm',0,0);

--
-- Table structure for table `ec_product_tag_product`
--

CREATE TABLE `ec_product_tag_product` (
  `product_id` bigint unsigned NOT NULL,
  `tag_id` bigint unsigned NOT NULL,
  PRIMARY KEY (`product_id`,`tag_id`),
  KEY `ec_product_tag_product_product_id_index` (`product_id`),
  KEY `ec_product_tag_product_tag_id_index` (`tag_id`)
) ENGINE=InnoDB DEFAULT CHARSET=utf8mb4 COLLATE=utf8mb4_unicode_ci;

--
-- Dumping data for table `ec_product_tag_product`
--

INSERT INTO `ec_product_tag_product` VALUES (1,2),(1,3),(1,4),(2,3),(2,4),(2,6),(3,1),(3,3),(3,4),(4,1),(4,2),(4,4),(5,2),(5,4),(5,5),(6,2),(6,3),(6,6),(7,1),(7,3),(7,5),(8,1),(8,3),(8,5),(9,2),(9,5),(9,6),(10,1),(10,2),(10,3),(11,1),(11,2),(11,4),(12,3),(12,4),(12,5),(13,2),(13,4),(13,5),(14,1),(14,2),(14,5),(15,3),(15,5),(15,6),(16,2),(16,5),(16,6),(17,1),(17,2),(17,6),(18,2),(18,4),(18,5),(19,1),(19,3),(19,6),(20,2),(20,5),(20,6),(21,2),(21,3),(21,6),(22,1),(22,3),(22,5),(23,4),(23,5),(23,6),(24,2),(24,3),(24,5),(25,2),(25,4),(25,6),(26,1),(26,3),(26,5),(27,1),(27,3),(27,6),(28,2),(28,4),(28,5),(29,3),(29,4),(29,5),(30,2),(30,3),(30,4),(31,2),(31,4),(31,6),(32,1),(32,4),(32,6),(33,1),(33,2),(33,3),(34,2),(34,3),(34,5),(35,1),(35,3),(35,4),(36,1),(36,2),(36,6),(37,1),(37,3),(37,5),(38,2),(38,3),(38,5),(39,3),(39,5),(39,6),(40,1),(40,5),(40,6),(41,1),(41,4),(41,5),(42,2),(42,4),(42,5),(43,3),(43,4),(43,6);

--
-- Table structure for table `ec_product_tags`
--

CREATE TABLE `ec_product_tags` (
  `id` bigint unsigned NOT NULL AUTO_INCREMENT,
  `name` varchar(120) COLLATE utf8mb4_unicode_ci NOT NULL,
  `description` varchar(400) COLLATE utf8mb4_unicode_ci DEFAULT NULL,
  `status` varchar(60) COLLATE utf8mb4_unicode_ci NOT NULL DEFAULT 'published',
  `created_at` timestamp NULL DEFAULT NULL,
  `updated_at` timestamp NULL DEFAULT NULL,
  PRIMARY KEY (`id`)
) ENGINE=InnoDB AUTO_INCREMENT=7 DEFAULT CHARSET=utf8mb4 COLLATE=utf8mb4_unicode_ci;

--
-- Dumping data for table `ec_product_tags`
--

INSERT INTO `ec_product_tags` VALUES (1,'Electronic',NULL,'published','2025-07-28 01:49:15','2025-07-28 01:49:15'),(2,'Mobile',NULL,'published','2025-07-28 01:49:15','2025-07-28 01:49:15'),(3,'Iphone',NULL,'published','2025-07-28 01:49:15','2025-07-28 01:49:15'),(4,'Printer',NULL,'published','2025-07-28 01:49:15','2025-07-28 01:49:15'),(5,'Office',NULL,'published','2025-07-28 01:49:15','2025-07-28 01:49:15'),(6,'IT',NULL,'published','2025-07-28 01:49:15','2025-07-28 01:49:15');

--
-- Table structure for table `ec_product_tags_translations`
--

CREATE TABLE `ec_product_tags_translations` (
  `lang_code` varchar(191) COLLATE utf8mb4_unicode_ci NOT NULL,
  `ec_product_tags_id` bigint unsigned NOT NULL,
  `name` varchar(191) COLLATE utf8mb4_unicode_ci DEFAULT NULL,
  PRIMARY KEY (`lang_code`,`ec_product_tags_id`)
) ENGINE=InnoDB DEFAULT CHARSET=utf8mb4 COLLATE=utf8mb4_unicode_ci;

--
-- Dumping data for table `ec_product_tags_translations`
--


--
-- Table structure for table `ec_product_up_sale_relations`
--

CREATE TABLE `ec_product_up_sale_relations` (
  `from_product_id` bigint unsigned NOT NULL,
  `to_product_id` bigint unsigned NOT NULL,
  PRIMARY KEY (`from_product_id`,`to_product_id`),
  KEY `ec_product_up_sale_relations_from_product_id_index` (`from_product_id`),
  KEY `ec_product_up_sale_relations_to_product_id_index` (`to_product_id`)
) ENGINE=InnoDB DEFAULT CHARSET=utf8mb4 COLLATE=utf8mb4_unicode_ci;

--
-- Dumping data for table `ec_product_up_sale_relations`
--


--
-- Table structure for table `ec_product_variation_items`
--

CREATE TABLE `ec_product_variation_items` (
  `id` bigint unsigned NOT NULL AUTO_INCREMENT,
  `attribute_id` bigint unsigned NOT NULL,
  `variation_id` bigint unsigned NOT NULL,
  PRIMARY KEY (`id`),
  UNIQUE KEY `ec_product_variation_items_attribute_id_variation_id_unique` (`attribute_id`,`variation_id`),
  KEY `attribute_variation_index` (`attribute_id`,`variation_id`)
) ENGINE=InnoDB AUTO_INCREMENT=105 DEFAULT CHARSET=utf8mb4 COLLATE=utf8mb4_unicode_ci;

--
-- Dumping data for table `ec_product_variation_items`
--

INSERT INTO `ec_product_variation_items` VALUES (1,1,1),(7,1,4),(23,1,12),(27,1,14),(29,1,15),(53,1,27),(57,1,29),(59,1,30),(19,2,10),(21,2,11),(39,2,20),(13,3,7),(31,3,16),(33,3,17),(37,3,19),(45,3,23),(47,3,24),(9,4,5),(25,4,13),(35,4,18),(41,4,21),(49,4,25),(51,4,26),(3,5,2),(5,5,3),(11,5,6),(15,5,8),(17,5,9),(43,5,22),(55,5,28),(61,5,31),(63,5,32),(4,6,2),(24,6,12),(32,6,16),(36,6,18),(44,6,22),(56,6,28),(58,6,29),(22,7,11),(38,7,19),(42,7,21),(48,7,24),(62,7,31),(6,8,3),(8,8,4),(10,8,5),(14,8,7),(18,8,9),(20,8,10),(30,8,15),(34,8,17),(46,8,23),(52,8,26),(60,8,30),(16,9,8),(28,9,14),(40,9,20),(50,9,25),(54,9,27),(2,10,1),(12,10,6),(26,10,13),(64,10,32),(71,11,36),(79,11,40),(91,11,46),(95,11,48),(101,11,51),(73,12,37),(81,12,41),(87,12,44),(89,12,45),(65,13,33),(77,13,39),(83,13,42),(85,13,43),(93,13,47),(103,13,52),(67,14,34),(69,14,35),(75,15,38),(97,15,49),(99,15,50),(82,16,41),(86,16,43),(94,16,47),(66,17,33),(70,17,35),(90,17,45),(92,17,46),(102,17,51),(72,18,36),(74,18,37),(84,18,42),(88,18,44),(78,19,39),(80,19,40),(96,19,48),(104,19,52),(68,20,34),(76,20,38),(98,20,49),(100,20,50);

--
-- Table structure for table `ec_product_variations`
--

CREATE TABLE `ec_product_variations` (
  `id` bigint unsigned NOT NULL AUTO_INCREMENT,
  `product_id` bigint unsigned DEFAULT NULL,
  `configurable_product_id` bigint unsigned NOT NULL,
  `is_default` tinyint NOT NULL DEFAULT '0',
  PRIMARY KEY (`id`),
  UNIQUE KEY `ec_product_variations_product_id_configurable_product_id_unique` (`product_id`,`configurable_product_id`),
  KEY `configurable_product_index` (`product_id`,`configurable_product_id`)
) ENGINE=InnoDB AUTO_INCREMENT=53 DEFAULT CHARSET=utf8mb4 COLLATE=utf8mb4_unicode_ci;

--
-- Dumping data for table `ec_product_variations`
--

INSERT INTO `ec_product_variations` VALUES (1,44,3,1),(2,45,3,0),(3,46,3,0),(4,47,4,1),(5,48,4,0),(6,49,5,1),(7,50,5,0),(8,51,5,0),(9,52,5,0),(10,53,6,1),(11,54,6,0),(12,55,6,0),(13,56,7,1),(14,57,9,1),(15,58,9,0),(16,59,11,1),(17,60,11,0),(18,61,12,1),(19,62,12,0),(20,63,13,1),(21,64,14,1),(22,65,14,0),(23,66,14,0),(24,67,16,1),(25,68,16,0),(26,69,16,0),(27,70,18,1),(28,71,18,0),(29,72,18,0),(30,73,19,1),(31,74,20,1),(32,75,20,0),(33,76,21,1),(34,77,22,1),(35,78,22,0),(36,79,22,0),(37,80,22,0),(38,81,23,1),(39,82,23,0),(40,83,24,1),(41,84,24,0),(42,85,27,1),(43,86,27,0),(44,87,30,1),(45,88,30,0),(46,89,30,0),(47,90,31,1),(48,91,31,0),(49,92,31,0),(50,93,31,0),(51,94,43,1),(52,95,43,0);

--
-- Table structure for table `ec_product_views`
--

CREATE TABLE `ec_product_views` (
  `id` bigint unsigned NOT NULL AUTO_INCREMENT,
  `product_id` bigint unsigned NOT NULL,
  `views` int NOT NULL DEFAULT '1',
  `date` date NOT NULL DEFAULT '2025-07-28',
  PRIMARY KEY (`id`),
  UNIQUE KEY `ec_product_views_product_id_date_unique` (`product_id`,`date`),
  KEY `ec_product_views_product_id_index` (`product_id`)
) ENGINE=InnoDB DEFAULT CHARSET=utf8mb4 COLLATE=utf8mb4_unicode_ci;

--
-- Dumping data for table `ec_product_views`
--


--
-- Table structure for table `ec_product_with_attribute_set`
--

CREATE TABLE `ec_product_with_attribute_set` (
  `attribute_set_id` bigint unsigned NOT NULL,
  `product_id` bigint unsigned NOT NULL,
  `order` tinyint unsigned NOT NULL DEFAULT '0',
  PRIMARY KEY (`product_id`,`attribute_set_id`)
) ENGINE=InnoDB DEFAULT CHARSET=utf8mb4 COLLATE=utf8mb4_unicode_ci;

--
-- Dumping data for table `ec_product_with_attribute_set`
--

INSERT INTO `ec_product_with_attribute_set` VALUES (1,3,0),(2,3,0),(1,4,0),(2,4,0),(1,5,0),(2,5,0),(1,6,0),(2,6,0),(1,7,0),(2,7,0),(1,9,0),(2,9,0),(1,11,0),(2,11,0),(1,12,0),(2,12,0),(1,13,0),(2,13,0),(1,14,0),(2,14,0),(1,16,0),(2,16,0),(1,18,0),(2,18,0),(1,19,0),(2,19,0),(1,20,0),(2,20,0),(3,21,0),(4,21,0),(3,22,0),(4,22,0),(3,23,0),(4,23,0),(3,24,0),(4,24,0),(3,27,0),(4,27,0),(3,30,0),(4,30,0),(3,31,0),(4,31,0),(3,43,0),(4,43,0);

--
-- Table structure for table `ec_products`
--

CREATE TABLE `ec_products` (
  `id` bigint unsigned NOT NULL AUTO_INCREMENT,
  `name` varchar(191) COLLATE utf8mb4_unicode_ci NOT NULL,
  `description` text COLLATE utf8mb4_unicode_ci,
  `content` longtext COLLATE utf8mb4_unicode_ci,
  `status` varchar(60) COLLATE utf8mb4_unicode_ci NOT NULL DEFAULT 'published',
  `images` text COLLATE utf8mb4_unicode_ci,
  `video_media` text COLLATE utf8mb4_unicode_ci,
  `sku` varchar(191) COLLATE utf8mb4_unicode_ci DEFAULT NULL,
  `order` int unsigned NOT NULL DEFAULT '0',
  `quantity` int unsigned DEFAULT NULL,
  `allow_checkout_when_out_of_stock` tinyint unsigned NOT NULL DEFAULT '0',
  `with_storehouse_management` tinyint unsigned NOT NULL DEFAULT '0',
  `stock_status` varchar(191) COLLATE utf8mb4_unicode_ci DEFAULT 'in_stock',
  `is_featured` tinyint unsigned NOT NULL DEFAULT '0',
  `brand_id` bigint unsigned DEFAULT NULL,
  `is_variation` tinyint NOT NULL DEFAULT '0',
  `sale_type` tinyint NOT NULL DEFAULT '0',
  `price` double unsigned DEFAULT NULL,
  `sale_price` double unsigned DEFAULT NULL,
  `start_date` timestamp NULL DEFAULT NULL,
  `end_date` timestamp NULL DEFAULT NULL,
  `length` double DEFAULT NULL,
  `wide` double DEFAULT NULL,
  `height` double DEFAULT NULL,
  `weight` double DEFAULT NULL,
  `tax_id` bigint unsigned DEFAULT NULL,
  `views` bigint NOT NULL DEFAULT '0',
  `created_at` timestamp NULL DEFAULT NULL,
  `updated_at` timestamp NULL DEFAULT NULL,
  `store_id` bigint unsigned DEFAULT NULL,
  `created_by_id` bigint unsigned DEFAULT '0',
  `created_by_type` varchar(191) COLLATE utf8mb4_unicode_ci NOT NULL DEFAULT 'Botble\\ACL\\Models\\User',
  `approved_by` bigint unsigned DEFAULT '0',
  `image` varchar(191) COLLATE utf8mb4_unicode_ci DEFAULT NULL,
  `product_type` varchar(60) COLLATE utf8mb4_unicode_ci DEFAULT 'physical',
  `barcode` varchar(150) COLLATE utf8mb4_unicode_ci DEFAULT NULL,
  `cost_per_item` double DEFAULT NULL,
  `generate_license_code` tinyint(1) NOT NULL DEFAULT '0',
  `license_code_type` enum('auto_generate','pick_from_list') COLLATE utf8mb4_unicode_ci NOT NULL DEFAULT 'auto_generate',
  `minimum_order_quantity` int unsigned DEFAULT '0',
  `maximum_order_quantity` int unsigned DEFAULT '0',
  `notify_attachment_updated` tinyint(1) NOT NULL DEFAULT '0',
  `specification_table_id` bigint unsigned DEFAULT NULL,
  PRIMARY KEY (`id`),
  KEY `ec_products_brand_id_status_is_variation_created_at_index` (`brand_id`,`status`,`is_variation`,`created_at`),
  KEY `sale_type_index` (`sale_type`),
  KEY `start_date_index` (`start_date`),
  KEY `end_date_index` (`end_date`),
  KEY `sale_price_index` (`sale_price`),
  KEY `is_variation_index` (`is_variation`),
  KEY `ec_products_sku_index` (`sku`)
) ENGINE=InnoDB AUTO_INCREMENT=96 DEFAULT CHARSET=utf8mb4 COLLATE=utf8mb4_unicode_ci;

--
-- Dumping data for table `ec_products`
--

INSERT INTO `ec_products` VALUES (1,'Vintage Denim Jacket','Top off your look with this chic fedora hat, crafted with a classic silhouette and a timeless appeal. A must-have accessory for any fashion-forward wardrobe.','<div class=\"row justify-content-center\">\n    <div class=\"col-xl-10\">\n        <div class=\"tp-product-details-desc-item pb-105\">\n            <div class=\"row\">\n                <div class=\"col-lg-6\">\n                    <div class=\"pt-25\">\n                        <span>Women\'s Floral Dress</span>\n                        <h3 class=\"tp-product-details-desc-title\">Elegance Redefined</h3>\n                        <p>\n                            Embrace timeless elegance with our exquisite women\'s floral dress. Crafted from luxurious fabrics and adorned with delicate floral patterns, this dress exudes grace and sophistication. Whether attending a garden party or a formal event, you\'ll make a stunning impression in this captivating ensemble.\n                        </p>\n                    </div>\n                    <div>\n                        <h3 class=\"tp-product-details-desc-title\">Flawless Fit and Comfort</h3>\n                        <p>\n                            Designed for both style and comfort, our floral dress features a tailored silhouette that flatters every figure. The soft, breathable fabric ensures all-day comfort, while the fitted bodice and flowing skirt create a graceful silhouette. Feel confident and poised with every step you take.\n                        </p>\n                    </div>\n                </div>\n                <div class=\"col-lg-6\">\n                    <div class=\"tp-product-details-desc-thumb\">\n                        <img src=\"/storage/fashion/products/product-1.png\" alt=\"Women\'s Floral Dress\">\n                    </div>\n                </div>\n            </div>\n        </div>\n        <div class=\"tp-product-details-desc-item pb-75\">\n            <div class=\"row\">\n                <div class=\"col-lg-7\">\n                    <div class=\"tp-product-details-desc-thumb\">\n                        <img src=\"/storage/fashion/products/product-2.png\" alt=\"Back View of Floral Dress\">\n                    </div>\n                </div>\n\n                <div class=\"col-lg-5 order-first order-lg-last\">\n                    <div class=\"des-content-2 pl-40\">\n                        <h3 class=\"tp-product-details-desc-title\">\n                            Versatile Style\n                        </h3>\n                        <p>\n                            Transition effortlessly from day to night with our versatile floral dress. Pair it with sandals and a sunhat for a chic daytime look, or dress it up with heels and statement jewelry for an evening soirée. However you style it, you\'ll radiate confidence and charm.\n                        </p>\n                    </div>\n                </div>\n            </div>\n        </div>\n        <div class=\"tp-product-details-desc-item\">\n            <div class=\"row\">\n                <div class=\"col-xl-12\">\n                    <div class=\"tp-product-details-desc-banner text-center m-img\">\n                        <h3 class=\"tp-product-details-desc-banner-title tp-product-details-desc-title\">Quality Craftsmanship</h3>\n                        <img src=\"/storage/fashion/products/product-3.png\" alt=\"Fashion Atelier\">\n                    </div>\n                </div>\n            </div>\n        </div>\n    </div>\n</div>\n','published','[\"main\\/products\\/product-18.jpg\",\"main\\/products\\/product-14.jpg\",\"main\\/products\\/product-12.jpg\",\"main\\/products\\/product-17.jpg\",\"main\\/products\\/product-9.jpg\",\"main\\/products\\/product-4.jpg\"]','[]','NG-166',0,16,0,1,'in_stock',0,2,0,0,590,560,NULL,NULL,20,11,14,652,NULL,152382,'2025-07-28 01:49:28','2025-07-28 01:49:31',3,0,'Botble\\ACL\\Models\\User',0,NULL,'physical','7251010061465',NULL,0,'auto_generate',0,0,0,2),(2,'Floral Maxi Dress','Step out in style with these leather ankle boots, crafted with a sleek design and comfortable block heel. Versatile enough to pair with both dresses and jeans.','<div class=\"row justify-content-center\">\n    <div class=\"col-xl-10\">\n        <div class=\"tp-product-details-desc-item pb-105\">\n            <div class=\"row\">\n                <div class=\"col-lg-6\">\n                    <div class=\"pt-25\">\n                        <span>Women\'s Floral Dress</span>\n                        <h3 class=\"tp-product-details-desc-title\">Elegance Redefined</h3>\n                        <p>\n                            Embrace timeless elegance with our exquisite women\'s floral dress. Crafted from luxurious fabrics and adorned with delicate floral patterns, this dress exudes grace and sophistication. Whether attending a garden party or a formal event, you\'ll make a stunning impression in this captivating ensemble.\n                        </p>\n                    </div>\n                    <div>\n                        <h3 class=\"tp-product-details-desc-title\">Flawless Fit and Comfort</h3>\n                        <p>\n                            Designed for both style and comfort, our floral dress features a tailored silhouette that flatters every figure. The soft, breathable fabric ensures all-day comfort, while the fitted bodice and flowing skirt create a graceful silhouette. Feel confident and poised with every step you take.\n                        </p>\n                    </div>\n                </div>\n                <div class=\"col-lg-6\">\n                    <div class=\"tp-product-details-desc-thumb\">\n                        <img src=\"/storage/fashion/products/product-1.png\" alt=\"Women\'s Floral Dress\">\n                    </div>\n                </div>\n            </div>\n        </div>\n        <div class=\"tp-product-details-desc-item pb-75\">\n            <div class=\"row\">\n                <div class=\"col-lg-7\">\n                    <div class=\"tp-product-details-desc-thumb\">\n                        <img src=\"/storage/fashion/products/product-2.png\" alt=\"Back View of Floral Dress\">\n                    </div>\n                </div>\n\n                <div class=\"col-lg-5 order-first order-lg-last\">\n                    <div class=\"des-content-2 pl-40\">\n                        <h3 class=\"tp-product-details-desc-title\">\n                            Versatile Style\n                        </h3>\n                        <p>\n                            Transition effortlessly from day to night with our versatile floral dress. Pair it with sandals and a sunhat for a chic daytime look, or dress it up with heels and statement jewelry for an evening soirée. However you style it, you\'ll radiate confidence and charm.\n                        </p>\n                    </div>\n                </div>\n            </div>\n        </div>\n        <div class=\"tp-product-details-desc-item\">\n            <div class=\"row\">\n                <div class=\"col-xl-12\">\n                    <div class=\"tp-product-details-desc-banner text-center m-img\">\n                        <h3 class=\"tp-product-details-desc-banner-title tp-product-details-desc-title\">Quality Craftsmanship</h3>\n                        <img src=\"/storage/fashion/products/product-3.png\" alt=\"Fashion Atelier\">\n                    </div>\n                </div>\n            </div>\n        </div>\n    </div>\n</div>\n','published','[\"main\\/products\\/product-12.jpg\",\"main\\/products\\/product-18.jpg\",\"main\\/products\\/product-20.jpg\"]','[[{\"key\":\"file\",\"value\":\"main\\/video\\/video-1.mp4\"},{\"key\":\"url\",\"value\":null},{\"key\":\"thumbnail\",\"value\":\"main\\/video\\/1.jpg\"}]]','NJ-113',0,12,0,1,'in_stock',1,5,0,0,1423,460,NULL,NULL,16,18,13,821,NULL,152358,'2025-07-28 01:49:28','2025-07-28 01:49:31',6,0,'Botble\\ACL\\Models\\User',0,NULL,'physical','1816696186428',NULL,0,'auto_generate',0,0,0,2),(3,'Leather Ankle Boots','Stay cozy and chic in this knit turtleneck sweater, featuring a ribbed texture and a timeless design. Perfect for chilly days and nights.','<div class=\"row justify-content-center\">\n    <div class=\"col-xl-10\">\n        <div class=\"tp-product-details-desc-item pb-105\">\n            <div class=\"row\">\n                <div class=\"col-lg-6\">\n                    <div class=\"pt-25\">\n                        <span>Women\'s Floral Dress</span>\n                        <h3 class=\"tp-product-details-desc-title\">Elegance Redefined</h3>\n                        <p>\n                            Embrace timeless elegance with our exquisite women\'s floral dress. Crafted from luxurious fabrics and adorned with delicate floral patterns, this dress exudes grace and sophistication. Whether attending a garden party or a formal event, you\'ll make a stunning impression in this captivating ensemble.\n                        </p>\n                    </div>\n                    <div>\n                        <h3 class=\"tp-product-details-desc-title\">Flawless Fit and Comfort</h3>\n                        <p>\n                            Designed for both style and comfort, our floral dress features a tailored silhouette that flatters every figure. The soft, breathable fabric ensures all-day comfort, while the fitted bodice and flowing skirt create a graceful silhouette. Feel confident and poised with every step you take.\n                        </p>\n                    </div>\n                </div>\n                <div class=\"col-lg-6\">\n                    <div class=\"tp-product-details-desc-thumb\">\n                        <img src=\"/storage/fashion/products/product-1.png\" alt=\"Women\'s Floral Dress\">\n                    </div>\n                </div>\n            </div>\n        </div>\n        <div class=\"tp-product-details-desc-item pb-75\">\n            <div class=\"row\">\n                <div class=\"col-lg-7\">\n                    <div class=\"tp-product-details-desc-thumb\">\n                        <img src=\"/storage/fashion/products/product-2.png\" alt=\"Back View of Floral Dress\">\n                    </div>\n                </div>\n\n                <div class=\"col-lg-5 order-first order-lg-last\">\n                    <div class=\"des-content-2 pl-40\">\n                        <h3 class=\"tp-product-details-desc-title\">\n                            Versatile Style\n                        </h3>\n                        <p>\n                            Transition effortlessly from day to night with our versatile floral dress. Pair it with sandals and a sunhat for a chic daytime look, or dress it up with heels and statement jewelry for an evening soirée. However you style it, you\'ll radiate confidence and charm.\n                        </p>\n                    </div>\n                </div>\n            </div>\n        </div>\n        <div class=\"tp-product-details-desc-item\">\n            <div class=\"row\">\n                <div class=\"col-xl-12\">\n                    <div class=\"tp-product-details-desc-banner text-center m-img\">\n                        <h3 class=\"tp-product-details-desc-banner-title tp-product-details-desc-title\">Quality Craftsmanship</h3>\n                        <img src=\"/storage/fashion/products/product-3.png\" alt=\"Fashion Atelier\">\n                    </div>\n                </div>\n            </div>\n        </div>\n    </div>\n</div>\n','published','[\"main\\/products\\/product-14.jpg\",\"main\\/products\\/product-10.jpg\",\"main\\/products\\/product-18.jpg\",\"main\\/products\\/product-13.jpg\",\"main\\/products\\/product-7.jpg\",\"main\\/products\\/product-20.jpg\"]','[]','B1-188-A1',0,15,0,1,'in_stock',1,1,0,0,1852,NULL,NULL,NULL,19,15,19,765,NULL,25864,'2025-07-28 01:49:28','2025-07-28 01:49:31',6,0,'Botble\\ACL\\Models\\User',0,NULL,'physical','8016271289053',NULL,0,'auto_generate',0,0,0,1),(4,'Knit Turtleneck Sweater (Digital)','Complete your look with these classic aviator sunglasses, offering a touch of timeless glamour and UV protection for your eyes.','<div class=\"row justify-content-center\">\n    <div class=\"col-xl-10\">\n        <div class=\"tp-product-details-desc-item pb-105\">\n            <div class=\"row\">\n                <div class=\"col-lg-6\">\n                    <div class=\"pt-25\">\n                        <span>Women\'s Floral Dress</span>\n                        <h3 class=\"tp-product-details-desc-title\">Elegance Redefined</h3>\n                        <p>\n                            Embrace timeless elegance with our exquisite women\'s floral dress. Crafted from luxurious fabrics and adorned with delicate floral patterns, this dress exudes grace and sophistication. Whether attending a garden party or a formal event, you\'ll make a stunning impression in this captivating ensemble.\n                        </p>\n                    </div>\n                    <div>\n                        <h3 class=\"tp-product-details-desc-title\">Flawless Fit and Comfort</h3>\n                        <p>\n                            Designed for both style and comfort, our floral dress features a tailored silhouette that flatters every figure. The soft, breathable fabric ensures all-day comfort, while the fitted bodice and flowing skirt create a graceful silhouette. Feel confident and poised with every step you take.\n                        </p>\n                    </div>\n                </div>\n                <div class=\"col-lg-6\">\n                    <div class=\"tp-product-details-desc-thumb\">\n                        <img src=\"/storage/fashion/products/product-1.png\" alt=\"Women\'s Floral Dress\">\n                    </div>\n                </div>\n            </div>\n        </div>\n        <div class=\"tp-product-details-desc-item pb-75\">\n            <div class=\"row\">\n                <div class=\"col-lg-7\">\n                    <div class=\"tp-product-details-desc-thumb\">\n                        <img src=\"/storage/fashion/products/product-2.png\" alt=\"Back View of Floral Dress\">\n                    </div>\n                </div>\n\n                <div class=\"col-lg-5 order-first order-lg-last\">\n                    <div class=\"des-content-2 pl-40\">\n                        <h3 class=\"tp-product-details-desc-title\">\n                            Versatile Style\n                        </h3>\n                        <p>\n                            Transition effortlessly from day to night with our versatile floral dress. Pair it with sandals and a sunhat for a chic daytime look, or dress it up with heels and statement jewelry for an evening soirée. However you style it, you\'ll radiate confidence and charm.\n                        </p>\n                    </div>\n                </div>\n            </div>\n        </div>\n        <div class=\"tp-product-details-desc-item\">\n            <div class=\"row\">\n                <div class=\"col-xl-12\">\n                    <div class=\"tp-product-details-desc-banner text-center m-img\">\n                        <h3 class=\"tp-product-details-desc-banner-title tp-product-details-desc-title\">Quality Craftsmanship</h3>\n                        <img src=\"/storage/fashion/products/product-3.png\" alt=\"Fashion Atelier\">\n                    </div>\n                </div>\n            </div>\n        </div>\n    </div>\n</div>\n','published','[\"main\\/products\\/product-9.jpg\",\"main\\/products\\/product-4.jpg\",\"main\\/products\\/product-1.jpg\",\"main\\/products\\/product-details-desc-2.jpg\",\"main\\/products\\/product-2.jpg\",\"main\\/products\\/product-15.jpg\",\"main\\/products\\/product-20.jpg\"]','[]','QM-147-A1',0,19,0,1,'in_stock',0,2,0,0,1908,1469.16,NULL,NULL,20,11,13,635,NULL,27646,'2025-07-28 01:49:28','2025-07-28 01:49:31',7,0,'Botble\\ACL\\Models\\User',0,NULL,'digital','5862864820935',NULL,0,'auto_generate',0,0,0,2),(5,'Classic Aviator Sunglasses','Elevate your street style with this vintage denim jacket, featuring distressed detailing and a relaxed fit for a laid-back vibe.','<div class=\"row justify-content-center\">\n    <div class=\"col-xl-10\">\n        <div class=\"tp-product-details-desc-item pb-105\">\n            <div class=\"row\">\n                <div class=\"col-lg-6\">\n                    <div class=\"pt-25\">\n                        <span>Women\'s Floral Dress</span>\n                        <h3 class=\"tp-product-details-desc-title\">Elegance Redefined</h3>\n                        <p>\n                            Embrace timeless elegance with our exquisite women\'s floral dress. Crafted from luxurious fabrics and adorned with delicate floral patterns, this dress exudes grace and sophistication. Whether attending a garden party or a formal event, you\'ll make a stunning impression in this captivating ensemble.\n                        </p>\n                    </div>\n                    <div>\n                        <h3 class=\"tp-product-details-desc-title\">Flawless Fit and Comfort</h3>\n                        <p>\n                            Designed for both style and comfort, our floral dress features a tailored silhouette that flatters every figure. The soft, breathable fabric ensures all-day comfort, while the fitted bodice and flowing skirt create a graceful silhouette. Feel confident and poised with every step you take.\n                        </p>\n                    </div>\n                </div>\n                <div class=\"col-lg-6\">\n                    <div class=\"tp-product-details-desc-thumb\">\n                        <img src=\"/storage/fashion/products/product-1.png\" alt=\"Women\'s Floral Dress\">\n                    </div>\n                </div>\n            </div>\n        </div>\n        <div class=\"tp-product-details-desc-item pb-75\">\n            <div class=\"row\">\n                <div class=\"col-lg-7\">\n                    <div class=\"tp-product-details-desc-thumb\">\n                        <img src=\"/storage/fashion/products/product-2.png\" alt=\"Back View of Floral Dress\">\n                    </div>\n                </div>\n\n                <div class=\"col-lg-5 order-first order-lg-last\">\n                    <div class=\"des-content-2 pl-40\">\n                        <h3 class=\"tp-product-details-desc-title\">\n                            Versatile Style\n                        </h3>\n                        <p>\n                            Transition effortlessly from day to night with our versatile floral dress. Pair it with sandals and a sunhat for a chic daytime look, or dress it up with heels and statement jewelry for an evening soirée. However you style it, you\'ll radiate confidence and charm.\n                        </p>\n                    </div>\n                </div>\n            </div>\n        </div>\n        <div class=\"tp-product-details-desc-item\">\n            <div class=\"row\">\n                <div class=\"col-xl-12\">\n                    <div class=\"tp-product-details-desc-banner text-center m-img\">\n                        <h3 class=\"tp-product-details-desc-banner-title tp-product-details-desc-title\">Quality Craftsmanship</h3>\n                        <img src=\"/storage/fashion/products/product-3.png\" alt=\"Fashion Atelier\">\n                    </div>\n                </div>\n            </div>\n        </div>\n    </div>\n</div>\n','published','[\"main\\/products\\/product-details-desc-3.jpg\",\"main\\/products\\/product-13.jpg\",\"main\\/products\\/product-20.jpg\",\"main\\/products\\/product-1.jpg\",\"main\\/products\\/product-details-desc-2.jpg\",\"main\\/products\\/product-5.jpg\"]','[[{\"key\":\"file\",\"value\":\"main\\/video\\/video-1.mp4\"},{\"key\":\"url\",\"value\":null},{\"key\":\"thumbnail\",\"value\":\"main\\/video\\/1.jpg\"}]]','2M-153-A1',0,20,0,1,'in_stock',0,2,0,0,2184,NULL,NULL,NULL,20,17,20,551,NULL,177560,'2025-07-28 01:49:28','2025-07-28 01:49:31',3,0,'Botble\\ACL\\Models\\User',0,NULL,'physical','9620514209464',NULL,0,'auto_generate',0,0,0,1),(6,'Tailored Wool Blazer','Achieve a polished look with this tailored wool blazer, designed for a flattering fit and versatile enough for both work and casual outings.','<div class=\"row justify-content-center\">\n    <div class=\"col-xl-10\">\n        <div class=\"tp-product-details-desc-item pb-105\">\n            <div class=\"row\">\n                <div class=\"col-lg-6\">\n                    <div class=\"pt-25\">\n                        <span>Women\'s Floral Dress</span>\n                        <h3 class=\"tp-product-details-desc-title\">Elegance Redefined</h3>\n                        <p>\n                            Embrace timeless elegance with our exquisite women\'s floral dress. Crafted from luxurious fabrics and adorned with delicate floral patterns, this dress exudes grace and sophistication. Whether attending a garden party or a formal event, you\'ll make a stunning impression in this captivating ensemble.\n                        </p>\n                    </div>\n                    <div>\n                        <h3 class=\"tp-product-details-desc-title\">Flawless Fit and Comfort</h3>\n                        <p>\n                            Designed for both style and comfort, our floral dress features a tailored silhouette that flatters every figure. The soft, breathable fabric ensures all-day comfort, while the fitted bodice and flowing skirt create a graceful silhouette. Feel confident and poised with every step you take.\n                        </p>\n                    </div>\n                </div>\n                <div class=\"col-lg-6\">\n                    <div class=\"tp-product-details-desc-thumb\">\n                        <img src=\"/storage/fashion/products/product-1.png\" alt=\"Women\'s Floral Dress\">\n                    </div>\n                </div>\n            </div>\n        </div>\n        <div class=\"tp-product-details-desc-item pb-75\">\n            <div class=\"row\">\n                <div class=\"col-lg-7\">\n                    <div class=\"tp-product-details-desc-thumb\">\n                        <img src=\"/storage/fashion/products/product-2.png\" alt=\"Back View of Floral Dress\">\n                    </div>\n                </div>\n\n                <div class=\"col-lg-5 order-first order-lg-last\">\n                    <div class=\"des-content-2 pl-40\">\n                        <h3 class=\"tp-product-details-desc-title\">\n                            Versatile Style\n                        </h3>\n                        <p>\n                            Transition effortlessly from day to night with our versatile floral dress. Pair it with sandals and a sunhat for a chic daytime look, or dress it up with heels and statement jewelry for an evening soirée. However you style it, you\'ll radiate confidence and charm.\n                        </p>\n                    </div>\n                </div>\n            </div>\n        </div>\n        <div class=\"tp-product-details-desc-item\">\n            <div class=\"row\">\n                <div class=\"col-xl-12\">\n                    <div class=\"tp-product-details-desc-banner text-center m-img\">\n                        <h3 class=\"tp-product-details-desc-banner-title tp-product-details-desc-title\">Quality Craftsmanship</h3>\n                        <img src=\"/storage/fashion/products/product-3.png\" alt=\"Fashion Atelier\">\n                    </div>\n                </div>\n            </div>\n        </div>\n    </div>\n</div>\n','published','[\"main\\/products\\/product-12.jpg\",\"main\\/products\\/product-15.jpg\",\"main\\/products\\/product-19.jpg\",\"main\\/products\\/product-20.jpg\"]','[[{\"key\":\"file\",\"value\":null},{\"key\":\"url\",\"value\":\"https:\\/\\/www.youtube.com\\/watch?v=6JYIGclVQdw\"},{\"key\":\"thumbnail\",\"value\":\"main\\/video\\/2.jpg\"}]]','MQ-124-A1',0,12,0,1,'in_stock',1,3,0,0,306,NULL,NULL,NULL,13,14,19,806,NULL,97561,'2025-07-28 01:49:28','2025-07-28 01:49:31',2,0,'Botble\\ACL\\Models\\User',0,NULL,'physical','0972327165925',NULL,0,'auto_generate',0,0,0,2),(7,'Bohemian Fringe Handbag','Stay cozy and chic in this knit turtleneck sweater, featuring a ribbed texture and a timeless design. Perfect for chilly days and nights.','<div class=\"row justify-content-center\">\n    <div class=\"col-xl-10\">\n        <div class=\"tp-product-details-desc-item pb-105\">\n            <div class=\"row\">\n                <div class=\"col-lg-6\">\n                    <div class=\"pt-25\">\n                        <span>Women\'s Floral Dress</span>\n                        <h3 class=\"tp-product-details-desc-title\">Elegance Redefined</h3>\n                        <p>\n                            Embrace timeless elegance with our exquisite women\'s floral dress. Crafted from luxurious fabrics and adorned with delicate floral patterns, this dress exudes grace and sophistication. Whether attending a garden party or a formal event, you\'ll make a stunning impression in this captivating ensemble.\n                        </p>\n                    </div>\n                    <div>\n                        <h3 class=\"tp-product-details-desc-title\">Flawless Fit and Comfort</h3>\n                        <p>\n                            Designed for both style and comfort, our floral dress features a tailored silhouette that flatters every figure. The soft, breathable fabric ensures all-day comfort, while the fitted bodice and flowing skirt create a graceful silhouette. Feel confident and poised with every step you take.\n                        </p>\n                    </div>\n                </div>\n                <div class=\"col-lg-6\">\n                    <div class=\"tp-product-details-desc-thumb\">\n                        <img src=\"/storage/fashion/products/product-1.png\" alt=\"Women\'s Floral Dress\">\n                    </div>\n                </div>\n            </div>\n        </div>\n        <div class=\"tp-product-details-desc-item pb-75\">\n            <div class=\"row\">\n                <div class=\"col-lg-7\">\n                    <div class=\"tp-product-details-desc-thumb\">\n                        <img src=\"/storage/fashion/products/product-2.png\" alt=\"Back View of Floral Dress\">\n                    </div>\n                </div>\n\n                <div class=\"col-lg-5 order-first order-lg-last\">\n                    <div class=\"des-content-2 pl-40\">\n                        <h3 class=\"tp-product-details-desc-title\">\n                            Versatile Style\n                        </h3>\n                        <p>\n                            Transition effortlessly from day to night with our versatile floral dress. Pair it with sandals and a sunhat for a chic daytime look, or dress it up with heels and statement jewelry for an evening soirée. However you style it, you\'ll radiate confidence and charm.\n                        </p>\n                    </div>\n                </div>\n            </div>\n        </div>\n        <div class=\"tp-product-details-desc-item\">\n            <div class=\"row\">\n                <div class=\"col-xl-12\">\n                    <div class=\"tp-product-details-desc-banner text-center m-img\">\n                        <h3 class=\"tp-product-details-desc-banner-title tp-product-details-desc-title\">Quality Craftsmanship</h3>\n                        <img src=\"/storage/fashion/products/product-3.png\" alt=\"Fashion Atelier\">\n                    </div>\n                </div>\n            </div>\n        </div>\n    </div>\n</div>\n','published','[\"main\\/products\\/product-4.jpg\",\"main\\/products\\/product-details-desc-2.jpg\",\"main\\/products\\/product-details-desc-3.jpg\",\"main\\/products\\/product-10.jpg\"]','[]','J8-190-A1',0,17,0,1,'in_stock',1,5,0,0,1437,NULL,NULL,NULL,17,19,10,612,NULL,179308,'2025-07-28 01:49:28','2025-07-28 01:49:31',3,0,'Botble\\ACL\\Models\\User',0,NULL,'physical','9591488022956',NULL,0,'auto_generate',0,0,0,2),(8,'Silk Scarf with Geometric Print (Digital)','Make a statement in this floral maxi dress, perfect for summer events or a casual day out. The flowy silhouette and vibrant print will turn heads wherever you go.','<div class=\"row justify-content-center\">\n    <div class=\"col-xl-10\">\n        <div class=\"tp-product-details-desc-item pb-105\">\n            <div class=\"row\">\n                <div class=\"col-lg-6\">\n                    <div class=\"pt-25\">\n                        <span>Women\'s Floral Dress</span>\n                        <h3 class=\"tp-product-details-desc-title\">Elegance Redefined</h3>\n                        <p>\n                            Embrace timeless elegance with our exquisite women\'s floral dress. Crafted from luxurious fabrics and adorned with delicate floral patterns, this dress exudes grace and sophistication. Whether attending a garden party or a formal event, you\'ll make a stunning impression in this captivating ensemble.\n                        </p>\n                    </div>\n                    <div>\n                        <h3 class=\"tp-product-details-desc-title\">Flawless Fit and Comfort</h3>\n                        <p>\n                            Designed for both style and comfort, our floral dress features a tailored silhouette that flatters every figure. The soft, breathable fabric ensures all-day comfort, while the fitted bodice and flowing skirt create a graceful silhouette. Feel confident and poised with every step you take.\n                        </p>\n                    </div>\n                </div>\n                <div class=\"col-lg-6\">\n                    <div class=\"tp-product-details-desc-thumb\">\n                        <img src=\"/storage/fashion/products/product-1.png\" alt=\"Women\'s Floral Dress\">\n                    </div>\n                </div>\n            </div>\n        </div>\n        <div class=\"tp-product-details-desc-item pb-75\">\n            <div class=\"row\">\n                <div class=\"col-lg-7\">\n                    <div class=\"tp-product-details-desc-thumb\">\n                        <img src=\"/storage/fashion/products/product-2.png\" alt=\"Back View of Floral Dress\">\n                    </div>\n                </div>\n\n                <div class=\"col-lg-5 order-first order-lg-last\">\n                    <div class=\"des-content-2 pl-40\">\n                        <h3 class=\"tp-product-details-desc-title\">\n                            Versatile Style\n                        </h3>\n                        <p>\n                            Transition effortlessly from day to night with our versatile floral dress. Pair it with sandals and a sunhat for a chic daytime look, or dress it up with heels and statement jewelry for an evening soirée. However you style it, you\'ll radiate confidence and charm.\n                        </p>\n                    </div>\n                </div>\n            </div>\n        </div>\n        <div class=\"tp-product-details-desc-item\">\n            <div class=\"row\">\n                <div class=\"col-xl-12\">\n                    <div class=\"tp-product-details-desc-banner text-center m-img\">\n                        <h3 class=\"tp-product-details-desc-banner-title tp-product-details-desc-title\">Quality Craftsmanship</h3>\n                        <img src=\"/storage/fashion/products/product-3.png\" alt=\"Fashion Atelier\">\n                    </div>\n                </div>\n            </div>\n        </div>\n    </div>\n</div>\n','published','[\"main\\/products\\/product-10.jpg\",\"main\\/products\\/product-13.jpg\",\"main\\/products\\/product-14.jpg\",\"main\\/products\\/product-details-desc-3.jpg\"]','[]','R3-188',0,16,0,1,'in_stock',1,4,0,0,470,308,NULL,NULL,13,15,19,779,NULL,47388,'2025-07-28 01:49:28','2025-07-28 01:49:31',7,0,'Botble\\ACL\\Models\\User',0,NULL,'digital','6341544683767',NULL,0,'auto_generate',0,0,0,2),(9,'High-Waisted Wide Leg Trousers','Stay on trend with these high-waisted wide-leg trousers, combining comfort and sophistication. Pair them with heels for a refined look.','<div class=\"row justify-content-center\">\n    <div class=\"col-xl-10\">\n        <div class=\"tp-product-details-desc-item pb-105\">\n            <div class=\"row\">\n                <div class=\"col-lg-6\">\n                    <div class=\"pt-25\">\n                        <span>Women\'s Floral Dress</span>\n                        <h3 class=\"tp-product-details-desc-title\">Elegance Redefined</h3>\n                        <p>\n                            Embrace timeless elegance with our exquisite women\'s floral dress. Crafted from luxurious fabrics and adorned with delicate floral patterns, this dress exudes grace and sophistication. Whether attending a garden party or a formal event, you\'ll make a stunning impression in this captivating ensemble.\n                        </p>\n                    </div>\n                    <div>\n                        <h3 class=\"tp-product-details-desc-title\">Flawless Fit and Comfort</h3>\n                        <p>\n                            Designed for both style and comfort, our floral dress features a tailored silhouette that flatters every figure. The soft, breathable fabric ensures all-day comfort, while the fitted bodice and flowing skirt create a graceful silhouette. Feel confident and poised with every step you take.\n                        </p>\n                    </div>\n                </div>\n                <div class=\"col-lg-6\">\n                    <div class=\"tp-product-details-desc-thumb\">\n                        <img src=\"/storage/fashion/products/product-1.png\" alt=\"Women\'s Floral Dress\">\n                    </div>\n                </div>\n            </div>\n        </div>\n        <div class=\"tp-product-details-desc-item pb-75\">\n            <div class=\"row\">\n                <div class=\"col-lg-7\">\n                    <div class=\"tp-product-details-desc-thumb\">\n                        <img src=\"/storage/fashion/products/product-2.png\" alt=\"Back View of Floral Dress\">\n                    </div>\n                </div>\n\n                <div class=\"col-lg-5 order-first order-lg-last\">\n                    <div class=\"des-content-2 pl-40\">\n                        <h3 class=\"tp-product-details-desc-title\">\n                            Versatile Style\n                        </h3>\n                        <p>\n                            Transition effortlessly from day to night with our versatile floral dress. Pair it with sandals and a sunhat for a chic daytime look, or dress it up with heels and statement jewelry for an evening soirée. However you style it, you\'ll radiate confidence and charm.\n                        </p>\n                    </div>\n                </div>\n            </div>\n        </div>\n        <div class=\"tp-product-details-desc-item\">\n            <div class=\"row\">\n                <div class=\"col-xl-12\">\n                    <div class=\"tp-product-details-desc-banner text-center m-img\">\n                        <h3 class=\"tp-product-details-desc-banner-title tp-product-details-desc-title\">Quality Craftsmanship</h3>\n                        <img src=\"/storage/fashion/products/product-3.png\" alt=\"Fashion Atelier\">\n                    </div>\n                </div>\n            </div>\n        </div>\n    </div>\n</div>\n','published','[\"main\\/products\\/product-details-desc-1.jpg\",\"main\\/products\\/product-8.jpg\",\"main\\/products\\/product-20.jpg\",\"main\\/products\\/product-15.jpg\",\"main\\/products\\/product-11.jpg\",\"main\\/products\\/product-18.jpg\"]','[[{\"key\":\"file\",\"value\":\"main\\/video\\/video-2.mp4\"},{\"key\":\"url\",\"value\":null},{\"key\":\"thumbnail\",\"value\":\"main\\/video\\/2.jpg\"}]]','Z7-158-A1',0,20,0,1,'in_stock',0,3,0,0,1557,NULL,NULL,NULL,11,17,16,814,NULL,3622,'2025-07-28 01:49:28','2025-07-28 01:49:31',7,0,'Botble\\ACL\\Models\\User',0,NULL,'physical','6185486838133',NULL,0,'auto_generate',0,0,0,2),(10,'Embroidered Boho Blouse','Complete your look with these classic aviator sunglasses, offering a touch of timeless glamour and UV protection for your eyes.','<div class=\"row justify-content-center\">\n    <div class=\"col-xl-10\">\n        <div class=\"tp-product-details-desc-item pb-105\">\n            <div class=\"row\">\n                <div class=\"col-lg-6\">\n                    <div class=\"pt-25\">\n                        <span>Women\'s Floral Dress</span>\n                        <h3 class=\"tp-product-details-desc-title\">Elegance Redefined</h3>\n                        <p>\n                            Embrace timeless elegance with our exquisite women\'s floral dress. Crafted from luxurious fabrics and adorned with delicate floral patterns, this dress exudes grace and sophistication. Whether attending a garden party or a formal event, you\'ll make a stunning impression in this captivating ensemble.\n                        </p>\n                    </div>\n                    <div>\n                        <h3 class=\"tp-product-details-desc-title\">Flawless Fit and Comfort</h3>\n                        <p>\n                            Designed for both style and comfort, our floral dress features a tailored silhouette that flatters every figure. The soft, breathable fabric ensures all-day comfort, while the fitted bodice and flowing skirt create a graceful silhouette. Feel confident and poised with every step you take.\n                        </p>\n                    </div>\n                </div>\n                <div class=\"col-lg-6\">\n                    <div class=\"tp-product-details-desc-thumb\">\n                        <img src=\"/storage/fashion/products/product-1.png\" alt=\"Women\'s Floral Dress\">\n                    </div>\n                </div>\n            </div>\n        </div>\n        <div class=\"tp-product-details-desc-item pb-75\">\n            <div class=\"row\">\n                <div class=\"col-lg-7\">\n                    <div class=\"tp-product-details-desc-thumb\">\n                        <img src=\"/storage/fashion/products/product-2.png\" alt=\"Back View of Floral Dress\">\n                    </div>\n                </div>\n\n                <div class=\"col-lg-5 order-first order-lg-last\">\n                    <div class=\"des-content-2 pl-40\">\n                        <h3 class=\"tp-product-details-desc-title\">\n                            Versatile Style\n                        </h3>\n                        <p>\n                            Transition effortlessly from day to night with our versatile floral dress. Pair it with sandals and a sunhat for a chic daytime look, or dress it up with heels and statement jewelry for an evening soirée. However you style it, you\'ll radiate confidence and charm.\n                        </p>\n                    </div>\n                </div>\n            </div>\n        </div>\n        <div class=\"tp-product-details-desc-item\">\n            <div class=\"row\">\n                <div class=\"col-xl-12\">\n                    <div class=\"tp-product-details-desc-banner text-center m-img\">\n                        <h3 class=\"tp-product-details-desc-banner-title tp-product-details-desc-title\">Quality Craftsmanship</h3>\n                        <img src=\"/storage/fashion/products/product-3.png\" alt=\"Fashion Atelier\">\n                    </div>\n                </div>\n            </div>\n        </div>\n    </div>\n</div>\n','published','[\"main\\/products\\/product-6.jpg\",\"main\\/products\\/product-9.jpg\",\"main\\/products\\/product-4.jpg\",\"main\\/products\\/product-7.jpg\"]','[[{\"key\":\"file\",\"value\":null},{\"key\":\"url\",\"value\":\"https:\\/\\/www.youtube.com\\/watch?v=6JYIGclVQdw\"},{\"key\":\"thumbnail\",\"value\":\"main\\/video\\/1.jpg\"}]]','8Y-112',0,18,0,1,'in_stock',0,3,0,0,1854,955,NULL,NULL,12,20,20,504,NULL,77307,'2025-07-28 01:49:28','2025-07-28 01:49:31',5,0,'Botble\\ACL\\Models\\User',0,NULL,'physical','0591672558369',NULL,0,'auto_generate',0,0,0,1),(11,'Statement Chunky Necklace','Achieve a polished look with this tailored wool blazer, designed for a flattering fit and versatile enough for both work and casual outings.','<div class=\"row justify-content-center\">\n    <div class=\"col-xl-10\">\n        <div class=\"tp-product-details-desc-item pb-105\">\n            <div class=\"row\">\n                <div class=\"col-lg-6\">\n                    <div class=\"pt-25\">\n                        <span>Women\'s Floral Dress</span>\n                        <h3 class=\"tp-product-details-desc-title\">Elegance Redefined</h3>\n                        <p>\n                            Embrace timeless elegance with our exquisite women\'s floral dress. Crafted from luxurious fabrics and adorned with delicate floral patterns, this dress exudes grace and sophistication. Whether attending a garden party or a formal event, you\'ll make a stunning impression in this captivating ensemble.\n                        </p>\n                    </div>\n                    <div>\n                        <h3 class=\"tp-product-details-desc-title\">Flawless Fit and Comfort</h3>\n                        <p>\n                            Designed for both style and comfort, our floral dress features a tailored silhouette that flatters every figure. The soft, breathable fabric ensures all-day comfort, while the fitted bodice and flowing skirt create a graceful silhouette. Feel confident and poised with every step you take.\n                        </p>\n                    </div>\n                </div>\n                <div class=\"col-lg-6\">\n                    <div class=\"tp-product-details-desc-thumb\">\n                        <img src=\"/storage/fashion/products/product-1.png\" alt=\"Women\'s Floral Dress\">\n                    </div>\n                </div>\n            </div>\n        </div>\n        <div class=\"tp-product-details-desc-item pb-75\">\n            <div class=\"row\">\n                <div class=\"col-lg-7\">\n                    <div class=\"tp-product-details-desc-thumb\">\n                        <img src=\"/storage/fashion/products/product-2.png\" alt=\"Back View of Floral Dress\">\n                    </div>\n                </div>\n\n                <div class=\"col-lg-5 order-first order-lg-last\">\n                    <div class=\"des-content-2 pl-40\">\n                        <h3 class=\"tp-product-details-desc-title\">\n                            Versatile Style\n                        </h3>\n                        <p>\n                            Transition effortlessly from day to night with our versatile floral dress. Pair it with sandals and a sunhat for a chic daytime look, or dress it up with heels and statement jewelry for an evening soirée. However you style it, you\'ll radiate confidence and charm.\n                        </p>\n                    </div>\n                </div>\n            </div>\n        </div>\n        <div class=\"tp-product-details-desc-item\">\n            <div class=\"row\">\n                <div class=\"col-xl-12\">\n                    <div class=\"tp-product-details-desc-banner text-center m-img\">\n                        <h3 class=\"tp-product-details-desc-banner-title tp-product-details-desc-title\">Quality Craftsmanship</h3>\n                        <img src=\"/storage/fashion/products/product-3.png\" alt=\"Fashion Atelier\">\n                    </div>\n                </div>\n            </div>\n        </div>\n    </div>\n</div>\n','published','[\"main\\/products\\/product-details-desc-3.jpg\",\"main\\/products\\/product-details-desc-1.jpg\",\"main\\/products\\/product-details-desc-2.jpg\",\"main\\/products\\/product-20.jpg\",\"main\\/products\\/product-12.jpg\",\"main\\/products\\/product-1.jpg\"]','[[{\"key\":\"file\",\"value\":\"main\\/video\\/video-2.mp4\"},{\"key\":\"url\",\"value\":null},{\"key\":\"thumbnail\",\"value\":\"main\\/video\\/2.jpg\"}]]','BR-195-A1',0,20,0,1,'in_stock',0,2,0,0,1005,NULL,NULL,NULL,14,19,11,528,NULL,136300,'2025-07-28 01:49:29','2025-07-28 01:49:31',8,0,'Botble\\ACL\\Models\\User',0,NULL,'physical','5186296372269',NULL,0,'auto_generate',0,0,0,1),(12,'Chic Fedora Hat (Digital)','Complete your look with these classic aviator sunglasses, offering a touch of timeless glamour and UV protection for your eyes.','<div class=\"row justify-content-center\">\n    <div class=\"col-xl-10\">\n        <div class=\"tp-product-details-desc-item pb-105\">\n            <div class=\"row\">\n                <div class=\"col-lg-6\">\n                    <div class=\"pt-25\">\n                        <span>Women\'s Floral Dress</span>\n                        <h3 class=\"tp-product-details-desc-title\">Elegance Redefined</h3>\n                        <p>\n                            Embrace timeless elegance with our exquisite women\'s floral dress. Crafted from luxurious fabrics and adorned with delicate floral patterns, this dress exudes grace and sophistication. Whether attending a garden party or a formal event, you\'ll make a stunning impression in this captivating ensemble.\n                        </p>\n                    </div>\n                    <div>\n                        <h3 class=\"tp-product-details-desc-title\">Flawless Fit and Comfort</h3>\n                        <p>\n                            Designed for both style and comfort, our floral dress features a tailored silhouette that flatters every figure. The soft, breathable fabric ensures all-day comfort, while the fitted bodice and flowing skirt create a graceful silhouette. Feel confident and poised with every step you take.\n                        </p>\n                    </div>\n                </div>\n                <div class=\"col-lg-6\">\n                    <div class=\"tp-product-details-desc-thumb\">\n                        <img src=\"/storage/fashion/products/product-1.png\" alt=\"Women\'s Floral Dress\">\n                    </div>\n                </div>\n            </div>\n        </div>\n        <div class=\"tp-product-details-desc-item pb-75\">\n            <div class=\"row\">\n                <div class=\"col-lg-7\">\n                    <div class=\"tp-product-details-desc-thumb\">\n                        <img src=\"/storage/fashion/products/product-2.png\" alt=\"Back View of Floral Dress\">\n                    </div>\n                </div>\n\n                <div class=\"col-lg-5 order-first order-lg-last\">\n                    <div class=\"des-content-2 pl-40\">\n                        <h3 class=\"tp-product-details-desc-title\">\n                            Versatile Style\n                        </h3>\n                        <p>\n                            Transition effortlessly from day to night with our versatile floral dress. Pair it with sandals and a sunhat for a chic daytime look, or dress it up with heels and statement jewelry for an evening soirée. However you style it, you\'ll radiate confidence and charm.\n                        </p>\n                    </div>\n                </div>\n            </div>\n        </div>\n        <div class=\"tp-product-details-desc-item\">\n            <div class=\"row\">\n                <div class=\"col-xl-12\">\n                    <div class=\"tp-product-details-desc-banner text-center m-img\">\n                        <h3 class=\"tp-product-details-desc-banner-title tp-product-details-desc-title\">Quality Craftsmanship</h3>\n                        <img src=\"/storage/fashion/products/product-3.png\" alt=\"Fashion Atelier\">\n                    </div>\n                </div>\n            </div>\n        </div>\n    </div>\n</div>\n','published','[\"main\\/products\\/product-17.jpg\",\"main\\/products\\/product-6.jpg\",\"main\\/products\\/product-details-desc-1.jpg\",\"main\\/products\\/product-details-desc-3.jpg\"]','[[{\"key\":\"file\",\"value\":null},{\"key\":\"url\",\"value\":\"https:\\/\\/www.youtube.com\\/watch?v=6JYIGclVQdw\"},{\"key\":\"thumbnail\",\"value\":\"main\\/video\\/2.jpg\"}]]','2H-102-A1',0,15,0,1,'in_stock',0,1,0,0,1596,1276.8,NULL,NULL,20,13,16,538,NULL,147484,'2025-07-28 01:49:29','2025-07-28 01:49:31',3,0,'Botble\\ACL\\Models\\User',0,NULL,'digital','5974288358991',NULL,0,'auto_generate',0,0,0,1),(13,'Strappy Block Heel Sandals','Embrace bohemian vibes with this embroidered boho blouse, featuring intricate stitching and a relaxed fit. Perfect for a casual day with a touch of style.','<div class=\"row justify-content-center\">\n    <div class=\"col-xl-10\">\n        <div class=\"tp-product-details-desc-item pb-105\">\n            <div class=\"row\">\n                <div class=\"col-lg-6\">\n                    <div class=\"pt-25\">\n                        <span>Women\'s Floral Dress</span>\n                        <h3 class=\"tp-product-details-desc-title\">Elegance Redefined</h3>\n                        <p>\n                            Embrace timeless elegance with our exquisite women\'s floral dress. Crafted from luxurious fabrics and adorned with delicate floral patterns, this dress exudes grace and sophistication. Whether attending a garden party or a formal event, you\'ll make a stunning impression in this captivating ensemble.\n                        </p>\n                    </div>\n                    <div>\n                        <h3 class=\"tp-product-details-desc-title\">Flawless Fit and Comfort</h3>\n                        <p>\n                            Designed for both style and comfort, our floral dress features a tailored silhouette that flatters every figure. The soft, breathable fabric ensures all-day comfort, while the fitted bodice and flowing skirt create a graceful silhouette. Feel confident and poised with every step you take.\n                        </p>\n                    </div>\n                </div>\n                <div class=\"col-lg-6\">\n                    <div class=\"tp-product-details-desc-thumb\">\n                        <img src=\"/storage/fashion/products/product-1.png\" alt=\"Women\'s Floral Dress\">\n                    </div>\n                </div>\n            </div>\n        </div>\n        <div class=\"tp-product-details-desc-item pb-75\">\n            <div class=\"row\">\n                <div class=\"col-lg-7\">\n                    <div class=\"tp-product-details-desc-thumb\">\n                        <img src=\"/storage/fashion/products/product-2.png\" alt=\"Back View of Floral Dress\">\n                    </div>\n                </div>\n\n                <div class=\"col-lg-5 order-first order-lg-last\">\n                    <div class=\"des-content-2 pl-40\">\n                        <h3 class=\"tp-product-details-desc-title\">\n                            Versatile Style\n                        </h3>\n                        <p>\n                            Transition effortlessly from day to night with our versatile floral dress. Pair it with sandals and a sunhat for a chic daytime look, or dress it up with heels and statement jewelry for an evening soirée. However you style it, you\'ll radiate confidence and charm.\n                        </p>\n                    </div>\n                </div>\n            </div>\n        </div>\n        <div class=\"tp-product-details-desc-item\">\n            <div class=\"row\">\n                <div class=\"col-xl-12\">\n                    <div class=\"tp-product-details-desc-banner text-center m-img\">\n                        <h3 class=\"tp-product-details-desc-banner-title tp-product-details-desc-title\">Quality Craftsmanship</h3>\n                        <img src=\"/storage/fashion/products/product-3.png\" alt=\"Fashion Atelier\">\n                    </div>\n                </div>\n            </div>\n        </div>\n    </div>\n</div>\n','published','[\"main\\/products\\/product-16.jpg\",\"main\\/products\\/product-14.jpg\",\"main\\/products\\/product-2.jpg\",\"main\\/products\\/product-13.jpg\",\"main\\/products\\/product-1.jpg\"]','[[{\"key\":\"file\",\"value\":null},{\"key\":\"url\",\"value\":\"https:\\/\\/www.youtube.com\\/watch?v=6JYIGclVQdw\"},{\"key\":\"thumbnail\",\"value\":\"main\\/video\\/1.jpg\"}]]','WL-166-A1',0,12,0,1,'in_stock',1,3,0,0,915,NULL,NULL,NULL,14,13,20,816,NULL,101230,'2025-07-28 01:49:29','2025-07-28 01:49:31',5,0,'Botble\\ACL\\Models\\User',0,NULL,'physical','8677708242869',NULL,0,'auto_generate',0,0,0,1),(14,'Velvet Evening Gown','Stay cozy and chic in this knit turtleneck sweater, featuring a ribbed texture and a timeless design. Perfect for chilly days and nights.','<div class=\"row justify-content-center\">\n    <div class=\"col-xl-10\">\n        <div class=\"tp-product-details-desc-item pb-105\">\n            <div class=\"row\">\n                <div class=\"col-lg-6\">\n                    <div class=\"pt-25\">\n                        <span>Women\'s Floral Dress</span>\n                        <h3 class=\"tp-product-details-desc-title\">Elegance Redefined</h3>\n                        <p>\n                            Embrace timeless elegance with our exquisite women\'s floral dress. Crafted from luxurious fabrics and adorned with delicate floral patterns, this dress exudes grace and sophistication. Whether attending a garden party or a formal event, you\'ll make a stunning impression in this captivating ensemble.\n                        </p>\n                    </div>\n                    <div>\n                        <h3 class=\"tp-product-details-desc-title\">Flawless Fit and Comfort</h3>\n                        <p>\n                            Designed for both style and comfort, our floral dress features a tailored silhouette that flatters every figure. The soft, breathable fabric ensures all-day comfort, while the fitted bodice and flowing skirt create a graceful silhouette. Feel confident and poised with every step you take.\n                        </p>\n                    </div>\n                </div>\n                <div class=\"col-lg-6\">\n                    <div class=\"tp-product-details-desc-thumb\">\n                        <img src=\"/storage/fashion/products/product-1.png\" alt=\"Women\'s Floral Dress\">\n                    </div>\n                </div>\n            </div>\n        </div>\n        <div class=\"tp-product-details-desc-item pb-75\">\n            <div class=\"row\">\n                <div class=\"col-lg-7\">\n                    <div class=\"tp-product-details-desc-thumb\">\n                        <img src=\"/storage/fashion/products/product-2.png\" alt=\"Back View of Floral Dress\">\n                    </div>\n                </div>\n\n                <div class=\"col-lg-5 order-first order-lg-last\">\n                    <div class=\"des-content-2 pl-40\">\n                        <h3 class=\"tp-product-details-desc-title\">\n                            Versatile Style\n                        </h3>\n                        <p>\n                            Transition effortlessly from day to night with our versatile floral dress. Pair it with sandals and a sunhat for a chic daytime look, or dress it up with heels and statement jewelry for an evening soirée. However you style it, you\'ll radiate confidence and charm.\n                        </p>\n                    </div>\n                </div>\n            </div>\n        </div>\n        <div class=\"tp-product-details-desc-item\">\n            <div class=\"row\">\n                <div class=\"col-xl-12\">\n                    <div class=\"tp-product-details-desc-banner text-center m-img\">\n                        <h3 class=\"tp-product-details-desc-banner-title tp-product-details-desc-title\">Quality Craftsmanship</h3>\n                        <img src=\"/storage/fashion/products/product-3.png\" alt=\"Fashion Atelier\">\n                    </div>\n                </div>\n            </div>\n        </div>\n    </div>\n</div>\n','published','[\"main\\/products\\/product-14.jpg\",\"main\\/products\\/product-20.jpg\",\"main\\/products\\/product-7.jpg\",\"main\\/products\\/product-15.jpg\",\"main\\/products\\/product-18.jpg\",\"main\\/products\\/product-11.jpg\",\"main\\/products\\/product-4.jpg\"]','[]','N3-153-A1',0,13,0,1,'in_stock',1,5,0,0,1825,NULL,NULL,NULL,17,19,13,565,NULL,12460,'2025-07-28 01:49:29','2025-07-28 01:49:32',8,0,'Botble\\ACL\\Models\\User',0,NULL,'physical','1734404381814',NULL,0,'auto_generate',0,0,0,1),(15,'Quilted Crossbody Bag','Add a pop of color to your outfit with this silk scarf adorned with a geometric print. Wrap it around your neck or tie it to your handbag for a stylish touch.','<div class=\"row justify-content-center\">\n    <div class=\"col-xl-10\">\n        <div class=\"tp-product-details-desc-item pb-105\">\n            <div class=\"row\">\n                <div class=\"col-lg-6\">\n                    <div class=\"pt-25\">\n                        <span>Women\'s Floral Dress</span>\n                        <h3 class=\"tp-product-details-desc-title\">Elegance Redefined</h3>\n                        <p>\n                            Embrace timeless elegance with our exquisite women\'s floral dress. Crafted from luxurious fabrics and adorned with delicate floral patterns, this dress exudes grace and sophistication. Whether attending a garden party or a formal event, you\'ll make a stunning impression in this captivating ensemble.\n                        </p>\n                    </div>\n                    <div>\n                        <h3 class=\"tp-product-details-desc-title\">Flawless Fit and Comfort</h3>\n                        <p>\n                            Designed for both style and comfort, our floral dress features a tailored silhouette that flatters every figure. The soft, breathable fabric ensures all-day comfort, while the fitted bodice and flowing skirt create a graceful silhouette. Feel confident and poised with every step you take.\n                        </p>\n                    </div>\n                </div>\n                <div class=\"col-lg-6\">\n                    <div class=\"tp-product-details-desc-thumb\">\n                        <img src=\"/storage/fashion/products/product-1.png\" alt=\"Women\'s Floral Dress\">\n                    </div>\n                </div>\n            </div>\n        </div>\n        <div class=\"tp-product-details-desc-item pb-75\">\n            <div class=\"row\">\n                <div class=\"col-lg-7\">\n                    <div class=\"tp-product-details-desc-thumb\">\n                        <img src=\"/storage/fashion/products/product-2.png\" alt=\"Back View of Floral Dress\">\n                    </div>\n                </div>\n\n                <div class=\"col-lg-5 order-first order-lg-last\">\n                    <div class=\"des-content-2 pl-40\">\n                        <h3 class=\"tp-product-details-desc-title\">\n                            Versatile Style\n                        </h3>\n                        <p>\n                            Transition effortlessly from day to night with our versatile floral dress. Pair it with sandals and a sunhat for a chic daytime look, or dress it up with heels and statement jewelry for an evening soirée. However you style it, you\'ll radiate confidence and charm.\n                        </p>\n                    </div>\n                </div>\n            </div>\n        </div>\n        <div class=\"tp-product-details-desc-item\">\n            <div class=\"row\">\n                <div class=\"col-xl-12\">\n                    <div class=\"tp-product-details-desc-banner text-center m-img\">\n                        <h3 class=\"tp-product-details-desc-banner-title tp-product-details-desc-title\">Quality Craftsmanship</h3>\n                        <img src=\"/storage/fashion/products/product-3.png\" alt=\"Fashion Atelier\">\n                    </div>\n                </div>\n            </div>\n        </div>\n    </div>\n</div>\n','published','[\"main\\/products\\/product-16.jpg\",\"main\\/products\\/product-9.jpg\",\"main\\/products\\/product-18.jpg\",\"main\\/products\\/product-19.jpg\",\"main\\/products\\/product-8.jpg\",\"main\\/products\\/product-10.jpg\"]','[]','HX-177',0,10,0,1,'in_stock',0,3,0,0,2025,536,NULL,NULL,16,11,14,895,NULL,76972,'2025-07-28 01:49:29','2025-07-28 01:49:32',3,0,'Botble\\ACL\\Models\\User',0,NULL,'physical','2754492516485',NULL,0,'auto_generate',0,0,0,2),(16,'Distressed Skinny Jeans (Digital)','Accessorize with this bohemian fringe handbag, featuring intricate details and enough space for your essentials. The perfect boho-chic addition to your collection.','<div class=\"row justify-content-center\">\n    <div class=\"col-xl-10\">\n        <div class=\"tp-product-details-desc-item pb-105\">\n            <div class=\"row\">\n                <div class=\"col-lg-6\">\n                    <div class=\"pt-25\">\n                        <span>Women\'s Floral Dress</span>\n                        <h3 class=\"tp-product-details-desc-title\">Elegance Redefined</h3>\n                        <p>\n                            Embrace timeless elegance with our exquisite women\'s floral dress. Crafted from luxurious fabrics and adorned with delicate floral patterns, this dress exudes grace and sophistication. Whether attending a garden party or a formal event, you\'ll make a stunning impression in this captivating ensemble.\n                        </p>\n                    </div>\n                    <div>\n                        <h3 class=\"tp-product-details-desc-title\">Flawless Fit and Comfort</h3>\n                        <p>\n                            Designed for both style and comfort, our floral dress features a tailored silhouette that flatters every figure. The soft, breathable fabric ensures all-day comfort, while the fitted bodice and flowing skirt create a graceful silhouette. Feel confident and poised with every step you take.\n                        </p>\n                    </div>\n                </div>\n                <div class=\"col-lg-6\">\n                    <div class=\"tp-product-details-desc-thumb\">\n                        <img src=\"/storage/fashion/products/product-1.png\" alt=\"Women\'s Floral Dress\">\n                    </div>\n                </div>\n            </div>\n        </div>\n        <div class=\"tp-product-details-desc-item pb-75\">\n            <div class=\"row\">\n                <div class=\"col-lg-7\">\n                    <div class=\"tp-product-details-desc-thumb\">\n                        <img src=\"/storage/fashion/products/product-2.png\" alt=\"Back View of Floral Dress\">\n                    </div>\n                </div>\n\n                <div class=\"col-lg-5 order-first order-lg-last\">\n                    <div class=\"des-content-2 pl-40\">\n                        <h3 class=\"tp-product-details-desc-title\">\n                            Versatile Style\n                        </h3>\n                        <p>\n                            Transition effortlessly from day to night with our versatile floral dress. Pair it with sandals and a sunhat for a chic daytime look, or dress it up with heels and statement jewelry for an evening soirée. However you style it, you\'ll radiate confidence and charm.\n                        </p>\n                    </div>\n                </div>\n            </div>\n        </div>\n        <div class=\"tp-product-details-desc-item\">\n            <div class=\"row\">\n                <div class=\"col-xl-12\">\n                    <div class=\"tp-product-details-desc-banner text-center m-img\">\n                        <h3 class=\"tp-product-details-desc-banner-title tp-product-details-desc-title\">Quality Craftsmanship</h3>\n                        <img src=\"/storage/fashion/products/product-3.png\" alt=\"Fashion Atelier\">\n                    </div>\n                </div>\n            </div>\n        </div>\n    </div>\n</div>\n','published','[\"main\\/products\\/product-6.jpg\",\"main\\/products\\/product-2.jpg\",\"main\\/products\\/product-12.jpg\",\"main\\/products\\/product-details-desc-2.jpg\",\"main\\/products\\/product-9.jpg\",\"main\\/products\\/product-4.jpg\",\"main\\/products\\/product-15.jpg\"]','[[{\"key\":\"file\",\"value\":null},{\"key\":\"url\",\"value\":\"https:\\/\\/www.youtube.com\\/watch?v=6JYIGclVQdw\"},{\"key\":\"thumbnail\",\"value\":\"main\\/video\\/1.jpg\"}]]','BL-190-A1',0,20,0,1,'in_stock',1,1,0,0,1980,1742.4,NULL,NULL,16,11,14,505,NULL,21324,'2025-07-28 01:49:29','2025-07-28 01:49:32',7,0,'Botble\\ACL\\Models\\User',0,NULL,'digital','6740042088577',NULL,0,'auto_generate',0,0,0,2),(17,'Lace-Up Combat Boots','Top off your look with this chic fedora hat, crafted with a classic silhouette and a timeless appeal. A must-have accessory for any fashion-forward wardrobe.','<div class=\"row justify-content-center\">\n    <div class=\"col-xl-10\">\n        <div class=\"tp-product-details-desc-item pb-105\">\n            <div class=\"row\">\n                <div class=\"col-lg-6\">\n                    <div class=\"pt-25\">\n                        <span>Women\'s Floral Dress</span>\n                        <h3 class=\"tp-product-details-desc-title\">Elegance Redefined</h3>\n                        <p>\n                            Embrace timeless elegance with our exquisite women\'s floral dress. Crafted from luxurious fabrics and adorned with delicate floral patterns, this dress exudes grace and sophistication. Whether attending a garden party or a formal event, you\'ll make a stunning impression in this captivating ensemble.\n                        </p>\n                    </div>\n                    <div>\n                        <h3 class=\"tp-product-details-desc-title\">Flawless Fit and Comfort</h3>\n                        <p>\n                            Designed for both style and comfort, our floral dress features a tailored silhouette that flatters every figure. The soft, breathable fabric ensures all-day comfort, while the fitted bodice and flowing skirt create a graceful silhouette. Feel confident and poised with every step you take.\n                        </p>\n                    </div>\n                </div>\n                <div class=\"col-lg-6\">\n                    <div class=\"tp-product-details-desc-thumb\">\n                        <img src=\"/storage/fashion/products/product-1.png\" alt=\"Women\'s Floral Dress\">\n                    </div>\n                </div>\n            </div>\n        </div>\n        <div class=\"tp-product-details-desc-item pb-75\">\n            <div class=\"row\">\n                <div class=\"col-lg-7\">\n                    <div class=\"tp-product-details-desc-thumb\">\n                        <img src=\"/storage/fashion/products/product-2.png\" alt=\"Back View of Floral Dress\">\n                    </div>\n                </div>\n\n                <div class=\"col-lg-5 order-first order-lg-last\">\n                    <div class=\"des-content-2 pl-40\">\n                        <h3 class=\"tp-product-details-desc-title\">\n                            Versatile Style\n                        </h3>\n                        <p>\n                            Transition effortlessly from day to night with our versatile floral dress. Pair it with sandals and a sunhat for a chic daytime look, or dress it up with heels and statement jewelry for an evening soirée. However you style it, you\'ll radiate confidence and charm.\n                        </p>\n                    </div>\n                </div>\n            </div>\n        </div>\n        <div class=\"tp-product-details-desc-item\">\n            <div class=\"row\">\n                <div class=\"col-xl-12\">\n                    <div class=\"tp-product-details-desc-banner text-center m-img\">\n                        <h3 class=\"tp-product-details-desc-banner-title tp-product-details-desc-title\">Quality Craftsmanship</h3>\n                        <img src=\"/storage/fashion/products/product-3.png\" alt=\"Fashion Atelier\">\n                    </div>\n                </div>\n            </div>\n        </div>\n    </div>\n</div>\n','published','[\"main\\/products\\/product-9.jpg\",\"main\\/products\\/product-4.jpg\",\"main\\/products\\/product-18.jpg\",\"main\\/products\\/product-12.jpg\",\"main\\/products\\/product-5.jpg\"]','[]','RM-158',0,19,0,1,'in_stock',0,1,0,0,727,409,NULL,NULL,13,13,18,711,NULL,79634,'2025-07-28 01:49:29','2025-07-28 01:49:32',1,0,'Botble\\ACL\\Models\\User',0,NULL,'physical','0512125331285',NULL,0,'auto_generate',0,0,0,1),(18,'Cotton Striped T-Shirt Dress','Elevate your street style with this vintage denim jacket, featuring distressed detailing and a relaxed fit for a laid-back vibe.','<div class=\"row justify-content-center\">\n    <div class=\"col-xl-10\">\n        <div class=\"tp-product-details-desc-item pb-105\">\n            <div class=\"row\">\n                <div class=\"col-lg-6\">\n                    <div class=\"pt-25\">\n                        <span>Women\'s Floral Dress</span>\n                        <h3 class=\"tp-product-details-desc-title\">Elegance Redefined</h3>\n                        <p>\n                            Embrace timeless elegance with our exquisite women\'s floral dress. Crafted from luxurious fabrics and adorned with delicate floral patterns, this dress exudes grace and sophistication. Whether attending a garden party or a formal event, you\'ll make a stunning impression in this captivating ensemble.\n                        </p>\n                    </div>\n                    <div>\n                        <h3 class=\"tp-product-details-desc-title\">Flawless Fit and Comfort</h3>\n                        <p>\n                            Designed for both style and comfort, our floral dress features a tailored silhouette that flatters every figure. The soft, breathable fabric ensures all-day comfort, while the fitted bodice and flowing skirt create a graceful silhouette. Feel confident and poised with every step you take.\n                        </p>\n                    </div>\n                </div>\n                <div class=\"col-lg-6\">\n                    <div class=\"tp-product-details-desc-thumb\">\n                        <img src=\"/storage/fashion/products/product-1.png\" alt=\"Women\'s Floral Dress\">\n                    </div>\n                </div>\n            </div>\n        </div>\n        <div class=\"tp-product-details-desc-item pb-75\">\n            <div class=\"row\">\n                <div class=\"col-lg-7\">\n                    <div class=\"tp-product-details-desc-thumb\">\n                        <img src=\"/storage/fashion/products/product-2.png\" alt=\"Back View of Floral Dress\">\n                    </div>\n                </div>\n\n                <div class=\"col-lg-5 order-first order-lg-last\">\n                    <div class=\"des-content-2 pl-40\">\n                        <h3 class=\"tp-product-details-desc-title\">\n                            Versatile Style\n                        </h3>\n                        <p>\n                            Transition effortlessly from day to night with our versatile floral dress. Pair it with sandals and a sunhat for a chic daytime look, or dress it up with heels and statement jewelry for an evening soirée. However you style it, you\'ll radiate confidence and charm.\n                        </p>\n                    </div>\n                </div>\n            </div>\n        </div>\n        <div class=\"tp-product-details-desc-item\">\n            <div class=\"row\">\n                <div class=\"col-xl-12\">\n                    <div class=\"tp-product-details-desc-banner text-center m-img\">\n                        <h3 class=\"tp-product-details-desc-banner-title tp-product-details-desc-title\">Quality Craftsmanship</h3>\n                        <img src=\"/storage/fashion/products/product-3.png\" alt=\"Fashion Atelier\">\n                    </div>\n                </div>\n            </div>\n        </div>\n    </div>\n</div>\n','published','[\"main\\/products\\/product-2.jpg\",\"main\\/products\\/product-7.jpg\",\"main\\/products\\/product-16.jpg\",\"main\\/products\\/product-details-desc-1.jpg\"]','[[{\"key\":\"file\",\"value\":\"main\\/video\\/video-1.mp4\"},{\"key\":\"url\",\"value\":null},{\"key\":\"thumbnail\",\"value\":\"main\\/video\\/1.jpg\"}]]','FW-149-A1',0,19,0,1,'in_stock',1,5,0,0,1175,NULL,NULL,NULL,10,17,12,704,NULL,1103,'2025-07-28 01:49:29','2025-07-28 01:49:32',3,0,'Botble\\ACL\\Models\\User',0,NULL,'physical','6892104396745',NULL,0,'auto_generate',0,0,0,1),(19,'Printed Palazzo Pants','Achieve a polished look with this tailored wool blazer, designed for a flattering fit and versatile enough for both work and casual outings.','<div class=\"row justify-content-center\">\n    <div class=\"col-xl-10\">\n        <div class=\"tp-product-details-desc-item pb-105\">\n            <div class=\"row\">\n                <div class=\"col-lg-6\">\n                    <div class=\"pt-25\">\n                        <span>Women\'s Floral Dress</span>\n                        <h3 class=\"tp-product-details-desc-title\">Elegance Redefined</h3>\n                        <p>\n                            Embrace timeless elegance with our exquisite women\'s floral dress. Crafted from luxurious fabrics and adorned with delicate floral patterns, this dress exudes grace and sophistication. Whether attending a garden party or a formal event, you\'ll make a stunning impression in this captivating ensemble.\n                        </p>\n                    </div>\n                    <div>\n                        <h3 class=\"tp-product-details-desc-title\">Flawless Fit and Comfort</h3>\n                        <p>\n                            Designed for both style and comfort, our floral dress features a tailored silhouette that flatters every figure. The soft, breathable fabric ensures all-day comfort, while the fitted bodice and flowing skirt create a graceful silhouette. Feel confident and poised with every step you take.\n                        </p>\n                    </div>\n                </div>\n                <div class=\"col-lg-6\">\n                    <div class=\"tp-product-details-desc-thumb\">\n                        <img src=\"/storage/fashion/products/product-1.png\" alt=\"Women\'s Floral Dress\">\n                    </div>\n                </div>\n            </div>\n        </div>\n        <div class=\"tp-product-details-desc-item pb-75\">\n            <div class=\"row\">\n                <div class=\"col-lg-7\">\n                    <div class=\"tp-product-details-desc-thumb\">\n                        <img src=\"/storage/fashion/products/product-2.png\" alt=\"Back View of Floral Dress\">\n                    </div>\n                </div>\n\n                <div class=\"col-lg-5 order-first order-lg-last\">\n                    <div class=\"des-content-2 pl-40\">\n                        <h3 class=\"tp-product-details-desc-title\">\n                            Versatile Style\n                        </h3>\n                        <p>\n                            Transition effortlessly from day to night with our versatile floral dress. Pair it with sandals and a sunhat for a chic daytime look, or dress it up with heels and statement jewelry for an evening soirée. However you style it, you\'ll radiate confidence and charm.\n                        </p>\n                    </div>\n                </div>\n            </div>\n        </div>\n        <div class=\"tp-product-details-desc-item\">\n            <div class=\"row\">\n                <div class=\"col-xl-12\">\n                    <div class=\"tp-product-details-desc-banner text-center m-img\">\n                        <h3 class=\"tp-product-details-desc-banner-title tp-product-details-desc-title\">Quality Craftsmanship</h3>\n                        <img src=\"/storage/fashion/products/product-3.png\" alt=\"Fashion Atelier\">\n                    </div>\n                </div>\n            </div>\n        </div>\n    </div>\n</div>\n','published','[\"main\\/products\\/product-7.jpg\",\"main\\/products\\/product-6.jpg\",\"main\\/products\\/product-5.jpg\",\"main\\/products\\/product-4.jpg\",\"main\\/products\\/product-12.jpg\"]','[[{\"key\":\"file\",\"value\":\"main\\/video\\/video-1.mp4\"},{\"key\":\"url\",\"value\":null},{\"key\":\"thumbnail\",\"value\":\"main\\/video\\/1.jpg\"}]]','0T-108-A1',0,19,0,1,'in_stock',0,2,0,0,999,NULL,NULL,NULL,15,10,14,685,NULL,180378,'2025-07-28 01:49:29','2025-07-28 01:49:32',1,0,'Botble\\ACL\\Models\\User',0,NULL,'physical','7791694638473',NULL,0,'auto_generate',0,0,0,1),(20,'Structured Satchel Bag (Digital)','Make a bold statement with this chunky necklace, designed to add a touch of glamour to any outfit. The perfect accessory for a night out.','<div class=\"row justify-content-center\">\n    <div class=\"col-xl-10\">\n        <div class=\"tp-product-details-desc-item pb-105\">\n            <div class=\"row\">\n                <div class=\"col-lg-6\">\n                    <div class=\"pt-25\">\n                        <span>Women\'s Floral Dress</span>\n                        <h3 class=\"tp-product-details-desc-title\">Elegance Redefined</h3>\n                        <p>\n                            Embrace timeless elegance with our exquisite women\'s floral dress. Crafted from luxurious fabrics and adorned with delicate floral patterns, this dress exudes grace and sophistication. Whether attending a garden party or a formal event, you\'ll make a stunning impression in this captivating ensemble.\n                        </p>\n                    </div>\n                    <div>\n                        <h3 class=\"tp-product-details-desc-title\">Flawless Fit and Comfort</h3>\n                        <p>\n                            Designed for both style and comfort, our floral dress features a tailored silhouette that flatters every figure. The soft, breathable fabric ensures all-day comfort, while the fitted bodice and flowing skirt create a graceful silhouette. Feel confident and poised with every step you take.\n                        </p>\n                    </div>\n                </div>\n                <div class=\"col-lg-6\">\n                    <div class=\"tp-product-details-desc-thumb\">\n                        <img src=\"/storage/fashion/products/product-1.png\" alt=\"Women\'s Floral Dress\">\n                    </div>\n                </div>\n            </div>\n        </div>\n        <div class=\"tp-product-details-desc-item pb-75\">\n            <div class=\"row\">\n                <div class=\"col-lg-7\">\n                    <div class=\"tp-product-details-desc-thumb\">\n                        <img src=\"/storage/fashion/products/product-2.png\" alt=\"Back View of Floral Dress\">\n                    </div>\n                </div>\n\n                <div class=\"col-lg-5 order-first order-lg-last\">\n                    <div class=\"des-content-2 pl-40\">\n                        <h3 class=\"tp-product-details-desc-title\">\n                            Versatile Style\n                        </h3>\n                        <p>\n                            Transition effortlessly from day to night with our versatile floral dress. Pair it with sandals and a sunhat for a chic daytime look, or dress it up with heels and statement jewelry for an evening soirée. However you style it, you\'ll radiate confidence and charm.\n                        </p>\n                    </div>\n                </div>\n            </div>\n        </div>\n        <div class=\"tp-product-details-desc-item\">\n            <div class=\"row\">\n                <div class=\"col-xl-12\">\n                    <div class=\"tp-product-details-desc-banner text-center m-img\">\n                        <h3 class=\"tp-product-details-desc-banner-title tp-product-details-desc-title\">Quality Craftsmanship</h3>\n                        <img src=\"/storage/fashion/products/product-3.png\" alt=\"Fashion Atelier\">\n                    </div>\n                </div>\n            </div>\n        </div>\n    </div>\n</div>\n','published','[\"main\\/products\\/product-10.jpg\",\"main\\/products\\/product-4.jpg\",\"main\\/products\\/product-6.jpg\",\"main\\/products\\/product-3.jpg\",\"main\\/products\\/product-details-desc-3.jpg\",\"main\\/products\\/product-17.jpg\"]','[[{\"key\":\"file\",\"value\":null},{\"key\":\"url\",\"value\":\"https:\\/\\/www.youtube.com\\/watch?v=6JYIGclVQdw\"},{\"key\":\"thumbnail\",\"value\":\"main\\/video\\/1.jpg\"}]]','PX-178-A1',0,15,0,1,'in_stock',0,3,0,0,1666,1466.08,NULL,NULL,18,16,11,724,NULL,150136,'2025-07-28 01:49:29','2025-07-28 01:49:32',3,0,'Botble\\ACL\\Models\\User',0,NULL,'digital','0816510924398',NULL,0,'auto_generate',0,0,0,2),(21,'Off-Shoulder Ruffle Top','Add a pop of color to your outfit with this silk scarf adorned with a geometric print. Wrap it around your neck or tie it to your handbag for a stylish touch.','<div class=\"row justify-content-center\">\n    <div class=\"col-xl-10\">\n        <div class=\"tp-product-details-desc-item pb-105\">\n            <div class=\"row\">\n                <div class=\"col-lg-6\">\n                    <div class=\"pt-25\">\n                        <span>Women\'s Floral Dress</span>\n                        <h3 class=\"tp-product-details-desc-title\">Elegance Redefined</h3>\n                        <p>\n                            Embrace timeless elegance with our exquisite women\'s floral dress. Crafted from luxurious fabrics and adorned with delicate floral patterns, this dress exudes grace and sophistication. Whether attending a garden party or a formal event, you\'ll make a stunning impression in this captivating ensemble.\n                        </p>\n                    </div>\n                    <div>\n                        <h3 class=\"tp-product-details-desc-title\">Flawless Fit and Comfort</h3>\n                        <p>\n                            Designed for both style and comfort, our floral dress features a tailored silhouette that flatters every figure. The soft, breathable fabric ensures all-day comfort, while the fitted bodice and flowing skirt create a graceful silhouette. Feel confident and poised with every step you take.\n                        </p>\n                    </div>\n                </div>\n                <div class=\"col-lg-6\">\n                    <div class=\"tp-product-details-desc-thumb\">\n                        <img src=\"/storage/fashion/products/product-1.png\" alt=\"Women\'s Floral Dress\">\n                    </div>\n                </div>\n            </div>\n        </div>\n        <div class=\"tp-product-details-desc-item pb-75\">\n            <div class=\"row\">\n                <div class=\"col-lg-7\">\n                    <div class=\"tp-product-details-desc-thumb\">\n                        <img src=\"/storage/fashion/products/product-2.png\" alt=\"Back View of Floral Dress\">\n                    </div>\n                </div>\n\n                <div class=\"col-lg-5 order-first order-lg-last\">\n                    <div class=\"des-content-2 pl-40\">\n                        <h3 class=\"tp-product-details-desc-title\">\n                            Versatile Style\n                        </h3>\n                        <p>\n                            Transition effortlessly from day to night with our versatile floral dress. Pair it with sandals and a sunhat for a chic daytime look, or dress it up with heels and statement jewelry for an evening soirée. However you style it, you\'ll radiate confidence and charm.\n                        </p>\n                    </div>\n                </div>\n            </div>\n        </div>\n        <div class=\"tp-product-details-desc-item\">\n            <div class=\"row\">\n                <div class=\"col-xl-12\">\n                    <div class=\"tp-product-details-desc-banner text-center m-img\">\n                        <h3 class=\"tp-product-details-desc-banner-title tp-product-details-desc-title\">Quality Craftsmanship</h3>\n                        <img src=\"/storage/fashion/products/product-3.png\" alt=\"Fashion Atelier\">\n                    </div>\n                </div>\n            </div>\n        </div>\n    </div>\n</div>\n','published','[\"main\\/products\\/product-5.jpg\",\"main\\/products\\/product-16.jpg\",\"main\\/products\\/product-2.jpg\"]','[[{\"key\":\"file\",\"value\":\"main\\/video\\/video-2.mp4\"},{\"key\":\"url\",\"value\":null},{\"key\":\"thumbnail\",\"value\":\"main\\/video\\/2.jpg\"}]]','KZ-152-A1',0,14,0,1,'in_stock',1,3,0,0,2347,NULL,NULL,NULL,18,17,18,730,NULL,51185,'2025-07-28 01:49:29','2025-07-28 01:49:32',6,0,'Botble\\ACL\\Models\\User',0,NULL,'physical','1873139910675',NULL,0,'auto_generate',0,0,0,2),(22,'Suede Pointed-Toe Pumps','Stay on trend with these high-waisted wide-leg trousers, combining comfort and sophistication. Pair them with heels for a refined look.','<div class=\"row justify-content-center\">\n    <div class=\"col-xl-10\">\n        <div class=\"tp-product-details-desc-item pb-105\">\n            <div class=\"row\">\n                <div class=\"col-lg-6\">\n                    <div class=\"pt-25\">\n                        <span>Women\'s Floral Dress</span>\n                        <h3 class=\"tp-product-details-desc-title\">Elegance Redefined</h3>\n                        <p>\n                            Embrace timeless elegance with our exquisite women\'s floral dress. Crafted from luxurious fabrics and adorned with delicate floral patterns, this dress exudes grace and sophistication. Whether attending a garden party or a formal event, you\'ll make a stunning impression in this captivating ensemble.\n                        </p>\n                    </div>\n                    <div>\n                        <h3 class=\"tp-product-details-desc-title\">Flawless Fit and Comfort</h3>\n                        <p>\n                            Designed for both style and comfort, our floral dress features a tailored silhouette that flatters every figure. The soft, breathable fabric ensures all-day comfort, while the fitted bodice and flowing skirt create a graceful silhouette. Feel confident and poised with every step you take.\n                        </p>\n                    </div>\n                </div>\n                <div class=\"col-lg-6\">\n                    <div class=\"tp-product-details-desc-thumb\">\n                        <img src=\"/storage/fashion/products/product-1.png\" alt=\"Women\'s Floral Dress\">\n                    </div>\n                </div>\n            </div>\n        </div>\n        <div class=\"tp-product-details-desc-item pb-75\">\n            <div class=\"row\">\n                <div class=\"col-lg-7\">\n                    <div class=\"tp-product-details-desc-thumb\">\n                        <img src=\"/storage/fashion/products/product-2.png\" alt=\"Back View of Floral Dress\">\n                    </div>\n                </div>\n\n                <div class=\"col-lg-5 order-first order-lg-last\">\n                    <div class=\"des-content-2 pl-40\">\n                        <h3 class=\"tp-product-details-desc-title\">\n                            Versatile Style\n                        </h3>\n                        <p>\n                            Transition effortlessly from day to night with our versatile floral dress. Pair it with sandals and a sunhat for a chic daytime look, or dress it up with heels and statement jewelry for an evening soirée. However you style it, you\'ll radiate confidence and charm.\n                        </p>\n                    </div>\n                </div>\n            </div>\n        </div>\n        <div class=\"tp-product-details-desc-item\">\n            <div class=\"row\">\n                <div class=\"col-xl-12\">\n                    <div class=\"tp-product-details-desc-banner text-center m-img\">\n                        <h3 class=\"tp-product-details-desc-banner-title tp-product-details-desc-title\">Quality Craftsmanship</h3>\n                        <img src=\"/storage/fashion/products/product-3.png\" alt=\"Fashion Atelier\">\n                    </div>\n                </div>\n            </div>\n        </div>\n    </div>\n</div>\n','published','[\"main\\/products\\/product-18.jpg\",\"main\\/products\\/product-details-desc-1.jpg\",\"main\\/products\\/product-13.jpg\",\"main\\/products\\/product-6.jpg\",\"main\\/products\\/product-3.jpg\",\"main\\/products\\/product-8.jpg\",\"main\\/products\\/product-12.jpg\",\"main\\/products\\/product-10.jpg\"]','[[{\"key\":\"file\",\"value\":null},{\"key\":\"url\",\"value\":\"https:\\/\\/www.youtube.com\\/watch?v=6JYIGclVQdw\"},{\"key\":\"thumbnail\",\"value\":\"main\\/video\\/2.jpg\"}]]','IW-116-A1',0,13,0,1,'in_stock',0,2,0,0,1137,NULL,NULL,NULL,14,18,20,683,NULL,141327,'2025-07-28 01:49:29','2025-07-28 01:49:32',8,0,'Botble\\ACL\\Models\\User',0,NULL,'physical','0798423305627',NULL,0,'auto_generate',0,0,0,1),(23,'Cropped Cable Knit Sweater','Complete your look with these classic aviator sunglasses, offering a touch of timeless glamour and UV protection for your eyes.','<div class=\"row justify-content-center\">\n    <div class=\"col-xl-10\">\n        <div class=\"tp-product-details-desc-item pb-105\">\n            <div class=\"row\">\n                <div class=\"col-lg-6\">\n                    <div class=\"pt-25\">\n                        <span>Women\'s Floral Dress</span>\n                        <h3 class=\"tp-product-details-desc-title\">Elegance Redefined</h3>\n                        <p>\n                            Embrace timeless elegance with our exquisite women\'s floral dress. Crafted from luxurious fabrics and adorned with delicate floral patterns, this dress exudes grace and sophistication. Whether attending a garden party or a formal event, you\'ll make a stunning impression in this captivating ensemble.\n                        </p>\n                    </div>\n                    <div>\n                        <h3 class=\"tp-product-details-desc-title\">Flawless Fit and Comfort</h3>\n                        <p>\n                            Designed for both style and comfort, our floral dress features a tailored silhouette that flatters every figure. The soft, breathable fabric ensures all-day comfort, while the fitted bodice and flowing skirt create a graceful silhouette. Feel confident and poised with every step you take.\n                        </p>\n                    </div>\n                </div>\n                <div class=\"col-lg-6\">\n                    <div class=\"tp-product-details-desc-thumb\">\n                        <img src=\"/storage/fashion/products/product-1.png\" alt=\"Women\'s Floral Dress\">\n                    </div>\n                </div>\n            </div>\n        </div>\n        <div class=\"tp-product-details-desc-item pb-75\">\n            <div class=\"row\">\n                <div class=\"col-lg-7\">\n                    <div class=\"tp-product-details-desc-thumb\">\n                        <img src=\"/storage/fashion/products/product-2.png\" alt=\"Back View of Floral Dress\">\n                    </div>\n                </div>\n\n                <div class=\"col-lg-5 order-first order-lg-last\">\n                    <div class=\"des-content-2 pl-40\">\n                        <h3 class=\"tp-product-details-desc-title\">\n                            Versatile Style\n                        </h3>\n                        <p>\n                            Transition effortlessly from day to night with our versatile floral dress. Pair it with sandals and a sunhat for a chic daytime look, or dress it up with heels and statement jewelry for an evening soirée. However you style it, you\'ll radiate confidence and charm.\n                        </p>\n                    </div>\n                </div>\n            </div>\n        </div>\n        <div class=\"tp-product-details-desc-item\">\n            <div class=\"row\">\n                <div class=\"col-xl-12\">\n                    <div class=\"tp-product-details-desc-banner text-center m-img\">\n                        <h3 class=\"tp-product-details-desc-banner-title tp-product-details-desc-title\">Quality Craftsmanship</h3>\n                        <img src=\"/storage/fashion/products/product-3.png\" alt=\"Fashion Atelier\">\n                    </div>\n                </div>\n            </div>\n        </div>\n    </div>\n</div>\n','published','[\"main\\/products\\/product-20.jpg\",\"main\\/products\\/product-4.jpg\",\"main\\/products\\/product-9.jpg\"]','[[{\"key\":\"file\",\"value\":null},{\"key\":\"url\",\"value\":\"https:\\/\\/www.youtube.com\\/watch?v=6JYIGclVQdw\"},{\"key\":\"thumbnail\",\"value\":\"main\\/video\\/2.jpg\"}]]','GV-148-A1',0,10,0,1,'in_stock',1,5,0,0,2188,NULL,NULL,NULL,18,19,18,710,NULL,110332,'2025-07-28 01:49:29','2025-07-28 01:49:32',5,0,'Botble\\ACL\\Models\\User',0,NULL,'physical','4267482214790',NULL,0,'auto_generate',0,0,0,1),(24,'Athleisure Jogger Pants (Digital)','Top off your look with this chic fedora hat, crafted with a classic silhouette and a timeless appeal. A must-have accessory for any fashion-forward wardrobe.','<div class=\"row justify-content-center\">\n    <div class=\"col-xl-10\">\n        <div class=\"tp-product-details-desc-item pb-105\">\n            <div class=\"row\">\n                <div class=\"col-lg-6\">\n                    <div class=\"pt-25\">\n                        <span>Women\'s Floral Dress</span>\n                        <h3 class=\"tp-product-details-desc-title\">Elegance Redefined</h3>\n                        <p>\n                            Embrace timeless elegance with our exquisite women\'s floral dress. Crafted from luxurious fabrics and adorned with delicate floral patterns, this dress exudes grace and sophistication. Whether attending a garden party or a formal event, you\'ll make a stunning impression in this captivating ensemble.\n                        </p>\n                    </div>\n                    <div>\n                        <h3 class=\"tp-product-details-desc-title\">Flawless Fit and Comfort</h3>\n                        <p>\n                            Designed for both style and comfort, our floral dress features a tailored silhouette that flatters every figure. The soft, breathable fabric ensures all-day comfort, while the fitted bodice and flowing skirt create a graceful silhouette. Feel confident and poised with every step you take.\n                        </p>\n                    </div>\n                </div>\n                <div class=\"col-lg-6\">\n                    <div class=\"tp-product-details-desc-thumb\">\n                        <img src=\"/storage/fashion/products/product-1.png\" alt=\"Women\'s Floral Dress\">\n                    </div>\n                </div>\n            </div>\n        </div>\n        <div class=\"tp-product-details-desc-item pb-75\">\n            <div class=\"row\">\n                <div class=\"col-lg-7\">\n                    <div class=\"tp-product-details-desc-thumb\">\n                        <img src=\"/storage/fashion/products/product-2.png\" alt=\"Back View of Floral Dress\">\n                    </div>\n                </div>\n\n                <div class=\"col-lg-5 order-first order-lg-last\">\n                    <div class=\"des-content-2 pl-40\">\n                        <h3 class=\"tp-product-details-desc-title\">\n                            Versatile Style\n                        </h3>\n                        <p>\n                            Transition effortlessly from day to night with our versatile floral dress. Pair it with sandals and a sunhat for a chic daytime look, or dress it up with heels and statement jewelry for an evening soirée. However you style it, you\'ll radiate confidence and charm.\n                        </p>\n                    </div>\n                </div>\n            </div>\n        </div>\n        <div class=\"tp-product-details-desc-item\">\n            <div class=\"row\">\n                <div class=\"col-xl-12\">\n                    <div class=\"tp-product-details-desc-banner text-center m-img\">\n                        <h3 class=\"tp-product-details-desc-banner-title tp-product-details-desc-title\">Quality Craftsmanship</h3>\n                        <img src=\"/storage/fashion/products/product-3.png\" alt=\"Fashion Atelier\">\n                    </div>\n                </div>\n            </div>\n        </div>\n    </div>\n</div>\n','published','[\"main\\/products\\/product-2.jpg\",\"main\\/products\\/product-20.jpg\",\"main\\/products\\/product-5.jpg\",\"main\\/products\\/product-details-desc-1.jpg\",\"main\\/products\\/product-16.jpg\",\"main\\/products\\/product-8.jpg\",\"main\\/products\\/product-9.jpg\",\"main\\/products\\/product-3.jpg\"]','[[{\"key\":\"file\",\"value\":\"main\\/video\\/video-2.mp4\"},{\"key\":\"url\",\"value\":null},{\"key\":\"thumbnail\",\"value\":\"main\\/video\\/2.jpg\"}]]','CD-145-A1',0,10,0,1,'in_stock',1,1,0,0,2437,1705.9,NULL,NULL,14,14,14,659,NULL,180791,'2025-07-28 01:49:29','2025-07-28 01:49:32',2,0,'Botble\\ACL\\Models\\User',0,NULL,'digital','3189267826244',NULL,0,'auto_generate',0,0,0,1),(25,'Leopard Print Midi Skirt','Top off your look with this chic fedora hat, crafted with a classic silhouette and a timeless appeal. A must-have accessory for any fashion-forward wardrobe.','<div class=\"row justify-content-center\">\n    <div class=\"col-xl-10\">\n        <div class=\"tp-product-details-desc-item pb-105\">\n            <div class=\"row\">\n                <div class=\"col-lg-6\">\n                    <div class=\"pt-25\">\n                        <span>Women\'s Floral Dress</span>\n                        <h3 class=\"tp-product-details-desc-title\">Elegance Redefined</h3>\n                        <p>\n                            Embrace timeless elegance with our exquisite women\'s floral dress. Crafted from luxurious fabrics and adorned with delicate floral patterns, this dress exudes grace and sophistication. Whether attending a garden party or a formal event, you\'ll make a stunning impression in this captivating ensemble.\n                        </p>\n                    </div>\n                    <div>\n                        <h3 class=\"tp-product-details-desc-title\">Flawless Fit and Comfort</h3>\n                        <p>\n                            Designed for both style and comfort, our floral dress features a tailored silhouette that flatters every figure. The soft, breathable fabric ensures all-day comfort, while the fitted bodice and flowing skirt create a graceful silhouette. Feel confident and poised with every step you take.\n                        </p>\n                    </div>\n                </div>\n                <div class=\"col-lg-6\">\n                    <div class=\"tp-product-details-desc-thumb\">\n                        <img src=\"/storage/fashion/products/product-1.png\" alt=\"Women\'s Floral Dress\">\n                    </div>\n                </div>\n            </div>\n        </div>\n        <div class=\"tp-product-details-desc-item pb-75\">\n            <div class=\"row\">\n                <div class=\"col-lg-7\">\n                    <div class=\"tp-product-details-desc-thumb\">\n                        <img src=\"/storage/fashion/products/product-2.png\" alt=\"Back View of Floral Dress\">\n                    </div>\n                </div>\n\n                <div class=\"col-lg-5 order-first order-lg-last\">\n                    <div class=\"des-content-2 pl-40\">\n                        <h3 class=\"tp-product-details-desc-title\">\n                            Versatile Style\n                        </h3>\n                        <p>\n                            Transition effortlessly from day to night with our versatile floral dress. Pair it with sandals and a sunhat for a chic daytime look, or dress it up with heels and statement jewelry for an evening soirée. However you style it, you\'ll radiate confidence and charm.\n                        </p>\n                    </div>\n                </div>\n            </div>\n        </div>\n        <div class=\"tp-product-details-desc-item\">\n            <div class=\"row\">\n                <div class=\"col-xl-12\">\n                    <div class=\"tp-product-details-desc-banner text-center m-img\">\n                        <h3 class=\"tp-product-details-desc-banner-title tp-product-details-desc-title\">Quality Craftsmanship</h3>\n                        <img src=\"/storage/fashion/products/product-3.png\" alt=\"Fashion Atelier\">\n                    </div>\n                </div>\n            </div>\n        </div>\n    </div>\n</div>\n','published','[\"main\\/products\\/product-16.jpg\",\"main\\/products\\/product-11.jpg\",\"main\\/products\\/product-9.jpg\",\"main\\/products\\/product-13.jpg\",\"main\\/products\\/product-details-desc-1.jpg\"]','[[{\"key\":\"file\",\"value\":null},{\"key\":\"url\",\"value\":\"https:\\/\\/www.youtube.com\\/watch?v=6JYIGclVQdw\"},{\"key\":\"thumbnail\",\"value\":\"main\\/video\\/1.jpg\"}]]','91-127',0,11,0,1,'in_stock',0,2,0,0,1559,1533,NULL,NULL,15,10,10,898,NULL,162677,'2025-07-28 01:49:29','2025-07-28 01:49:32',8,0,'Botble\\ACL\\Models\\User',0,NULL,'physical','5143967857135',NULL,0,'auto_generate',0,0,0,2),(26,'Retro Cat-Eye Sunglasses','Achieve a polished look with this tailored wool blazer, designed for a flattering fit and versatile enough for both work and casual outings.','<div class=\"row justify-content-center\">\n    <div class=\"col-xl-10\">\n        <div class=\"tp-product-details-desc-item pb-105\">\n            <div class=\"row\">\n                <div class=\"col-lg-6\">\n                    <div class=\"pt-25\">\n                        <span>Women\'s Floral Dress</span>\n                        <h3 class=\"tp-product-details-desc-title\">Elegance Redefined</h3>\n                        <p>\n                            Embrace timeless elegance with our exquisite women\'s floral dress. Crafted from luxurious fabrics and adorned with delicate floral patterns, this dress exudes grace and sophistication. Whether attending a garden party or a formal event, you\'ll make a stunning impression in this captivating ensemble.\n                        </p>\n                    </div>\n                    <div>\n                        <h3 class=\"tp-product-details-desc-title\">Flawless Fit and Comfort</h3>\n                        <p>\n                            Designed for both style and comfort, our floral dress features a tailored silhouette that flatters every figure. The soft, breathable fabric ensures all-day comfort, while the fitted bodice and flowing skirt create a graceful silhouette. Feel confident and poised with every step you take.\n                        </p>\n                    </div>\n                </div>\n                <div class=\"col-lg-6\">\n                    <div class=\"tp-product-details-desc-thumb\">\n                        <img src=\"/storage/fashion/products/product-1.png\" alt=\"Women\'s Floral Dress\">\n                    </div>\n                </div>\n            </div>\n        </div>\n        <div class=\"tp-product-details-desc-item pb-75\">\n            <div class=\"row\">\n                <div class=\"col-lg-7\">\n                    <div class=\"tp-product-details-desc-thumb\">\n                        <img src=\"/storage/fashion/products/product-2.png\" alt=\"Back View of Floral Dress\">\n                    </div>\n                </div>\n\n                <div class=\"col-lg-5 order-first order-lg-last\">\n                    <div class=\"des-content-2 pl-40\">\n                        <h3 class=\"tp-product-details-desc-title\">\n                            Versatile Style\n                        </h3>\n                        <p>\n                            Transition effortlessly from day to night with our versatile floral dress. Pair it with sandals and a sunhat for a chic daytime look, or dress it up with heels and statement jewelry for an evening soirée. However you style it, you\'ll radiate confidence and charm.\n                        </p>\n                    </div>\n                </div>\n            </div>\n        </div>\n        <div class=\"tp-product-details-desc-item\">\n            <div class=\"row\">\n                <div class=\"col-xl-12\">\n                    <div class=\"tp-product-details-desc-banner text-center m-img\">\n                        <h3 class=\"tp-product-details-desc-banner-title tp-product-details-desc-title\">Quality Craftsmanship</h3>\n                        <img src=\"/storage/fashion/products/product-3.png\" alt=\"Fashion Atelier\">\n                    </div>\n                </div>\n            </div>\n        </div>\n    </div>\n</div>\n','published','[\"main\\/products\\/product-8.jpg\",\"main\\/products\\/product-9.jpg\",\"main\\/products\\/product-2.jpg\",\"main\\/products\\/product-14.jpg\",\"main\\/products\\/product-11.jpg\"]','[[{\"key\":\"file\",\"value\":null},{\"key\":\"url\",\"value\":\"https:\\/\\/www.youtube.com\\/watch?v=6JYIGclVQdw\"},{\"key\":\"thumbnail\",\"value\":\"main\\/video\\/1.jpg\"}]]','UZ-148',0,16,0,1,'in_stock',1,1,0,0,1775,1073,NULL,NULL,15,17,18,776,NULL,116235,'2025-07-28 01:49:29','2025-07-28 01:49:32',6,0,'Botble\\ACL\\Models\\User',0,NULL,'physical','8931881278177',NULL,0,'auto_generate',0,0,0,1),(27,'Faux Fur Trimmed Coat','Elevate your street style with this vintage denim jacket, featuring distressed detailing and a relaxed fit for a laid-back vibe.','<div class=\"row justify-content-center\">\n    <div class=\"col-xl-10\">\n        <div class=\"tp-product-details-desc-item pb-105\">\n            <div class=\"row\">\n                <div class=\"col-lg-6\">\n                    <div class=\"pt-25\">\n                        <span>Women\'s Floral Dress</span>\n                        <h3 class=\"tp-product-details-desc-title\">Elegance Redefined</h3>\n                        <p>\n                            Embrace timeless elegance with our exquisite women\'s floral dress. Crafted from luxurious fabrics and adorned with delicate floral patterns, this dress exudes grace and sophistication. Whether attending a garden party or a formal event, you\'ll make a stunning impression in this captivating ensemble.\n                        </p>\n                    </div>\n                    <div>\n                        <h3 class=\"tp-product-details-desc-title\">Flawless Fit and Comfort</h3>\n                        <p>\n                            Designed for both style and comfort, our floral dress features a tailored silhouette that flatters every figure. The soft, breathable fabric ensures all-day comfort, while the fitted bodice and flowing skirt create a graceful silhouette. Feel confident and poised with every step you take.\n                        </p>\n                    </div>\n                </div>\n                <div class=\"col-lg-6\">\n                    <div class=\"tp-product-details-desc-thumb\">\n                        <img src=\"/storage/fashion/products/product-1.png\" alt=\"Women\'s Floral Dress\">\n                    </div>\n                </div>\n            </div>\n        </div>\n        <div class=\"tp-product-details-desc-item pb-75\">\n            <div class=\"row\">\n                <div class=\"col-lg-7\">\n                    <div class=\"tp-product-details-desc-thumb\">\n                        <img src=\"/storage/fashion/products/product-2.png\" alt=\"Back View of Floral Dress\">\n                    </div>\n                </div>\n\n                <div class=\"col-lg-5 order-first order-lg-last\">\n                    <div class=\"des-content-2 pl-40\">\n                        <h3 class=\"tp-product-details-desc-title\">\n                            Versatile Style\n                        </h3>\n                        <p>\n                            Transition effortlessly from day to night with our versatile floral dress. Pair it with sandals and a sunhat for a chic daytime look, or dress it up with heels and statement jewelry for an evening soirée. However you style it, you\'ll radiate confidence and charm.\n                        </p>\n                    </div>\n                </div>\n            </div>\n        </div>\n        <div class=\"tp-product-details-desc-item\">\n            <div class=\"row\">\n                <div class=\"col-xl-12\">\n                    <div class=\"tp-product-details-desc-banner text-center m-img\">\n                        <h3 class=\"tp-product-details-desc-banner-title tp-product-details-desc-title\">Quality Craftsmanship</h3>\n                        <img src=\"/storage/fashion/products/product-3.png\" alt=\"Fashion Atelier\">\n                    </div>\n                </div>\n            </div>\n        </div>\n    </div>\n</div>\n','published','[\"main\\/products\\/product-details-desc-2.jpg\",\"main\\/products\\/product-1.jpg\",\"main\\/products\\/product-12.jpg\",\"main\\/products\\/product-2.jpg\",\"main\\/products\\/product-4.jpg\"]','[]','KN-106-A1',0,20,0,1,'in_stock',1,2,0,0,986,NULL,NULL,NULL,11,10,17,581,NULL,178792,'2025-07-28 01:49:29','2025-07-28 01:49:32',5,0,'Botble\\ACL\\Models\\User',0,NULL,'physical','5162568953930',NULL,0,'auto_generate',0,0,0,2),(28,'Boho Fringed Kimono (Digital)','Achieve a polished look with this tailored wool blazer, designed for a flattering fit and versatile enough for both work and casual outings.','<div class=\"row justify-content-center\">\n    <div class=\"col-xl-10\">\n        <div class=\"tp-product-details-desc-item pb-105\">\n            <div class=\"row\">\n                <div class=\"col-lg-6\">\n                    <div class=\"pt-25\">\n                        <span>Women\'s Floral Dress</span>\n                        <h3 class=\"tp-product-details-desc-title\">Elegance Redefined</h3>\n                        <p>\n                            Embrace timeless elegance with our exquisite women\'s floral dress. Crafted from luxurious fabrics and adorned with delicate floral patterns, this dress exudes grace and sophistication. Whether attending a garden party or a formal event, you\'ll make a stunning impression in this captivating ensemble.\n                        </p>\n                    </div>\n                    <div>\n                        <h3 class=\"tp-product-details-desc-title\">Flawless Fit and Comfort</h3>\n                        <p>\n                            Designed for both style and comfort, our floral dress features a tailored silhouette that flatters every figure. The soft, breathable fabric ensures all-day comfort, while the fitted bodice and flowing skirt create a graceful silhouette. Feel confident and poised with every step you take.\n                        </p>\n                    </div>\n                </div>\n                <div class=\"col-lg-6\">\n                    <div class=\"tp-product-details-desc-thumb\">\n                        <img src=\"/storage/fashion/products/product-1.png\" alt=\"Women\'s Floral Dress\">\n                    </div>\n                </div>\n            </div>\n        </div>\n        <div class=\"tp-product-details-desc-item pb-75\">\n            <div class=\"row\">\n                <div class=\"col-lg-7\">\n                    <div class=\"tp-product-details-desc-thumb\">\n                        <img src=\"/storage/fashion/products/product-2.png\" alt=\"Back View of Floral Dress\">\n                    </div>\n                </div>\n\n                <div class=\"col-lg-5 order-first order-lg-last\">\n                    <div class=\"des-content-2 pl-40\">\n                        <h3 class=\"tp-product-details-desc-title\">\n                            Versatile Style\n                        </h3>\n                        <p>\n                            Transition effortlessly from day to night with our versatile floral dress. Pair it with sandals and a sunhat for a chic daytime look, or dress it up with heels and statement jewelry for an evening soirée. However you style it, you\'ll radiate confidence and charm.\n                        </p>\n                    </div>\n                </div>\n            </div>\n        </div>\n        <div class=\"tp-product-details-desc-item\">\n            <div class=\"row\">\n                <div class=\"col-xl-12\">\n                    <div class=\"tp-product-details-desc-banner text-center m-img\">\n                        <h3 class=\"tp-product-details-desc-banner-title tp-product-details-desc-title\">Quality Craftsmanship</h3>\n                        <img src=\"/storage/fashion/products/product-3.png\" alt=\"Fashion Atelier\">\n                    </div>\n                </div>\n            </div>\n        </div>\n    </div>\n</div>\n','published','[\"main\\/products\\/product-17.jpg\",\"main\\/products\\/product-19.jpg\",\"main\\/products\\/product-13.jpg\",\"main\\/products\\/product-10.jpg\"]','[]','S8-110',0,18,0,1,'in_stock',0,1,0,0,1087,721,NULL,NULL,16,15,13,661,NULL,179571,'2025-07-28 01:49:29','2025-07-28 01:49:32',5,0,'Botble\\ACL\\Models\\User',0,NULL,'digital','4948689821201',NULL,0,'auto_generate',0,0,0,1),(29,'Ruffled Wrap Dress','Accessorize with this bohemian fringe handbag, featuring intricate details and enough space for your essentials. The perfect boho-chic addition to your collection.','<div class=\"row justify-content-center\">\n    <div class=\"col-xl-10\">\n        <div class=\"tp-product-details-desc-item pb-105\">\n            <div class=\"row\">\n                <div class=\"col-lg-6\">\n                    <div class=\"pt-25\">\n                        <span>Women\'s Floral Dress</span>\n                        <h3 class=\"tp-product-details-desc-title\">Elegance Redefined</h3>\n                        <p>\n                            Embrace timeless elegance with our exquisite women\'s floral dress. Crafted from luxurious fabrics and adorned with delicate floral patterns, this dress exudes grace and sophistication. Whether attending a garden party or a formal event, you\'ll make a stunning impression in this captivating ensemble.\n                        </p>\n                    </div>\n                    <div>\n                        <h3 class=\"tp-product-details-desc-title\">Flawless Fit and Comfort</h3>\n                        <p>\n                            Designed for both style and comfort, our floral dress features a tailored silhouette that flatters every figure. The soft, breathable fabric ensures all-day comfort, while the fitted bodice and flowing skirt create a graceful silhouette. Feel confident and poised with every step you take.\n                        </p>\n                    </div>\n                </div>\n                <div class=\"col-lg-6\">\n                    <div class=\"tp-product-details-desc-thumb\">\n                        <img src=\"/storage/fashion/products/product-1.png\" alt=\"Women\'s Floral Dress\">\n                    </div>\n                </div>\n            </div>\n        </div>\n        <div class=\"tp-product-details-desc-item pb-75\">\n            <div class=\"row\">\n                <div class=\"col-lg-7\">\n                    <div class=\"tp-product-details-desc-thumb\">\n                        <img src=\"/storage/fashion/products/product-2.png\" alt=\"Back View of Floral Dress\">\n                    </div>\n                </div>\n\n                <div class=\"col-lg-5 order-first order-lg-last\">\n                    <div class=\"des-content-2 pl-40\">\n                        <h3 class=\"tp-product-details-desc-title\">\n                            Versatile Style\n                        </h3>\n                        <p>\n                            Transition effortlessly from day to night with our versatile floral dress. Pair it with sandals and a sunhat for a chic daytime look, or dress it up with heels and statement jewelry for an evening soirée. However you style it, you\'ll radiate confidence and charm.\n                        </p>\n                    </div>\n                </div>\n            </div>\n        </div>\n        <div class=\"tp-product-details-desc-item\">\n            <div class=\"row\">\n                <div class=\"col-xl-12\">\n                    <div class=\"tp-product-details-desc-banner text-center m-img\">\n                        <h3 class=\"tp-product-details-desc-banner-title tp-product-details-desc-title\">Quality Craftsmanship</h3>\n                        <img src=\"/storage/fashion/products/product-3.png\" alt=\"Fashion Atelier\">\n                    </div>\n                </div>\n            </div>\n        </div>\n    </div>\n</div>\n','published','[\"main\\/products\\/product-1.jpg\",\"main\\/products\\/product-8.jpg\",\"main\\/products\\/product-20.jpg\",\"main\\/products\\/product-11.jpg\",\"main\\/products\\/product-19.jpg\",\"main\\/products\\/product-details-desc-1.jpg\"]','[]','AU-193',0,16,0,1,'in_stock',0,4,0,0,501,36,NULL,NULL,16,12,16,777,NULL,110111,'2025-07-28 01:49:29','2025-07-28 01:49:32',4,0,'Botble\\ACL\\Models\\User',0,NULL,'physical','4882708127960',NULL,0,'auto_generate',0,0,0,2),(30,'Beaded Evening Clutch','Top off your look with this chic fedora hat, crafted with a classic silhouette and a timeless appeal. A must-have accessory for any fashion-forward wardrobe.','<div class=\"row justify-content-center\">\n    <div class=\"col-xl-10\">\n        <div class=\"tp-product-details-desc-item pb-105\">\n            <div class=\"row\">\n                <div class=\"col-lg-6\">\n                    <div class=\"pt-25\">\n                        <span>Women\'s Floral Dress</span>\n                        <h3 class=\"tp-product-details-desc-title\">Elegance Redefined</h3>\n                        <p>\n                            Embrace timeless elegance with our exquisite women\'s floral dress. Crafted from luxurious fabrics and adorned with delicate floral patterns, this dress exudes grace and sophistication. Whether attending a garden party or a formal event, you\'ll make a stunning impression in this captivating ensemble.\n                        </p>\n                    </div>\n                    <div>\n                        <h3 class=\"tp-product-details-desc-title\">Flawless Fit and Comfort</h3>\n                        <p>\n                            Designed for both style and comfort, our floral dress features a tailored silhouette that flatters every figure. The soft, breathable fabric ensures all-day comfort, while the fitted bodice and flowing skirt create a graceful silhouette. Feel confident and poised with every step you take.\n                        </p>\n                    </div>\n                </div>\n                <div class=\"col-lg-6\">\n                    <div class=\"tp-product-details-desc-thumb\">\n                        <img src=\"/storage/fashion/products/product-1.png\" alt=\"Women\'s Floral Dress\">\n                    </div>\n                </div>\n            </div>\n        </div>\n        <div class=\"tp-product-details-desc-item pb-75\">\n            <div class=\"row\">\n                <div class=\"col-lg-7\">\n                    <div class=\"tp-product-details-desc-thumb\">\n                        <img src=\"/storage/fashion/products/product-2.png\" alt=\"Back View of Floral Dress\">\n                    </div>\n                </div>\n\n                <div class=\"col-lg-5 order-first order-lg-last\">\n                    <div class=\"des-content-2 pl-40\">\n                        <h3 class=\"tp-product-details-desc-title\">\n                            Versatile Style\n                        </h3>\n                        <p>\n                            Transition effortlessly from day to night with our versatile floral dress. Pair it with sandals and a sunhat for a chic daytime look, or dress it up with heels and statement jewelry for an evening soirée. However you style it, you\'ll radiate confidence and charm.\n                        </p>\n                    </div>\n                </div>\n            </div>\n        </div>\n        <div class=\"tp-product-details-desc-item\">\n            <div class=\"row\">\n                <div class=\"col-xl-12\">\n                    <div class=\"tp-product-details-desc-banner text-center m-img\">\n                        <h3 class=\"tp-product-details-desc-banner-title tp-product-details-desc-title\">Quality Craftsmanship</h3>\n                        <img src=\"/storage/fashion/products/product-3.png\" alt=\"Fashion Atelier\">\n                    </div>\n                </div>\n            </div>\n        </div>\n    </div>\n</div>\n','published','[\"main\\/products\\/product-5.jpg\",\"main\\/products\\/product-details-desc-2.jpg\",\"main\\/products\\/product-18.jpg\",\"main\\/products\\/product-15.jpg\",\"main\\/products\\/product-details-desc-1.jpg\",\"main\\/products\\/product-3.jpg\",\"main\\/products\\/product-17.jpg\",\"main\\/products\\/product-4.jpg\"]','[[{\"key\":\"file\",\"value\":null},{\"key\":\"url\",\"value\":\"https:\\/\\/www.youtube.com\\/watch?v=6JYIGclVQdw\"},{\"key\":\"thumbnail\",\"value\":\"main\\/video\\/1.jpg\"}]]','CE-130-A1',0,14,0,1,'in_stock',1,1,0,0,1768,NULL,NULL,NULL,12,10,11,798,NULL,124133,'2025-07-28 01:49:29','2025-07-28 01:49:32',3,0,'Botble\\ACL\\Models\\User',0,NULL,'physical','6717105188437',NULL,0,'auto_generate',0,0,0,2),(31,'Wide Brim Floppy Hat','Stay on trend with these high-waisted wide-leg trousers, combining comfort and sophistication. Pair them with heels for a refined look.','<div class=\"row justify-content-center\">\n    <div class=\"col-xl-10\">\n        <div class=\"tp-product-details-desc-item pb-105\">\n            <div class=\"row\">\n                <div class=\"col-lg-6\">\n                    <div class=\"pt-25\">\n                        <span>Women\'s Floral Dress</span>\n                        <h3 class=\"tp-product-details-desc-title\">Elegance Redefined</h3>\n                        <p>\n                            Embrace timeless elegance with our exquisite women\'s floral dress. Crafted from luxurious fabrics and adorned with delicate floral patterns, this dress exudes grace and sophistication. Whether attending a garden party or a formal event, you\'ll make a stunning impression in this captivating ensemble.\n                        </p>\n                    </div>\n                    <div>\n                        <h3 class=\"tp-product-details-desc-title\">Flawless Fit and Comfort</h3>\n                        <p>\n                            Designed for both style and comfort, our floral dress features a tailored silhouette that flatters every figure. The soft, breathable fabric ensures all-day comfort, while the fitted bodice and flowing skirt create a graceful silhouette. Feel confident and poised with every step you take.\n                        </p>\n                    </div>\n                </div>\n                <div class=\"col-lg-6\">\n                    <div class=\"tp-product-details-desc-thumb\">\n                        <img src=\"/storage/fashion/products/product-1.png\" alt=\"Women\'s Floral Dress\">\n                    </div>\n                </div>\n            </div>\n        </div>\n        <div class=\"tp-product-details-desc-item pb-75\">\n            <div class=\"row\">\n                <div class=\"col-lg-7\">\n                    <div class=\"tp-product-details-desc-thumb\">\n                        <img src=\"/storage/fashion/products/product-2.png\" alt=\"Back View of Floral Dress\">\n                    </div>\n                </div>\n\n                <div class=\"col-lg-5 order-first order-lg-last\">\n                    <div class=\"des-content-2 pl-40\">\n                        <h3 class=\"tp-product-details-desc-title\">\n                            Versatile Style\n                        </h3>\n                        <p>\n                            Transition effortlessly from day to night with our versatile floral dress. Pair it with sandals and a sunhat for a chic daytime look, or dress it up with heels and statement jewelry for an evening soirée. However you style it, you\'ll radiate confidence and charm.\n                        </p>\n                    </div>\n                </div>\n            </div>\n        </div>\n        <div class=\"tp-product-details-desc-item\">\n            <div class=\"row\">\n                <div class=\"col-xl-12\">\n                    <div class=\"tp-product-details-desc-banner text-center m-img\">\n                        <h3 class=\"tp-product-details-desc-banner-title tp-product-details-desc-title\">Quality Craftsmanship</h3>\n                        <img src=\"/storage/fashion/products/product-3.png\" alt=\"Fashion Atelier\">\n                    </div>\n                </div>\n            </div>\n        </div>\n    </div>\n</div>\n','published','[\"main\\/products\\/product-3.jpg\",\"main\\/products\\/product-6.jpg\",\"main\\/products\\/product-13.jpg\",\"main\\/products\\/product-7.jpg\",\"main\\/products\\/product-17.jpg\",\"main\\/products\\/product-18.jpg\"]','[]','IV-144-A1',0,10,0,1,'in_stock',0,4,0,0,1074,NULL,NULL,NULL,15,17,17,502,NULL,27277,'2025-07-28 01:49:29','2025-07-28 01:49:32',8,0,'Botble\\ACL\\Models\\User',0,NULL,'physical','3155270796652',NULL,0,'auto_generate',0,0,0,1),(32,'Denim Overall Jumpsuit (Digital)','Stay on trend with these high-waisted wide-leg trousers, combining comfort and sophistication. Pair them with heels for a refined look.','<div class=\"row justify-content-center\">\n    <div class=\"col-xl-10\">\n        <div class=\"tp-product-details-desc-item pb-105\">\n            <div class=\"row\">\n                <div class=\"col-lg-6\">\n                    <div class=\"pt-25\">\n                        <span>Women\'s Floral Dress</span>\n                        <h3 class=\"tp-product-details-desc-title\">Elegance Redefined</h3>\n                        <p>\n                            Embrace timeless elegance with our exquisite women\'s floral dress. Crafted from luxurious fabrics and adorned with delicate floral patterns, this dress exudes grace and sophistication. Whether attending a garden party or a formal event, you\'ll make a stunning impression in this captivating ensemble.\n                        </p>\n                    </div>\n                    <div>\n                        <h3 class=\"tp-product-details-desc-title\">Flawless Fit and Comfort</h3>\n                        <p>\n                            Designed for both style and comfort, our floral dress features a tailored silhouette that flatters every figure. The soft, breathable fabric ensures all-day comfort, while the fitted bodice and flowing skirt create a graceful silhouette. Feel confident and poised with every step you take.\n                        </p>\n                    </div>\n                </div>\n                <div class=\"col-lg-6\">\n                    <div class=\"tp-product-details-desc-thumb\">\n                        <img src=\"/storage/fashion/products/product-1.png\" alt=\"Women\'s Floral Dress\">\n                    </div>\n                </div>\n            </div>\n        </div>\n        <div class=\"tp-product-details-desc-item pb-75\">\n            <div class=\"row\">\n                <div class=\"col-lg-7\">\n                    <div class=\"tp-product-details-desc-thumb\">\n                        <img src=\"/storage/fashion/products/product-2.png\" alt=\"Back View of Floral Dress\">\n                    </div>\n                </div>\n\n                <div class=\"col-lg-5 order-first order-lg-last\">\n                    <div class=\"des-content-2 pl-40\">\n                        <h3 class=\"tp-product-details-desc-title\">\n                            Versatile Style\n                        </h3>\n                        <p>\n                            Transition effortlessly from day to night with our versatile floral dress. Pair it with sandals and a sunhat for a chic daytime look, or dress it up with heels and statement jewelry for an evening soirée. However you style it, you\'ll radiate confidence and charm.\n                        </p>\n                    </div>\n                </div>\n            </div>\n        </div>\n        <div class=\"tp-product-details-desc-item\">\n            <div class=\"row\">\n                <div class=\"col-xl-12\">\n                    <div class=\"tp-product-details-desc-banner text-center m-img\">\n                        <h3 class=\"tp-product-details-desc-banner-title tp-product-details-desc-title\">Quality Craftsmanship</h3>\n                        <img src=\"/storage/fashion/products/product-3.png\" alt=\"Fashion Atelier\">\n                    </div>\n                </div>\n            </div>\n        </div>\n    </div>\n</div>\n','published','[\"main\\/products\\/product-14.jpg\",\"main\\/products\\/product-10.jpg\",\"main\\/products\\/product-12.jpg\",\"main\\/products\\/product-16.jpg\"]','[]','7G-190',0,12,0,1,'in_stock',0,2,0,0,1801,403,NULL,NULL,17,13,12,681,NULL,90625,'2025-07-28 01:49:29','2025-07-28 01:49:32',4,0,'Botble\\ACL\\Models\\User',0,NULL,'digital','1578455430004',NULL,0,'auto_generate',0,0,0,1),(33,'Embellished Ballet Flats','Stay on trend with these high-waisted wide-leg trousers, combining comfort and sophistication. Pair them with heels for a refined look.','<div class=\"row justify-content-center\">\n    <div class=\"col-xl-10\">\n        <div class=\"tp-product-details-desc-item pb-105\">\n            <div class=\"row\">\n                <div class=\"col-lg-6\">\n                    <div class=\"pt-25\">\n                        <span>Women\'s Floral Dress</span>\n                        <h3 class=\"tp-product-details-desc-title\">Elegance Redefined</h3>\n                        <p>\n                            Embrace timeless elegance with our exquisite women\'s floral dress. Crafted from luxurious fabrics and adorned with delicate floral patterns, this dress exudes grace and sophistication. Whether attending a garden party or a formal event, you\'ll make a stunning impression in this captivating ensemble.\n                        </p>\n                    </div>\n                    <div>\n                        <h3 class=\"tp-product-details-desc-title\">Flawless Fit and Comfort</h3>\n                        <p>\n                            Designed for both style and comfort, our floral dress features a tailored silhouette that flatters every figure. The soft, breathable fabric ensures all-day comfort, while the fitted bodice and flowing skirt create a graceful silhouette. Feel confident and poised with every step you take.\n                        </p>\n                    </div>\n                </div>\n                <div class=\"col-lg-6\">\n                    <div class=\"tp-product-details-desc-thumb\">\n                        <img src=\"/storage/fashion/products/product-1.png\" alt=\"Women\'s Floral Dress\">\n                    </div>\n                </div>\n            </div>\n        </div>\n        <div class=\"tp-product-details-desc-item pb-75\">\n            <div class=\"row\">\n                <div class=\"col-lg-7\">\n                    <div class=\"tp-product-details-desc-thumb\">\n                        <img src=\"/storage/fashion/products/product-2.png\" alt=\"Back View of Floral Dress\">\n                    </div>\n                </div>\n\n                <div class=\"col-lg-5 order-first order-lg-last\">\n                    <div class=\"des-content-2 pl-40\">\n                        <h3 class=\"tp-product-details-desc-title\">\n                            Versatile Style\n                        </h3>\n                        <p>\n                            Transition effortlessly from day to night with our versatile floral dress. Pair it with sandals and a sunhat for a chic daytime look, or dress it up with heels and statement jewelry for an evening soirée. However you style it, you\'ll radiate confidence and charm.\n                        </p>\n                    </div>\n                </div>\n            </div>\n        </div>\n        <div class=\"tp-product-details-desc-item\">\n            <div class=\"row\">\n                <div class=\"col-xl-12\">\n                    <div class=\"tp-product-details-desc-banner text-center m-img\">\n                        <h3 class=\"tp-product-details-desc-banner-title tp-product-details-desc-title\">Quality Craftsmanship</h3>\n                        <img src=\"/storage/fashion/products/product-3.png\" alt=\"Fashion Atelier\">\n                    </div>\n                </div>\n            </div>\n        </div>\n    </div>\n</div>\n','published','[\"main\\/products\\/product-8.jpg\",\"main\\/products\\/product-4.jpg\",\"main\\/products\\/product-1.jpg\",\"main\\/products\\/product-12.jpg\",\"main\\/products\\/product-20.jpg\",\"main\\/products\\/product-2.jpg\",\"main\\/products\\/product-details-desc-1.jpg\",\"main\\/products\\/product-10.jpg\"]','[[{\"key\":\"file\",\"value\":null},{\"key\":\"url\",\"value\":\"https:\\/\\/www.youtube.com\\/watch?v=6JYIGclVQdw\"},{\"key\":\"thumbnail\",\"value\":\"main\\/video\\/1.jpg\"}]]','PH-144',0,12,0,1,'in_stock',1,1,0,0,969,885,NULL,NULL,18,17,10,656,NULL,50883,'2025-07-28 01:49:29','2025-07-28 01:49:32',1,0,'Botble\\ACL\\Models\\User',0,NULL,'physical','0543093449672',NULL,0,'auto_generate',0,0,0,2),(34,'Pleated Midi Skirt','Make a bold statement with this chunky necklace, designed to add a touch of glamour to any outfit. The perfect accessory for a night out.','<div class=\"row justify-content-center\">\n    <div class=\"col-xl-10\">\n        <div class=\"tp-product-details-desc-item pb-105\">\n            <div class=\"row\">\n                <div class=\"col-lg-6\">\n                    <div class=\"pt-25\">\n                        <span>Women\'s Floral Dress</span>\n                        <h3 class=\"tp-product-details-desc-title\">Elegance Redefined</h3>\n                        <p>\n                            Embrace timeless elegance with our exquisite women\'s floral dress. Crafted from luxurious fabrics and adorned with delicate floral patterns, this dress exudes grace and sophistication. Whether attending a garden party or a formal event, you\'ll make a stunning impression in this captivating ensemble.\n                        </p>\n                    </div>\n                    <div>\n                        <h3 class=\"tp-product-details-desc-title\">Flawless Fit and Comfort</h3>\n                        <p>\n                            Designed for both style and comfort, our floral dress features a tailored silhouette that flatters every figure. The soft, breathable fabric ensures all-day comfort, while the fitted bodice and flowing skirt create a graceful silhouette. Feel confident and poised with every step you take.\n                        </p>\n                    </div>\n                </div>\n                <div class=\"col-lg-6\">\n                    <div class=\"tp-product-details-desc-thumb\">\n                        <img src=\"/storage/fashion/products/product-1.png\" alt=\"Women\'s Floral Dress\">\n                    </div>\n                </div>\n            </div>\n        </div>\n        <div class=\"tp-product-details-desc-item pb-75\">\n            <div class=\"row\">\n                <div class=\"col-lg-7\">\n                    <div class=\"tp-product-details-desc-thumb\">\n                        <img src=\"/storage/fashion/products/product-2.png\" alt=\"Back View of Floral Dress\">\n                    </div>\n                </div>\n\n                <div class=\"col-lg-5 order-first order-lg-last\">\n                    <div class=\"des-content-2 pl-40\">\n                        <h3 class=\"tp-product-details-desc-title\">\n                            Versatile Style\n                        </h3>\n                        <p>\n                            Transition effortlessly from day to night with our versatile floral dress. Pair it with sandals and a sunhat for a chic daytime look, or dress it up with heels and statement jewelry for an evening soirée. However you style it, you\'ll radiate confidence and charm.\n                        </p>\n                    </div>\n                </div>\n            </div>\n        </div>\n        <div class=\"tp-product-details-desc-item\">\n            <div class=\"row\">\n                <div class=\"col-xl-12\">\n                    <div class=\"tp-product-details-desc-banner text-center m-img\">\n                        <h3 class=\"tp-product-details-desc-banner-title tp-product-details-desc-title\">Quality Craftsmanship</h3>\n                        <img src=\"/storage/fashion/products/product-3.png\" alt=\"Fashion Atelier\">\n                    </div>\n                </div>\n            </div>\n        </div>\n    </div>\n</div>\n','published','[\"main\\/products\\/product-20.jpg\",\"main\\/products\\/product-19.jpg\",\"main\\/products\\/product-details-desc-3.jpg\",\"main\\/products\\/product-1.jpg\",\"main\\/products\\/product-7.jpg\",\"main\\/products\\/product-3.jpg\"]','[[{\"key\":\"file\",\"value\":\"main\\/video\\/video-1.mp4\"},{\"key\":\"url\",\"value\":null},{\"key\":\"thumbnail\",\"value\":\"main\\/video\\/1.jpg\"}]]','AK-177',0,17,0,1,'in_stock',1,1,0,0,2148,1906,NULL,NULL,17,16,15,892,NULL,132993,'2025-07-28 01:49:29','2025-07-28 01:49:32',7,0,'Botble\\ACL\\Models\\User',0,NULL,'physical','3788046841135',NULL,0,'auto_generate',0,0,0,2),(35,'Velour Tracksuit Set','Make a statement in this floral maxi dress, perfect for summer events or a casual day out. The flowy silhouette and vibrant print will turn heads wherever you go.','<div class=\"row justify-content-center\">\n    <div class=\"col-xl-10\">\n        <div class=\"tp-product-details-desc-item pb-105\">\n            <div class=\"row\">\n                <div class=\"col-lg-6\">\n                    <div class=\"pt-25\">\n                        <span>Women\'s Floral Dress</span>\n                        <h3 class=\"tp-product-details-desc-title\">Elegance Redefined</h3>\n                        <p>\n                            Embrace timeless elegance with our exquisite women\'s floral dress. Crafted from luxurious fabrics and adorned with delicate floral patterns, this dress exudes grace and sophistication. Whether attending a garden party or a formal event, you\'ll make a stunning impression in this captivating ensemble.\n                        </p>\n                    </div>\n                    <div>\n                        <h3 class=\"tp-product-details-desc-title\">Flawless Fit and Comfort</h3>\n                        <p>\n                            Designed for both style and comfort, our floral dress features a tailored silhouette that flatters every figure. The soft, breathable fabric ensures all-day comfort, while the fitted bodice and flowing skirt create a graceful silhouette. Feel confident and poised with every step you take.\n                        </p>\n                    </div>\n                </div>\n                <div class=\"col-lg-6\">\n                    <div class=\"tp-product-details-desc-thumb\">\n                        <img src=\"/storage/fashion/products/product-1.png\" alt=\"Women\'s Floral Dress\">\n                    </div>\n                </div>\n            </div>\n        </div>\n        <div class=\"tp-product-details-desc-item pb-75\">\n            <div class=\"row\">\n                <div class=\"col-lg-7\">\n                    <div class=\"tp-product-details-desc-thumb\">\n                        <img src=\"/storage/fashion/products/product-2.png\" alt=\"Back View of Floral Dress\">\n                    </div>\n                </div>\n\n                <div class=\"col-lg-5 order-first order-lg-last\">\n                    <div class=\"des-content-2 pl-40\">\n                        <h3 class=\"tp-product-details-desc-title\">\n                            Versatile Style\n                        </h3>\n                        <p>\n                            Transition effortlessly from day to night with our versatile floral dress. Pair it with sandals and a sunhat for a chic daytime look, or dress it up with heels and statement jewelry for an evening soirée. However you style it, you\'ll radiate confidence and charm.\n                        </p>\n                    </div>\n                </div>\n            </div>\n        </div>\n        <div class=\"tp-product-details-desc-item\">\n            <div class=\"row\">\n                <div class=\"col-xl-12\">\n                    <div class=\"tp-product-details-desc-banner text-center m-img\">\n                        <h3 class=\"tp-product-details-desc-banner-title tp-product-details-desc-title\">Quality Craftsmanship</h3>\n                        <img src=\"/storage/fashion/products/product-3.png\" alt=\"Fashion Atelier\">\n                    </div>\n                </div>\n            </div>\n        </div>\n    </div>\n</div>\n','published','[\"main\\/products\\/product-details-desc-3.jpg\",\"main\\/products\\/product-16.jpg\",\"main\\/products\\/product-12.jpg\"]','[[{\"key\":\"file\",\"value\":\"main\\/video\\/video-2.mp4\"},{\"key\":\"url\",\"value\":null},{\"key\":\"thumbnail\",\"value\":\"main\\/video\\/2.jpg\"}]]','GC-137',0,10,0,1,'in_stock',0,1,0,0,2160,343,NULL,NULL,16,17,17,749,NULL,166219,'2025-07-28 01:49:29','2025-07-28 01:49:32',6,0,'Botble\\ACL\\Models\\User',0,NULL,'physical','3559301191148',NULL,0,'auto_generate',0,0,0,2),(36,'Geometric Patterned Cardigan (Digital)','Make a statement in this floral maxi dress, perfect for summer events or a casual day out. The flowy silhouette and vibrant print will turn heads wherever you go.','<div class=\"row justify-content-center\">\n    <div class=\"col-xl-10\">\n        <div class=\"tp-product-details-desc-item pb-105\">\n            <div class=\"row\">\n                <div class=\"col-lg-6\">\n                    <div class=\"pt-25\">\n                        <span>Women\'s Floral Dress</span>\n                        <h3 class=\"tp-product-details-desc-title\">Elegance Redefined</h3>\n                        <p>\n                            Embrace timeless elegance with our exquisite women\'s floral dress. Crafted from luxurious fabrics and adorned with delicate floral patterns, this dress exudes grace and sophistication. Whether attending a garden party or a formal event, you\'ll make a stunning impression in this captivating ensemble.\n                        </p>\n                    </div>\n                    <div>\n                        <h3 class=\"tp-product-details-desc-title\">Flawless Fit and Comfort</h3>\n                        <p>\n                            Designed for both style and comfort, our floral dress features a tailored silhouette that flatters every figure. The soft, breathable fabric ensures all-day comfort, while the fitted bodice and flowing skirt create a graceful silhouette. Feel confident and poised with every step you take.\n                        </p>\n                    </div>\n                </div>\n                <div class=\"col-lg-6\">\n                    <div class=\"tp-product-details-desc-thumb\">\n                        <img src=\"/storage/fashion/products/product-1.png\" alt=\"Women\'s Floral Dress\">\n                    </div>\n                </div>\n            </div>\n        </div>\n        <div class=\"tp-product-details-desc-item pb-75\">\n            <div class=\"row\">\n                <div class=\"col-lg-7\">\n                    <div class=\"tp-product-details-desc-thumb\">\n                        <img src=\"/storage/fashion/products/product-2.png\" alt=\"Back View of Floral Dress\">\n                    </div>\n                </div>\n\n                <div class=\"col-lg-5 order-first order-lg-last\">\n                    <div class=\"des-content-2 pl-40\">\n                        <h3 class=\"tp-product-details-desc-title\">\n                            Versatile Style\n                        </h3>\n                        <p>\n                            Transition effortlessly from day to night with our versatile floral dress. Pair it with sandals and a sunhat for a chic daytime look, or dress it up with heels and statement jewelry for an evening soirée. However you style it, you\'ll radiate confidence and charm.\n                        </p>\n                    </div>\n                </div>\n            </div>\n        </div>\n        <div class=\"tp-product-details-desc-item\">\n            <div class=\"row\">\n                <div class=\"col-xl-12\">\n                    <div class=\"tp-product-details-desc-banner text-center m-img\">\n                        <h3 class=\"tp-product-details-desc-banner-title tp-product-details-desc-title\">Quality Craftsmanship</h3>\n                        <img src=\"/storage/fashion/products/product-3.png\" alt=\"Fashion Atelier\">\n                    </div>\n                </div>\n            </div>\n        </div>\n    </div>\n</div>\n','published','[\"main\\/products\\/product-12.jpg\",\"main\\/products\\/product-20.jpg\",\"main\\/products\\/product-14.jpg\",\"main\\/products\\/product-4.jpg\",\"main\\/products\\/product-5.jpg\",\"main\\/products\\/product-7.jpg\"]','[[{\"key\":\"file\",\"value\":null},{\"key\":\"url\",\"value\":\"https:\\/\\/www.youtube.com\\/watch?v=6JYIGclVQdw\"},{\"key\":\"thumbnail\",\"value\":\"main\\/video\\/1.jpg\"}]]','AV-127',0,18,0,1,'in_stock',0,4,0,0,749,136,NULL,NULL,19,13,14,677,NULL,18464,'2025-07-28 01:49:29','2025-07-28 01:49:32',3,0,'Botble\\ACL\\Models\\User',0,NULL,'digital','7469921896148',NULL,0,'auto_generate',0,0,0,1),(37,'Buckle Detail Ankle Booties','Top off your look with this chic fedora hat, crafted with a classic silhouette and a timeless appeal. A must-have accessory for any fashion-forward wardrobe.','<div class=\"row justify-content-center\">\n    <div class=\"col-xl-10\">\n        <div class=\"tp-product-details-desc-item pb-105\">\n            <div class=\"row\">\n                <div class=\"col-lg-6\">\n                    <div class=\"pt-25\">\n                        <span>Women\'s Floral Dress</span>\n                        <h3 class=\"tp-product-details-desc-title\">Elegance Redefined</h3>\n                        <p>\n                            Embrace timeless elegance with our exquisite women\'s floral dress. Crafted from luxurious fabrics and adorned with delicate floral patterns, this dress exudes grace and sophistication. Whether attending a garden party or a formal event, you\'ll make a stunning impression in this captivating ensemble.\n                        </p>\n                    </div>\n                    <div>\n                        <h3 class=\"tp-product-details-desc-title\">Flawless Fit and Comfort</h3>\n                        <p>\n                            Designed for both style and comfort, our floral dress features a tailored silhouette that flatters every figure. The soft, breathable fabric ensures all-day comfort, while the fitted bodice and flowing skirt create a graceful silhouette. Feel confident and poised with every step you take.\n                        </p>\n                    </div>\n                </div>\n                <div class=\"col-lg-6\">\n                    <div class=\"tp-product-details-desc-thumb\">\n                        <img src=\"/storage/fashion/products/product-1.png\" alt=\"Women\'s Floral Dress\">\n                    </div>\n                </div>\n            </div>\n        </div>\n        <div class=\"tp-product-details-desc-item pb-75\">\n            <div class=\"row\">\n                <div class=\"col-lg-7\">\n                    <div class=\"tp-product-details-desc-thumb\">\n                        <img src=\"/storage/fashion/products/product-2.png\" alt=\"Back View of Floral Dress\">\n                    </div>\n                </div>\n\n                <div class=\"col-lg-5 order-first order-lg-last\">\n                    <div class=\"des-content-2 pl-40\">\n                        <h3 class=\"tp-product-details-desc-title\">\n                            Versatile Style\n                        </h3>\n                        <p>\n                            Transition effortlessly from day to night with our versatile floral dress. Pair it with sandals and a sunhat for a chic daytime look, or dress it up with heels and statement jewelry for an evening soirée. However you style it, you\'ll radiate confidence and charm.\n                        </p>\n                    </div>\n                </div>\n            </div>\n        </div>\n        <div class=\"tp-product-details-desc-item\">\n            <div class=\"row\">\n                <div class=\"col-xl-12\">\n                    <div class=\"tp-product-details-desc-banner text-center m-img\">\n                        <h3 class=\"tp-product-details-desc-banner-title tp-product-details-desc-title\">Quality Craftsmanship</h3>\n                        <img src=\"/storage/fashion/products/product-3.png\" alt=\"Fashion Atelier\">\n                    </div>\n                </div>\n            </div>\n        </div>\n    </div>\n</div>\n','published','[\"main\\/products\\/product-3.jpg\",\"main\\/products\\/product-9.jpg\",\"main\\/products\\/product-6.jpg\",\"main\\/products\\/product-5.jpg\",\"main\\/products\\/product-details-desc-3.jpg\",\"main\\/products\\/product-19.jpg\",\"main\\/products\\/product-7.jpg\"]','[[{\"key\":\"file\",\"value\":\"main\\/video\\/video-2.mp4\"},{\"key\":\"url\",\"value\":null},{\"key\":\"thumbnail\",\"value\":\"main\\/video\\/2.jpg\"}]]','WJ-180',0,11,0,1,'in_stock',1,2,0,0,394,82,NULL,NULL,14,14,10,690,NULL,91535,'2025-07-28 01:49:29','2025-07-28 01:49:32',4,0,'Botble\\ACL\\Models\\User',0,NULL,'physical','7037708500016',NULL,0,'auto_generate',0,0,0,2),(38,'Embroidered Bomber Jacket','Complete your look with these classic aviator sunglasses, offering a touch of timeless glamour and UV protection for your eyes.','<div class=\"row justify-content-center\">\n    <div class=\"col-xl-10\">\n        <div class=\"tp-product-details-desc-item pb-105\">\n            <div class=\"row\">\n                <div class=\"col-lg-6\">\n                    <div class=\"pt-25\">\n                        <span>Women\'s Floral Dress</span>\n                        <h3 class=\"tp-product-details-desc-title\">Elegance Redefined</h3>\n                        <p>\n                            Embrace timeless elegance with our exquisite women\'s floral dress. Crafted from luxurious fabrics and adorned with delicate floral patterns, this dress exudes grace and sophistication. Whether attending a garden party or a formal event, you\'ll make a stunning impression in this captivating ensemble.\n                        </p>\n                    </div>\n                    <div>\n                        <h3 class=\"tp-product-details-desc-title\">Flawless Fit and Comfort</h3>\n                        <p>\n                            Designed for both style and comfort, our floral dress features a tailored silhouette that flatters every figure. The soft, breathable fabric ensures all-day comfort, while the fitted bodice and flowing skirt create a graceful silhouette. Feel confident and poised with every step you take.\n                        </p>\n                    </div>\n                </div>\n                <div class=\"col-lg-6\">\n                    <div class=\"tp-product-details-desc-thumb\">\n                        <img src=\"/storage/fashion/products/product-1.png\" alt=\"Women\'s Floral Dress\">\n                    </div>\n                </div>\n            </div>\n        </div>\n        <div class=\"tp-product-details-desc-item pb-75\">\n            <div class=\"row\">\n                <div class=\"col-lg-7\">\n                    <div class=\"tp-product-details-desc-thumb\">\n                        <img src=\"/storage/fashion/products/product-2.png\" alt=\"Back View of Floral Dress\">\n                    </div>\n                </div>\n\n                <div class=\"col-lg-5 order-first order-lg-last\">\n                    <div class=\"des-content-2 pl-40\">\n                        <h3 class=\"tp-product-details-desc-title\">\n                            Versatile Style\n                        </h3>\n                        <p>\n                            Transition effortlessly from day to night with our versatile floral dress. Pair it with sandals and a sunhat for a chic daytime look, or dress it up with heels and statement jewelry for an evening soirée. However you style it, you\'ll radiate confidence and charm.\n                        </p>\n                    </div>\n                </div>\n            </div>\n        </div>\n        <div class=\"tp-product-details-desc-item\">\n            <div class=\"row\">\n                <div class=\"col-xl-12\">\n                    <div class=\"tp-product-details-desc-banner text-center m-img\">\n                        <h3 class=\"tp-product-details-desc-banner-title tp-product-details-desc-title\">Quality Craftsmanship</h3>\n                        <img src=\"/storage/fashion/products/product-3.png\" alt=\"Fashion Atelier\">\n                    </div>\n                </div>\n            </div>\n        </div>\n    </div>\n</div>\n','published','[\"main\\/products\\/product-details-desc-1.jpg\",\"main\\/products\\/product-details-desc-3.jpg\",\"main\\/products\\/product-8.jpg\",\"main\\/products\\/product-19.jpg\",\"main\\/products\\/product-2.jpg\"]','[]','IY-133',0,12,0,1,'in_stock',0,1,0,0,1661,1590,NULL,NULL,20,14,10,814,NULL,165654,'2025-07-28 01:49:29','2025-07-28 01:49:32',6,0,'Botble\\ACL\\Models\\User',0,NULL,'physical','2363771409440',NULL,0,'auto_generate',0,0,0,1),(39,'Cowl Neck Knit Poncho','Make a statement in this floral maxi dress, perfect for summer events or a casual day out. The flowy silhouette and vibrant print will turn heads wherever you go.','<div class=\"row justify-content-center\">\n    <div class=\"col-xl-10\">\n        <div class=\"tp-product-details-desc-item pb-105\">\n            <div class=\"row\">\n                <div class=\"col-lg-6\">\n                    <div class=\"pt-25\">\n                        <span>Women\'s Floral Dress</span>\n                        <h3 class=\"tp-product-details-desc-title\">Elegance Redefined</h3>\n                        <p>\n                            Embrace timeless elegance with our exquisite women\'s floral dress. Crafted from luxurious fabrics and adorned with delicate floral patterns, this dress exudes grace and sophistication. Whether attending a garden party or a formal event, you\'ll make a stunning impression in this captivating ensemble.\n                        </p>\n                    </div>\n                    <div>\n                        <h3 class=\"tp-product-details-desc-title\">Flawless Fit and Comfort</h3>\n                        <p>\n                            Designed for both style and comfort, our floral dress features a tailored silhouette that flatters every figure. The soft, breathable fabric ensures all-day comfort, while the fitted bodice and flowing skirt create a graceful silhouette. Feel confident and poised with every step you take.\n                        </p>\n                    </div>\n                </div>\n                <div class=\"col-lg-6\">\n                    <div class=\"tp-product-details-desc-thumb\">\n                        <img src=\"/storage/fashion/products/product-1.png\" alt=\"Women\'s Floral Dress\">\n                    </div>\n                </div>\n            </div>\n        </div>\n        <div class=\"tp-product-details-desc-item pb-75\">\n            <div class=\"row\">\n                <div class=\"col-lg-7\">\n                    <div class=\"tp-product-details-desc-thumb\">\n                        <img src=\"/storage/fashion/products/product-2.png\" alt=\"Back View of Floral Dress\">\n                    </div>\n                </div>\n\n                <div class=\"col-lg-5 order-first order-lg-last\">\n                    <div class=\"des-content-2 pl-40\">\n                        <h3 class=\"tp-product-details-desc-title\">\n                            Versatile Style\n                        </h3>\n                        <p>\n                            Transition effortlessly from day to night with our versatile floral dress. Pair it with sandals and a sunhat for a chic daytime look, or dress it up with heels and statement jewelry for an evening soirée. However you style it, you\'ll radiate confidence and charm.\n                        </p>\n                    </div>\n                </div>\n            </div>\n        </div>\n        <div class=\"tp-product-details-desc-item\">\n            <div class=\"row\">\n                <div class=\"col-xl-12\">\n                    <div class=\"tp-product-details-desc-banner text-center m-img\">\n                        <h3 class=\"tp-product-details-desc-banner-title tp-product-details-desc-title\">Quality Craftsmanship</h3>\n                        <img src=\"/storage/fashion/products/product-3.png\" alt=\"Fashion Atelier\">\n                    </div>\n                </div>\n            </div>\n        </div>\n    </div>\n</div>\n','published','[\"main\\/products\\/product-18.jpg\",\"main\\/products\\/product-9.jpg\",\"main\\/products\\/product-13.jpg\"]','[]','6Z-156',0,16,0,1,'in_stock',1,1,0,0,1048,233,NULL,NULL,10,14,11,633,NULL,52303,'2025-07-28 01:49:29','2025-07-28 01:49:32',8,0,'Botble\\ACL\\Models\\User',0,NULL,'physical','6912396366506',NULL,0,'auto_generate',0,0,0,2),(40,'Chunky Knit Infinity Scarf (Digital)','Achieve a polished look with this tailored wool blazer, designed for a flattering fit and versatile enough for both work and casual outings.','<div class=\"row justify-content-center\">\n    <div class=\"col-xl-10\">\n        <div class=\"tp-product-details-desc-item pb-105\">\n            <div class=\"row\">\n                <div class=\"col-lg-6\">\n                    <div class=\"pt-25\">\n                        <span>Women\'s Floral Dress</span>\n                        <h3 class=\"tp-product-details-desc-title\">Elegance Redefined</h3>\n                        <p>\n                            Embrace timeless elegance with our exquisite women\'s floral dress. Crafted from luxurious fabrics and adorned with delicate floral patterns, this dress exudes grace and sophistication. Whether attending a garden party or a formal event, you\'ll make a stunning impression in this captivating ensemble.\n                        </p>\n                    </div>\n                    <div>\n                        <h3 class=\"tp-product-details-desc-title\">Flawless Fit and Comfort</h3>\n                        <p>\n                            Designed for both style and comfort, our floral dress features a tailored silhouette that flatters every figure. The soft, breathable fabric ensures all-day comfort, while the fitted bodice and flowing skirt create a graceful silhouette. Feel confident and poised with every step you take.\n                        </p>\n                    </div>\n                </div>\n                <div class=\"col-lg-6\">\n                    <div class=\"tp-product-details-desc-thumb\">\n                        <img src=\"/storage/fashion/products/product-1.png\" alt=\"Women\'s Floral Dress\">\n                    </div>\n                </div>\n            </div>\n        </div>\n        <div class=\"tp-product-details-desc-item pb-75\">\n            <div class=\"row\">\n                <div class=\"col-lg-7\">\n                    <div class=\"tp-product-details-desc-thumb\">\n                        <img src=\"/storage/fashion/products/product-2.png\" alt=\"Back View of Floral Dress\">\n                    </div>\n                </div>\n\n                <div class=\"col-lg-5 order-first order-lg-last\">\n                    <div class=\"des-content-2 pl-40\">\n                        <h3 class=\"tp-product-details-desc-title\">\n                            Versatile Style\n                        </h3>\n                        <p>\n                            Transition effortlessly from day to night with our versatile floral dress. Pair it with sandals and a sunhat for a chic daytime look, or dress it up with heels and statement jewelry for an evening soirée. However you style it, you\'ll radiate confidence and charm.\n                        </p>\n                    </div>\n                </div>\n            </div>\n        </div>\n        <div class=\"tp-product-details-desc-item\">\n            <div class=\"row\">\n                <div class=\"col-xl-12\">\n                    <div class=\"tp-product-details-desc-banner text-center m-img\">\n                        <h3 class=\"tp-product-details-desc-banner-title tp-product-details-desc-title\">Quality Craftsmanship</h3>\n                        <img src=\"/storage/fashion/products/product-3.png\" alt=\"Fashion Atelier\">\n                    </div>\n                </div>\n            </div>\n        </div>\n    </div>\n</div>\n','published','[\"main\\/products\\/product-details-desc-3.jpg\",\"main\\/products\\/product-5.jpg\",\"main\\/products\\/product-7.jpg\",\"main\\/products\\/product-15.jpg\",\"main\\/products\\/product-9.jpg\"]','[[{\"key\":\"file\",\"value\":\"main\\/video\\/video-1.mp4\"},{\"key\":\"url\",\"value\":null},{\"key\":\"thumbnail\",\"value\":\"main\\/video\\/1.jpg\"}]]','YN-109',0,20,0,1,'in_stock',0,4,0,0,1856,1541,NULL,NULL,17,19,15,660,NULL,113307,'2025-07-28 01:49:30','2025-07-28 01:49:32',6,0,'Botble\\ACL\\Models\\User',0,NULL,'digital','6674245236964',NULL,0,'auto_generate',0,0,0,2),(41,'Retro High-Top Sneakers','Embrace bohemian vibes with this embroidered boho blouse, featuring intricate stitching and a relaxed fit. Perfect for a casual day with a touch of style.','<div class=\"row justify-content-center\">\n    <div class=\"col-xl-10\">\n        <div class=\"tp-product-details-desc-item pb-105\">\n            <div class=\"row\">\n                <div class=\"col-lg-6\">\n                    <div class=\"pt-25\">\n                        <span>Women\'s Floral Dress</span>\n                        <h3 class=\"tp-product-details-desc-title\">Elegance Redefined</h3>\n                        <p>\n                            Embrace timeless elegance with our exquisite women\'s floral dress. Crafted from luxurious fabrics and adorned with delicate floral patterns, this dress exudes grace and sophistication. Whether attending a garden party or a formal event, you\'ll make a stunning impression in this captivating ensemble.\n                        </p>\n                    </div>\n                    <div>\n                        <h3 class=\"tp-product-details-desc-title\">Flawless Fit and Comfort</h3>\n                        <p>\n                            Designed for both style and comfort, our floral dress features a tailored silhouette that flatters every figure. The soft, breathable fabric ensures all-day comfort, while the fitted bodice and flowing skirt create a graceful silhouette. Feel confident and poised with every step you take.\n                        </p>\n                    </div>\n                </div>\n                <div class=\"col-lg-6\">\n                    <div class=\"tp-product-details-desc-thumb\">\n                        <img src=\"/storage/fashion/products/product-1.png\" alt=\"Women\'s Floral Dress\">\n                    </div>\n                </div>\n            </div>\n        </div>\n        <div class=\"tp-product-details-desc-item pb-75\">\n            <div class=\"row\">\n                <div class=\"col-lg-7\">\n                    <div class=\"tp-product-details-desc-thumb\">\n                        <img src=\"/storage/fashion/products/product-2.png\" alt=\"Back View of Floral Dress\">\n                    </div>\n                </div>\n\n                <div class=\"col-lg-5 order-first order-lg-last\">\n                    <div class=\"des-content-2 pl-40\">\n                        <h3 class=\"tp-product-details-desc-title\">\n                            Versatile Style\n                        </h3>\n                        <p>\n                            Transition effortlessly from day to night with our versatile floral dress. Pair it with sandals and a sunhat for a chic daytime look, or dress it up with heels and statement jewelry for an evening soirée. However you style it, you\'ll radiate confidence and charm.\n                        </p>\n                    </div>\n                </div>\n            </div>\n        </div>\n        <div class=\"tp-product-details-desc-item\">\n            <div class=\"row\">\n                <div class=\"col-xl-12\">\n                    <div class=\"tp-product-details-desc-banner text-center m-img\">\n                        <h3 class=\"tp-product-details-desc-banner-title tp-product-details-desc-title\">Quality Craftsmanship</h3>\n                        <img src=\"/storage/fashion/products/product-3.png\" alt=\"Fashion Atelier\">\n                    </div>\n                </div>\n            </div>\n        </div>\n    </div>\n</div>\n','published','[\"main\\/products\\/product-12.jpg\",\"main\\/products\\/product-11.jpg\",\"main\\/products\\/product-details-desc-3.jpg\",\"main\\/products\\/product-10.jpg\",\"main\\/products\\/product-7.jpg\",\"main\\/products\\/product-2.jpg\",\"main\\/products\\/product-9.jpg\",\"main\\/products\\/product-8.jpg\"]','[[{\"key\":\"file\",\"value\":null},{\"key\":\"url\",\"value\":\"https:\\/\\/www.youtube.com\\/watch?v=6JYIGclVQdw\"},{\"key\":\"thumbnail\",\"value\":\"main\\/video\\/2.jpg\"}]]','AO-196',0,20,0,1,'in_stock',1,1,0,0,325,134,NULL,NULL,12,20,20,747,NULL,126641,'2025-07-28 01:49:30','2025-07-28 01:49:32',7,0,'Botble\\ACL\\Models\\User',0,NULL,'physical','1283425562202',NULL,0,'auto_generate',0,0,0,2),(42,'Faux Leather Leggings','Achieve a polished look with this tailored wool blazer, designed for a flattering fit and versatile enough for both work and casual outings.','<div class=\"row justify-content-center\">\n    <div class=\"col-xl-10\">\n        <div class=\"tp-product-details-desc-item pb-105\">\n            <div class=\"row\">\n                <div class=\"col-lg-6\">\n                    <div class=\"pt-25\">\n                        <span>Women\'s Floral Dress</span>\n                        <h3 class=\"tp-product-details-desc-title\">Elegance Redefined</h3>\n                        <p>\n                            Embrace timeless elegance with our exquisite women\'s floral dress. Crafted from luxurious fabrics and adorned with delicate floral patterns, this dress exudes grace and sophistication. Whether attending a garden party or a formal event, you\'ll make a stunning impression in this captivating ensemble.\n                        </p>\n                    </div>\n                    <div>\n                        <h3 class=\"tp-product-details-desc-title\">Flawless Fit and Comfort</h3>\n                        <p>\n                            Designed for both style and comfort, our floral dress features a tailored silhouette that flatters every figure. The soft, breathable fabric ensures all-day comfort, while the fitted bodice and flowing skirt create a graceful silhouette. Feel confident and poised with every step you take.\n                        </p>\n                    </div>\n                </div>\n                <div class=\"col-lg-6\">\n                    <div class=\"tp-product-details-desc-thumb\">\n                        <img src=\"/storage/fashion/products/product-1.png\" alt=\"Women\'s Floral Dress\">\n                    </div>\n                </div>\n            </div>\n        </div>\n        <div class=\"tp-product-details-desc-item pb-75\">\n            <div class=\"row\">\n                <div class=\"col-lg-7\">\n                    <div class=\"tp-product-details-desc-thumb\">\n                        <img src=\"/storage/fashion/products/product-2.png\" alt=\"Back View of Floral Dress\">\n                    </div>\n                </div>\n\n                <div class=\"col-lg-5 order-first order-lg-last\">\n                    <div class=\"des-content-2 pl-40\">\n                        <h3 class=\"tp-product-details-desc-title\">\n                            Versatile Style\n                        </h3>\n                        <p>\n                            Transition effortlessly from day to night with our versatile floral dress. Pair it with sandals and a sunhat for a chic daytime look, or dress it up with heels and statement jewelry for an evening soirée. However you style it, you\'ll radiate confidence and charm.\n                        </p>\n                    </div>\n                </div>\n            </div>\n        </div>\n        <div class=\"tp-product-details-desc-item\">\n            <div class=\"row\">\n                <div class=\"col-xl-12\">\n                    <div class=\"tp-product-details-desc-banner text-center m-img\">\n                        <h3 class=\"tp-product-details-desc-banner-title tp-product-details-desc-title\">Quality Craftsmanship</h3>\n                        <img src=\"/storage/fashion/products/product-3.png\" alt=\"Fashion Atelier\">\n                    </div>\n                </div>\n            </div>\n        </div>\n    </div>\n</div>\n','published','[\"main\\/products\\/product-20.jpg\",\"main\\/products\\/product-10.jpg\",\"main\\/products\\/product-9.jpg\",\"main\\/products\\/product-6.jpg\"]','[[{\"key\":\"file\",\"value\":\"main\\/video\\/video-1.mp4\"},{\"key\":\"url\",\"value\":null},{\"key\":\"thumbnail\",\"value\":\"main\\/video\\/1.jpg\"}]]','IJ-136',0,10,0,1,'in_stock',1,4,0,0,423,69,NULL,NULL,13,20,12,854,NULL,8633,'2025-07-28 01:49:30','2025-07-28 01:49:32',3,0,'Botble\\ACL\\Models\\User',0,NULL,'physical','8658736751264',NULL,0,'auto_generate',0,0,0,1),(43,'Metallic Pleated Maxi Skirt','Elevate your street style with this vintage denim jacket, featuring distressed detailing and a relaxed fit for a laid-back vibe.','<div class=\"row justify-content-center\">\n    <div class=\"col-xl-10\">\n        <div class=\"tp-product-details-desc-item pb-105\">\n            <div class=\"row\">\n                <div class=\"col-lg-6\">\n                    <div class=\"pt-25\">\n                        <span>Women\'s Floral Dress</span>\n                        <h3 class=\"tp-product-details-desc-title\">Elegance Redefined</h3>\n                        <p>\n                            Embrace timeless elegance with our exquisite women\'s floral dress. Crafted from luxurious fabrics and adorned with delicate floral patterns, this dress exudes grace and sophistication. Whether attending a garden party or a formal event, you\'ll make a stunning impression in this captivating ensemble.\n                        </p>\n                    </div>\n                    <div>\n                        <h3 class=\"tp-product-details-desc-title\">Flawless Fit and Comfort</h3>\n                        <p>\n                            Designed for both style and comfort, our floral dress features a tailored silhouette that flatters every figure. The soft, breathable fabric ensures all-day comfort, while the fitted bodice and flowing skirt create a graceful silhouette. Feel confident and poised with every step you take.\n                        </p>\n                    </div>\n                </div>\n                <div class=\"col-lg-6\">\n                    <div class=\"tp-product-details-desc-thumb\">\n                        <img src=\"/storage/fashion/products/product-1.png\" alt=\"Women\'s Floral Dress\">\n                    </div>\n                </div>\n            </div>\n        </div>\n        <div class=\"tp-product-details-desc-item pb-75\">\n            <div class=\"row\">\n                <div class=\"col-lg-7\">\n                    <div class=\"tp-product-details-desc-thumb\">\n                        <img src=\"/storage/fashion/products/product-2.png\" alt=\"Back View of Floral Dress\">\n                    </div>\n                </div>\n\n                <div class=\"col-lg-5 order-first order-lg-last\">\n                    <div class=\"des-content-2 pl-40\">\n                        <h3 class=\"tp-product-details-desc-title\">\n                            Versatile Style\n                        </h3>\n                        <p>\n                            Transition effortlessly from day to night with our versatile floral dress. Pair it with sandals and a sunhat for a chic daytime look, or dress it up with heels and statement jewelry for an evening soirée. However you style it, you\'ll radiate confidence and charm.\n                        </p>\n                    </div>\n                </div>\n            </div>\n        </div>\n        <div class=\"tp-product-details-desc-item\">\n            <div class=\"row\">\n                <div class=\"col-xl-12\">\n                    <div class=\"tp-product-details-desc-banner text-center m-img\">\n                        <h3 class=\"tp-product-details-desc-banner-title tp-product-details-desc-title\">Quality Craftsmanship</h3>\n                        <img src=\"/storage/fashion/products/product-3.png\" alt=\"Fashion Atelier\">\n                    </div>\n                </div>\n            </div>\n        </div>\n    </div>\n</div>\n','published','[\"main\\/products\\/product-14.jpg\",\"main\\/products\\/product-19.jpg\",\"main\\/products\\/product-13.jpg\",\"main\\/products\\/product-3.jpg\",\"main\\/products\\/product-18.jpg\",\"main\\/products\\/product-details-desc-2.jpg\",\"main\\/products\\/product-9.jpg\",\"main\\/products\\/product-15.jpg\"]','[[{\"key\":\"file\",\"value\":null},{\"key\":\"url\",\"value\":\"https:\\/\\/www.youtube.com\\/watch?v=6JYIGclVQdw\"},{\"key\":\"thumbnail\",\"value\":\"main\\/video\\/1.jpg\"}]]','AL-155-A1',0,16,0,1,'in_stock',1,4,0,0,320,NULL,NULL,NULL,18,18,20,509,NULL,152155,'2025-07-28 01:49:30','2025-07-28 01:49:32',5,0,'Botble\\ACL\\Models\\User',0,NULL,'physical','9374224567160',NULL,0,'auto_generate',0,0,0,1),(44,'Leather Ankle Boots',NULL,NULL,'published','[\"main\\/products\\/product-10.jpg\"]',NULL,'B1-188-A1',0,15,0,1,'in_stock',0,1,1,0,1852,NULL,NULL,NULL,19,15,19,765,NULL,0,'2025-07-28 01:49:30','2025-07-28 01:49:31',NULL,0,'Botble\\ACL\\Models\\User',0,NULL,'physical','3704039787044',NULL,0,'auto_generate',0,0,0,NULL),(45,'Leather Ankle Boots',NULL,NULL,'published','[\"main\\/products\\/product-18.jpg\"]',NULL,'B1-188-A1-A2',0,15,0,1,'in_stock',0,1,1,0,1852,NULL,NULL,NULL,19,15,19,765,NULL,0,'2025-07-28 01:49:30','2025-07-28 01:49:31',NULL,0,'Botble\\ACL\\Models\\User',0,NULL,'physical','9187014798886',NULL,0,'auto_generate',0,0,0,NULL),(46,'Leather Ankle Boots',NULL,NULL,'published','[\"main\\/products\\/product-13.jpg\"]',NULL,'B1-188-A1-A3',0,15,0,1,'in_stock',0,1,1,0,1852,NULL,NULL,NULL,19,15,19,765,NULL,0,'2025-07-28 01:49:30','2025-07-28 01:49:31',NULL,0,'Botble\\ACL\\Models\\User',0,NULL,'physical','1245421788574',NULL,0,'auto_generate',0,0,0,NULL),(47,'Knit Turtleneck Sweater (Digital)',NULL,NULL,'published','[\"main\\/products\\/product-4.jpg\"]',NULL,'QM-147-A1',0,19,0,1,'in_stock',0,2,1,0,1908,1469.16,NULL,NULL,20,11,13,635,NULL,0,'2025-07-28 01:49:30','2025-07-28 01:49:31',NULL,0,'Botble\\ACL\\Models\\User',0,NULL,'digital','0590456794054',NULL,0,'auto_generate',0,0,0,NULL),(48,'Knit Turtleneck Sweater (Digital)',NULL,NULL,'published','[\"main\\/products\\/product-1.jpg\"]',NULL,'QM-147-A1-A2',0,19,0,1,'in_stock',0,2,1,0,1908,1659.96,NULL,NULL,20,11,13,635,NULL,0,'2025-07-28 01:49:30','2025-07-28 01:49:31',NULL,0,'Botble\\ACL\\Models\\User',0,NULL,'digital','7373501307804',NULL,0,'auto_generate',0,0,0,NULL),(49,'Classic Aviator Sunglasses',NULL,NULL,'published','[\"main\\/products\\/product-13.jpg\"]',NULL,'2M-153-A1',0,20,0,1,'in_stock',0,2,1,0,2184,NULL,NULL,NULL,20,17,20,551,NULL,0,'2025-07-28 01:49:30','2025-07-28 01:49:31',NULL,0,'Botble\\ACL\\Models\\User',0,NULL,'physical','1853513922661',NULL,0,'auto_generate',0,0,0,NULL),(50,'Classic Aviator Sunglasses',NULL,NULL,'published','[\"main\\/products\\/product-20.jpg\"]',NULL,'2M-153-A1-A2',0,20,0,1,'in_stock',0,2,1,0,2184,NULL,NULL,NULL,20,17,20,551,NULL,0,'2025-07-28 01:49:30','2025-07-28 01:49:31',NULL,0,'Botble\\ACL\\Models\\User',0,NULL,'physical','7078503267773',NULL,0,'auto_generate',0,0,0,NULL),(51,'Classic Aviator Sunglasses',NULL,NULL,'published','[\"main\\/products\\/product-1.jpg\"]',NULL,'2M-153-A1-A3',0,20,0,1,'in_stock',0,2,1,0,2184,NULL,NULL,NULL,20,17,20,551,NULL,0,'2025-07-28 01:49:30','2025-07-28 01:49:31',NULL,0,'Botble\\ACL\\Models\\User',0,NULL,'physical','3774582667865',NULL,0,'auto_generate',0,0,0,NULL),(52,'Classic Aviator Sunglasses',NULL,NULL,'published','[\"main\\/products\\/product-details-desc-2.jpg\"]',NULL,'2M-153-A1-A4',0,20,0,1,'in_stock',0,2,1,0,2184,NULL,NULL,NULL,20,17,20,551,NULL,0,'2025-07-28 01:49:30','2025-07-28 01:49:31',NULL,0,'Botble\\ACL\\Models\\User',0,NULL,'physical','8953973517377',NULL,0,'auto_generate',0,0,0,NULL),(53,'Tailored Wool Blazer',NULL,NULL,'published','[\"main\\/products\\/product-15.jpg\"]',NULL,'MQ-124-A1',0,12,0,1,'in_stock',0,3,1,0,306,NULL,NULL,NULL,13,14,19,806,NULL,0,'2025-07-28 01:49:30','2025-07-28 01:49:31',NULL,0,'Botble\\ACL\\Models\\User',0,NULL,'physical','8468533520129',NULL,0,'auto_generate',0,0,0,NULL),(54,'Tailored Wool Blazer',NULL,NULL,'published','[\"main\\/products\\/product-19.jpg\"]',NULL,'MQ-124-A1-A2',0,12,0,1,'in_stock',0,3,1,0,306,NULL,NULL,NULL,13,14,19,806,NULL,0,'2025-07-28 01:49:30','2025-07-28 01:49:31',NULL,0,'Botble\\ACL\\Models\\User',0,NULL,'physical','6587323967097',NULL,0,'auto_generate',0,0,0,NULL),(55,'Tailored Wool Blazer',NULL,NULL,'published','[\"main\\/products\\/product-20.jpg\"]',NULL,'MQ-124-A1-A3',0,12,0,1,'in_stock',0,3,1,0,306,NULL,NULL,NULL,13,14,19,806,NULL,0,'2025-07-28 01:49:30','2025-07-28 01:49:31',NULL,0,'Botble\\ACL\\Models\\User',0,NULL,'physical','9007455579793',NULL,0,'auto_generate',0,0,0,NULL),(56,'Bohemian Fringe Handbag',NULL,NULL,'published','[\"main\\/products\\/product-details-desc-2.jpg\"]',NULL,'J8-190-A1',0,17,0,1,'in_stock',0,5,1,0,1437,NULL,NULL,NULL,17,19,10,612,NULL,0,'2025-07-28 01:49:30','2025-07-28 01:49:31',NULL,0,'Botble\\ACL\\Models\\User',0,NULL,'physical','5074489007725',NULL,0,'auto_generate',0,0,0,NULL),(57,'High-Waisted Wide Leg Trousers',NULL,NULL,'published','[\"main\\/products\\/product-8.jpg\"]',NULL,'Z7-158-A1',0,20,0,1,'in_stock',0,3,1,0,1557,NULL,NULL,NULL,11,17,16,814,NULL,0,'2025-07-28 01:49:30','2025-07-28 01:49:31',NULL,0,'Botble\\ACL\\Models\\User',0,NULL,'physical','9291864386947',NULL,0,'auto_generate',0,0,0,NULL),(58,'High-Waisted Wide Leg Trousers',NULL,NULL,'published','[\"main\\/products\\/product-20.jpg\"]',NULL,'Z7-158-A1-A2',0,20,0,1,'in_stock',0,3,1,0,1557,NULL,NULL,NULL,11,17,16,814,NULL,0,'2025-07-28 01:49:30','2025-07-28 01:49:31',NULL,0,'Botble\\ACL\\Models\\User',0,NULL,'physical','2843442415180',NULL,0,'auto_generate',0,0,0,NULL),(59,'Statement Chunky Necklace',NULL,NULL,'published','[\"main\\/products\\/product-details-desc-1.jpg\"]',NULL,'BR-195-A1',0,20,0,1,'in_stock',0,2,1,0,1005,NULL,NULL,NULL,14,19,11,528,NULL,0,'2025-07-28 01:49:30','2025-07-28 01:49:31',NULL,0,'Botble\\ACL\\Models\\User',0,NULL,'physical','9556905846201',NULL,0,'auto_generate',0,0,0,NULL),(60,'Statement Chunky Necklace',NULL,NULL,'published','[\"main\\/products\\/product-details-desc-2.jpg\"]',NULL,'BR-195-A1-A2',0,20,0,1,'in_stock',0,2,1,0,1005,NULL,NULL,NULL,14,19,11,528,NULL,0,'2025-07-28 01:49:30','2025-07-28 01:49:31',NULL,0,'Botble\\ACL\\Models\\User',0,NULL,'physical','3369766101091',NULL,0,'auto_generate',0,0,0,NULL),(61,'Chic Fedora Hat (Digital)',NULL,NULL,'published','[\"main\\/products\\/product-6.jpg\"]',NULL,'2H-102-A1',0,15,0,1,'in_stock',0,1,1,0,1596,1276.8,NULL,NULL,20,13,16,538,NULL,0,'2025-07-28 01:49:30','2025-07-28 01:49:31',NULL,0,'Botble\\ACL\\Models\\User',0,NULL,'digital','9908563523510',NULL,0,'auto_generate',0,0,0,NULL),(62,'Chic Fedora Hat (Digital)',NULL,NULL,'published','[\"main\\/products\\/product-details-desc-1.jpg\"]',NULL,'2H-102-A1-A2',0,15,0,1,'in_stock',0,1,1,0,1596,1133.16,NULL,NULL,20,13,16,538,NULL,0,'2025-07-28 01:49:30','2025-07-28 01:49:31',NULL,0,'Botble\\ACL\\Models\\User',0,NULL,'digital','6196090264355',NULL,0,'auto_generate',0,0,0,NULL),(63,'Strappy Block Heel Sandals',NULL,NULL,'published','[\"main\\/products\\/product-14.jpg\"]',NULL,'WL-166-A1',0,12,0,1,'in_stock',0,3,1,0,915,NULL,NULL,NULL,14,13,20,816,NULL,0,'2025-07-28 01:49:30','2025-07-28 01:49:31',NULL,0,'Botble\\ACL\\Models\\User',0,NULL,'physical','6092620051504',NULL,0,'auto_generate',0,0,0,NULL),(64,'Velvet Evening Gown',NULL,NULL,'published','[\"main\\/products\\/product-20.jpg\"]',NULL,'N3-153-A1',0,13,0,1,'in_stock',0,5,1,0,1825,NULL,NULL,NULL,17,19,13,565,NULL,0,'2025-07-28 01:49:30','2025-07-28 01:49:32',NULL,0,'Botble\\ACL\\Models\\User',0,NULL,'physical','3849669015430',NULL,0,'auto_generate',0,0,0,NULL),(65,'Velvet Evening Gown',NULL,NULL,'published','[\"main\\/products\\/product-7.jpg\"]',NULL,'N3-153-A1-A2',0,13,0,1,'in_stock',0,5,1,0,1825,NULL,NULL,NULL,17,19,13,565,NULL,0,'2025-07-28 01:49:30','2025-07-28 01:49:32',NULL,0,'Botble\\ACL\\Models\\User',0,NULL,'physical','0318146511503',NULL,0,'auto_generate',0,0,0,NULL),(66,'Velvet Evening Gown',NULL,NULL,'published','[\"main\\/products\\/product-15.jpg\"]',NULL,'N3-153-A1-A3',0,13,0,1,'in_stock',0,5,1,0,1825,NULL,NULL,NULL,17,19,13,565,NULL,0,'2025-07-28 01:49:30','2025-07-28 01:49:32',NULL,0,'Botble\\ACL\\Models\\User',0,NULL,'physical','6468983965855',NULL,0,'auto_generate',0,0,0,NULL),(67,'Distressed Skinny Jeans (Digital)',NULL,NULL,'published','[\"main\\/products\\/product-2.jpg\"]',NULL,'BL-190-A1',0,20,0,1,'in_stock',0,1,1,0,1980,1742.4,NULL,NULL,16,11,14,505,NULL,0,'2025-07-28 01:49:30','2025-07-28 01:49:32',NULL,0,'Botble\\ACL\\Models\\User',0,NULL,'digital','4035031314518',NULL,0,'auto_generate',0,0,0,NULL),(68,'Distressed Skinny Jeans (Digital)',NULL,NULL,'published','[\"main\\/products\\/product-12.jpg\"]',NULL,'BL-190-A1-A2',0,20,0,1,'in_stock',0,1,1,0,1980,1782,NULL,NULL,16,11,14,505,NULL,0,'2025-07-28 01:49:30','2025-07-28 01:49:32',NULL,0,'Botble\\ACL\\Models\\User',0,NULL,'digital','6888751478002',NULL,0,'auto_generate',0,0,0,NULL),(69,'Distressed Skinny Jeans (Digital)',NULL,NULL,'published','[\"main\\/products\\/product-details-desc-2.jpg\"]',NULL,'BL-190-A1-A3',0,20,0,1,'in_stock',0,1,1,0,1980,1504.8,NULL,NULL,16,11,14,505,NULL,0,'2025-07-28 01:49:30','2025-07-28 01:49:32',NULL,0,'Botble\\ACL\\Models\\User',0,NULL,'digital','0699967466563',NULL,0,'auto_generate',0,0,0,NULL),(70,'Cotton Striped T-Shirt Dress',NULL,NULL,'published','[\"main\\/products\\/product-7.jpg\"]',NULL,'FW-149-A1',0,19,0,1,'in_stock',0,5,1,0,1175,NULL,NULL,NULL,10,17,12,704,NULL,0,'2025-07-28 01:49:30','2025-07-28 01:49:32',NULL,0,'Botble\\ACL\\Models\\User',0,NULL,'physical','3985174867079',NULL,0,'auto_generate',0,0,0,NULL),(71,'Cotton Striped T-Shirt Dress',NULL,NULL,'published','[\"main\\/products\\/product-16.jpg\"]',NULL,'FW-149-A1-A2',0,19,0,1,'in_stock',0,5,1,0,1175,NULL,NULL,NULL,10,17,12,704,NULL,0,'2025-07-28 01:49:30','2025-07-28 01:49:32',NULL,0,'Botble\\ACL\\Models\\User',0,NULL,'physical','4037540557295',NULL,0,'auto_generate',0,0,0,NULL),(72,'Cotton Striped T-Shirt Dress',NULL,NULL,'published','[\"main\\/products\\/product-details-desc-1.jpg\"]',NULL,'FW-149-A1-A3',0,19,0,1,'in_stock',0,5,1,0,1175,NULL,NULL,NULL,10,17,12,704,NULL,0,'2025-07-28 01:49:30','2025-07-28 01:49:32',NULL,0,'Botble\\ACL\\Models\\User',0,NULL,'physical','9181370136528',NULL,0,'auto_generate',0,0,0,NULL),(73,'Printed Palazzo Pants',NULL,NULL,'published','[\"main\\/products\\/product-6.jpg\"]',NULL,'0T-108-A1',0,19,0,1,'in_stock',0,2,1,0,999,NULL,NULL,NULL,15,10,14,685,NULL,0,'2025-07-28 01:49:30','2025-07-28 01:49:32',NULL,0,'Botble\\ACL\\Models\\User',0,NULL,'physical','5083758378947',NULL,0,'auto_generate',0,0,0,NULL),(74,'Structured Satchel Bag (Digital)',NULL,NULL,'published','[\"main\\/products\\/product-4.jpg\"]',NULL,'PX-178-A1',0,15,0,1,'in_stock',0,3,1,0,1666,1466.08,NULL,NULL,18,16,11,724,NULL,0,'2025-07-28 01:49:30','2025-07-28 01:49:32',NULL,0,'Botble\\ACL\\Models\\User',0,NULL,'digital','6714546974209',NULL,0,'auto_generate',0,0,0,NULL),(75,'Structured Satchel Bag (Digital)',NULL,NULL,'published','[\"main\\/products\\/product-6.jpg\"]',NULL,'PX-178-A1-A2',0,15,0,1,'in_stock',0,3,1,0,1666,1282.82,NULL,NULL,18,16,11,724,NULL,0,'2025-07-28 01:49:31','2025-07-28 01:49:32',NULL,0,'Botble\\ACL\\Models\\User',0,NULL,'digital','7987706093891',NULL,0,'auto_generate',0,0,0,NULL),(76,'Off-Shoulder Ruffle Top',NULL,NULL,'published','[\"main\\/products\\/product-16.jpg\"]',NULL,'KZ-152-A1',0,14,0,1,'in_stock',0,3,1,0,2347,NULL,NULL,NULL,18,17,18,730,NULL,0,'2025-07-28 01:49:31','2025-07-28 01:49:32',NULL,0,'Botble\\ACL\\Models\\User',0,NULL,'physical','3665611946412',NULL,0,'auto_generate',0,0,0,NULL),(77,'Suede Pointed-Toe Pumps',NULL,NULL,'published','[\"main\\/products\\/product-details-desc-1.jpg\"]',NULL,'IW-116-A1',0,13,0,1,'in_stock',0,2,1,0,1137,NULL,NULL,NULL,14,18,20,683,NULL,0,'2025-07-28 01:49:31','2025-07-28 01:49:32',NULL,0,'Botble\\ACL\\Models\\User',0,NULL,'physical','9599179043556',NULL,0,'auto_generate',0,0,0,NULL),(78,'Suede Pointed-Toe Pumps',NULL,NULL,'published','[\"main\\/products\\/product-13.jpg\"]',NULL,'IW-116-A1-A2',0,13,0,1,'in_stock',0,2,1,0,1137,NULL,NULL,NULL,14,18,20,683,NULL,0,'2025-07-28 01:49:31','2025-07-28 01:49:32',NULL,0,'Botble\\ACL\\Models\\User',0,NULL,'physical','0109651433035',NULL,0,'auto_generate',0,0,0,NULL),(79,'Suede Pointed-Toe Pumps',NULL,NULL,'published','[\"main\\/products\\/product-6.jpg\"]',NULL,'IW-116-A1-A3',0,13,0,1,'in_stock',0,2,1,0,1137,NULL,NULL,NULL,14,18,20,683,NULL,0,'2025-07-28 01:49:31','2025-07-28 01:49:32',NULL,0,'Botble\\ACL\\Models\\User',0,NULL,'physical','9578544106881',NULL,0,'auto_generate',0,0,0,NULL),(80,'Suede Pointed-Toe Pumps',NULL,NULL,'published','[\"main\\/products\\/product-3.jpg\"]',NULL,'IW-116-A1-A4',0,13,0,1,'in_stock',0,2,1,0,1137,NULL,NULL,NULL,14,18,20,683,NULL,0,'2025-07-28 01:49:31','2025-07-28 01:49:32',NULL,0,'Botble\\ACL\\Models\\User',0,NULL,'physical','1294273921301',NULL,0,'auto_generate',0,0,0,NULL),(81,'Cropped Cable Knit Sweater',NULL,NULL,'published','[\"main\\/products\\/product-4.jpg\"]',NULL,'GV-148-A1',0,10,0,1,'in_stock',0,5,1,0,2188,NULL,NULL,NULL,18,19,18,710,NULL,0,'2025-07-28 01:49:31','2025-07-28 01:49:32',NULL,0,'Botble\\ACL\\Models\\User',0,NULL,'physical','9128273954781',NULL,0,'auto_generate',0,0,0,NULL),(82,'Cropped Cable Knit Sweater',NULL,NULL,'published','[\"main\\/products\\/product-9.jpg\"]',NULL,'GV-148-A1-A2',0,10,0,1,'in_stock',0,5,1,0,2188,NULL,NULL,NULL,18,19,18,710,NULL,0,'2025-07-28 01:49:31','2025-07-28 01:49:32',NULL,0,'Botble\\ACL\\Models\\User',0,NULL,'physical','6494136164431',NULL,0,'auto_generate',0,0,0,NULL),(83,'Athleisure Jogger Pants (Digital)',NULL,NULL,'published','[\"main\\/products\\/product-20.jpg\"]',NULL,'CD-145-A1',0,10,0,1,'in_stock',0,1,1,0,2437,1705.9,NULL,NULL,14,14,14,659,NULL,0,'2025-07-28 01:49:31','2025-07-28 01:49:32',NULL,0,'Botble\\ACL\\Models\\User',0,NULL,'digital','6102009220503',NULL,0,'auto_generate',0,0,0,NULL),(84,'Athleisure Jogger Pants (Digital)',NULL,NULL,'published','[\"main\\/products\\/product-5.jpg\"]',NULL,'CD-145-A1-A2',0,10,0,1,'in_stock',0,1,1,0,2437,2193.3,NULL,NULL,14,14,14,659,NULL,0,'2025-07-28 01:49:31','2025-07-28 01:49:32',NULL,0,'Botble\\ACL\\Models\\User',0,NULL,'digital','6543001866700',NULL,0,'auto_generate',0,0,0,NULL),(85,'Faux Fur Trimmed Coat',NULL,NULL,'published','[\"main\\/products\\/product-1.jpg\"]',NULL,'KN-106-A1',0,20,0,1,'in_stock',0,2,1,0,986,NULL,NULL,NULL,11,10,17,581,NULL,0,'2025-07-28 01:49:31','2025-07-28 01:49:32',NULL,0,'Botble\\ACL\\Models\\User',0,NULL,'physical','2843227500094',NULL,0,'auto_generate',0,0,0,NULL),(86,'Faux Fur Trimmed Coat',NULL,NULL,'published','[\"main\\/products\\/product-12.jpg\"]',NULL,'KN-106-A1-A2',0,20,0,1,'in_stock',0,2,1,0,986,NULL,NULL,NULL,11,10,17,581,NULL,0,'2025-07-28 01:49:31','2025-07-28 01:49:32',NULL,0,'Botble\\ACL\\Models\\User',0,NULL,'physical','2209386125842',NULL,0,'auto_generate',0,0,0,NULL),(87,'Beaded Evening Clutch',NULL,NULL,'published','[\"main\\/products\\/product-details-desc-2.jpg\"]',NULL,'CE-130-A1',0,14,0,1,'in_stock',0,1,1,0,1768,NULL,NULL,NULL,12,10,11,798,NULL,0,'2025-07-28 01:49:31','2025-07-28 01:49:32',NULL,0,'Botble\\ACL\\Models\\User',0,NULL,'physical','8971540256917',NULL,0,'auto_generate',0,0,0,NULL),(88,'Beaded Evening Clutch',NULL,NULL,'published','[\"main\\/products\\/product-18.jpg\"]',NULL,'CE-130-A1-A2',0,14,0,1,'in_stock',0,1,1,0,1768,NULL,NULL,NULL,12,10,11,798,NULL,0,'2025-07-28 01:49:31','2025-07-28 01:49:32',NULL,0,'Botble\\ACL\\Models\\User',0,NULL,'physical','0796063625327',NULL,0,'auto_generate',0,0,0,NULL),(89,'Beaded Evening Clutch',NULL,NULL,'published','[\"main\\/products\\/product-15.jpg\"]',NULL,'CE-130-A1-A3',0,14,0,1,'in_stock',0,1,1,0,1768,NULL,NULL,NULL,12,10,11,798,NULL,0,'2025-07-28 01:49:31','2025-07-28 01:49:32',NULL,0,'Botble\\ACL\\Models\\User',0,NULL,'physical','6936327244589',NULL,0,'auto_generate',0,0,0,NULL),(90,'Wide Brim Floppy Hat',NULL,NULL,'published','[\"main\\/products\\/product-6.jpg\"]',NULL,'IV-144-A1',0,10,0,1,'in_stock',0,4,1,0,1074,NULL,NULL,NULL,15,17,17,502,NULL,0,'2025-07-28 01:49:31','2025-07-28 01:49:32',NULL,0,'Botble\\ACL\\Models\\User',0,NULL,'physical','7704239474368',NULL,0,'auto_generate',0,0,0,NULL),(91,'Wide Brim Floppy Hat',NULL,NULL,'published','[\"main\\/products\\/product-13.jpg\"]',NULL,'IV-144-A1-A2',0,10,0,1,'in_stock',0,4,1,0,1074,NULL,NULL,NULL,15,17,17,502,NULL,0,'2025-07-28 01:49:31','2025-07-28 01:49:32',NULL,0,'Botble\\ACL\\Models\\User',0,NULL,'physical','3746071911742',NULL,0,'auto_generate',0,0,0,NULL),(92,'Wide Brim Floppy Hat',NULL,NULL,'published','[\"main\\/products\\/product-7.jpg\"]',NULL,'IV-144-A1-A3',0,10,0,1,'in_stock',0,4,1,0,1074,NULL,NULL,NULL,15,17,17,502,NULL,0,'2025-07-28 01:49:31','2025-07-28 01:49:32',NULL,0,'Botble\\ACL\\Models\\User',0,NULL,'physical','1926934278331',NULL,0,'auto_generate',0,0,0,NULL),(93,'Wide Brim Floppy Hat',NULL,NULL,'published','[\"main\\/products\\/product-17.jpg\"]',NULL,'IV-144-A1-A4',0,10,0,1,'in_stock',0,4,1,0,1074,NULL,NULL,NULL,15,17,17,502,NULL,0,'2025-07-28 01:49:31','2025-07-28 01:49:32',NULL,0,'Botble\\ACL\\Models\\User',0,NULL,'physical','3269667897188',NULL,0,'auto_generate',0,0,0,NULL),(94,'Metallic Pleated Maxi Skirt',NULL,NULL,'published','[\"main\\/products\\/product-19.jpg\"]',NULL,'AL-155-A1',0,16,0,1,'in_stock',0,4,1,0,320,NULL,NULL,NULL,18,18,20,509,NULL,0,'2025-07-28 01:49:31','2025-07-28 01:49:32',NULL,0,'Botble\\ACL\\Models\\User',0,NULL,'physical','2181137684832',NULL,0,'auto_generate',0,0,0,NULL),(95,'Metallic Pleated Maxi Skirt',NULL,NULL,'published','[\"main\\/products\\/product-13.jpg\"]',NULL,'AL-155-A1-A2',0,16,0,1,'in_stock',0,4,1,0,320,NULL,NULL,NULL,18,18,20,509,NULL,0,'2025-07-28 01:49:31','2025-07-28 01:49:32',NULL,0,'Botble\\ACL\\Models\\User',0,NULL,'physical','9805356289267',NULL,0,'auto_generate',0,0,0,NULL);

--
