-- Table structure for table `ec_products_translations`
--

CREATE TABLE `ec_products_translations` (
  `lang_code` varchar(191) COLLATE utf8mb4_unicode_ci NOT NULL,
  `ec_products_id` bigint unsigned NOT NULL,
  `name` varchar(191) COLLATE utf8mb4_unicode_ci DEFAULT NULL,
  `description` text COLLATE utf8mb4_unicode_ci,
  `content` text COLLATE utf8mb4_unicode_ci,
  PRIMARY KEY (`lang_code`,`ec_products_id`)
) ENGINE=InnoDB DEFAULT CHARSET=utf8mb4 COLLATE=utf8mb4_unicode_ci;

--
-- Dumping data for table `ec_products_translations`
--


--
-- Table structure for table `ec_review_replies`
--

CREATE TABLE `ec_review_replies` (
  `id` bigint unsigned NOT NULL AUTO_INCREMENT,
  `user_id` bigint unsigned NOT NULL,
  `review_id` bigint unsigned NOT NULL,
  `message` text COLLATE utf8mb4_unicode_ci NOT NULL,
  `created_at` timestamp NULL DEFAULT NULL,
  `updated_at` timestamp NULL DEFAULT NULL,
  PRIMARY KEY (`id`),
  UNIQUE KEY `ec_review_replies_review_id_user_id_unique` (`review_id`,`user_id`)
) ENGINE=InnoDB DEFAULT CHARSET=utf8mb4 COLLATE=utf8mb4_unicode_ci;

--
-- Dumping data for table `ec_review_replies`
--


--
-- Table structure for table `ec_reviews`
--

CREATE TABLE `ec_reviews` (
  `id` bigint unsigned NOT NULL AUTO_INCREMENT,
  `customer_id` bigint unsigned DEFAULT NULL,
  `customer_name` varchar(191) COLLATE utf8mb4_unicode_ci DEFAULT NULL,
  `customer_email` varchar(191) COLLATE utf8mb4_unicode_ci DEFAULT NULL,
  `product_id` bigint unsigned NOT NULL,
  `star` double NOT NULL,
  `comment` text COLLATE utf8mb4_unicode_ci NOT NULL,
  `status` varchar(60) COLLATE utf8mb4_unicode_ci NOT NULL DEFAULT 'published',
  `created_at` timestamp NULL DEFAULT NULL,
  `updated_at` timestamp NULL DEFAULT NULL,
  `images` text COLLATE utf8mb4_unicode_ci,
  PRIMARY KEY (`id`),
  UNIQUE KEY `ec_reviews_product_id_customer_id_unique` (`product_id`,`customer_id`),
  KEY `ec_reviews_product_id_customer_id_status_created_at_index` (`product_id`,`customer_id`,`status`,`created_at`),
  KEY `review_relation_index` (`product_id`,`customer_id`,`status`)
) ENGINE=InnoDB AUTO_INCREMENT=1001 DEFAULT CHARSET=utf8mb4 COLLATE=utf8mb4_unicode_ci;

--
-- Dumping data for table `ec_reviews`
--

INSERT INTO `ec_reviews` VALUES (1,10,NULL,NULL,16,4,'Those guys now what they are doing, the release such a good product that it\'s a pleasure to work with ! Even when I was stuck on the project, I created a ticket and the next day it was replied by the team. GOOD JOB guys. I love working with them :)','published','2025-07-28 01:49:35','2025-07-28 01:49:35','[\"fashion\\/products\\/product-3.png\",\"fashion\\/products\\/product-4.png\",\"fashion\\/products\\/product-6.png\"]'),(2,2,NULL,NULL,10,1,'It\'s not my first experience here on Codecanyon and I can honestly tell you all that Botble puts a LOT of effort into the support. They answer so fast, they helped me tons of times. REALLY by far THE BEST EXPERIENCE on Codecanyon. Those guys at Botble are so good that they deserve 5 stars. I recommend them, I trust them and I can\'t wait to see what they will sell in a near future. Thank you Botble :)','published','2025-07-28 01:49:35','2025-07-28 01:49:35','[\"fashion\\/products\\/product-1.png\",\"fashion\\/products\\/product-5.png\",\"fashion\\/products\\/product-6.png\"]'),(3,4,NULL,NULL,5,1,'I Love this Script. I also found how to add other fees. Now I just wait the BIG update for the Marketplace with the Bulk Import. Just do not forget to make it to be Multi-language for us the Botble Fans.','published','2025-07-28 01:49:35','2025-07-28 01:49:35','[\"fashion\\/products\\/product-1.png\",\"fashion\\/products\\/product-4.png\"]'),(4,3,NULL,NULL,25,5,'Customer Support are grade (A*), however the code is a way too over engineered for it\'s purpose.','published','2025-07-28 01:49:35','2025-07-28 01:49:35','[\"fashion\\/products\\/product-3.png\",\"fashion\\/products\\/product-6.png\",\"fashion\\/products\\/product-7.png\"]'),(5,8,NULL,NULL,14,4,'This web app is really good in design, code quality & features. Besides, the customer support provided by the Botble team was really fast & helpful. You guys are awesome!','published','2025-07-28 01:49:35','2025-07-28 01:49:35','[\"fashion\\/products\\/product-3.png\"]'),(7,4,NULL,NULL,34,4,'Customer Support are grade (A*), however the code is a way too over engineered for it\'s purpose.','published','2025-07-28 01:49:35','2025-07-28 01:49:35','[\"fashion\\/products\\/product-1.png\",\"fashion\\/products\\/product-3.png\",\"fashion\\/products\\/product-4.png\"]'),(8,5,NULL,NULL,38,3,'For me the best eCommerce script on Envato at this moment: modern, clean code, a lot of great features. The customer support is great too: I always get an answer within hours!','published','2025-07-28 01:49:35','2025-07-28 01:49:35','[\"fashion\\/products\\/product-1.png\",\"fashion\\/products\\/product-4.png\",\"fashion\\/products\\/product-8.png\"]'),(9,8,NULL,NULL,42,1,'This web app is really good in design, code quality & features. Besides, the customer support provided by the Botble team was really fast & helpful. You guys are awesome!','published','2025-07-28 01:49:35','2025-07-28 01:49:35','[\"fashion\\/products\\/product-1.png\",\"fashion\\/products\\/product-4.png\",\"fashion\\/products\\/product-6.png\",\"fashion\\/products\\/product-7.png\"]'),(10,6,NULL,NULL,26,5,'I Love this Script. I also found how to add other fees. Now I just wait the BIG update for the Marketplace with the Bulk Import. Just do not forget to make it to be Multi-language for us the Botble Fans.','published','2025-07-28 01:49:35','2025-07-28 01:49:35','[\"fashion\\/products\\/product-1.png\",\"fashion\\/products\\/product-2.png\",\"fashion\\/products\\/product-3.png\",\"fashion\\/products\\/product-6.png\"]'),(11,2,NULL,NULL,16,3,'The code is good, in general, if you like it, can you give it 5 stars?','published','2025-07-28 01:49:35','2025-07-28 01:49:35','[\"fashion\\/products\\/product-1.png\",\"fashion\\/products\\/product-4.png\",\"fashion\\/products\\/product-7.png\"]'),(12,2,NULL,NULL,24,5,'The code is good, in general, if you like it, can you give it 5 stars?','published','2025-07-28 01:49:35','2025-07-28 01:49:35','[\"fashion\\/products\\/product-2.png\",\"fashion\\/products\\/product-5.png\",\"fashion\\/products\\/product-6.png\",\"fashion\\/products\\/product-8.png\"]'),(13,3,NULL,NULL,43,2,'Amazing code, amazing support. Overall, im really confident in Botble and im happy I made the right choice! Thank you so much guys for coding this masterpiece','published','2025-07-28 01:49:35','2025-07-28 01:49:35','[\"fashion\\/products\\/product-1.png\",\"fashion\\/products\\/product-2.png\"]'),(14,9,NULL,NULL,34,3,'These guys are amazing! Responses immediately, amazing support and help... I immediately feel at ease after Purchasing..','published','2025-07-28 01:49:35','2025-07-28 01:49:35','[\"fashion\\/products\\/product-4.png\",\"fashion\\/products\\/product-5.png\",\"fashion\\/products\\/product-6.png\"]'),(15,6,NULL,NULL,33,4,'These guys are amazing! Responses immediately, amazing support and help... I immediately feel at ease after Purchasing..','published','2025-07-28 01:49:35','2025-07-28 01:49:35','[\"fashion\\/products\\/product-8.png\"]'),(16,6,NULL,NULL,21,5,'It\'s not my first experience here on Codecanyon and I can honestly tell you all that Botble puts a LOT of effort into the support. They answer so fast, they helped me tons of times. REALLY by far THE BEST EXPERIENCE on Codecanyon. Those guys at Botble are so good that they deserve 5 stars. I recommend them, I trust them and I can\'t wait to see what they will sell in a near future. Thank you Botble :)','published','2025-07-28 01:49:35','2025-07-28 01:49:35','[\"fashion\\/products\\/product-3.png\"]'),(17,4,NULL,NULL,3,3,'Best ecommerce CMS online store!','published','2025-07-28 01:49:35','2025-07-28 01:49:35','[\"fashion\\/products\\/product-1.png\",\"fashion\\/products\\/product-2.png\",\"fashion\\/products\\/product-4.png\",\"fashion\\/products\\/product-7.png\"]'),(19,7,NULL,NULL,13,1,'Clean & perfect source code','published','2025-07-28 01:49:35','2025-07-28 01:49:35','[\"fashion\\/products\\/product-1.png\",\"fashion\\/products\\/product-3.png\",\"fashion\\/products\\/product-4.png\",\"fashion\\/products\\/product-8.png\"]'),(20,7,NULL,NULL,27,4,'I Love this Script. I also found how to add other fees. Now I just wait the BIG update for the Marketplace with the Bulk Import. Just do not forget to make it to be Multi-language for us the Botble Fans.','published','2025-07-28 01:49:35','2025-07-28 01:49:35','[\"fashion\\/products\\/product-2.png\",\"fashion\\/products\\/product-3.png\",\"fashion\\/products\\/product-4.png\",\"fashion\\/products\\/product-8.png\"]'),(21,1,NULL,NULL,38,1,'Ok good product. I have some issues in customizations. But its not correct to blame the developer. The product is good. Good luck for your business.','published','2025-07-28 01:49:35','2025-07-28 01:49:35','[\"fashion\\/products\\/product-1.png\",\"fashion\\/products\\/product-6.png\",\"fashion\\/products\\/product-7.png\"]'),(22,9,NULL,NULL,18,4,'Great system, great support, good job Botble. I\'m looking forward to more great functional plugins.','published','2025-07-28 01:49:35','2025-07-28 01:49:35','[\"fashion\\/products\\/product-1.png\",\"fashion\\/products\\/product-3.png\",\"fashion\\/products\\/product-8.png\"]'),(23,7,NULL,NULL,28,5,'Solution is too robust for our purpose so we didn\'t use it at the end. But I appreciate customer support during initial configuration.','published','2025-07-28 01:49:35','2025-07-28 01:49:35','[\"fashion\\/products\\/product-3.png\",\"fashion\\/products\\/product-5.png\",\"fashion\\/products\\/product-7.png\",\"fashion\\/products\\/product-8.png\"]'),(24,1,NULL,NULL,7,2,'Very enthusiastic support! Excellent code is written. It\'s a true pleasure working with.','published','2025-07-28 01:49:35','2025-07-28 01:49:35','[\"fashion\\/products\\/product-8.png\"]'),(25,4,NULL,NULL,15,4,'We have received brilliant service support and will be expanding the features with the developer. Nice product!','published','2025-07-28 01:49:35','2025-07-28 01:49:35','[\"fashion\\/products\\/product-1.png\",\"fashion\\/products\\/product-4.png\",\"fashion\\/products\\/product-8.png\"]'),(26,1,NULL,NULL,9,5,'Those guys now what they are doing, the release such a good product that it\'s a pleasure to work with ! Even when I was stuck on the project, I created a ticket and the next day it was replied by the team. GOOD JOB guys. I love working with them :)','published','2025-07-28 01:49:35','2025-07-28 01:49:35','[\"fashion\\/products\\/product-1.png\"]'),(27,2,NULL,NULL,22,1,'Customer Support are grade (A*), however the code is a way too over engineered for it\'s purpose.','published','2025-07-28 01:49:35','2025-07-28 01:49:35','[\"fashion\\/products\\/product-3.png\"]'),(28,2,NULL,NULL,40,5,'The script is the best of its class, fast, easy to implement and work with , and the most important thing is the great support team , Recommend with no doubt.','published','2025-07-28 01:49:35','2025-07-28 01:49:35','[\"fashion\\/products\\/product-4.png\",\"fashion\\/products\\/product-5.png\",\"fashion\\/products\\/product-6.png\"]'),(29,10,NULL,NULL,17,2,'Customer Support are grade (A*), however the code is a way too over engineered for it\'s purpose.','published','2025-07-28 01:49:35','2025-07-28 01:49:35','[\"fashion\\/products\\/product-1.png\"]'),(30,3,NULL,NULL,21,5,'Amazing code, amazing support. Overall, im really confident in Botble and im happy I made the right choice! Thank you so much guys for coding this masterpiece','published','2025-07-28 01:49:35','2025-07-28 01:49:35','[\"fashion\\/products\\/product-4.png\",\"fashion\\/products\\/product-6.png\",\"fashion\\/products\\/product-7.png\",\"fashion\\/products\\/product-8.png\"]'),(31,1,NULL,NULL,26,2,'The best store template! Excellent coding! Very good support! Thank you so much for all the help, I really appreciated.','published','2025-07-28 01:49:35','2025-07-28 01:49:35','[\"fashion\\/products\\/product-3.png\",\"fashion\\/products\\/product-4.png\",\"fashion\\/products\\/product-5.png\"]'),(32,10,NULL,NULL,20,2,'These guys are amazing! Responses immediately, amazing support and help... I immediately feel at ease after Purchasing..','published','2025-07-28 01:49:35','2025-07-28 01:49:35','[\"fashion\\/products\\/product-2.png\",\"fashion\\/products\\/product-6.png\"]'),(33,9,NULL,NULL,22,3,'For me the best eCommerce script on Envato at this moment: modern, clean code, a lot of great features. The customer support is great too: I always get an answer within hours!','published','2025-07-28 01:49:35','2025-07-28 01:49:35','[\"fashion\\/products\\/product-2.png\"]'),(34,5,NULL,NULL,15,3,'The best store template! Excellent coding! Very good support! Thank you so much for all the help, I really appreciated.','published','2025-07-28 01:49:35','2025-07-28 01:49:35','[\"fashion\\/products\\/product-1.png\",\"fashion\\/products\\/product-2.png\",\"fashion\\/products\\/product-8.png\"]'),(35,7,NULL,NULL,25,4,'Amazing code, amazing support. Overall, im really confident in Botble and im happy I made the right choice! Thank you so much guys for coding this masterpiece','published','2025-07-28 01:49:35','2025-07-28 01:49:35','[\"fashion\\/products\\/product-7.png\"]'),(36,3,NULL,NULL,3,2,'Ok good product. I have some issues in customizations. But its not correct to blame the developer. The product is good. Good luck for your business.','published','2025-07-28 01:49:35','2025-07-28 01:49:35','[\"fashion\\/products\\/product-3.png\"]'),(37,8,NULL,NULL,25,1,'For me the best eCommerce script on Envato at this moment: modern, clean code, a lot of great features. The customer support is great too: I always get an answer within hours!','published','2025-07-28 01:49:35','2025-07-28 01:49:35','[\"fashion\\/products\\/product-4.png\"]'),(38,4,NULL,NULL,35,5,'The best store template! Excellent coding! Very good support! Thank you so much for all the help, I really appreciated.','published','2025-07-28 01:49:35','2025-07-28 01:49:35','[\"fashion\\/products\\/product-1.png\",\"fashion\\/products\\/product-5.png\",\"fashion\\/products\\/product-7.png\"]'),(39,4,NULL,NULL,22,3,'For me the best eCommerce script on Envato at this moment: modern, clean code, a lot of great features. The customer support is great too: I always get an answer within hours!','published','2025-07-28 01:49:35','2025-07-28 01:49:35','[\"fashion\\/products\\/product-3.png\",\"fashion\\/products\\/product-6.png\"]'),(41,3,NULL,NULL,8,1,'Clean & perfect source code','published','2025-07-28 01:49:35','2025-07-28 01:49:35','[\"fashion\\/products\\/product-2.png\",\"fashion\\/products\\/product-8.png\"]'),(42,2,NULL,NULL,25,4,'Good app, good backup service and support. Good documentation.','published','2025-07-28 01:49:35','2025-07-28 01:49:35','[\"fashion\\/products\\/product-4.png\"]'),(43,6,NULL,NULL,7,2,'This script is well coded and is super fast. The support is pretty quick. Very patient and helpful team. I strongly recommend it and they deserve more than 5 stars.','published','2025-07-28 01:49:35','2025-07-28 01:49:35','[\"fashion\\/products\\/product-1.png\",\"fashion\\/products\\/product-3.png\",\"fashion\\/products\\/product-6.png\",\"fashion\\/products\\/product-8.png\"]'),(44,3,NULL,NULL,20,5,'Amazing code, amazing support. Overall, im really confident in Botble and im happy I made the right choice! Thank you so much guys for coding this masterpiece','published','2025-07-28 01:49:35','2025-07-28 01:49:35','[\"fashion\\/products\\/product-3.png\",\"fashion\\/products\\/product-5.png\",\"fashion\\/products\\/product-6.png\",\"fashion\\/products\\/product-8.png\"]'),(45,10,NULL,NULL,41,5,'This script is well coded and is super fast. The support is pretty quick. Very patient and helpful team. I strongly recommend it and they deserve more than 5 stars.','published','2025-07-28 01:49:35','2025-07-28 01:49:35','[\"fashion\\/products\\/product-1.png\",\"fashion\\/products\\/product-2.png\",\"fashion\\/products\\/product-8.png\"]'),(46,8,NULL,NULL,41,5,'Second or third time that I buy a Botble product, happy with the products and support. You guys do a good job :)','published','2025-07-28 01:49:35','2025-07-28 01:49:35','[\"fashion\\/products\\/product-3.png\",\"fashion\\/products\\/product-5.png\"]'),(47,8,NULL,NULL,33,2,'This web app is really good in design, code quality & features. Besides, the customer support provided by the Botble team was really fast & helpful. You guys are awesome!','published','2025-07-28 01:49:35','2025-07-28 01:49:35','[\"fashion\\/products\\/product-1.png\",\"fashion\\/products\\/product-6.png\",\"fashion\\/products\\/product-7.png\"]'),(48,3,NULL,NULL,34,4,'It\'s not my first experience here on Codecanyon and I can honestly tell you all that Botble puts a LOT of effort into the support. They answer so fast, they helped me tons of times. REALLY by far THE BEST EXPERIENCE on Codecanyon. Those guys at Botble are so good that they deserve 5 stars. I recommend them, I trust them and I can\'t wait to see what they will sell in a near future. Thank you Botble :)','published','2025-07-28 01:49:35','2025-07-28 01:49:35','[\"fashion\\/products\\/product-5.png\"]'),(49,2,NULL,NULL,33,1,'Perfect +++++++++ i love it really also i get to fast ticket answers... Thanks Lot BOTBLE Teams','published','2025-07-28 01:49:35','2025-07-28 01:49:35','[\"fashion\\/products\\/product-1.png\",\"fashion\\/products\\/product-5.png\",\"fashion\\/products\\/product-7.png\"]'),(50,1,NULL,NULL,6,4,'Best ecommerce CMS online store!','published','2025-07-28 01:49:35','2025-07-28 01:49:35','[\"fashion\\/products\\/product-1.png\",\"fashion\\/products\\/product-2.png\",\"fashion\\/products\\/product-6.png\",\"fashion\\/products\\/product-7.png\"]'),(51,10,NULL,NULL,33,5,'This script is well coded and is super fast. The support is pretty quick. Very patient and helpful team. I strongly recommend it and they deserve more than 5 stars.','published','2025-07-28 01:49:35','2025-07-28 01:49:35','[\"fashion\\/products\\/product-4.png\"]'),(52,4,NULL,NULL,33,2,'The code is good, in general, if you like it, can you give it 5 stars?','published','2025-07-28 01:49:35','2025-07-28 01:49:35','[\"fashion\\/products\\/product-1.png\",\"fashion\\/products\\/product-4.png\",\"fashion\\/products\\/product-6.png\",\"fashion\\/products\\/product-7.png\"]'),(53,1,NULL,NULL,23,1,'Clean & perfect source code','published','2025-07-28 01:49:35','2025-07-28 01:49:35','[\"fashion\\/products\\/product-3.png\",\"fashion\\/products\\/product-4.png\",\"fashion\\/products\\/product-6.png\",\"fashion\\/products\\/product-8.png\"]'),(54,8,NULL,NULL,18,5,'We have received brilliant service support and will be expanding the features with the developer. Nice product!','published','2025-07-28 01:49:35','2025-07-28 01:49:35','[\"fashion\\/products\\/product-5.png\",\"fashion\\/products\\/product-6.png\",\"fashion\\/products\\/product-8.png\"]'),(55,10,NULL,NULL,25,4,'The script is the best of its class, fast, easy to implement and work with , and the most important thing is the great support team , Recommend with no doubt.','published','2025-07-28 01:49:35','2025-07-28 01:49:35','[\"fashion\\/products\\/product-2.png\",\"fashion\\/products\\/product-5.png\",\"fashion\\/products\\/product-6.png\"]'),(56,6,NULL,NULL,42,5,'Good app, good backup service and support. Good documentation.','published','2025-07-28 01:49:35','2025-07-28 01:49:35','[\"fashion\\/products\\/product-2.png\",\"fashion\\/products\\/product-3.png\"]'),(57,8,NULL,NULL,19,2,'Perfect +++++++++ i love it really also i get to fast ticket answers... Thanks Lot BOTBLE Teams','published','2025-07-28 01:49:35','2025-07-28 01:49:35','[\"fashion\\/products\\/product-1.png\",\"fashion\\/products\\/product-2.png\",\"fashion\\/products\\/product-6.png\"]'),(58,10,NULL,NULL,9,1,'Very enthusiastic support! Excellent code is written. It\'s a true pleasure working with.','published','2025-07-28 01:49:35','2025-07-28 01:49:35','[\"fashion\\/products\\/product-1.png\",\"fashion\\/products\\/product-2.png\",\"fashion\\/products\\/product-4.png\"]'),(60,3,NULL,NULL,16,5,'Solution is too robust for our purpose so we didn\'t use it at the end. But I appreciate customer support during initial configuration.','published','2025-07-28 01:49:35','2025-07-28 01:49:35','[\"fashion\\/products\\/product-2.png\",\"fashion\\/products\\/product-6.png\"]'),(61,5,NULL,NULL,16,2,'I Love this Script. I also found how to add other fees. Now I just wait the BIG update for the Marketplace with the Bulk Import. Just do not forget to make it to be Multi-language for us the Botble Fans.','published','2025-07-28 01:49:35','2025-07-28 01:49:35','[\"fashion\\/products\\/product-5.png\",\"fashion\\/products\\/product-6.png\",\"fashion\\/products\\/product-7.png\",\"fashion\\/products\\/product-8.png\"]'),(63,8,NULL,NULL,12,1,'These guys are amazing! Responses immediately, amazing support and help... I immediately feel at ease after Purchasing..','published','2025-07-28 01:49:35','2025-07-28 01:49:35','[\"fashion\\/products\\/product-1.png\",\"fashion\\/products\\/product-7.png\",\"fashion\\/products\\/product-8.png\"]'),(64,3,NULL,NULL,22,5,'I Love this Script. I also found how to add other fees. Now I just wait the BIG update for the Marketplace with the Bulk Import. Just do not forget to make it to be Multi-language for us the Botble Fans.','published','2025-07-28 01:49:35','2025-07-28 01:49:35','[\"fashion\\/products\\/product-2.png\",\"fashion\\/products\\/product-7.png\",\"fashion\\/products\\/product-8.png\"]'),(65,10,NULL,NULL,34,2,'For me the best eCommerce script on Envato at this moment: modern, clean code, a lot of great features. The customer support is great too: I always get an answer within hours!','published','2025-07-28 01:49:35','2025-07-28 01:49:35','[\"fashion\\/products\\/product-4.png\"]'),(67,2,NULL,NULL,23,3,'Solution is too robust for our purpose so we didn\'t use it at the end. But I appreciate customer support during initial configuration.','published','2025-07-28 01:49:35','2025-07-28 01:49:35','[\"fashion\\/products\\/product-1.png\",\"fashion\\/products\\/product-2.png\",\"fashion\\/products\\/product-3.png\",\"fashion\\/products\\/product-7.png\"]'),(68,5,NULL,NULL,39,1,'Solution is too robust for our purpose so we didn\'t use it at the end. But I appreciate customer support during initial configuration.','published','2025-07-28 01:49:35','2025-07-28 01:49:35','[\"fashion\\/products\\/product-5.png\",\"fashion\\/products\\/product-6.png\",\"fashion\\/products\\/product-7.png\"]'),(69,5,NULL,NULL,36,5,'Perfect +++++++++ i love it really also i get to fast ticket answers... Thanks Lot BOTBLE Teams','published','2025-07-28 01:49:35','2025-07-28 01:49:35','[\"fashion\\/products\\/product-1.png\",\"fashion\\/products\\/product-2.png\",\"fashion\\/products\\/product-3.png\"]'),(70,9,NULL,NULL,23,1,'It\'s not my first experience here on Codecanyon and I can honestly tell you all that Botble puts a LOT of effort into the support. They answer so fast, they helped me tons of times. REALLY by far THE BEST EXPERIENCE on Codecanyon. Those guys at Botble are so good that they deserve 5 stars. I recommend them, I trust them and I can\'t wait to see what they will sell in a near future. Thank you Botble :)','published','2025-07-28 01:49:35','2025-07-28 01:49:35','[\"fashion\\/products\\/product-2.png\",\"fashion\\/products\\/product-3.png\",\"fashion\\/products\\/product-5.png\",\"fashion\\/products\\/product-6.png\"]'),(71,4,NULL,NULL,28,2,'These guys are amazing! Responses immediately, amazing support and help... I immediately feel at ease after Purchasing..','published','2025-07-28 01:49:35','2025-07-28 01:49:35','[\"fashion\\/products\\/product-3.png\",\"fashion\\/products\\/product-4.png\",\"fashion\\/products\\/product-8.png\"]'),(72,8,NULL,NULL,36,1,'Good app, good backup service and support. Good documentation.','published','2025-07-28 01:49:35','2025-07-28 01:49:35','[\"fashion\\/products\\/product-2.png\",\"fashion\\/products\\/product-4.png\",\"fashion\\/products\\/product-8.png\"]'),(74,4,NULL,NULL,6,3,'Great E-commerce system. And much more : Wonderful Customer Support.','published','2025-07-28 01:49:35','2025-07-28 01:49:35','[\"fashion\\/products\\/product-5.png\",\"fashion\\/products\\/product-7.png\",\"fashion\\/products\\/product-8.png\"]'),(75,8,NULL,NULL,1,4,'Best ecommerce CMS online store!','published','2025-07-28 01:49:35','2025-07-28 01:49:35','[\"fashion\\/products\\/product-1.png\",\"fashion\\/products\\/product-2.png\",\"fashion\\/products\\/product-7.png\",\"fashion\\/products\\/product-8.png\"]'),(76,9,NULL,NULL,8,2,'Those guys now what they are doing, the release such a good product that it\'s a pleasure to work with ! Even when I was stuck on the project, I created a ticket and the next day it was replied by the team. GOOD JOB guys. I love working with them :)','published','2025-07-28 01:49:35','2025-07-28 01:49:35','[\"fashion\\/products\\/product-2.png\",\"fashion\\/products\\/product-5.png\",\"fashion\\/products\\/product-6.png\",\"fashion\\/products\\/product-8.png\"]'),(77,8,NULL,NULL,3,1,'For me the best eCommerce script on Envato at this moment: modern, clean code, a lot of great features. The customer support is great too: I always get an answer within hours!','published','2025-07-28 01:49:35','2025-07-28 01:49:35','[\"fashion\\/products\\/product-5.png\"]'),(78,3,NULL,NULL,26,2,'Ok good product. I have some issues in customizations. But its not correct to blame the developer. The product is good. Good luck for your business.','published','2025-07-28 01:49:35','2025-07-28 01:49:35','[\"fashion\\/products\\/product-1.png\",\"fashion\\/products\\/product-5.png\"]'),(79,7,NULL,NULL,8,3,'Perfect +++++++++ i love it really also i get to fast ticket answers... Thanks Lot BOTBLE Teams','published','2025-07-28 01:49:35','2025-07-28 01:49:35','[\"fashion\\/products\\/product-5.png\"]'),(80,9,NULL,NULL,26,3,'Solution is too robust for our purpose so we didn\'t use it at the end. But I appreciate customer support during initial configuration.','published','2025-07-28 01:49:35','2025-07-28 01:49:35','[\"fashion\\/products\\/product-4.png\",\"fashion\\/products\\/product-5.png\"]'),(81,7,NULL,NULL,10,4,'Solution is too robust for our purpose so we didn\'t use it at the end. But I appreciate customer support during initial configuration.','published','2025-07-28 01:49:35','2025-07-28 01:49:35','[\"fashion\\/products\\/product-2.png\",\"fashion\\/products\\/product-4.png\",\"fashion\\/products\\/product-5.png\",\"fashion\\/products\\/product-8.png\"]'),(82,8,NULL,NULL,4,4,'For me the best eCommerce script on Envato at this moment: modern, clean code, a lot of great features. The customer support is great too: I always get an answer within hours!','published','2025-07-28 01:49:35','2025-07-28 01:49:35','[\"fashion\\/products\\/product-8.png\"]'),(83,4,NULL,NULL,7,2,'I Love this Script. I also found how to add other fees. Now I just wait the BIG update for the Marketplace with the Bulk Import. Just do not forget to make it to be Multi-language for us the Botble Fans.','published','2025-07-28 01:49:35','2025-07-28 01:49:35','[\"fashion\\/products\\/product-2.png\",\"fashion\\/products\\/product-5.png\",\"fashion\\/products\\/product-8.png\"]'),(85,3,NULL,NULL,32,4,'Second or third time that I buy a Botble product, happy with the products and support. You guys do a good job :)','published','2025-07-28 01:49:35','2025-07-28 01:49:35','[\"fashion\\/products\\/product-6.png\",\"fashion\\/products\\/product-7.png\"]'),(86,3,NULL,NULL,35,2,'The best store template! Excellent coding! Very good support! Thank you so much for all the help, I really appreciated.','published','2025-07-28 01:49:35','2025-07-28 01:49:35','[\"fashion\\/products\\/product-4.png\",\"fashion\\/products\\/product-8.png\"]'),(87,4,NULL,NULL,1,4,'Cool template. Excellent code quality. The support responds very quickly, which is very rare on themeforest and codecanyon.net, I buy a lot of templates, and everyone will have a response from technical support for two or three days. Thanks to tech support. I recommend to buy.','published','2025-07-28 01:49:35','2025-07-28 01:49:35','[\"fashion\\/products\\/product-3.png\",\"fashion\\/products\\/product-5.png\",\"fashion\\/products\\/product-7.png\",\"fashion\\/products\\/product-8.png\"]'),(88,6,NULL,NULL,35,2,'Very enthusiastic support! Excellent code is written. It\'s a true pleasure working with.','published','2025-07-28 01:49:35','2025-07-28 01:49:35','[\"fashion\\/products\\/product-2.png\",\"fashion\\/products\\/product-3.png\",\"fashion\\/products\\/product-7.png\"]'),(89,10,NULL,NULL,21,1,'The script is the best of its class, fast, easy to implement and work with , and the most important thing is the great support team , Recommend with no doubt.','published','2025-07-28 01:49:35','2025-07-28 01:49:35','[\"fashion\\/products\\/product-1.png\",\"fashion\\/products\\/product-3.png\",\"fashion\\/products\\/product-7.png\"]'),(90,7,NULL,NULL,42,3,'We have received brilliant service support and will be expanding the features with the developer. Nice product!','published','2025-07-28 01:49:35','2025-07-28 01:49:35','[\"fashion\\/products\\/product-2.png\",\"fashion\\/products\\/product-5.png\",\"fashion\\/products\\/product-7.png\"]'),(92,1,NULL,NULL,17,4,'Cool template. Excellent code quality. The support responds very quickly, which is very rare on themeforest and codecanyon.net, I buy a lot of templates, and everyone will have a response from technical support for two or three days. Thanks to tech support. I recommend to buy.','published','2025-07-28 01:49:35','2025-07-28 01:49:35','[\"fashion\\/products\\/product-3.png\"]'),(93,8,NULL,NULL,26,3,'Those guys now what they are doing, the release such a good product that it\'s a pleasure to work with ! Even when I was stuck on the project, I created a ticket and the next day it was replied by the team. GOOD JOB guys. I love working with them :)','published','2025-07-28 01:49:35','2025-07-28 01:49:35','[\"fashion\\/products\\/product-4.png\",\"fashion\\/products\\/product-7.png\"]'),(94,3,NULL,NULL,1,4,'This web app is really good in design, code quality & features. Besides, the customer support provided by the Botble team was really fast & helpful. You guys are awesome!','published','2025-07-28 01:49:35','2025-07-28 01:49:35','[\"fashion\\/products\\/product-1.png\",\"fashion\\/products\\/product-2.png\",\"fashion\\/products\\/product-5.png\",\"fashion\\/products\\/product-8.png\"]'),(95,8,NULL,NULL,31,2,'The best store template! Excellent coding! Very good support! Thank you so much for all the help, I really appreciated.','published','2025-07-28 01:49:35','2025-07-28 01:49:35','[\"fashion\\/products\\/product-1.png\",\"fashion\\/products\\/product-5.png\",\"fashion\\/products\\/product-7.png\",\"fashion\\/products\\/product-8.png\"]'),(97,9,NULL,NULL,2,3,'This script is well coded and is super fast. The support is pretty quick. Very patient and helpful team. I strongly recommend it and they deserve more than 5 stars.','published','2025-07-28 01:49:35','2025-07-28 01:49:35','[\"fashion\\/products\\/product-6.png\",\"fashion\\/products\\/product-7.png\",\"fashion\\/products\\/product-8.png\"]'),(98,2,NULL,NULL,11,2,'The script is the best of its class, fast, easy to implement and work with , and the most important thing is the great support team , Recommend with no doubt.','published','2025-07-28 01:49:35','2025-07-28 01:49:35','[\"fashion\\/products\\/product-1.png\",\"fashion\\/products\\/product-2.png\",\"fashion\\/products\\/product-5.png\",\"fashion\\/products\\/product-7.png\"]'),(99,7,NULL,NULL,19,4,'Very enthusiastic support! Excellent code is written. It\'s a true pleasure working with.','published','2025-07-28 01:49:35','2025-07-28 01:49:35','[\"fashion\\/products\\/product-6.png\"]'),(100,10,NULL,NULL,4,2,'The best ecommerce CMS! Excellent coding! best support service! Thank you so much..... I really like your hard work.','published','2025-07-28 01:49:35','2025-07-28 01:49:35','[\"fashion\\/products\\/product-8.png\"]'),(101,5,NULL,NULL,12,4,'Great E-commerce system. And much more : Wonderful Customer Support.','published','2025-07-28 01:49:35','2025-07-28 01:49:35','[\"fashion\\/products\\/product-5.png\"]'),(102,1,NULL,NULL,37,5,'These guys are amazing! Responses immediately, amazing support and help... I immediately feel at ease after Purchasing..','published','2025-07-28 01:49:35','2025-07-28 01:49:35','[\"fashion\\/products\\/product-5.png\"]'),(103,10,NULL,NULL,5,5,'Amazing code, amazing support. Overall, im really confident in Botble and im happy I made the right choice! Thank you so much guys for coding this masterpiece','published','2025-07-28 01:49:35','2025-07-28 01:49:35','[\"fashion\\/products\\/product-2.png\",\"fashion\\/products\\/product-5.png\",\"fashion\\/products\\/product-7.png\"]'),(104,10,NULL,NULL,26,2,'We have received brilliant service support and will be expanding the features with the developer. Nice product!','published','2025-07-28 01:49:35','2025-07-28 01:49:35','[\"fashion\\/products\\/product-6.png\",\"fashion\\/products\\/product-8.png\"]'),(105,4,NULL,NULL,38,4,'The best store template! Excellent coding! Very good support! Thank you so much for all the help, I really appreciated.','published','2025-07-28 01:49:35','2025-07-28 01:49:35','[\"fashion\\/products\\/product-6.png\",\"fashion\\/products\\/product-7.png\",\"fashion\\/products\\/product-8.png\"]'),(106,5,NULL,NULL,21,2,'Second or third time that I buy a Botble product, happy with the products and support. You guys do a good job :)','published','2025-07-28 01:49:35','2025-07-28 01:49:35','[\"fashion\\/products\\/product-2.png\",\"fashion\\/products\\/product-5.png\"]'),(110,5,NULL,NULL,5,4,'It\'s not my first experience here on Codecanyon and I can honestly tell you all that Botble puts a LOT of effort into the support. They answer so fast, they helped me tons of times. REALLY by far THE BEST EXPERIENCE on Codecanyon. Those guys at Botble are so good that they deserve 5 stars. I recommend them, I trust them and I can\'t wait to see what they will sell in a near future. Thank you Botble :)','published','2025-07-28 01:49:35','2025-07-28 01:49:35','[\"fashion\\/products\\/product-2.png\",\"fashion\\/products\\/product-3.png\",\"fashion\\/products\\/product-6.png\",\"fashion\\/products\\/product-7.png\"]'),(111,6,NULL,NULL,31,3,'It\'s not my first experience here on Codecanyon and I can honestly tell you all that Botble puts a LOT of effort into the support. They answer so fast, they helped me tons of times. REALLY by far THE BEST EXPERIENCE on Codecanyon. Those guys at Botble are so good that they deserve 5 stars. I recommend them, I trust them and I can\'t wait to see what they will sell in a near future. Thank you Botble :)','published','2025-07-28 01:49:35','2025-07-28 01:49:35','[\"fashion\\/products\\/product-1.png\",\"fashion\\/products\\/product-3.png\",\"fashion\\/products\\/product-8.png\"]'),(112,6,NULL,NULL,43,3,'Solution is too robust for our purpose so we didn\'t use it at the end. But I appreciate customer support during initial configuration.','published','2025-07-28 01:49:35','2025-07-28 01:49:35','[\"fashion\\/products\\/product-3.png\",\"fashion\\/products\\/product-6.png\",\"fashion\\/products\\/product-7.png\",\"fashion\\/products\\/product-8.png\"]'),(113,9,NULL,NULL,33,4,'Solution is too robust for our purpose so we didn\'t use it at the end. But I appreciate customer support during initial configuration.','published','2025-07-28 01:49:35','2025-07-28 01:49:35','[\"fashion\\/products\\/product-2.png\",\"fashion\\/products\\/product-3.png\",\"fashion\\/products\\/product-4.png\",\"fashion\\/products\\/product-7.png\"]'),(114,2,NULL,NULL,37,2,'Solution is too robust for our purpose so we didn\'t use it at the end. But I appreciate customer support during initial configuration.','published','2025-07-28 01:49:35','2025-07-28 01:49:35','[\"fashion\\/products\\/product-3.png\",\"fashion\\/products\\/product-5.png\",\"fashion\\/products\\/product-8.png\"]'),(116,10,NULL,NULL,15,1,'The best ecommerce CMS! Excellent coding! best support service! Thank you so much..... I really like your hard work.','published','2025-07-28 01:49:35','2025-07-28 01:49:35','[\"fashion\\/products\\/product-2.png\",\"fashion\\/products\\/product-3.png\",\"fashion\\/products\\/product-8.png\"]'),(117,3,NULL,NULL,38,1,'We have received brilliant service support and will be expanding the features with the developer. Nice product!','published','2025-07-28 01:49:35','2025-07-28 01:49:35','[\"fashion\\/products\\/product-4.png\",\"fashion\\/products\\/product-6.png\",\"fashion\\/products\\/product-8.png\"]'),(118,5,NULL,NULL,8,5,'Great system, great support, good job Botble. I\'m looking forward to more great functional plugins.','published','2025-07-28 01:49:35','2025-07-28 01:49:35','[\"fashion\\/products\\/product-1.png\",\"fashion\\/products\\/product-3.png\",\"fashion\\/products\\/product-4.png\",\"fashion\\/products\\/product-8.png\"]'),(119,2,NULL,NULL,36,1,'Best ecommerce CMS online store!','published','2025-07-28 01:49:35','2025-07-28 01:49:35','[\"fashion\\/products\\/product-1.png\",\"fashion\\/products\\/product-2.png\",\"fashion\\/products\\/product-4.png\",\"fashion\\/products\\/product-7.png\"]'),(120,4,NULL,NULL,26,3,'Those guys now what they are doing, the release such a good product that it\'s a pleasure to work with ! Even when I was stuck on the project, I created a ticket and the next day it was replied by the team. GOOD JOB guys. I love working with them :)','published','2025-07-28 01:49:35','2025-07-28 01:49:35','[\"fashion\\/products\\/product-2.png\",\"fashion\\/products\\/product-3.png\",\"fashion\\/products\\/product-6.png\",\"fashion\\/products\\/product-8.png\"]'),(121,6,NULL,NULL,9,1,'For me the best eCommerce script on Envato at this moment: modern, clean code, a lot of great features. The customer support is great too: I always get an answer within hours!','published','2025-07-28 01:49:35','2025-07-28 01:49:35','[\"fashion\\/products\\/product-7.png\",\"fashion\\/products\\/product-8.png\"]'),(123,2,NULL,NULL,41,5,'I Love this Script. I also found how to add other fees. Now I just wait the BIG update for the Marketplace with the Bulk Import. Just do not forget to make it to be Multi-language for us the Botble Fans.','published','2025-07-28 01:49:35','2025-07-28 01:49:35','[\"fashion\\/products\\/product-2.png\",\"fashion\\/products\\/product-5.png\",\"fashion\\/products\\/product-6.png\",\"fashion\\/products\\/product-8.png\"]'),(125,2,NULL,NULL,2,3,'Great E-commerce system. And much more : Wonderful Customer Support.','published','2025-07-28 01:49:35','2025-07-28 01:49:35','[\"fashion\\/products\\/product-1.png\",\"fashion\\/products\\/product-4.png\",\"fashion\\/products\\/product-7.png\",\"fashion\\/products\\/product-8.png\"]'),(127,1,NULL,NULL,29,3,'This script is well coded and is super fast. The support is pretty quick. Very patient and helpful team. I strongly recommend it and they deserve more than 5 stars.','published','2025-07-28 01:49:35','2025-07-28 01:49:35','[\"fashion\\/products\\/product-5.png\",\"fashion\\/products\\/product-7.png\",\"fashion\\/products\\/product-8.png\"]'),(128,5,NULL,NULL,11,2,'Great E-commerce system. And much more : Wonderful Customer Support.','published','2025-07-28 01:49:35','2025-07-28 01:49:35','[\"fashion\\/products\\/product-1.png\",\"fashion\\/products\\/product-8.png\"]'),(129,3,NULL,NULL,14,2,'The code is good, in general, if you like it, can you give it 5 stars?','published','2025-07-28 01:49:35','2025-07-28 01:49:35','[\"fashion\\/products\\/product-1.png\",\"fashion\\/products\\/product-7.png\",\"fashion\\/products\\/product-8.png\"]'),(131,5,NULL,NULL,10,5,'I Love this Script. I also found how to add other fees. Now I just wait the BIG update for the Marketplace with the Bulk Import. Just do not forget to make it to be Multi-language for us the Botble Fans.','published','2025-07-28 01:49:35','2025-07-28 01:49:35','[\"fashion\\/products\\/product-7.png\",\"fashion\\/products\\/product-8.png\"]'),(135,2,NULL,NULL,42,1,'Second or third time that I buy a Botble product, happy with the products and support. You guys do a good job :)','published','2025-07-28 01:49:35','2025-07-28 01:49:35','[\"fashion\\/products\\/product-1.png\"]'),(136,7,NULL,NULL,26,1,'Very enthusiastic support! Excellent code is written. It\'s a true pleasure working with.','published','2025-07-28 01:49:35','2025-07-28 01:49:35','[\"fashion\\/products\\/product-2.png\",\"fashion\\/products\\/product-3.png\",\"fashion\\/products\\/product-4.png\",\"fashion\\/products\\/product-5.png\"]'),(137,10,NULL,NULL,2,4,'I Love this Script. I also found how to add other fees. Now I just wait the BIG update for the Marketplace with the Bulk Import. Just do not forget to make it to be Multi-language for us the Botble Fans.','published','2025-07-28 01:49:35','2025-07-28 01:49:35','[\"fashion\\/products\\/product-7.png\"]'),(138,8,NULL,NULL,11,1,'The code is good, in general, if you like it, can you give it 5 stars?','published','2025-07-28 01:49:35','2025-07-28 01:49:35','[\"fashion\\/products\\/product-2.png\",\"fashion\\/products\\/product-3.png\",\"fashion\\/products\\/product-4.png\",\"fashion\\/products\\/product-7.png\"]'),(139,7,NULL,NULL,35,2,'The best store template! Excellent coding! Very good support! Thank you so much for all the help, I really appreciated.','published','2025-07-28 01:49:35','2025-07-28 01:49:35','[\"fashion\\/products\\/product-1.png\",\"fashion\\/products\\/product-3.png\",\"fashion\\/products\\/product-4.png\",\"fashion\\/products\\/product-8.png\"]'),(140,4,NULL,NULL,2,1,'Perfect +++++++++ i love it really also i get to fast ticket answers... Thanks Lot BOTBLE Teams','published','2025-07-28 01:49:35','2025-07-28 01:49:35','[\"fashion\\/products\\/product-1.png\",\"fashion\\/products\\/product-5.png\",\"fashion\\/products\\/product-7.png\",\"fashion\\/products\\/product-8.png\"]'),(141,2,NULL,NULL,21,1,'Best ecommerce CMS online store!','published','2025-07-28 01:49:35','2025-07-28 01:49:35','[\"fashion\\/products\\/product-3.png\",\"fashion\\/products\\/product-7.png\"]'),(142,4,NULL,NULL,4,5,'Clean & perfect source code','published','2025-07-28 01:49:35','2025-07-28 01:49:35','[\"fashion\\/products\\/product-1.png\",\"fashion\\/products\\/product-5.png\",\"fashion\\/products\\/product-7.png\",\"fashion\\/products\\/product-8.png\"]'),(143,8,NULL,NULL,7,4,'Perfect +++++++++ i love it really also i get to fast ticket answers... Thanks Lot BOTBLE Teams','published','2025-07-28 01:49:35','2025-07-28 01:49:35','[\"fashion\\/products\\/product-4.png\",\"fashion\\/products\\/product-7.png\",\"fashion\\/products\\/product-8.png\"]'),(144,7,NULL,NULL,41,4,'Great system, great support, good job Botble. I\'m looking forward to more great functional plugins.','published','2025-07-28 01:49:35','2025-07-28 01:49:35','[\"fashion\\/products\\/product-2.png\",\"fashion\\/products\\/product-3.png\",\"fashion\\/products\\/product-5.png\",\"fashion\\/products\\/product-7.png\"]'),(146,2,NULL,NULL,28,2,'Great system, great support, good job Botble. I\'m looking forward to more great functional plugins.','published','2025-07-28 01:49:35','2025-07-28 01:49:35','[\"fashion\\/products\\/product-4.png\",\"fashion\\/products\\/product-6.png\",\"fashion\\/products\\/product-7.png\"]'),(148,4,NULL,NULL,8,3,'Great system, great support, good job Botble. I\'m looking forward to more great functional plugins.','published','2025-07-28 01:49:35','2025-07-28 01:49:35','[\"fashion\\/products\\/product-4.png\"]'),(149,8,NULL,NULL,35,5,'The script is the best of its class, fast, easy to implement and work with , and the most important thing is the great support team , Recommend with no doubt.','published','2025-07-28 01:49:35','2025-07-28 01:49:35','[\"fashion\\/products\\/product-2.png\"]'),(151,2,NULL,NULL,13,5,'Very enthusiastic support! Excellent code is written. It\'s a true pleasure working with.','published','2025-07-28 01:49:35','2025-07-28 01:49:35','[\"fashion\\/products\\/product-3.png\",\"fashion\\/products\\/product-4.png\",\"fashion\\/products\\/product-7.png\",\"fashion\\/products\\/product-8.png\"]'),(152,3,NULL,NULL,30,3,'The code is good, in general, if you like it, can you give it 5 stars?','published','2025-07-28 01:49:35','2025-07-28 01:49:35','[\"fashion\\/products\\/product-4.png\",\"fashion\\/products\\/product-5.png\",\"fashion\\/products\\/product-6.png\",\"fashion\\/products\\/product-7.png\"]'),(154,8,NULL,NULL,21,4,'For me the best eCommerce script on Envato at this moment: modern, clean code, a lot of great features. The customer support is great too: I always get an answer within hours!','published','2025-07-28 01:49:35','2025-07-28 01:49:35','[\"fashion\\/products\\/product-2.png\",\"fashion\\/products\\/product-7.png\",\"fashion\\/products\\/product-8.png\"]'),(156,1,NULL,NULL,20,2,'This script is well coded and is super fast. The support is pretty quick. Very patient and helpful team. I strongly recommend it and they deserve more than 5 stars.','published','2025-07-28 01:49:35','2025-07-28 01:49:35','[\"fashion\\/products\\/product-1.png\",\"fashion\\/products\\/product-6.png\"]'),(158,5,NULL,NULL,41,2,'Clean & perfect source code','published','2025-07-28 01:49:35','2025-07-28 01:49:35','[\"fashion\\/products\\/product-3.png\",\"fashion\\/products\\/product-8.png\"]'),(159,9,NULL,NULL,31,3,'The best ecommerce CMS! Excellent coding! best support service! Thank you so much..... I really like your hard work.','published','2025-07-28 01:49:35','2025-07-28 01:49:35','[\"fashion\\/products\\/product-1.png\",\"fashion\\/products\\/product-7.png\",\"fashion\\/products\\/product-8.png\"]'),(160,10,NULL,NULL,24,5,'The best store template! Excellent coding! Very good support! Thank you so much for all the help, I really appreciated.','published','2025-07-28 01:49:35','2025-07-28 01:49:35','[\"fashion\\/products\\/product-4.png\"]'),(162,9,NULL,NULL,10,2,'Good app, good backup service and support. Good documentation.','published','2025-07-28 01:49:35','2025-07-28 01:49:35','[\"fashion\\/products\\/product-1.png\",\"fashion\\/products\\/product-2.png\",\"fashion\\/products\\/product-3.png\",\"fashion\\/products\\/product-7.png\"]'),(163,8,NULL,NULL,28,4,'For me the best eCommerce script on Envato at this moment: modern, clean code, a lot of great features. The customer support is great too: I always get an answer within hours!','published','2025-07-28 01:49:35','2025-07-28 01:49:35','[\"fashion\\/products\\/product-1.png\",\"fashion\\/products\\/product-5.png\",\"fashion\\/products\\/product-6.png\"]'),(164,9,NULL,NULL,17,1,'Those guys now what they are doing, the release such a good product that it\'s a pleasure to work with ! Even when I was stuck on the project, I created a ticket and the next day it was replied by the team. GOOD JOB guys. I love working with them :)','published','2025-07-28 01:49:35','2025-07-28 01:49:35','[\"fashion\\/products\\/product-3.png\",\"fashion\\/products\\/product-4.png\",\"fashion\\/products\\/product-8.png\"]'),(165,10,NULL,NULL,11,4,'Perfect +++++++++ i love it really also i get to fast ticket answers... Thanks Lot BOTBLE Teams','published','2025-07-28 01:49:35','2025-07-28 01:49:35','[\"fashion\\/products\\/product-1.png\"]'),(166,6,NULL,NULL,16,1,'Very enthusiastic support! Excellent code is written. It\'s a true pleasure working with.','published','2025-07-28 01:49:35','2025-07-28 01:49:35','[\"fashion\\/products\\/product-6.png\"]'),(168,9,NULL,NULL,39,4,'Amazing code, amazing support. Overall, im really confident in Botble and im happy I made the right choice! Thank you so much guys for coding this masterpiece','published','2025-07-28 01:49:35','2025-07-28 01:49:35','[\"fashion\\/products\\/product-1.png\"]'),(169,8,NULL,NULL,27,5,'Amazing code, amazing support. Overall, im really confident in Botble and im happy I made the right choice! Thank you so much guys for coding this masterpiece','published','2025-07-28 01:49:35','2025-07-28 01:49:35','[\"fashion\\/products\\/product-5.png\",\"fashion\\/products\\/product-7.png\",\"fashion\\/products\\/product-8.png\"]'),(171,6,NULL,NULL,28,3,'It\'s not my first experience here on Codecanyon and I can honestly tell you all that Botble puts a LOT of effort into the support. They answer so fast, they helped me tons of times. REALLY by far THE BEST EXPERIENCE on Codecanyon. Those guys at Botble are so good that they deserve 5 stars. I recommend them, I trust them and I can\'t wait to see what they will sell in a near future. Thank you Botble :)','published','2025-07-28 01:49:35','2025-07-28 01:49:35','[\"fashion\\/products\\/product-1.png\",\"fashion\\/products\\/product-4.png\",\"fashion\\/products\\/product-6.png\",\"fashion\\/products\\/product-8.png\"]'),(172,9,NULL,NULL,14,2,'Great system, great support, good job Botble. I\'m looking forward to more great functional plugins.','published','2025-07-28 01:49:35','2025-07-28 01:49:35','[\"fashion\\/products\\/product-1.png\",\"fashion\\/products\\/product-2.png\"]'),(176,1,NULL,NULL,4,1,'For me the best eCommerce script on Envato at this moment: modern, clean code, a lot of great features. The customer support is great too: I always get an answer within hours!','published','2025-07-28 01:49:35','2025-07-28 01:49:35','[\"fashion\\/products\\/product-6.png\",\"fashion\\/products\\/product-8.png\"]'),(178,6,NULL,NULL,23,2,'These guys are amazing! Responses immediately, amazing support and help... I immediately feel at ease after Purchasing..','published','2025-07-28 01:49:35','2025-07-28 01:49:35','[\"fashion\\/products\\/product-2.png\",\"fashion\\/products\\/product-3.png\",\"fashion\\/products\\/product-6.png\",\"fashion\\/products\\/product-8.png\"]'),(179,6,NULL,NULL,22,1,'Good app, good backup service and support. Good documentation.','published','2025-07-28 01:49:35','2025-07-28 01:49:35','[\"fashion\\/products\\/product-2.png\",\"fashion\\/products\\/product-3.png\",\"fashion\\/products\\/product-4.png\",\"fashion\\/products\\/product-5.png\"]'),(181,2,NULL,NULL,19,3,'This script is well coded and is super fast. The support is pretty quick. Very patient and helpful team. I strongly recommend it and they deserve more than 5 stars.','published','2025-07-28 01:49:35','2025-07-28 01:49:35','[\"fashion\\/products\\/product-2.png\",\"fashion\\/products\\/product-5.png\",\"fashion\\/products\\/product-8.png\"]'),(185,7,NULL,NULL,2,5,'I Love this Script. I also found how to add other fees. Now I just wait the BIG update for the Marketplace with the Bulk Import. Just do not forget to make it to be Multi-language for us the Botble Fans.','published','2025-07-28 01:49:35','2025-07-28 01:49:35','[\"fashion\\/products\\/product-2.png\",\"fashion\\/products\\/product-5.png\"]'),(186,5,NULL,NULL,29,5,'Solution is too robust for our purpose so we didn\'t use it at the end. But I appreciate customer support during initial configuration.','published','2025-07-28 01:49:35','2025-07-28 01:49:35','[\"fashion\\/products\\/product-3.png\",\"fashion\\/products\\/product-5.png\",\"fashion\\/products\\/product-6.png\",\"fashion\\/products\\/product-7.png\"]'),(188,5,NULL,NULL,14,1,'This script is well coded and is super fast. The support is pretty quick. Very patient and helpful team. I strongly recommend it and they deserve more than 5 stars.','published','2025-07-28 01:49:35','2025-07-28 01:49:35','[\"fashion\\/products\\/product-1.png\",\"fashion\\/products\\/product-4.png\",\"fashion\\/products\\/product-7.png\",\"fashion\\/products\\/product-8.png\"]'),(189,8,NULL,NULL,10,4,'Great system, great support, good job Botble. I\'m looking forward to more great functional plugins.','published','2025-07-28 01:49:35','2025-07-28 01:49:35','[\"fashion\\/products\\/product-4.png\",\"fashion\\/products\\/product-6.png\",\"fashion\\/products\\/product-8.png\"]'),(190,5,NULL,NULL,4,5,'Those guys now what they are doing, the release such a good product that it\'s a pleasure to work with ! Even when I was stuck on the project, I created a ticket and the next day it was replied by the team. GOOD JOB guys. I love working with them :)','published','2025-07-28 01:49:35','2025-07-28 01:49:35','[\"fashion\\/products\\/product-1.png\",\"fashion\\/products\\/product-3.png\",\"fashion\\/products\\/product-4.png\",\"fashion\\/products\\/product-7.png\"]'),(193,9,NULL,NULL,32,1,'The script is the best of its class, fast, easy to implement and work with , and the most important thing is the great support team , Recommend with no doubt.','published','2025-07-28 01:49:35','2025-07-28 01:49:35','[\"fashion\\/products\\/product-1.png\",\"fashion\\/products\\/product-2.png\",\"fashion\\/products\\/product-5.png\",\"fashion\\/products\\/product-6.png\"]'),(194,2,NULL,NULL,8,2,'It\'s not my first experience here on Codecanyon and I can honestly tell you all that Botble puts a LOT of effort into the support. They answer so fast, they helped me tons of times. REALLY by far THE BEST EXPERIENCE on Codecanyon. Those guys at Botble are so good that they deserve 5 stars. I recommend them, I trust them and I can\'t wait to see what they will sell in a near future. Thank you Botble :)','published','2025-07-28 01:49:35','2025-07-28 01:49:35','[\"fashion\\/products\\/product-6.png\"]'),(195,7,NULL,NULL,7,5,'The best ecommerce CMS! Excellent coding! best support service! Thank you so much..... I really like your hard work.','published','2025-07-28 01:49:35','2025-07-28 01:49:35','[\"fashion\\/products\\/product-3.png\"]'),(196,9,NULL,NULL,13,1,'Ok good product. I have some issues in customizations. But its not correct to blame the developer. The product is good. Good luck for your business.','published','2025-07-28 01:49:35','2025-07-28 01:49:35','[\"fashion\\/products\\/product-2.png\",\"fashion\\/products\\/product-5.png\",\"fashion\\/products\\/product-8.png\"]'),(197,7,NULL,NULL,16,4,'The script is the best of its class, fast, easy to implement and work with , and the most important thing is the great support team , Recommend with no doubt.','published','2025-07-28 01:49:35','2025-07-28 01:49:35','[\"fashion\\/products\\/product-7.png\"]'),(198,4,NULL,NULL,9,5,'Best ecommerce CMS online store!','published','2025-07-28 01:49:35','2025-07-28 01:49:35','[\"fashion\\/products\\/product-6.png\"]'),(199,5,NULL,NULL,19,3,'For me the best eCommerce script on Envato at this moment: modern, clean code, a lot of great features. The customer support is great too: I always get an answer within hours!','published','2025-07-28 01:49:35','2025-07-28 01:49:35','[\"fashion\\/products\\/product-2.png\",\"fashion\\/products\\/product-8.png\"]'),(201,9,NULL,NULL,20,4,'It\'s not my first experience here on Codecanyon and I can honestly tell you all that Botble puts a LOT of effort into the support. They answer so fast, they helped me tons of times. REALLY by far THE BEST EXPERIENCE on Codecanyon. Those guys at Botble are so good that they deserve 5 stars. I recommend them, I trust them and I can\'t wait to see what they will sell in a near future. Thank you Botble :)','published','2025-07-28 01:49:35','2025-07-28 01:49:35','[\"fashion\\/products\\/product-4.png\",\"fashion\\/products\\/product-8.png\"]'),(202,7,NULL,NULL,17,4,'This web app is really good in design, code quality & features. Besides, the customer support provided by the Botble team was really fast & helpful. You guys are awesome!','published','2025-07-28 01:49:35','2025-07-28 01:49:35','[\"fashion\\/products\\/product-3.png\"]'),(203,5,NULL,NULL,37,5,'Best ecommerce CMS online store!','published','2025-07-28 01:49:35','2025-07-28 01:49:35','[\"fashion\\/products\\/product-6.png\",\"fashion\\/products\\/product-8.png\"]'),(204,6,NULL,NULL,3,3,'Very enthusiastic support! Excellent code is written. It\'s a true pleasure working with.','published','2025-07-28 01:49:35','2025-07-28 01:49:35','[\"fashion\\/products\\/product-1.png\",\"fashion\\/products\\/product-4.png\",\"fashion\\/products\\/product-5.png\",\"fashion\\/products\\/product-6.png\"]'),(205,8,NULL,NULL,20,2,'Solution is too robust for our purpose so we didn\'t use it at the end. But I appreciate customer support during initial configuration.','published','2025-07-28 01:49:35','2025-07-28 01:49:35','[\"fashion\\/products\\/product-2.png\",\"fashion\\/products\\/product-6.png\",\"fashion\\/products\\/product-8.png\"]'),(206,9,NULL,NULL,25,3,'Cool template. Excellent code quality. The support responds very quickly, which is very rare on themeforest and codecanyon.net, I buy a lot of templates, and everyone will have a response from technical support for two or three days. Thanks to tech support. I recommend to buy.','published','2025-07-28 01:49:35','2025-07-28 01:49:35','[\"fashion\\/products\\/product-1.png\",\"fashion\\/products\\/product-4.png\",\"fashion\\/products\\/product-7.png\",\"fashion\\/products\\/product-8.png\"]'),(209,8,NULL,NULL,37,1,'Solution is too robust for our purpose so we didn\'t use it at the end. But I appreciate customer support during initial configuration.','published','2025-07-28 01:49:35','2025-07-28 01:49:35','[\"fashion\\/products\\/product-2.png\",\"fashion\\/products\\/product-4.png\",\"fashion\\/products\\/product-8.png\"]'),(210,4,NULL,NULL,17,4,'For me the best eCommerce script on Envato at this moment: modern, clean code, a lot of great features. The customer support is great too: I always get an answer within hours!','published','2025-07-28 01:49:35','2025-07-28 01:49:35','[\"fashion\\/products\\/product-1.png\",\"fashion\\/products\\/product-3.png\"]'),(211,1,NULL,NULL,11,1,'Solution is too robust for our purpose so we didn\'t use it at the end. But I appreciate customer support during initial configuration.','published','2025-07-28 01:49:35','2025-07-28 01:49:35','[\"fashion\\/products\\/product-4.png\",\"fashion\\/products\\/product-5.png\",\"fashion\\/products\\/product-8.png\"]'),(212,1,NULL,NULL,14,1,'This script is well coded and is super fast. The support is pretty quick. Very patient and helpful team. I strongly recommend it and they deserve more than 5 stars.','published','2025-07-28 01:49:35','2025-07-28 01:49:35','[\"fashion\\/products\\/product-1.png\",\"fashion\\/products\\/product-4.png\",\"fashion\\/products\\/product-5.png\",\"fashion\\/products\\/product-8.png\"]'),(213,10,NULL,NULL,10,4,'Those guys now what they are doing, the release such a good product that it\'s a pleasure to work with ! Even when I was stuck on the project, I created a ticket and the next day it was replied by the team. GOOD JOB guys. I love working with them :)','published','2025-07-28 01:49:35','2025-07-28 01:49:35','[\"fashion\\/products\\/product-2.png\",\"fashion\\/products\\/product-7.png\"]'),(217,10,NULL,NULL,42,4,'Cool template. Excellent code quality. The support responds very quickly, which is very rare on themeforest and codecanyon.net, I buy a lot of templates, and everyone will have a response from technical support for two or three days. Thanks to tech support. I recommend to buy.','published','2025-07-28 01:49:35','2025-07-28 01:49:35','[\"fashion\\/products\\/product-2.png\",\"fashion\\/products\\/product-4.png\",\"fashion\\/products\\/product-6.png\"]'),(219,10,NULL,NULL,31,4,'Clean & perfect source code','published','2025-07-28 01:49:35','2025-07-28 01:49:35','[\"fashion\\/products\\/product-2.png\",\"fashion\\/products\\/product-4.png\",\"fashion\\/products\\/product-6.png\",\"fashion\\/products\\/product-7.png\"]'),(220,3,NULL,NULL,31,4,'We have received brilliant service support and will be expanding the features with the developer. Nice product!','published','2025-07-28 01:49:35','2025-07-28 01:49:35','[\"fashion\\/products\\/product-2.png\",\"fashion\\/products\\/product-4.png\",\"fashion\\/products\\/product-8.png\"]'),(221,6,NULL,NULL,4,1,'Best ecommerce CMS online store!','published','2025-07-28 01:49:35','2025-07-28 01:49:35','[\"fashion\\/products\\/product-4.png\",\"fashion\\/products\\/product-5.png\",\"fashion\\/products\\/product-7.png\",\"fashion\\/products\\/product-8.png\"]'),(222,1,NULL,NULL,40,2,'Ok good product. I have some issues in customizations. But its not correct to blame the developer. The product is good. Good luck for your business.','published','2025-07-28 01:49:35','2025-07-28 01:49:35','[\"fashion\\/products\\/product-4.png\",\"fashion\\/products\\/product-8.png\"]'),(223,10,NULL,NULL,6,2,'Second or third time that I buy a Botble product, happy with the products and support. You guys do a good job :)','published','2025-07-28 01:49:35','2025-07-28 01:49:35','[\"fashion\\/products\\/product-1.png\",\"fashion\\/products\\/product-3.png\",\"fashion\\/products\\/product-8.png\"]'),(224,10,NULL,NULL,1,5,'We have received brilliant service support and will be expanding the features with the developer. Nice product!','published','2025-07-28 01:49:35','2025-07-28 01:49:35','[\"fashion\\/products\\/product-5.png\"]'),(226,6,NULL,NULL,37,1,'Solution is too robust for our purpose so we didn\'t use it at the end. But I appreciate customer support during initial configuration.','published','2025-07-28 01:49:35','2025-07-28 01:49:35','[\"fashion\\/products\\/product-3.png\",\"fashion\\/products\\/product-5.png\",\"fashion\\/products\\/product-7.png\",\"fashion\\/products\\/product-8.png\"]'),(227,2,NULL,NULL,26,3,'We have received brilliant service support and will be expanding the features with the developer. Nice product!','published','2025-07-28 01:49:35','2025-07-28 01:49:35','[\"fashion\\/products\\/product-5.png\",\"fashion\\/products\\/product-7.png\"]'),(228,1,NULL,NULL,19,1,'Second or third time that I buy a Botble product, happy with the products and support. You guys do a good job :)','published','2025-07-28 01:49:35','2025-07-28 01:49:35','[\"fashion\\/products\\/product-4.png\",\"fashion\\/products\\/product-5.png\",\"fashion\\/products\\/product-8.png\"]'),(235,2,NULL,NULL,39,5,'Clean & perfect source code','published','2025-07-28 01:49:35','2025-07-28 01:49:35','[\"fashion\\/products\\/product-3.png\",\"fashion\\/products\\/product-8.png\"]'),(238,3,NULL,NULL,13,2,'I Love this Script. I also found how to add other fees. Now I just wait the BIG update for the Marketplace with the Bulk Import. Just do not forget to make it to be Multi-language for us the Botble Fans.','published','2025-07-28 01:49:35','2025-07-28 01:49:35','[\"fashion\\/products\\/product-7.png\"]'),(239,5,NULL,NULL,40,5,'As a developer I reviewed this script. This is really awesome ecommerce script. I have convinced when I noticed that it\'s built on fully WordPress concept.','published','2025-07-28 01:49:35','2025-07-28 01:49:35','[\"fashion\\/products\\/product-5.png\",\"fashion\\/products\\/product-6.png\"]'),(240,3,NULL,NULL,29,2,'This script is well coded and is super fast. The support is pretty quick. Very patient and helpful team. I strongly recommend it and they deserve more than 5 stars.','published','2025-07-28 01:49:35','2025-07-28 01:49:35','[\"fashion\\/products\\/product-3.png\",\"fashion\\/products\\/product-8.png\"]'),(243,9,NULL,NULL,42,1,'For me the best eCommerce script on Envato at this moment: modern, clean code, a lot of great features. The customer support is great too: I always get an answer within hours!','published','2025-07-28 01:49:35','2025-07-28 01:49:35','[\"fashion\\/products\\/product-3.png\",\"fashion\\/products\\/product-5.png\"]'),(245,4,NULL,NULL,12,4,'The best store template! Excellent coding! Very good support! Thank you so much for all the help, I really appreciated.','published','2025-07-28 01:49:35','2025-07-28 01:49:35','[\"fashion\\/products\\/product-5.png\",\"fashion\\/products\\/product-6.png\",\"fashion\\/products\\/product-7.png\"]'),(247,2,NULL,NULL,35,3,'Very enthusiastic support! Excellent code is written. It\'s a true pleasure working with.','published','2025-07-28 01:49:35','2025-07-28 01:49:35','[\"fashion\\/products\\/product-1.png\",\"fashion\\/products\\/product-3.png\",\"fashion\\/products\\/product-5.png\",\"fashion\\/products\\/product-6.png\"]'),(249,2,NULL,NULL,5,3,'As a developer I reviewed this script. This is really awesome ecommerce script. I have convinced when I noticed that it\'s built on fully WordPress concept.','published','2025-07-28 01:49:35','2025-07-28 01:49:35','[\"fashion\\/products\\/product-5.png\",\"fashion\\/products\\/product-8.png\"]'),(250,3,NULL,NULL,6,1,'Solution is too robust for our purpose so we didn\'t use it at the end. But I appreciate customer support during initial configuration.','published','2025-07-28 01:49:35','2025-07-28 01:49:35','[\"fashion\\/products\\/product-2.png\"]'),(254,4,NULL,NULL,25,2,'As a developer I reviewed this script. This is really awesome ecommerce script. I have convinced when I noticed that it\'s built on fully WordPress concept.','published','2025-07-28 01:49:35','2025-07-28 01:49:35','[\"fashion\\/products\\/product-5.png\",\"fashion\\/products\\/product-6.png\"]'),(255,9,NULL,NULL,27,2,'This web app is really good in design, code quality & features. Besides, the customer support provided by the Botble team was really fast & helpful. You guys are awesome!','published','2025-07-28 01:49:35','2025-07-28 01:49:35','[\"fashion\\/products\\/product-4.png\",\"fashion\\/products\\/product-5.png\"]'),(256,6,NULL,NULL,25,5,'Good app, good backup service and support. Good documentation.','published','2025-07-28 01:49:35','2025-07-28 01:49:35','[\"fashion\\/products\\/product-2.png\",\"fashion\\/products\\/product-3.png\"]'),(258,3,NULL,NULL,11,2,'Those guys now what they are doing, the release such a good product that it\'s a pleasure to work with ! Even when I was stuck on the project, I created a ticket and the next day it was replied by the team. GOOD JOB guys. I love working with them :)','published','2025-07-28 01:49:35','2025-07-28 01:49:35','[\"fashion\\/products\\/product-3.png\",\"fashion\\/products\\/product-5.png\",\"fashion\\/products\\/product-6.png\",\"fashion\\/products\\/product-7.png\"]'),(262,6,NULL,NULL,17,3,'Second or third time that I buy a Botble product, happy with the products and support. You guys do a good job :)','published','2025-07-28 01:49:35','2025-07-28 01:49:35','[\"fashion\\/products\\/product-1.png\",\"fashion\\/products\\/product-4.png\",\"fashion\\/products\\/product-7.png\",\"fashion\\/products\\/product-8.png\"]'),(264,7,NULL,NULL,11,1,'Amazing code, amazing support. Overall, im really confident in Botble and im happy I made the right choice! Thank you so much guys for coding this masterpiece','published','2025-07-28 01:49:35','2025-07-28 01:49:35','[\"fashion\\/products\\/product-1.png\",\"fashion\\/products\\/product-2.png\",\"fashion\\/products\\/product-3.png\",\"fashion\\/products\\/product-5.png\"]'),(266,4,NULL,NULL,19,3,'This web app is really good in design, code quality & features. Besides, the customer support provided by the Botble team was really fast & helpful. You guys are awesome!','published','2025-07-28 01:49:35','2025-07-28 01:49:35','[\"fashion\\/products\\/product-5.png\",\"fashion\\/products\\/product-6.png\",\"fashion\\/products\\/product-7.png\",\"fashion\\/products\\/product-8.png\"]'),(271,3,NULL,NULL,10,2,'Those guys now what they are doing, the release such a good product that it\'s a pleasure to work with ! Even when I was stuck on the project, I created a ticket and the next day it was replied by the team. GOOD JOB guys. I love working with them :)','published','2025-07-28 01:49:35','2025-07-28 01:49:35','[\"fashion\\/products\\/product-2.png\",\"fashion\\/products\\/product-8.png\"]'),(272,2,NULL,NULL,4,5,'We have received brilliant service support and will be expanding the features with the developer. Nice product!','published','2025-07-28 01:49:35','2025-07-28 01:49:35','[\"fashion\\/products\\/product-1.png\",\"fashion\\/products\\/product-3.png\",\"fashion\\/products\\/product-5.png\",\"fashion\\/products\\/product-7.png\"]'),(273,1,NULL,NULL,34,4,'This web app is really good in design, code quality & features. Besides, the customer support provided by the Botble team was really fast & helpful. You guys are awesome!','published','2025-07-28 01:49:35','2025-07-28 01:49:35','[\"fashion\\/products\\/product-6.png\"]'),(275,5,NULL,NULL,32,2,'For me the best eCommerce script on Envato at this moment: modern, clean code, a lot of great features. The customer support is great too: I always get an answer within hours!','published','2025-07-28 01:49:35','2025-07-28 01:49:35','[\"fashion\\/products\\/product-1.png\",\"fashion\\/products\\/product-2.png\",\"fashion\\/products\\/product-6.png\",\"fashion\\/products\\/product-7.png\"]'),(276,8,NULL,NULL,8,5,'For me the best eCommerce script on Envato at this moment: modern, clean code, a lot of great features. The customer support is great too: I always get an answer within hours!','published','2025-07-28 01:49:35','2025-07-28 01:49:35','[\"fashion\\/products\\/product-1.png\",\"fashion\\/products\\/product-3.png\",\"fashion\\/products\\/product-4.png\",\"fashion\\/products\\/product-6.png\"]'),(277,5,NULL,NULL,1,3,'Very enthusiastic support! Excellent code is written. It\'s a true pleasure working with.','published','2025-07-28 01:49:35','2025-07-28 01:49:35','[\"fashion\\/products\\/product-1.png\",\"fashion\\/products\\/product-5.png\",\"fashion\\/products\\/product-6.png\"]'),(278,10,NULL,NULL,23,2,'Cool template. Excellent code quality. The support responds very quickly, which is very rare on themeforest and codecanyon.net, I buy a lot of templates, and everyone will have a response from technical support for two or three days. Thanks to tech support. I recommend to buy.','published','2025-07-28 01:49:35','2025-07-28 01:49:35','[\"fashion\\/products\\/product-1.png\",\"fashion\\/products\\/product-2.png\",\"fashion\\/products\\/product-4.png\",\"fashion\\/products\\/product-7.png\"]'),(279,4,NULL,NULL,32,2,'Clean & perfect source code','published','2025-07-28 01:49:35','2025-07-28 01:49:35','[\"fashion\\/products\\/product-4.png\"]'),(281,3,NULL,NULL,28,1,'For me the best eCommerce script on Envato at this moment: modern, clean code, a lot of great features. The customer support is great too: I always get an answer within hours!','published','2025-07-28 01:49:35','2025-07-28 01:49:35','[\"fashion\\/products\\/product-2.png\",\"fashion\\/products\\/product-6.png\",\"fashion\\/products\\/product-7.png\",\"fashion\\/products\\/product-8.png\"]'),(282,7,NULL,NULL,14,5,'Customer Support are grade (A*), however the code is a way too over engineered for it\'s purpose.','published','2025-07-28 01:49:35','2025-07-28 01:49:35','[\"fashion\\/products\\/product-1.png\",\"fashion\\/products\\/product-6.png\",\"fashion\\/products\\/product-8.png\"]'),(283,9,NULL,NULL,15,3,'Clean & perfect source code','published','2025-07-28 01:49:35','2025-07-28 01:49:35','[\"fashion\\/products\\/product-1.png\",\"fashion\\/products\\/product-6.png\",\"fashion\\/products\\/product-7.png\"]'),(286,5,NULL,NULL,28,3,'Customer Support are grade (A*), however the code is a way too over engineered for it\'s purpose.','published','2025-07-28 01:49:35','2025-07-28 01:49:35','[\"fashion\\/products\\/product-1.png\",\"fashion\\/products\\/product-4.png\"]'),(287,8,NULL,NULL,9,1,'It\'s not my first experience here on Codecanyon and I can honestly tell you all that Botble puts a LOT of effort into the support. They answer so fast, they helped me tons of times. REALLY by far THE BEST EXPERIENCE on Codecanyon. Those guys at Botble are so good that they deserve 5 stars. I recommend them, I trust them and I can\'t wait to see what they will sell in a near future. Thank you Botble :)','published','2025-07-28 01:49:35','2025-07-28 01:49:35','[\"fashion\\/products\\/product-3.png\",\"fashion\\/products\\/product-7.png\"]'),(290,6,NULL,NULL,6,5,'Second or third time that I buy a Botble product, happy with the products and support. You guys do a good job :)','published','2025-07-28 01:49:35','2025-07-28 01:49:35','[\"fashion\\/products\\/product-1.png\"]'),(296,10,NULL,NULL,18,3,'Customer Support are grade (A*), however the code is a way too over engineered for it\'s purpose.','published','2025-07-28 01:49:35','2025-07-28 01:49:35','[\"fashion\\/products\\/product-3.png\",\"fashion\\/products\\/product-5.png\",\"fashion\\/products\\/product-8.png\"]'),(298,2,NULL,NULL,30,1,'This web app is really good in design, code quality & features. Besides, the customer support provided by the Botble team was really fast & helpful. You guys are awesome!','published','2025-07-28 01:49:35','2025-07-28 01:49:35','[\"fashion\\/products\\/product-4.png\",\"fashion\\/products\\/product-5.png\",\"fashion\\/products\\/product-7.png\"]'),(300,9,NULL,NULL,3,3,'The script is the best of its class, fast, easy to implement and work with , and the most important thing is the great support team , Recommend with no doubt.','published','2025-07-28 01:49:35','2025-07-28 01:49:35','[\"fashion\\/products\\/product-1.png\"]'),(303,6,NULL,NULL,1,2,'This script is well coded and is super fast. The support is pretty quick. Very patient and helpful team. I strongly recommend it and they deserve more than 5 stars.','published','2025-07-28 01:49:35','2025-07-28 01:49:35','[\"fashion\\/products\\/product-1.png\",\"fashion\\/products\\/product-2.png\"]'),(304,3,NULL,NULL,41,1,'Best ecommerce CMS online store!','published','2025-07-28 01:49:35','2025-07-28 01:49:35','[\"fashion\\/products\\/product-2.png\",\"fashion\\/products\\/product-4.png\",\"fashion\\/products\\/product-5.png\",\"fashion\\/products\\/product-6.png\"]'),(306,6,NULL,NULL,30,2,'I Love this Script. I also found how to add other fees. Now I just wait the BIG update for the Marketplace with the Bulk Import. Just do not forget to make it to be Multi-language for us the Botble Fans.','published','2025-07-28 01:49:35','2025-07-28 01:49:35','[\"fashion\\/products\\/product-1.png\"]'),(309,2,NULL,NULL,32,3,'As a developer I reviewed this script. This is really awesome ecommerce script. I have convinced when I noticed that it\'s built on fully WordPress concept.','published','2025-07-28 01:49:35','2025-07-28 01:49:35','[\"fashion\\/products\\/product-2.png\"]'),(310,1,NULL,NULL,18,3,'Those guys now what they are doing, the release such a good product that it\'s a pleasure to work with ! Even when I was stuck on the project, I created a ticket and the next day it was replied by the team. GOOD JOB guys. I love working with them :)','published','2025-07-28 01:49:35','2025-07-28 01:49:35','[\"fashion\\/products\\/product-1.png\",\"fashion\\/products\\/product-3.png\",\"fashion\\/products\\/product-7.png\"]'),(311,4,NULL,NULL,40,5,'The best store template! Excellent coding! Very good support! Thank you so much for all the help, I really appreciated.','published','2025-07-28 01:49:35','2025-07-28 01:49:35','[\"fashion\\/products\\/product-8.png\"]'),(313,7,NULL,NULL,34,2,'As a developer I reviewed this script. This is really awesome ecommerce script. I have convinced when I noticed that it\'s built on fully WordPress concept.','published','2025-07-28 01:49:35','2025-07-28 01:49:35','[\"fashion\\/products\\/product-1.png\",\"fashion\\/products\\/product-4.png\"]'),(314,2,NULL,NULL,3,4,'Those guys now what they are doing, the release such a good product that it\'s a pleasure to work with ! Even when I was stuck on the project, I created a ticket and the next day it was replied by the team. GOOD JOB guys. I love working with them :)','published','2025-07-28 01:49:35','2025-07-28 01:49:35','[\"fashion\\/products\\/product-1.png\",\"fashion\\/products\\/product-4.png\"]'),(327,4,NULL,NULL,24,2,'This script is well coded and is super fast. The support is pretty quick. Very patient and helpful team. I strongly recommend it and they deserve more than 5 stars.','published','2025-07-28 01:49:35','2025-07-28 01:49:35','[\"fashion\\/products\\/product-8.png\"]'),(328,8,NULL,NULL,30,2,'Second or third time that I buy a Botble product, happy with the products and support. You guys do a good job :)','published','2025-07-28 01:49:35','2025-07-28 01:49:35','[\"fashion\\/products\\/product-1.png\",\"fashion\\/products\\/product-2.png\",\"fashion\\/products\\/product-4.png\",\"fashion\\/products\\/product-6.png\"]'),(331,2,NULL,NULL,14,3,'The code is good, in general, if you like it, can you give it 5 stars?','published','2025-07-28 01:49:35','2025-07-28 01:49:35','[\"fashion\\/products\\/product-2.png\",\"fashion\\/products\\/product-3.png\",\"fashion\\/products\\/product-4.png\",\"fashion\\/products\\/product-8.png\"]'),(334,1,NULL,NULL,2,1,'The code is good, in general, if you like it, can you give it 5 stars?','published','2025-07-28 01:49:35','2025-07-28 01:49:35','[\"fashion\\/products\\/product-3.png\"]'),(335,9,NULL,NULL,16,5,'Solution is too robust for our purpose so we didn\'t use it at the end. But I appreciate customer support during initial configuration.','published','2025-07-28 01:49:35','2025-07-28 01:49:35','[\"fashion\\/products\\/product-3.png\",\"fashion\\/products\\/product-5.png\"]'),(342,7,NULL,NULL,29,5,'Very enthusiastic support! Excellent code is written. It\'s a true pleasure working with.','published','2025-07-28 01:49:35','2025-07-28 01:49:35','[\"fashion\\/products\\/product-1.png\",\"fashion\\/products\\/product-4.png\",\"fashion\\/products\\/product-6.png\"]'),(347,7,NULL,NULL,23,4,'These guys are amazing! Responses immediately, amazing support and help... I immediately feel at ease after Purchasing..','published','2025-07-28 01:49:35','2025-07-28 01:49:35','[\"fashion\\/products\\/product-1.png\",\"fashion\\/products\\/product-2.png\",\"fashion\\/products\\/product-5.png\"]'),(350,5,NULL,NULL,6,2,'Great E-commerce system. And much more : Wonderful Customer Support.','published','2025-07-28 01:49:35','2025-07-28 01:49:35','[\"fashion\\/products\\/product-2.png\",\"fashion\\/products\\/product-5.png\"]'),(351,9,NULL,NULL,24,4,'The best store template! Excellent coding! Very good support! Thank you so much for all the help, I really appreciated.','published','2025-07-28 01:49:35','2025-07-28 01:49:35','[\"fashion\\/products\\/product-2.png\",\"fashion\\/products\\/product-4.png\",\"fashion\\/products\\/product-8.png\"]'),(352,4,NULL,NULL,13,4,'Solution is too robust for our purpose so we didn\'t use it at the end. But I appreciate customer support during initial configuration.','published','2025-07-28 01:49:35','2025-07-28 01:49:35','[\"fashion\\/products\\/product-5.png\",\"fashion\\/products\\/product-6.png\"]'),(353,1,NULL,NULL,5,4,'The best ecommerce CMS! Excellent coding! best support service! Thank you so much..... I really like your hard work.','published','2025-07-28 01:49:35','2025-07-28 01:49:35','[\"fashion\\/products\\/product-3.png\",\"fashion\\/products\\/product-5.png\",\"fashion\\/products\\/product-6.png\",\"fashion\\/products\\/product-8.png\"]'),(358,8,NULL,NULL,17,1,'Amazing code, amazing support. Overall, im really confident in Botble and im happy I made the right choice! Thank you so much guys for coding this masterpiece','published','2025-07-28 01:49:35','2025-07-28 01:49:35','[\"fashion\\/products\\/product-5.png\",\"fashion\\/products\\/product-6.png\",\"fashion\\/products\\/product-7.png\"]'),(362,10,NULL,NULL,19,1,'For me the best eCommerce script on Envato at this moment: modern, clean code, a lot of great features. The customer support is great too: I always get an answer within hours!','published','2025-07-28 01:49:35','2025-07-28 01:49:35','[\"fashion\\/products\\/product-6.png\"]'),(365,3,NULL,NULL,24,4,'This web app is really good in design, code quality & features. Besides, the customer support provided by the Botble team was really fast & helpful. You guys are awesome!','published','2025-07-28 01:49:35','2025-07-28 01:49:35','[\"fashion\\/products\\/product-2.png\",\"fashion\\/products\\/product-4.png\"]'),(366,2,NULL,NULL,29,4,'Good app, good backup service and support. Good documentation.','published','2025-07-28 01:49:35','2025-07-28 01:49:35','[\"fashion\\/products\\/product-7.png\"]'),(369,6,NULL,NULL,20,4,'Very enthusiastic support! Excellent code is written. It\'s a true pleasure working with.','published','2025-07-28 01:49:35','2025-07-28 01:49:35','[\"fashion\\/products\\/product-3.png\",\"fashion\\/products\\/product-4.png\",\"fashion\\/products\\/product-6.png\",\"fashion\\/products\\/product-7.png\"]'),(370,1,NULL,NULL,3,2,'Amazing code, amazing support. Overall, im really confident in Botble and im happy I made the right choice! Thank you so much guys for coding this masterpiece','published','2025-07-28 01:49:35','2025-07-28 01:49:35','[\"fashion\\/products\\/product-3.png\",\"fashion\\/products\\/product-5.png\"]'),(373,5,NULL,NULL,9,3,'Cool template. Excellent code quality. The support responds very quickly, which is very rare on themeforest and codecanyon.net, I buy a lot of templates, and everyone will have a response from technical support for two or three days. Thanks to tech support. I recommend to buy.','published','2025-07-28 01:49:35','2025-07-28 01:49:35','[\"fashion\\/products\\/product-2.png\",\"fashion\\/products\\/product-4.png\",\"fashion\\/products\\/product-8.png\"]'),(375,1,NULL,NULL,16,1,'Ok good product. I have some issues in customizations. But its not correct to blame the developer. The product is good. Good luck for your business.','published','2025-07-28 01:49:35','2025-07-28 01:49:35','[\"fashion\\/products\\/product-2.png\",\"fashion\\/products\\/product-5.png\",\"fashion\\/products\\/product-8.png\"]'),(378,10,NULL,NULL,13,1,'For me the best eCommerce script on Envato at this moment: modern, clean code, a lot of great features. The customer support is great too: I always get an answer within hours!','published','2025-07-28 01:49:35','2025-07-28 01:49:35','[\"fashion\\/products\\/product-5.png\",\"fashion\\/products\\/product-6.png\",\"fashion\\/products\\/product-7.png\"]'),(381,8,NULL,NULL,15,1,'The script is the best of its class, fast, easy to implement and work with , and the most important thing is the great support team , Recommend with no doubt.','published','2025-07-28 01:49:35','2025-07-28 01:49:35','[\"fashion\\/products\\/product-2.png\",\"fashion\\/products\\/product-3.png\",\"fashion\\/products\\/product-5.png\",\"fashion\\/products\\/product-7.png\"]'),(384,1,NULL,NULL,24,1,'Second or third time that I buy a Botble product, happy with the products and support. You guys do a good job :)','published','2025-07-28 01:49:35','2025-07-28 01:49:35','[\"fashion\\/products\\/product-2.png\",\"fashion\\/products\\/product-3.png\",\"fashion\\/products\\/product-5.png\",\"fashion\\/products\\/product-6.png\"]'),(387,4,NULL,NULL,14,2,'Solution is too robust for our purpose so we didn\'t use it at the end. But I appreciate customer support during initial configuration.','published','2025-07-28 01:49:35','2025-07-28 01:49:35','[\"fashion\\/products\\/product-1.png\",\"fashion\\/products\\/product-5.png\"]'),(388,5,NULL,NULL,17,4,'The best ecommerce CMS! Excellent coding! best support service! Thank you so much..... I really like your hard work.','published','2025-07-28 01:49:35','2025-07-28 01:49:35','[\"fashion\\/products\\/product-4.png\"]'),(390,10,NULL,NULL,22,4,'The script is the best of its class, fast, easy to implement and work with , and the most important thing is the great support team , Recommend with no doubt.','published','2025-07-28 01:49:35','2025-07-28 01:49:35','[\"fashion\\/products\\/product-2.png\",\"fashion\\/products\\/product-5.png\",\"fashion\\/products\\/product-6.png\",\"fashion\\/products\\/product-7.png\"]'),(395,9,NULL,NULL,11,5,'Great system, great support, good job Botble. I\'m looking forward to more great functional plugins.','published','2025-07-28 01:49:35','2025-07-28 01:49:35','[\"fashion\\/products\\/product-2.png\",\"fashion\\/products\\/product-3.png\",\"fashion\\/products\\/product-8.png\"]'),(396,8,NULL,NULL,40,2,'Customer Support are grade (A*), however the code is a way too over engineered for it\'s purpose.','published','2025-07-28 01:49:35','2025-07-28 01:49:35','[\"fashion\\/products\\/product-1.png\",\"fashion\\/products\\/product-5.png\",\"fashion\\/products\\/product-7.png\",\"fashion\\/products\\/product-8.png\"]'),(397,1,NULL,NULL,28,1,'The code is good, in general, if you like it, can you give it 5 stars?','published','2025-07-28 01:49:35','2025-07-28 01:49:35','[\"fashion\\/products\\/product-2.png\",\"fashion\\/products\\/product-4.png\"]'),(398,6,NULL,NULL,5,2,'Customer Support are grade (A*), however the code is a way too over engineered for it\'s purpose.','published','2025-07-28 01:49:35','2025-07-28 01:49:35','[\"fashion\\/products\\/product-2.png\",\"fashion\\/products\\/product-5.png\",\"fashion\\/products\\/product-8.png\"]'),(400,1,NULL,NULL,21,5,'Great E-commerce system. And much more : Wonderful Customer Support.','published','2025-07-28 01:49:35','2025-07-28 01:49:35','[\"fashion\\/products\\/product-1.png\",\"fashion\\/products\\/product-6.png\"]'),(406,6,NULL,NULL,39,3,'Perfect +++++++++ i love it really also i get to fast ticket answers... Thanks Lot BOTBLE Teams','published','2025-07-28 01:49:35','2025-07-28 01:49:35','[\"fashion\\/products\\/product-1.png\",\"fashion\\/products\\/product-6.png\"]'),(408,4,NULL,NULL,41,1,'Good app, good backup service and support. Good documentation.','published','2025-07-28 01:49:35','2025-07-28 01:49:35','[\"fashion\\/products\\/product-3.png\",\"fashion\\/products\\/product-7.png\",\"fashion\\/products\\/product-8.png\"]'),(409,10,NULL,NULL,43,5,'Solution is too robust for our purpose so we didn\'t use it at the end. But I appreciate customer support during initial configuration.','published','2025-07-28 01:49:35','2025-07-28 01:49:35','[\"fashion\\/products\\/product-5.png\",\"fashion\\/products\\/product-7.png\"]'),(410,9,NULL,NULL,9,3,'Great E-commerce system. And much more : Wonderful Customer Support.','published','2025-07-28 01:49:35','2025-07-28 01:49:35','[\"fashion\\/products\\/product-1.png\",\"fashion\\/products\\/product-2.png\",\"fashion\\/products\\/product-6.png\",\"fashion\\/products\\/product-8.png\"]'),(412,1,NULL,NULL,8,3,'Great E-commerce system. And much more : Wonderful Customer Support.','published','2025-07-28 01:49:35','2025-07-28 01:49:35','[\"fashion\\/products\\/product-3.png\",\"fashion\\/products\\/product-4.png\"]'),(415,6,NULL,NULL,32,2,'Clean & perfect source code','published','2025-07-28 01:49:35','2025-07-28 01:49:35','[\"fashion\\/products\\/product-3.png\"]'),(418,10,NULL,NULL,35,5,'This script is well coded and is super fast. The support is pretty quick. Very patient and helpful team. I strongly recommend it and they deserve more than 5 stars.','published','2025-07-28 01:49:35','2025-07-28 01:49:35','[\"fashion\\/products\\/product-1.png\",\"fashion\\/products\\/product-6.png\",\"fashion\\/products\\/product-7.png\",\"fashion\\/products\\/product-8.png\"]'),(419,9,NULL,NULL,7,1,'Amazing code, amazing support. Overall, im really confident in Botble and im happy I made the right choice! Thank you so much guys for coding this masterpiece','published','2025-07-28 01:49:35','2025-07-28 01:49:35','[\"fashion\\/products\\/product-8.png\"]'),(421,3,NULL,NULL,15,3,'Cool template. Excellent code quality. The support responds very quickly, which is very rare on themeforest and codecanyon.net, I buy a lot of templates, and everyone will have a response from technical support for two or three days. Thanks to tech support. I recommend to buy.','published','2025-07-28 01:49:35','2025-07-28 01:49:35','[\"fashion\\/products\\/product-5.png\",\"fashion\\/products\\/product-6.png\",\"fashion\\/products\\/product-7.png\",\"fashion\\/products\\/product-8.png\"]'),(422,7,NULL,NULL,5,5,'The best ecommerce CMS! Excellent coding! best support service! Thank you so much..... I really like your hard work.','published','2025-07-28 01:49:35','2025-07-28 01:49:35','[\"fashion\\/products\\/product-1.png\",\"fashion\\/products\\/product-2.png\"]'),(423,9,NULL,NULL,35,5,'The best store template! Excellent coding! Very good support! Thank you so much for all the help, I really appreciated.','published','2025-07-28 01:49:35','2025-07-28 01:49:35','[\"fashion\\/products\\/product-3.png\",\"fashion\\/products\\/product-4.png\",\"fashion\\/products\\/product-6.png\"]'),(425,7,NULL,NULL,20,2,'Very enthusiastic support! Excellent code is written. It\'s a true pleasure working with.','published','2025-07-28 01:49:35','2025-07-28 01:49:35','[\"fashion\\/products\\/product-6.png\"]'),(431,3,NULL,NULL,7,4,'Ok good product. I have some issues in customizations. But its not correct to blame the developer. The product is good. Good luck for your business.','published','2025-07-28 01:49:35','2025-07-28 01:49:35','[\"fashion\\/products\\/product-2.png\",\"fashion\\/products\\/product-3.png\",\"fashion\\/products\\/product-8.png\"]'),(432,6,NULL,NULL,38,4,'It\'s not my first experience here on Codecanyon and I can honestly tell you all that Botble puts a LOT of effort into the support. They answer so fast, they helped me tons of times. REALLY by far THE BEST EXPERIENCE on Codecanyon. Those guys at Botble are so good that they deserve 5 stars. I recommend them, I trust them and I can\'t wait to see what they will sell in a near future. Thank you Botble :)','published','2025-07-28 01:49:35','2025-07-28 01:49:35','[\"fashion\\/products\\/product-2.png\"]'),(433,6,NULL,NULL,8,2,'The best store template! Excellent coding! Very good support! Thank you so much for all the help, I really appreciated.','published','2025-07-28 01:49:35','2025-07-28 01:49:35','[\"fashion\\/products\\/product-3.png\",\"fashion\\/products\\/product-5.png\",\"fashion\\/products\\/product-8.png\"]'),(434,9,NULL,NULL,1,2,'For me the best eCommerce script on Envato at this moment: modern, clean code, a lot of great features. The customer support is great too: I always get an answer within hours!','published','2025-07-28 01:49:35','2025-07-28 01:49:35','[\"fashion\\/products\\/product-1.png\",\"fashion\\/products\\/product-4.png\",\"fashion\\/products\\/product-5.png\",\"fashion\\/products\\/product-8.png\"]'),(442,7,NULL,NULL,39,2,'Perfect +++++++++ i love it really also i get to fast ticket answers... Thanks Lot BOTBLE Teams','published','2025-07-28 01:49:35','2025-07-28 01:49:35','[\"fashion\\/products\\/product-5.png\",\"fashion\\/products\\/product-6.png\",\"fashion\\/products\\/product-7.png\"]'),(446,2,NULL,NULL,20,5,'Great E-commerce system. And much more : Wonderful Customer Support.','published','2025-07-28 01:49:35','2025-07-28 01:49:35','[\"fashion\\/products\\/product-3.png\",\"fashion\\/products\\/product-5.png\",\"fashion\\/products\\/product-6.png\",\"fashion\\/products\\/product-7.png\"]'),(449,7,NULL,NULL,18,3,'Great E-commerce system. And much more : Wonderful Customer Support.','published','2025-07-28 01:49:35','2025-07-28 01:49:35','[\"fashion\\/products\\/product-1.png\",\"fashion\\/products\\/product-2.png\",\"fashion\\/products\\/product-4.png\",\"fashion\\/products\\/product-7.png\"]'),(456,8,NULL,NULL,13,5,'These guys are amazing! Responses immediately, amazing support and help... I immediately feel at ease after Purchasing..','published','2025-07-28 01:49:35','2025-07-28 01:49:35','[\"fashion\\/products\\/product-1.png\",\"fashion\\/products\\/product-4.png\",\"fashion\\/products\\/product-7.png\",\"fashion\\/products\\/product-8.png\"]'),(460,5,NULL,NULL,13,4,'Great system, great support, good job Botble. I\'m looking forward to more great functional plugins.','published','2025-07-28 01:49:35','2025-07-28 01:49:35','[\"fashion\\/products\\/product-1.png\",\"fashion\\/products\\/product-8.png\"]'),(461,9,NULL,NULL,5,1,'This script is well coded and is super fast. The support is pretty quick. Very patient and helpful team. I strongly recommend it and they deserve more than 5 stars.','published','2025-07-28 01:49:35','2025-07-28 01:49:35','[\"fashion\\/products\\/product-3.png\",\"fashion\\/products\\/product-6.png\",\"fashion\\/products\\/product-8.png\"]'),(466,7,NULL,NULL,32,4,'Those guys now what they are doing, the release such a good product that it\'s a pleasure to work with ! Even when I was stuck on the project, I created a ticket and the next day it was replied by the team. GOOD JOB guys. I love working with them :)','published','2025-07-28 01:49:35','2025-07-28 01:49:35','[\"fashion\\/products\\/product-4.png\",\"fashion\\/products\\/product-5.png\",\"fashion\\/products\\/product-7.png\"]'),(468,6,NULL,NULL,18,1,'Cool template. Excellent code quality. The support responds very quickly, which is very rare on themeforest and codecanyon.net, I buy a lot of templates, and everyone will have a response from technical support for two or three days. Thanks to tech support. I recommend to buy.','published','2025-07-28 01:49:35','2025-07-28 01:49:35','[\"fashion\\/products\\/product-3.png\",\"fashion\\/products\\/product-5.png\",\"fashion\\/products\\/product-7.png\"]'),(470,7,NULL,NULL,33,2,'Great E-commerce system. And much more : Wonderful Customer Support.','published','2025-07-28 01:49:35','2025-07-28 01:49:35','[\"fashion\\/products\\/product-1.png\",\"fashion\\/products\\/product-5.png\",\"fashion\\/products\\/product-6.png\"]'),(471,6,NULL,NULL,27,2,'Second or third time that I buy a Botble product, happy with the products and support. You guys do a good job :)','published','2025-07-28 01:49:35','2025-07-28 01:49:35','[\"fashion\\/products\\/product-1.png\",\"fashion\\/products\\/product-3.png\"]'),(472,3,NULL,NULL,12,1,'Ok good product. I have some issues in customizations. But its not correct to blame the developer. The product is good. Good luck for your business.','published','2025-07-28 01:49:35','2025-07-28 01:49:35','[\"fashion\\/products\\/product-3.png\",\"fashion\\/products\\/product-7.png\"]'),(473,7,NULL,NULL,12,3,'Good app, good backup service and support. Good documentation.','published','2025-07-28 01:49:35','2025-07-28 01:49:35','[\"fashion\\/products\\/product-1.png\",\"fashion\\/products\\/product-2.png\",\"fashion\\/products\\/product-4.png\"]'),(479,2,NULL,NULL,27,4,'Those guys now what they are doing, the release such a good product that it\'s a pleasure to work with ! Even when I was stuck on the project, I created a ticket and the next day it was replied by the team. GOOD JOB guys. I love working with them :)','published','2025-07-28 01:49:35','2025-07-28 01:49:35','[\"fashion\\/products\\/product-3.png\"]'),(480,8,NULL,NULL,39,5,'Very enthusiastic support! Excellent code is written. It\'s a true pleasure working with.','published','2025-07-28 01:49:35','2025-07-28 01:49:35','[\"fashion\\/products\\/product-2.png\"]'),(486,9,NULL,NULL,38,3,'The best ecommerce CMS! Excellent coding! best support service! Thank you so much..... I really like your hard work.','published','2025-07-28 01:49:35','2025-07-28 01:49:35','[\"fashion\\/products\\/product-1.png\",\"fashion\\/products\\/product-5.png\",\"fashion\\/products\\/product-7.png\"]'),(489,10,NULL,NULL,38,2,'Those guys now what they are doing, the release such a good product that it\'s a pleasure to work with ! Even when I was stuck on the project, I created a ticket and the next day it was replied by the team. GOOD JOB guys. I love working with them :)','published','2025-07-28 01:49:35','2025-07-28 01:49:35','[\"fashion\\/products\\/product-1.png\",\"fashion\\/products\\/product-8.png\"]'),(496,4,NULL,NULL,39,5,'Ok good product. I have some issues in customizations. But its not correct to blame the developer. The product is good. Good luck for your business.','published','2025-07-28 01:49:35','2025-07-28 01:49:35','[\"fashion\\/products\\/product-6.png\",\"fashion\\/products\\/product-8.png\"]'),(498,1,NULL,NULL,39,5,'Great system, great support, good job Botble. I\'m looking forward to more great functional plugins.','published','2025-07-28 01:49:35','2025-07-28 01:49:35','[\"fashion\\/products\\/product-3.png\",\"fashion\\/products\\/product-6.png\",\"fashion\\/products\\/product-8.png\"]'),(504,4,NULL,NULL,21,2,'The best store template! Excellent coding! Very good support! Thank you so much for all the help, I really appreciated.','published','2025-07-28 01:49:35','2025-07-28 01:49:35','[\"fashion\\/products\\/product-1.png\",\"fashion\\/products\\/product-8.png\"]'),(506,2,NULL,NULL,15,5,'These guys are amazing! Responses immediately, amazing support and help... I immediately feel at ease after Purchasing..','published','2025-07-28 01:49:35','2025-07-28 01:49:35','[\"fashion\\/products\\/product-1.png\",\"fashion\\/products\\/product-4.png\",\"fashion\\/products\\/product-5.png\",\"fashion\\/products\\/product-8.png\"]'),(508,4,NULL,NULL,16,1,'Great E-commerce system. And much more : Wonderful Customer Support.','published','2025-07-28 01:49:35','2025-07-28 01:49:35','[\"fashion\\/products\\/product-1.png\",\"fashion\\/products\\/product-3.png\",\"fashion\\/products\\/product-8.png\"]'),(514,7,NULL,NULL,3,3,'The script is the best of its class, fast, easy to implement and work with , and the most important thing is the great support team , Recommend with no doubt.','published','2025-07-28 01:49:35','2025-07-28 01:49:35','[\"fashion\\/products\\/product-1.png\",\"fashion\\/products\\/product-5.png\",\"fashion\\/products\\/product-6.png\"]'),(516,6,NULL,NULL,2,1,'It\'s not my first experience here on Codecanyon and I can honestly tell you all that Botble puts a LOT of effort into the support. They answer so fast, they helped me tons of times. REALLY by far THE BEST EXPERIENCE on Codecanyon. Those guys at Botble are so good that they deserve 5 stars. I recommend them, I trust them and I can\'t wait to see what they will sell in a near future. Thank you Botble :)','published','2025-07-28 01:49:35','2025-07-28 01:49:35','[\"fashion\\/products\\/product-1.png\"]'),(518,5,NULL,NULL,34,5,'The code is good, in general, if you like it, can you give it 5 stars?','published','2025-07-28 01:49:35','2025-07-28 01:49:35','[\"fashion\\/products\\/product-1.png\",\"fashion\\/products\\/product-3.png\",\"fashion\\/products\\/product-7.png\"]'),(519,5,NULL,NULL,27,5,'Perfect +++++++++ i love it really also i get to fast ticket answers... Thanks Lot BOTBLE Teams','published','2025-07-28 01:49:35','2025-07-28 01:49:35','[\"fashion\\/products\\/product-3.png\"]'),(521,2,NULL,NULL,18,3,'The best ecommerce CMS! Excellent coding! best support service! Thank you so much..... I really like your hard work.','published','2025-07-28 01:49:35','2025-07-28 01:49:35','[\"fashion\\/products\\/product-1.png\",\"fashion\\/products\\/product-2.png\",\"fashion\\/products\\/product-7.png\"]'),(522,1,NULL,NULL,41,5,'As a developer I reviewed this script. This is really awesome ecommerce script. I have convinced when I noticed that it\'s built on fully WordPress concept.','published','2025-07-28 01:49:35','2025-07-28 01:49:35','[\"fashion\\/products\\/product-4.png\"]'),(524,9,NULL,NULL,37,5,'This script is well coded and is super fast. The support is pretty quick. Very patient and helpful team. I strongly recommend it and they deserve more than 5 stars.','published','2025-07-28 01:49:35','2025-07-28 01:49:35','[\"fashion\\/products\\/product-4.png\",\"fashion\\/products\\/product-5.png\",\"fashion\\/products\\/product-6.png\",\"fashion\\/products\\/product-8.png\"]'),(531,3,NULL,NULL,17,4,'Clean & perfect source code','published','2025-07-28 01:49:35','2025-07-28 01:49:35','[\"fashion\\/products\\/product-1.png\",\"fashion\\/products\\/product-6.png\",\"fashion\\/products\\/product-8.png\"]'),(534,1,NULL,NULL,27,1,'Ok good product. I have some issues in customizations. But its not correct to blame the developer. The product is good. Good luck for your business.','published','2025-07-28 01:49:35','2025-07-28 01:49:35','[\"fashion\\/products\\/product-3.png\",\"fashion\\/products\\/product-7.png\",\"fashion\\/products\\/product-8.png\"]'),(537,4,NULL,NULL,10,5,'Very enthusiastic support! Excellent code is written. It\'s a true pleasure working with.','published','2025-07-28 01:49:35','2025-07-28 01:49:35','[\"fashion\\/products\\/product-2.png\",\"fashion\\/products\\/product-4.png\",\"fashion\\/products\\/product-5.png\",\"fashion\\/products\\/product-7.png\"]'),(543,6,NULL,NULL,24,5,'For me the best eCommerce script on Envato at this moment: modern, clean code, a lot of great features. The customer support is great too: I always get an answer within hours!','published','2025-07-28 01:49:35','2025-07-28 01:49:35','[\"fashion\\/products\\/product-3.png\",\"fashion\\/products\\/product-5.png\",\"fashion\\/products\\/product-6.png\"]'),(546,9,NULL,NULL,29,2,'This web app is really good in design, code quality & features. Besides, the customer support provided by the Botble team was really fast & helpful. You guys are awesome!','published','2025-07-28 01:49:35','2025-07-28 01:49:35','[\"fashion\\/products\\/product-2.png\",\"fashion\\/products\\/product-7.png\"]'),(559,5,NULL,NULL,30,1,'Second or third time that I buy a Botble product, happy with the products and support. You guys do a good job :)','published','2025-07-28 01:49:35','2025-07-28 01:49:35','[\"fashion\\/products\\/product-1.png\",\"fashion\\/products\\/product-2.png\",\"fashion\\/products\\/product-4.png\"]'),(562,7,NULL,NULL,36,5,'Those guys now what they are doing, the release such a good product that it\'s a pleasure to work with ! Even when I was stuck on the project, I created a ticket and the next day it was replied by the team. GOOD JOB guys. I love working with them :)','published','2025-07-28 01:49:35','2025-07-28 01:49:35','[\"fashion\\/products\\/product-5.png\",\"fashion\\/products\\/product-7.png\"]'),(564,6,NULL,NULL,34,2,'This script is well coded and is super fast. The support is pretty quick. Very patient and helpful team. I strongly recommend it and they deserve more than 5 stars.','published','2025-07-28 01:49:35','2025-07-28 01:49:35','[\"fashion\\/products\\/product-8.png\"]'),(566,5,NULL,NULL,42,4,'Cool template. Excellent code quality. The support responds very quickly, which is very rare on themeforest and codecanyon.net, I buy a lot of templates, and everyone will have a response from technical support for two or three days. Thanks to tech support. I recommend to buy.','published','2025-07-28 01:49:35','2025-07-28 01:49:35','[\"fashion\\/products\\/product-1.png\",\"fashion\\/products\\/product-6.png\"]'),(569,6,NULL,NULL,29,2,'The script is the best of its class, fast, easy to implement and work with , and the most important thing is the great support team , Recommend with no doubt.','published','2025-07-28 01:49:35','2025-07-28 01:49:35','[\"fashion\\/products\\/product-2.png\",\"fashion\\/products\\/product-4.png\",\"fashion\\/products\\/product-8.png\"]'),(570,2,NULL,NULL,7,5,'Perfect +++++++++ i love it really also i get to fast ticket answers... Thanks Lot BOTBLE Teams','published','2025-07-28 01:49:35','2025-07-28 01:49:35','[\"fashion\\/products\\/product-2.png\"]'),(574,3,NULL,NULL,9,5,'As a developer I reviewed this script. This is really awesome ecommerce script. I have convinced when I noticed that it\'s built on fully WordPress concept.','published','2025-07-28 01:49:35','2025-07-28 01:49:35','[\"fashion\\/products\\/product-1.png\",\"fashion\\/products\\/product-2.png\",\"fashion\\/products\\/product-3.png\"]'),(579,2,NULL,NULL,12,2,'Great E-commerce system. And much more : Wonderful Customer Support.','published','2025-07-28 01:49:35','2025-07-28 01:49:35','[\"fashion\\/products\\/product-2.png\",\"fashion\\/products\\/product-4.png\",\"fashion\\/products\\/product-8.png\"]'),(583,9,NULL,NULL,21,2,'Great E-commerce system. And much more : Wonderful Customer Support.','published','2025-07-28 01:49:35','2025-07-28 01:49:35','[\"fashion\\/products\\/product-1.png\",\"fashion\\/products\\/product-3.png\",\"fashion\\/products\\/product-4.png\",\"fashion\\/products\\/product-5.png\"]'),(587,5,NULL,NULL,2,1,'For me the best eCommerce script on Envato at this moment: modern, clean code, a lot of great features. The customer support is great too: I always get an answer within hours!','published','2025-07-28 01:49:35','2025-07-28 01:49:35','[\"fashion\\/products\\/product-1.png\",\"fashion\\/products\\/product-3.png\",\"fashion\\/products\\/product-5.png\"]'),(589,5,NULL,NULL,33,5,'Great E-commerce system. And much more : Wonderful Customer Support.','published','2025-07-28 01:49:35','2025-07-28 01:49:35','[\"fashion\\/products\\/product-6.png\",\"fashion\\/products\\/product-8.png\"]'),(594,7,NULL,NULL,1,2,'Ok good product. I have some issues in customizations. But its not correct to blame the developer. The product is good. Good luck for your business.','published','2025-07-28 01:49:35','2025-07-28 01:49:35','[\"fashion\\/products\\/product-1.png\"]'),(595,7,NULL,NULL,37,2,'Customer Support are grade (A*), however the code is a way too over engineered for it\'s purpose.','published','2025-07-28 01:49:35','2025-07-28 01:49:35','[\"fashion\\/products\\/product-1.png\",\"fashion\\/products\\/product-5.png\"]'),(597,6,NULL,NULL,41,2,'This web app is really good in design, code quality & features. Besides, the customer support provided by the Botble team was really fast & helpful. You guys are awesome!','published','2025-07-28 01:49:35','2025-07-28 01:49:35','[\"fashion\\/products\\/product-2.png\",\"fashion\\/products\\/product-4.png\",\"fashion\\/products\\/product-5.png\",\"fashion\\/products\\/product-6.png\"]'),(598,3,NULL,NULL,4,2,'The best store template! Excellent coding! Very good support! Thank you so much for all the help, I really appreciated.','published','2025-07-28 01:49:35','2025-07-28 01:49:35','[\"fashion\\/products\\/product-4.png\",\"fashion\\/products\\/product-5.png\",\"fashion\\/products\\/product-6.png\"]'),(602,10,NULL,NULL,27,3,'Solution is too robust for our purpose so we didn\'t use it at the end. But I appreciate customer support during initial configuration.','published','2025-07-28 01:49:35','2025-07-28 01:49:35','[\"fashion\\/products\\/product-8.png\"]'),(606,3,NULL,NULL,42,1,'Customer Support are grade (A*), however the code is a way too over engineered for it\'s purpose.','published','2025-07-28 01:49:35','2025-07-28 01:49:35','[\"fashion\\/products\\/product-1.png\"]'),(609,2,NULL,NULL,17,4,'Great E-commerce system. And much more : Wonderful Customer Support.','published','2025-07-28 01:49:35','2025-07-28 01:49:35','[\"fashion\\/products\\/product-5.png\",\"fashion\\/products\\/product-7.png\",\"fashion\\/products\\/product-8.png\"]'),(613,5,NULL,NULL,22,1,'The best store template! Excellent coding! Very good support! Thank you so much for all the help, I really appreciated.','published','2025-07-28 01:49:35','2025-07-28 01:49:35','[\"fashion\\/products\\/product-8.png\"]'),(614,7,NULL,NULL,40,4,'Great system, great support, good job Botble. I\'m looking forward to more great functional plugins.','published','2025-07-28 01:49:35','2025-07-28 01:49:35','[\"fashion\\/products\\/product-3.png\"]'),(615,8,NULL,NULL,22,5,'Clean & perfect source code','published','2025-07-28 01:49:35','2025-07-28 01:49:35','[\"fashion\\/products\\/product-3.png\",\"fashion\\/products\\/product-5.png\",\"fashion\\/products\\/product-7.png\"]'),(620,1,NULL,NULL,31,3,'Very enthusiastic support! Excellent code is written. It\'s a true pleasure working with.','published','2025-07-28 01:49:35','2025-07-28 01:49:35','[\"fashion\\/products\\/product-1.png\",\"fashion\\/products\\/product-2.png\",\"fashion\\/products\\/product-4.png\",\"fashion\\/products\\/product-7.png\"]'),(623,5,NULL,NULL,3,3,'This script is well coded and is super fast. The support is pretty quick. Very patient and helpful team. I strongly recommend it and they deserve more than 5 stars.','published','2025-07-28 01:49:35','2025-07-28 01:49:35','[\"fashion\\/products\\/product-2.png\"]'),(630,4,NULL,NULL,31,1,'The code is good, in general, if you like it, can you give it 5 stars?','published','2025-07-28 01:49:35','2025-07-28 01:49:35','[\"fashion\\/products\\/product-5.png\"]'),(636,9,NULL,NULL,41,3,'Those guys now what they are doing, the release such a good product that it\'s a pleasure to work with ! Even when I was stuck on the project, I created a ticket and the next day it was replied by the team. GOOD JOB guys. I love working with them :)','published','2025-07-28 01:49:35','2025-07-28 01:49:35','[\"fashion\\/products\\/product-4.png\",\"fashion\\/products\\/product-5.png\",\"fashion\\/products\\/product-7.png\"]'),(643,4,NULL,NULL,23,1,'Great E-commerce system. And much more : Wonderful Customer Support.','published','2025-07-28 01:49:35','2025-07-28 01:49:35','[\"fashion\\/products\\/product-4.png\"]'),(644,10,NULL,NULL,29,5,'The code is good, in general, if you like it, can you give it 5 stars?','published','2025-07-28 01:49:35','2025-07-28 01:49:35','[\"fashion\\/products\\/product-2.png\",\"fashion\\/products\\/product-4.png\",\"fashion\\/products\\/product-6.png\",\"fashion\\/products\\/product-7.png\"]'),(648,5,NULL,NULL,35,5,'It\'s not my first experience here on Codecanyon and I can honestly tell you all that Botble puts a LOT of effort into the support. They answer so fast, they helped me tons of times. REALLY by far THE BEST EXPERIENCE on Codecanyon. Those guys at Botble are so good that they deserve 5 stars. I recommend them, I trust them and I can\'t wait to see what they will sell in a near future. Thank you Botble :)','published','2025-07-28 01:49:35','2025-07-28 01:49:35','[\"fashion\\/products\\/product-5.png\"]'),(653,8,NULL,NULL,38,5,'Perfect +++++++++ i love it really also i get to fast ticket answers... Thanks Lot BOTBLE Teams','published','2025-07-28 01:49:35','2025-07-28 01:49:35','[\"fashion\\/products\\/product-4.png\"]'),(658,2,NULL,NULL,43,3,'The code is good, in general, if you like it, can you give it 5 stars?','published','2025-07-28 01:49:35','2025-07-28 01:49:35','[\"fashion\\/products\\/product-1.png\",\"fashion\\/products\\/product-5.png\",\"fashion\\/products\\/product-7.png\"]'),(665,2,NULL,NULL,34,5,'This web app is really good in design, code quality & features. Besides, the customer support provided by the Botble team was really fast & helpful. You guys are awesome!','published','2025-07-28 01:49:35','2025-07-28 01:49:35','[\"fashion\\/products\\/product-6.png\",\"fashion\\/products\\/product-7.png\",\"fashion\\/products\\/product-8.png\"]'),(667,5,NULL,NULL,26,2,'The best ecommerce CMS! Excellent coding! best support service! Thank you so much..... I really like your hard work.','published','2025-07-28 01:49:35','2025-07-28 01:49:35','[\"fashion\\/products\\/product-1.png\",\"fashion\\/products\\/product-6.png\"]'),(668,7,NULL,NULL,24,5,'Solution is too robust for our purpose so we didn\'t use it at the end. But I appreciate customer support during initial configuration.','published','2025-07-28 01:49:35','2025-07-28 01:49:35','[\"fashion\\/products\\/product-5.png\",\"fashion\\/products\\/product-8.png\"]'),(674,3,NULL,NULL,2,5,'Very enthusiastic support! Excellent code is written. It\'s a true pleasure working with.','published','2025-07-28 01:49:35','2025-07-28 01:49:35','[\"fashion\\/products\\/product-3.png\",\"fashion\\/products\\/product-6.png\"]'),(675,5,NULL,NULL,20,5,'As a developer I reviewed this script. This is really awesome ecommerce script. I have convinced when I noticed that it\'s built on fully WordPress concept.','published','2025-07-28 01:49:35','2025-07-28 01:49:35','[\"fashion\\/products\\/product-3.png\",\"fashion\\/products\\/product-7.png\",\"fashion\\/products\\/product-8.png\"]'),(682,6,NULL,NULL,19,3,'Customer Support are grade (A*), however the code is a way too over engineered for it\'s purpose.','published','2025-07-28 01:49:35','2025-07-28 01:49:35','[\"fashion\\/products\\/product-1.png\",\"fashion\\/products\\/product-4.png\",\"fashion\\/products\\/product-6.png\"]'),(684,8,NULL,NULL,34,2,'This web app is really good in design, code quality & features. Besides, the customer support provided by the Botble team was really fast & helpful. You guys are awesome!','published','2025-07-28 01:49:35','2025-07-28 01:49:35','[\"fashion\\/products\\/product-1.png\",\"fashion\\/products\\/product-3.png\",\"fashion\\/products\\/product-5.png\",\"fashion\\/products\\/product-8.png\"]'),(686,8,NULL,NULL,32,2,'Great system, great support, good job Botble. I\'m looking forward to more great functional plugins.','published','2025-07-28 01:49:35','2025-07-28 01:49:35','[\"fashion\\/products\\/product-2.png\",\"fashion\\/products\\/product-4.png\",\"fashion\\/products\\/product-5.png\",\"fashion\\/products\\/product-7.png\"]'),(695,8,NULL,NULL,5,5,'I Love this Script. I also found how to add other fees. Now I just wait the BIG update for the Marketplace with the Bulk Import. Just do not forget to make it to be Multi-language for us the Botble Fans.','published','2025-07-28 01:49:35','2025-07-28 01:49:35','[\"fashion\\/products\\/product-1.png\",\"fashion\\/products\\/product-2.png\",\"fashion\\/products\\/product-4.png\",\"fashion\\/products\\/product-5.png\"]'),(696,2,NULL,NULL,9,4,'This web app is really good in design, code quality & features. Besides, the customer support provided by the Botble team was really fast & helpful. You guys are awesome!','published','2025-07-28 01:49:35','2025-07-28 01:49:35','[\"fashion\\/products\\/product-1.png\",\"fashion\\/products\\/product-5.png\"]'),(699,5,NULL,NULL,18,1,'For me the best eCommerce script on Envato at this moment: modern, clean code, a lot of great features. The customer support is great too: I always get an answer within hours!','published','2025-07-28 01:49:35','2025-07-28 01:49:35','[\"fashion\\/products\\/product-4.png\",\"fashion\\/products\\/product-5.png\",\"fashion\\/products\\/product-7.png\"]'),(701,4,NULL,NULL,29,3,'This web app is really good in design, code quality & features. Besides, the customer support provided by the Botble team was really fast & helpful. You guys are awesome!','published','2025-07-28 01:49:35','2025-07-28 01:49:35','[\"fashion\\/products\\/product-1.png\",\"fashion\\/products\\/product-2.png\",\"fashion\\/products\\/product-3.png\"]'),(705,5,NULL,NULL,43,4,'Very enthusiastic support! Excellent code is written. It\'s a true pleasure working with.','published','2025-07-28 01:49:35','2025-07-28 01:49:35','[\"fashion\\/products\\/product-1.png\",\"fashion\\/products\\/product-2.png\"]'),(711,7,NULL,NULL,21,5,'Ok good product. I have some issues in customizations. But its not correct to blame the developer. The product is good. Good luck for your business.','published','2025-07-28 01:49:35','2025-07-28 01:49:35','[\"fashion\\/products\\/product-1.png\",\"fashion\\/products\\/product-4.png\",\"fashion\\/products\\/product-5.png\",\"fashion\\/products\\/product-8.png\"]'),(716,2,NULL,NULL,38,1,'The best store template! Excellent coding! Very good support! Thank you so much for all the help, I really appreciated.','published','2025-07-28 01:49:35','2025-07-28 01:49:35','[\"fashion\\/products\\/product-3.png\"]'),(718,1,NULL,NULL,10,3,'As a developer I reviewed this script. This is really awesome ecommerce script. I have convinced when I noticed that it\'s built on fully WordPress concept.','published','2025-07-28 01:49:35','2025-07-28 01:49:35','[\"fashion\\/products\\/product-5.png\"]'),(730,10,NULL,NULL,12,3,'Best ecommerce CMS online store!','published','2025-07-28 01:49:35','2025-07-28 01:49:35','[\"fashion\\/products\\/product-2.png\",\"fashion\\/products\\/product-5.png\",\"fashion\\/products\\/product-6.png\",\"fashion\\/products\\/product-8.png\"]'),(732,5,NULL,NULL,23,4,'Amazing code, amazing support. Overall, im really confident in Botble and im happy I made the right choice! Thank you so much guys for coding this masterpiece','published','2025-07-28 01:49:35','2025-07-28 01:49:35','[\"fashion\\/products\\/product-6.png\"]'),(740,9,NULL,NULL,6,1,'Solution is too robust for our purpose so we didn\'t use it at the end. But I appreciate customer support during initial configuration.','published','2025-07-28 01:49:35','2025-07-28 01:49:35','[\"fashion\\/products\\/product-1.png\",\"fashion\\/products\\/product-6.png\",\"fashion\\/products\\/product-7.png\",\"fashion\\/products\\/product-8.png\"]'),(746,9,NULL,NULL,12,1,'Second or third time that I buy a Botble product, happy with the products and support. You guys do a good job :)','published','2025-07-28 01:49:35','2025-07-28 01:49:35','[\"fashion\\/products\\/product-3.png\",\"fashion\\/products\\/product-4.png\",\"fashion\\/products\\/product-5.png\",\"fashion\\/products\\/product-8.png\"]'),(758,4,NULL,NULL,42,3,'Solution is too robust for our purpose so we didn\'t use it at the end. But I appreciate customer support during initial configuration.','published','2025-07-28 01:49:35','2025-07-28 01:49:35','[\"fashion\\/products\\/product-4.png\",\"fashion\\/products\\/product-8.png\"]'),(761,10,NULL,NULL,40,2,'Second or third time that I buy a Botble product, happy with the products and support. You guys do a good job :)','published','2025-07-28 01:49:35','2025-07-28 01:49:35','[\"fashion\\/products\\/product-4.png\",\"fashion\\/products\\/product-5.png\",\"fashion\\/products\\/product-7.png\"]'),(763,9,NULL,NULL,19,4,'Those guys now what they are doing, the release such a good product that it\'s a pleasure to work with ! Even when I was stuck on the project, I created a ticket and the next day it was replied by the team. GOOD JOB guys. I love working with them :)','published','2025-07-28 01:49:35','2025-07-28 01:49:35','[\"fashion\\/products\\/product-2.png\",\"fashion\\/products\\/product-5.png\",\"fashion\\/products\\/product-8.png\"]'),(765,9,NULL,NULL,40,3,'We have received brilliant service support and will be expanding the features with the developer. Nice product!','published','2025-07-28 01:49:35','2025-07-28 01:49:35','[\"fashion\\/products\\/product-1.png\",\"fashion\\/products\\/product-2.png\",\"fashion\\/products\\/product-5.png\"]'),(767,4,NULL,NULL,36,3,'Perfect +++++++++ i love it really also i get to fast ticket answers... Thanks Lot BOTBLE Teams','published','2025-07-28 01:49:35','2025-07-28 01:49:35','[\"fashion\\/products\\/product-2.png\",\"fashion\\/products\\/product-8.png\"]'),(770,3,NULL,NULL,18,4,'Best ecommerce CMS online store!','published','2025-07-28 01:49:35','2025-07-28 01:49:35','[\"fashion\\/products\\/product-4.png\"]'),(774,7,NULL,NULL,22,1,'Best ecommerce CMS online store!','published','2025-07-28 01:49:35','2025-07-28 01:49:35','[\"fashion\\/products\\/product-4.png\",\"fashion\\/products\\/product-5.png\",\"fashion\\/products\\/product-8.png\"]'),(785,1,NULL,NULL,1,2,'The script is the best of its class, fast, easy to implement and work with , and the most important thing is the great support team , Recommend with no doubt.','published','2025-07-28 01:49:35','2025-07-28 01:49:35','[\"fashion\\/products\\/product-1.png\",\"fashion\\/products\\/product-4.png\",\"fashion\\/products\\/product-6.png\",\"fashion\\/products\\/product-7.png\"]'),(802,1,NULL,NULL,12,4,'Perfect +++++++++ i love it really also i get to fast ticket answers... Thanks Lot BOTBLE Teams','published','2025-07-28 01:49:35','2025-07-28 01:49:35','[\"fashion\\/products\\/product-4.png\",\"fashion\\/products\\/product-6.png\",\"fashion\\/products\\/product-7.png\"]'),(804,10,NULL,NULL,39,3,'For me the best eCommerce script on Envato at this moment: modern, clean code, a lot of great features. The customer support is great too: I always get an answer within hours!','published','2025-07-28 01:49:35','2025-07-28 01:49:35','[\"fashion\\/products\\/product-6.png\"]'),(820,1,NULL,NULL,13,5,'This web app is really good in design, code quality & features. Besides, the customer support provided by the Botble team was really fast & helpful. You guys are awesome!','published','2025-07-28 01:49:35','2025-07-28 01:49:35','[\"fashion\\/products\\/product-5.png\",\"fashion\\/products\\/product-6.png\",\"fashion\\/products\\/product-8.png\"]'),(829,1,NULL,NULL,36,4,'The script is the best of its class, fast, easy to implement and work with , and the most important thing is the great support team , Recommend with no doubt.','published','2025-07-28 01:49:35','2025-07-28 01:49:35','[\"fashion\\/products\\/product-1.png\"]'),(832,7,NULL,NULL,31,1,'This web app is really good in design, code quality & features. Besides, the customer support provided by the Botble team was really fast & helpful. You guys are awesome!','published','2025-07-28 01:49:35','2025-07-28 01:49:35','[\"fashion\\/products\\/product-2.png\",\"fashion\\/products\\/product-3.png\",\"fashion\\/products\\/product-5.png\",\"fashion\\/products\\/product-6.png\"]'),(837,1,NULL,NULL,25,2,'We have received brilliant service support and will be expanding the features with the developer. Nice product!','published','2025-07-28 01:49:35','2025-07-28 01:49:35','[\"fashion\\/products\\/product-1.png\",\"fashion\\/products\\/product-2.png\",\"fashion\\/products\\/product-4.png\",\"fashion\\/products\\/product-5.png\"]'),(843,1,NULL,NULL,33,5,'The script is the best of its class, fast, easy to implement and work with , and the most important thing is the great support team , Recommend with no doubt.','published','2025-07-28 01:49:35','2025-07-28 01:49:35','[\"fashion\\/products\\/product-1.png\",\"fashion\\/products\\/product-2.png\",\"fashion\\/products\\/product-7.png\",\"fashion\\/products\\/product-8.png\"]'),(848,9,NULL,NULL,30,5,'Amazing code, amazing support. Overall, im really confident in Botble and im happy I made the right choice! Thank you so much guys for coding this masterpiece','published','2025-07-28 01:49:35','2025-07-28 01:49:35','[\"fashion\\/products\\/product-1.png\",\"fashion\\/products\\/product-6.png\",\"fashion\\/products\\/product-7.png\",\"fashion\\/products\\/product-8.png\"]'),(863,10,NULL,NULL,36,3,'As a developer I reviewed this script. This is really awesome ecommerce script. I have convinced when I noticed that it\'s built on fully WordPress concept.','published','2025-07-28 01:49:35','2025-07-28 01:49:35','[\"fashion\\/products\\/product-2.png\",\"fashion\\/products\\/product-4.png\",\"fashion\\/products\\/product-7.png\",\"fashion\\/products\\/product-8.png\"]'),(866,9,NULL,NULL,36,2,'The code is good, in general, if you like it, can you give it 5 stars?','published','2025-07-28 01:49:35','2025-07-28 01:49:35','[\"fashion\\/products\\/product-2.png\",\"fashion\\/products\\/product-3.png\",\"fashion\\/products\\/product-4.png\",\"fashion\\/products\\/product-8.png\"]'),(873,10,NULL,NULL,3,4,'This web app is really good in design, code quality & features. Besides, the customer support provided by the Botble team was really fast & helpful. You guys are awesome!','published','2025-07-28 01:49:35','2025-07-28 01:49:35','[\"fashion\\/products\\/product-7.png\"]'),(887,6,NULL,NULL,14,3,'Cool template. Excellent code quality. The support responds very quickly, which is very rare on themeforest and codecanyon.net, I buy a lot of templates, and everyone will have a response from technical support for two or three days. Thanks to tech support. I recommend to buy.','published','2025-07-28 01:49:35','2025-07-28 01:49:35','[\"fashion\\/products\\/product-2.png\",\"fashion\\/products\\/product-3.png\",\"fashion\\/products\\/product-7.png\"]'),(889,7,NULL,NULL,15,3,'Good app, good backup service and support. Good documentation.','published','2025-07-28 01:49:35','2025-07-28 01:49:35','[\"fashion\\/products\\/product-1.png\",\"fashion\\/products\\/product-2.png\",\"fashion\\/products\\/product-4.png\"]'),(890,3,NULL,NULL,19,1,'Those guys now what they are doing, the release such a good product that it\'s a pleasure to work with ! Even when I was stuck on the project, I created a ticket and the next day it was replied by the team. GOOD JOB guys. I love working with them :)','published','2025-07-28 01:49:35','2025-07-28 01:49:35','[\"fashion\\/products\\/product-1.png\",\"fashion\\/products\\/product-5.png\"]'),(898,1,NULL,NULL,22,5,'Good app, good backup service and support. Good documentation.','published','2025-07-28 01:49:35','2025-07-28 01:49:35','[\"fashion\\/products\\/product-7.png\"]'),(926,7,NULL,NULL,43,1,'Good app, good backup service and support. Good documentation.','published','2025-07-28 01:49:35','2025-07-28 01:49:35','[\"fashion\\/products\\/product-1.png\",\"fashion\\/products\\/product-4.png\",\"fashion\\/products\\/product-6.png\"]'),(937,1,NULL,NULL,32,3,'Good app, good backup service and support. Good documentation.','published','2025-07-28 01:49:35','2025-07-28 01:49:35','[\"fashion\\/products\\/product-4.png\",\"fashion\\/products\\/product-5.png\",\"fashion\\/products\\/product-8.png\"]'),(942,9,NULL,NULL,43,1,'Great system, great support, good job Botble. I\'m looking forward to more great functional plugins.','published','2025-07-28 01:49:35','2025-07-28 01:49:35','[\"fashion\\/products\\/product-1.png\",\"fashion\\/products\\/product-2.png\"]'),(946,10,NULL,NULL,8,3,'The code is good, in general, if you like it, can you give it 5 stars?','published','2025-07-28 01:49:35','2025-07-28 01:49:35','[\"fashion\\/products\\/product-2.png\",\"fashion\\/products\\/product-7.png\"]'),(951,6,NULL,NULL,11,2,'Very enthusiastic support! Excellent code is written. It\'s a true pleasure working with.','published','2025-07-28 01:49:35','2025-07-28 01:49:35','[\"fashion\\/products\\/product-1.png\",\"fashion\\/products\\/product-2.png\",\"fashion\\/products\\/product-4.png\"]'),(964,10,NULL,NULL,32,2,'The best store template! Excellent coding! Very good support! Thank you so much for all the help, I really appreciated.','published','2025-07-28 01:49:35','2025-07-28 01:49:35','[\"fashion\\/products\\/product-1.png\",\"fashion\\/products\\/product-3.png\",\"fashion\\/products\\/product-5.png\",\"fashion\\/products\\/product-6.png\"]'),(968,2,NULL,NULL,6,1,'Great system, great support, good job Botble. I\'m looking forward to more great functional plugins.','published','2025-07-28 01:49:35','2025-07-28 01:49:35','[\"fashion\\/products\\/product-1.png\",\"fashion\\/products\\/product-3.png\",\"fashion\\/products\\/product-5.png\",\"fashion\\/products\\/product-6.png\"]'),(981,10,NULL,NULL,28,3,'Good app, good backup service and support. Good documentation.','published','2025-07-28 01:49:35','2025-07-28 01:49:35','[\"fashion\\/products\\/product-2.png\",\"fashion\\/products\\/product-5.png\",\"fashion\\/products\\/product-6.png\"]'),(982,6,NULL,NULL,40,1,'The best store template! Excellent coding! Very good support! Thank you so much for all the help, I really appreciated.','published','2025-07-28 01:49:35','2025-07-28 01:49:35','[\"fashion\\/products\\/product-2.png\",\"fashion\\/products\\/product-5.png\",\"fashion\\/products\\/product-7.png\",\"fashion\\/products\\/product-8.png\"]'),(995,5,NULL,NULL,25,3,'Cool template. Excellent code quality. The support responds very quickly, which is very rare on themeforest and codecanyon.net, I buy a lot of templates, and everyone will have a response from technical support for two or three days. Thanks to tech support. I recommend to buy.','published','2025-07-28 01:49:35','2025-07-28 01:49:35','[\"fashion\\/products\\/product-2.png\",\"fashion\\/products\\/product-4.png\",\"fashion\\/products\\/product-6.png\",\"fashion\\/products\\/product-8.png\"]'),(997,8,NULL,NULL,29,1,'As a developer I reviewed this script. This is really awesome ecommerce script. I have convinced when I noticed that it\'s built on fully WordPress concept.','published','2025-07-28 01:49:35','2025-07-28 01:49:35','[\"fashion\\/products\\/product-1.png\",\"fashion\\/products\\/product-4.png\",\"fashion\\/products\\/product-7.png\"]');

--
-- Table structure for table `ec_shared_wishlists`
--

CREATE TABLE `ec_shared_wishlists` (
  `id` bigint unsigned NOT NULL AUTO_INCREMENT,
  `code` varchar(191) COLLATE utf8mb4_unicode_ci NOT NULL,
  `product_ids` text COLLATE utf8mb4_unicode_ci,
  `created_at` timestamp NULL DEFAULT NULL,
  `updated_at` timestamp NULL DEFAULT NULL,
  PRIMARY KEY (`id`),
  UNIQUE KEY `ec_shared_wishlists_code_unique` (`code`)
) ENGINE=InnoDB DEFAULT CHARSET=utf8mb4 COLLATE=utf8mb4_unicode_ci;

--
-- Dumping data for table `ec_shared_wishlists`
--


--
-- Table structure for table `ec_shipment_histories`
--

CREATE TABLE `ec_shipment_histories` (
  `id` bigint unsigned NOT NULL AUTO_INCREMENT,
  `action` varchar(120) COLLATE utf8mb4_unicode_ci NOT NULL,
  `description` varchar(400) COLLATE utf8mb4_unicode_ci DEFAULT NULL,
  `user_id` bigint unsigned DEFAULT NULL,
  `shipment_id` bigint unsigned NOT NULL,
  `order_id` bigint unsigned NOT NULL,
  `created_at` timestamp NULL DEFAULT NULL,
  `updated_at` timestamp NULL DEFAULT NULL,
  `user_type` varchar(191) COLLATE utf8mb4_unicode_ci NOT NULL DEFAULT 'Botble\\ACL\\Models\\User',
  PRIMARY KEY (`id`)
) ENGINE=InnoDB DEFAULT CHARSET=utf8mb4 COLLATE=utf8mb4_unicode_ci;

--
-- Dumping data for table `ec_shipment_histories`
--


--
-- Table structure for table `ec_shipments`
--

CREATE TABLE `ec_shipments` (
  `id` bigint unsigned NOT NULL AUTO_INCREMENT,
  `order_id` bigint unsigned NOT NULL,
  `user_id` bigint unsigned DEFAULT NULL,
  `weight` double DEFAULT '0',
  `shipment_id` varchar(120) COLLATE utf8mb4_unicode_ci DEFAULT NULL,
  `rate_id` varchar(120) COLLATE utf8mb4_unicode_ci DEFAULT NULL,
  `note` text COLLATE utf8mb4_unicode_ci,
  `status` varchar(120) COLLATE utf8mb4_unicode_ci NOT NULL DEFAULT 'pending',
  `cod_amount` decimal(15,2) DEFAULT '0.00',
  `cod_status` varchar(60) COLLATE utf8mb4_unicode_ci NOT NULL DEFAULT 'pending',
  `cross_checking_status` varchar(60) COLLATE utf8mb4_unicode_ci NOT NULL DEFAULT 'pending',
  `price` decimal(15,2) DEFAULT '0.00',
  `store_id` bigint unsigned DEFAULT NULL,
  `created_at` timestamp NULL DEFAULT NULL,
  `updated_at` timestamp NULL DEFAULT NULL,
  `tracking_id` varchar(191) COLLATE utf8mb4_unicode_ci DEFAULT NULL,
  `shipping_company_name` varchar(191) COLLATE utf8mb4_unicode_ci DEFAULT NULL,
  `tracking_link` varchar(191) COLLATE utf8mb4_unicode_ci DEFAULT NULL,
  `estimate_date_shipped` datetime DEFAULT NULL,
  `date_shipped` datetime DEFAULT NULL,
  `customer_delivered_confirmed_at` timestamp NULL DEFAULT NULL,
  `label_url` text COLLATE utf8mb4_unicode_ci,
  `metadata` mediumtext COLLATE utf8mb4_unicode_ci,
  PRIMARY KEY (`id`)
) ENGINE=InnoDB DEFAULT CHARSET=utf8mb4 COLLATE=utf8mb4_unicode_ci;

--
-- Dumping data for table `ec_shipments`
--


--
-- Table structure for table `ec_shipping`
--

CREATE TABLE `ec_shipping` (
  `id` bigint unsigned NOT NULL AUTO_INCREMENT,
  `title` varchar(191) COLLATE utf8mb4_unicode_ci DEFAULT NULL,
  `country` varchar(120) COLLATE utf8mb4_unicode_ci DEFAULT NULL,
  `created_at` timestamp NULL DEFAULT NULL,
  `updated_at` timestamp NULL DEFAULT NULL,
  PRIMARY KEY (`id`)
) ENGINE=InnoDB AUTO_INCREMENT=2 DEFAULT CHARSET=utf8mb4 COLLATE=utf8mb4_unicode_ci;

--
-- Dumping data for table `ec_shipping`
--

INSERT INTO `ec_shipping` VALUES (1,'All',NULL,'2025-07-28 01:49:15','2025-07-28 01:49:15');

--
-- Table structure for table `ec_shipping_rule_items`
--

CREATE TABLE `ec_shipping_rule_items` (
  `id` bigint unsigned NOT NULL AUTO_INCREMENT,
  `shipping_rule_id` bigint unsigned NOT NULL,
  `country` varchar(120) COLLATE utf8mb4_unicode_ci DEFAULT NULL,
  `state` varchar(120) COLLATE utf8mb4_unicode_ci DEFAULT NULL,
  `city` varchar(120) COLLATE utf8mb4_unicode_ci DEFAULT NULL,
  `zip_code` varchar(20) COLLATE utf8mb4_unicode_ci DEFAULT NULL,
  `adjustment_price` decimal(15,2) DEFAULT '0.00',
  `is_enabled` tinyint(1) NOT NULL DEFAULT '1',
  `created_at` timestamp NULL DEFAULT NULL,
  `updated_at` timestamp NULL DEFAULT NULL,
  PRIMARY KEY (`id`)
) ENGINE=InnoDB DEFAULT CHARSET=utf8mb4 COLLATE=utf8mb4_unicode_ci;

--
-- Dumping data for table `ec_shipping_rule_items`
--


--
-- Table structure for table `ec_shipping_rules`
--

CREATE TABLE `ec_shipping_rules` (
  `id` bigint unsigned NOT NULL AUTO_INCREMENT,
  `name` varchar(120) COLLATE utf8mb4_unicode_ci NOT NULL,
  `shipping_id` bigint unsigned NOT NULL,
  `type` varchar(24) COLLATE utf8mb4_unicode_ci DEFAULT 'based_on_price',
  `from` decimal(15,2) DEFAULT '0.00',
  `to` decimal(15,2) DEFAULT '0.00',
  `price` decimal(15,2) DEFAULT '0.00',
  `created_at` timestamp NULL DEFAULT NULL,
  `updated_at` timestamp NULL DEFAULT NULL,
  PRIMARY KEY (`id`)
) ENGINE=InnoDB AUTO_INCREMENT=4 DEFAULT CHARSET=utf8mb4 COLLATE=utf8mb4_unicode_ci;

--
-- Dumping data for table `ec_shipping_rules`
--

INSERT INTO `ec_shipping_rules` VALUES (1,'Free delivery',1,'based_on_price',1000.00,NULL,0.00,'2025-07-28 01:49:15','2025-07-28 01:49:15'),(2,'Flat Rate',1,'based_on_price',0.00,NULL,20.00,'2025-07-28 01:49:15','2025-07-28 01:49:15'),(3,'Local Pickup',1,'based_on_price',0.00,NULL,0.00,'2025-07-28 01:49:15','2025-07-28 01:49:15');

--
-- Table structure for table `ec_specification_attributes`
--

CREATE TABLE `ec_specification_attributes` (
  `id` bigint unsigned NOT NULL AUTO_INCREMENT,
  `group_id` bigint unsigned NOT NULL,
  `name` varchar(191) COLLATE utf8mb4_unicode_ci NOT NULL,
  `type` varchar(20) COLLATE utf8mb4_unicode_ci NOT NULL,
  `options` text COLLATE utf8mb4_unicode_ci,
  `default_value` varchar(191) COLLATE utf8mb4_unicode_ci DEFAULT NULL,
  `created_at` timestamp NULL DEFAULT NULL,
  `updated_at` timestamp NULL DEFAULT NULL,
  `author_type` varchar(191) COLLATE utf8mb4_unicode_ci DEFAULT NULL,
  `author_id` bigint unsigned DEFAULT NULL,
  PRIMARY KEY (`id`),
  KEY `ec_specification_attributes_author_type_author_id_index` (`author_type`,`author_id`)
) ENGINE=InnoDB AUTO_INCREMENT=9 DEFAULT CHARSET=utf8mb4 COLLATE=utf8mb4_unicode_ci;

--
-- Dumping data for table `ec_specification_attributes`
--

INSERT INTO `ec_specification_attributes` VALUES (1,1,'Height','text',NULL,NULL,'2025-07-28 01:49:31','2025-07-28 01:49:31',NULL,NULL),(2,1,'Width','text',NULL,NULL,'2025-07-28 01:49:31','2025-07-28 01:49:31',NULL,NULL),(3,1,'Weight','text',NULL,NULL,'2025-07-28 01:49:31','2025-07-28 01:49:31',NULL,NULL),(4,2,'Power','text',NULL,NULL,'2025-07-28 01:49:31','2025-07-28 01:49:31',NULL,NULL),(5,2,'Speed','text',NULL,NULL,'2025-07-28 01:49:31','2025-07-28 01:49:31',NULL,NULL),(6,3,'Battery Life','text',NULL,NULL,'2025-07-28 01:49:31','2025-07-28 01:49:31',NULL,NULL),(7,4,'Screen Size','text',NULL,NULL,'2025-07-28 01:49:31','2025-07-28 01:49:31',NULL,NULL),(8,4,'Resolution','select','[\"1920x1080\",\"2560x1440\",\"3840x2160\"]',NULL,'2025-07-28 01:49:31','2025-07-28 01:49:31',NULL,NULL);

--
-- Table structure for table `ec_specification_attributes_translations`
--

CREATE TABLE `ec_specification_attributes_translations` (
  `lang_code` varchar(20) COLLATE utf8mb4_unicode_ci NOT NULL,
  `ec_specification_attributes_id` bigint unsigned NOT NULL,
  `name` varchar(191) COLLATE utf8mb4_unicode_ci DEFAULT NULL,
  `options` text COLLATE utf8mb4_unicode_ci,
  `default_value` varchar(191) COLLATE utf8mb4_unicode_ci DEFAULT NULL,
  PRIMARY KEY (`lang_code`,`ec_specification_attributes_id`)
) ENGINE=InnoDB DEFAULT CHARSET=utf8mb4 COLLATE=utf8mb4_unicode_ci;

--
-- Dumping data for table `ec_specification_attributes_translations`
--


--
-- Table structure for table `ec_specification_groups`
--

CREATE TABLE `ec_specification_groups` (
  `id` bigint unsigned NOT NULL AUTO_INCREMENT,
  `name` varchar(191) COLLATE utf8mb4_unicode_ci NOT NULL,
  `description` varchar(400) COLLATE utf8mb4_unicode_ci DEFAULT NULL,
  `created_at` timestamp NULL DEFAULT NULL,
  `updated_at` timestamp NULL DEFAULT NULL,
  `author_type` varchar(191) COLLATE utf8mb4_unicode_ci DEFAULT NULL,
  `author_id` bigint unsigned DEFAULT NULL,
  PRIMARY KEY (`id`),
  KEY `ec_specification_groups_author_type_author_id_index` (`author_type`,`author_id`)
) ENGINE=InnoDB AUTO_INCREMENT=5 DEFAULT CHARSET=utf8mb4 COLLATE=utf8mb4_unicode_ci;

--
-- Dumping data for table `ec_specification_groups`
--

INSERT INTO `ec_specification_groups` VALUES (1,'Dimensions',NULL,'2025-07-28 01:49:31','2025-07-28 01:49:31',NULL,NULL),(2,'Performance',NULL,'2025-07-28 01:49:31','2025-07-28 01:49:31',NULL,NULL),(3,'Battery',NULL,'2025-07-28 01:49:31','2025-07-28 01:49:31',NULL,NULL),(4,'Display',NULL,'2025-07-28 01:49:31','2025-07-28 01:49:31',NULL,NULL);

--
-- Table structure for table `ec_specification_groups_translations`
--

CREATE TABLE `ec_specification_groups_translations` (
  `lang_code` varchar(20) COLLATE utf8mb4_unicode_ci NOT NULL,
  `ec_specification_groups_id` bigint unsigned NOT NULL,
  `name` varchar(191) COLLATE utf8mb4_unicode_ci DEFAULT NULL,
  `description` varchar(400) COLLATE utf8mb4_unicode_ci DEFAULT NULL,
  PRIMARY KEY (`lang_code`,`ec_specification_groups_id`)
) ENGINE=InnoDB DEFAULT CHARSET=utf8mb4 COLLATE=utf8mb4_unicode_ci;

--
-- Dumping data for table `ec_specification_groups_translations`
--


--
-- Table structure for table `ec_specification_table_group`
--

CREATE TABLE `ec_specification_table_group` (
  `table_id` bigint unsigned NOT NULL,
  `group_id` bigint unsigned NOT NULL,
  `order` tinyint NOT NULL DEFAULT '0',
  PRIMARY KEY (`table_id`,`group_id`)
) ENGINE=InnoDB DEFAULT CHARSET=utf8mb4 COLLATE=utf8mb4_unicode_ci;

--
-- Dumping data for table `ec_specification_table_group`
--

INSERT INTO `ec_specification_table_group` VALUES (1,1,0),(1,2,0),(2,3,0),(2,4,0);

--
-- Table structure for table `ec_specification_tables`
--

CREATE TABLE `ec_specification_tables` (
  `id` bigint unsigned NOT NULL AUTO_INCREMENT,
  `name` varchar(191) COLLATE utf8mb4_unicode_ci NOT NULL,
  `description` varchar(400) COLLATE utf8mb4_unicode_ci DEFAULT NULL,
  `created_at` timestamp NULL DEFAULT NULL,
  `updated_at` timestamp NULL DEFAULT NULL,
  `author_type` varchar(191) COLLATE utf8mb4_unicode_ci DEFAULT NULL,
  `author_id` bigint unsigned DEFAULT NULL,
  PRIMARY KEY (`id`),
  KEY `ec_specification_tables_author_type_author_id_index` (`author_type`,`author_id`)
) ENGINE=InnoDB AUTO_INCREMENT=3 DEFAULT CHARSET=utf8mb4 COLLATE=utf8mb4_unicode_ci;

--
-- Dumping data for table `ec_specification_tables`
--

INSERT INTO `ec_specification_tables` VALUES (1,'General Specification',NULL,'2025-07-28 01:49:31','2025-07-28 01:49:31',NULL,NULL),(2,'Technical Specification',NULL,'2025-07-28 01:49:31','2025-07-28 01:49:31',NULL,NULL);

--
-- Table structure for table `ec_specification_tables_translations`
--

CREATE TABLE `ec_specification_tables_translations` (
  `lang_code` varchar(20) COLLATE utf8mb4_unicode_ci NOT NULL,
  `ec_specification_tables_id` bigint unsigned NOT NULL,
  `name` varchar(191) COLLATE utf8mb4_unicode_ci DEFAULT NULL,
  `description` varchar(400) COLLATE utf8mb4_unicode_ci DEFAULT NULL,
  PRIMARY KEY (`lang_code`,`ec_specification_tables_id`)
) ENGINE=InnoDB DEFAULT CHARSET=utf8mb4 COLLATE=utf8mb4_unicode_ci;

--
-- Dumping data for table `ec_specification_tables_translations`
--


--
-- Table structure for table `ec_store_locators`
--

CREATE TABLE `ec_store_locators` (
  `id` bigint unsigned NOT NULL AUTO_INCREMENT,
  `name` varchar(60) COLLATE utf8mb4_unicode_ci NOT NULL,
  `email` varchar(60) COLLATE utf8mb4_unicode_ci DEFAULT NULL,
  `phone` varchar(20) COLLATE utf8mb4_unicode_ci NOT NULL,
  `address` varchar(191) COLLATE utf8mb4_unicode_ci NOT NULL,
  `country` varchar(120) COLLATE utf8mb4_unicode_ci DEFAULT NULL,
  `state` varchar(120) COLLATE utf8mb4_unicode_ci DEFAULT NULL,
  `city` varchar(120) COLLATE utf8mb4_unicode_ci DEFAULT NULL,
  `is_primary` tinyint(1) DEFAULT '0',
  `is_shipping_location` tinyint(1) DEFAULT '1',
  `created_at` timestamp NULL DEFAULT NULL,
  `updated_at` timestamp NULL DEFAULT NULL,
  `zip_code` varchar(20) COLLATE utf8mb4_unicode_ci DEFAULT NULL,
  PRIMARY KEY (`id`)
) ENGINE=InnoDB AUTO_INCREMENT=2 DEFAULT CHARSET=utf8mb4 COLLATE=utf8mb4_unicode_ci;

--
-- Dumping data for table `ec_store_locators`
--

INSERT INTO `ec_store_locators` VALUES (1,'Shofy','sales@botble.com','1800979769','502 New Street','AU','Brighton VIC','Brighton VIC',1,1,'2025-07-28 01:49:19','2025-07-28 01:49:19',NULL);

--
-- Table structure for table `ec_tax_products`
--

CREATE TABLE `ec_tax_products` (
  `tax_id` bigint unsigned NOT NULL,
  `product_id` bigint unsigned NOT NULL,
  PRIMARY KEY (`product_id`,`tax_id`),
  KEY `ec_tax_products_tax_id_index` (`tax_id`),
  KEY `ec_tax_products_product_id_index` (`product_id`)
) ENGINE=InnoDB DEFAULT CHARSET=utf8mb4 COLLATE=utf8mb4_unicode_ci;

--
-- Dumping data for table `ec_tax_products`
--

INSERT INTO `ec_tax_products` VALUES (1,3),(1,4),(1,6),(1,10),(1,11),(1,15),(1,19),(1,22),(1,23),(1,24),(1,25),(1,28),(1,29),(1,30),(1,33),(1,34),(1,37),(1,38),(1,39),(1,41),(1,42),(2,1),(2,7),(2,12),(2,17),(2,18),(2,21),(2,31),(2,36),(3,2),(3,5),(3,8),(3,9),(3,13),(3,14),(3,16),(3,20),(3,26),(3,27),(3,32),(3,35),(3,40),(3,43);

--
-- Table structure for table `ec_tax_rules`
--

CREATE TABLE `ec_tax_rules` (
  `id` bigint unsigned NOT NULL AUTO_INCREMENT,
  `tax_id` bigint unsigned NOT NULL,
  `country` varchar(120) COLLATE utf8mb4_unicode_ci DEFAULT NULL,
  `state` varchar(120) COLLATE utf8mb4_unicode_ci DEFAULT NULL,
  `city` varchar(120) COLLATE utf8mb4_unicode_ci DEFAULT NULL,
  `zip_code` varchar(20) COLLATE utf8mb4_unicode_ci DEFAULT NULL,
  `priority` int DEFAULT NULL,
  `is_enabled` tinyint(1) NOT NULL DEFAULT '1',
  `created_at` timestamp NULL DEFAULT NULL,
  `updated_at` timestamp NULL DEFAULT NULL,
  `percentage` float DEFAULT NULL,
  PRIMARY KEY (`id`)
) ENGINE=InnoDB DEFAULT CHARSET=utf8mb4 COLLATE=utf8mb4_unicode_ci;

--
-- Dumping data for table `ec_tax_rules`
--


--
-- Table structure for table `ec_taxes`
--

CREATE TABLE `ec_taxes` (
  `id` bigint unsigned NOT NULL AUTO_INCREMENT,
  `title` varchar(191) COLLATE utf8mb4_unicode_ci DEFAULT NULL,
  `percentage` float DEFAULT NULL,
  `priority` int DEFAULT NULL,
  `status` varchar(60) COLLATE utf8mb4_unicode_ci NOT NULL DEFAULT 'published',
  `created_at` timestamp NULL DEFAULT NULL,
  `updated_at` timestamp NULL DEFAULT NULL,
  PRIMARY KEY (`id`)
) ENGINE=InnoDB AUTO_INCREMENT=4 DEFAULT CHARSET=utf8mb4 COLLATE=utf8mb4_unicode_ci;

--
-- Dumping data for table `ec_taxes`
--

INSERT INTO `ec_taxes` VALUES (1,'VAT',10,1,'published','2025-07-28 01:49:15','2025-07-28 01:49:15'),(2,'None',0,2,'published','2025-07-28 01:49:15','2025-07-28 01:49:15'),(3,'Import Tax',15,3,'published','2025-07-28 01:49:15','2025-07-28 01:49:15');

--
-- Table structure for table `ec_taxes_translations`
--

CREATE TABLE `ec_taxes_translations` (
  `lang_code` varchar(191) COLLATE utf8mb4_unicode_ci NOT NULL,
  `ec_taxes_id` bigint unsigned NOT NULL,
  `title` varchar(191) COLLATE utf8mb4_unicode_ci DEFAULT NULL,
  PRIMARY KEY (`lang_code`,`ec_taxes_id`)
) ENGINE=InnoDB DEFAULT CHARSET=utf8mb4 COLLATE=utf8mb4_unicode_ci;

--
-- Dumping data for table `ec_taxes_translations`
--


--
-- Table structure for table `ec_wish_lists`
--

CREATE TABLE `ec_wish_lists` (
  `customer_id` bigint unsigned NOT NULL,
  `product_id` bigint unsigned NOT NULL,
  `created_at` timestamp NULL DEFAULT NULL,
  `updated_at` timestamp NULL DEFAULT NULL,
  PRIMARY KEY (`customer_id`,`product_id`),
  KEY `wishlist_relation_index` (`product_id`,`customer_id`)
) ENGINE=InnoDB DEFAULT CHARSET=utf8mb4 COLLATE=utf8mb4_unicode_ci;

--
-- Dumping data for table `ec_wish_lists`
--


--
-- Table structure for table `failed_jobs`
--

CREATE TABLE `failed_jobs` (
  `id` bigint unsigned NOT NULL AUTO_INCREMENT,
  `uuid` varchar(191) COLLATE utf8mb4_unicode_ci NOT NULL,
  `connection` text COLLATE utf8mb4_unicode_ci NOT NULL,
  `queue` text COLLATE utf8mb4_unicode_ci NOT NULL,
  `payload` longtext COLLATE utf8mb4_unicode_ci NOT NULL,
  `exception` longtext COLLATE utf8mb4_unicode_ci NOT NULL,
  `failed_at` timestamp NOT NULL DEFAULT CURRENT_TIMESTAMP,
  PRIMARY KEY (`id`),
  UNIQUE KEY `failed_jobs_uuid_unique` (`uuid`)
) ENGINE=InnoDB DEFAULT CHARSET=utf8mb4 COLLATE=utf8mb4_unicode_ci;

--
-- Dumping data for table `failed_jobs`
--


--
-- Table structure for table `faq_categories`
--

CREATE TABLE `faq_categories` (
  `id` bigint unsigned NOT NULL AUTO_INCREMENT,
  `name` varchar(120) COLLATE utf8mb4_unicode_ci NOT NULL,
  `order` tinyint NOT NULL DEFAULT '0',
  `status` varchar(60) COLLATE utf8mb4_unicode_ci NOT NULL DEFAULT 'published',
  `created_at` timestamp NULL DEFAULT NULL,
  `updated_at` timestamp NULL DEFAULT NULL,
  `description` varchar(400) COLLATE utf8mb4_unicode_ci DEFAULT NULL,
  PRIMARY KEY (`id`)
) ENGINE=InnoDB AUTO_INCREMENT=4 DEFAULT CHARSET=utf8mb4 COLLATE=utf8mb4_unicode_ci;

--
-- Dumping data for table `faq_categories`
--

INSERT INTO `faq_categories` VALUES (1,'Shipping',0,'published','2025-07-28 01:49:08','2025-07-28 01:49:08',NULL),(2,'Payment',1,'published','2025-07-28 01:49:08','2025-07-28 01:49:08',NULL),(3,'Order &amp; Returns',2,'published','2025-07-28 01:49:08','2025-07-28 01:49:08',NULL);

--
-- Table structure for table `faq_categories_translations`
--

CREATE TABLE `faq_categories_translations` (
  `lang_code` varchar(20) COLLATE utf8mb4_unicode_ci NOT NULL,
  `faq_categories_id` bigint unsigned NOT NULL,
  `name` varchar(120) COLLATE utf8mb4_unicode_ci DEFAULT NULL,
  PRIMARY KEY (`lang_code`,`faq_categories_id`)
) ENGINE=InnoDB DEFAULT CHARSET=utf8mb4 COLLATE=utf8mb4_unicode_ci;

--
-- Dumping data for table `faq_categories_translations`
--


--
-- Table structure for table `faqs`
--

CREATE TABLE `faqs` (
  `id` bigint unsigned NOT NULL AUTO_INCREMENT,
  `question` text COLLATE utf8mb4_unicode_ci NOT NULL,
  `answer` text COLLATE utf8mb4_unicode_ci NOT NULL,
  `category_id` bigint unsigned NOT NULL,
  `status` varchar(60) COLLATE utf8mb4_unicode_ci NOT NULL DEFAULT 'published',
  `created_at` timestamp NULL DEFAULT NULL,
  `updated_at` timestamp NULL DEFAULT NULL,
  PRIMARY KEY (`id`)
) ENGINE=InnoDB AUTO_INCREMENT=11 DEFAULT CHARSET=utf8mb4 COLLATE=utf8mb4_unicode_ci;

--
-- Dumping data for table `faqs`
--

INSERT INTO `faqs` VALUES (1,'What Shipping Methods Are Available?','Ex Portland Pitchfork irure mustache. Eutra fap before they sold out literally. Aliquip ugh bicycle rights actually mlkshk, seitan squid craft beer tempor.',1,'published','2025-07-28 01:49:08','2025-07-28 01:49:08'),(2,'Do You Ship Internationally?','Hoodie tote bag mixtape tofu. Typewriter jean shorts wolf quinoa, messenger bag organic freegan cray.',1,'published','2025-07-28 01:49:08','2025-07-28 01:49:08'),(3,'How Long Will It Take To Get My Package?','Swag slow-carb quinoa VHS typewriter pork belly brunch, paleo single-origin coffee Wes Anderson. Flexitarian Pitchfork forage, literally paleo fap pour-over. Wes Anderson Pinterest YOLO fanny pack meggings, deep v XOXO chambray sustainable slow-carb raw denim church-key fap chillwave Etsy. +1 typewriter kitsch, American Apparel tofu Banksy Vice.',1,'published','2025-07-28 01:49:08','2025-07-28 01:49:08'),(4,'What Payment Methods Are Accepted?','Fashion axe DIY jean shorts, swag kale chips meh polaroid kogi butcher Wes Anderson chambray next level semiotics gentrify yr. Voluptate photo booth fugiat Vice. Austin sed Williamsburg, ea labore raw denim voluptate cred proident mixtape excepteur mustache. Twee chia photo booth readymade food truck, hoodie roof party swag keytar PBR DIY.',2,'published','2025-07-28 01:49:08','2025-07-28 01:49:08'),(5,'Is Buying On-Line Safe?','Art party authentic freegan semiotics jean shorts chia cred. Neutra Austin roof party Brooklyn, synth Thundercats swag 8-bit photo booth. Plaid letterpress leggings craft beer meh ethical Pinterest.',2,'published','2025-07-28 01:49:08','2025-07-28 01:49:08'),(6,'How do I place an Order?','Keytar cray slow-carb, Godard banh mi salvia pour-over. Slow-carb Odd Future seitan normcore. Master cleanse American Apparel gentrify flexitarian beard slow-carb next level. Raw denim polaroid paleo farm-to-table, put a bird on it lo-fi tattooed Wes Anderson Pinterest letterpress. Fingerstache McSweeney’s pour-over, letterpress Schlitz photo booth master cleanse bespoke hashtag chillwave gentrify.',3,'published','2025-07-28 01:49:08','2025-07-28 01:49:08'),(7,'How Can I Cancel Or Change My Order?','Plaid letterpress leggings craft beer meh ethical Pinterest. Art party authentic freegan semiotics jean shorts chia cred. Neutra Austin roof party Brooklyn, synth Thundercats swag 8-bit photo booth.',3,'published','2025-07-28 01:49:08','2025-07-28 01:49:08'),(8,'Do I need an account to place an order?','Thundercats swag 8-bit photo booth. Plaid letterpress leggings craft beer meh ethical Pinterest. Twee chia photo booth readymade food truck, hoodie roof party swag keytar PBR DIY. Cray ugh 3 wolf moon fap, fashion axe irony butcher cornhole typewriter chambray VHS banjo street art.',3,'published','2025-07-28 01:49:08','2025-07-28 01:49:08'),(9,'How Do I Track My Order?','Keytar cray slow-carb, Godard banh mi salvia pour-over. Slow-carb @Odd Future seitan normcore. Master cleanse American Apparel gentrify flexitarian beard slow-carb next level.',3,'published','2025-07-28 01:49:08','2025-07-28 01:49:08'),(10,'How Can I Return a Product?','Kale chips Truffaut Williamsburg, hashtag fixie Pinterest raw denim c hambray drinking vinegar Carles street art Bushwick gastropub. Wolf Tumblr paleo church-key. Plaid food truck Echo Park YOLO bitters hella, direct trade Thundercats leggings quinoa before they sold out. You probably haven’t heard of them wayfarers authentic umami drinking vinegar Pinterest Cosby sweater, fingerstache fap High Life.',3,'published','2025-07-28 01:49:08','2025-07-28 01:49:08');

--
-- Table structure for table `faqs_translations`
--

CREATE TABLE `faqs_translations` (
  `lang_code` varchar(20) COLLATE utf8mb4_unicode_ci NOT NULL,
  `faqs_id` bigint unsigned NOT NULL,
  `question` text COLLATE utf8mb4_unicode_ci,
  `answer` text COLLATE utf8mb4_unicode_ci,
  PRIMARY KEY (`lang_code`,`faqs_id`)
) ENGINE=InnoDB DEFAULT CHARSET=utf8mb4 COLLATE=utf8mb4_unicode_ci;

--
-- Dumping data for table `faqs_translations`
--


--
-- Table structure for table `galleries`
--

CREATE TABLE `galleries` (
  `id` bigint unsigned NOT NULL AUTO_INCREMENT,
  `name` varchar(120) COLLATE utf8mb4_unicode_ci NOT NULL,
  `description` longtext COLLATE utf8mb4_unicode_ci NOT NULL,
  `is_featured` tinyint unsigned NOT NULL DEFAULT '0',
  `order` tinyint unsigned NOT NULL DEFAULT '0',
  `image` varchar(191) COLLATE utf8mb4_unicode_ci DEFAULT NULL,
  `user_id` bigint unsigned DEFAULT NULL,
  `status` varchar(60) COLLATE utf8mb4_unicode_ci NOT NULL DEFAULT 'published',
  `created_at` timestamp NULL DEFAULT NULL,
  `updated_at` timestamp NULL DEFAULT NULL,
  PRIMARY KEY (`id`),
  KEY `galleries_user_id_index` (`user_id`)
) ENGINE=InnoDB AUTO_INCREMENT=6 DEFAULT CHARSET=utf8mb4 COLLATE=utf8mb4_unicode_ci;

--
-- Dumping data for table `galleries`
--

INSERT INTO `galleries` VALUES (1,'Perfect','March Hare took the opportunity of showing off a head unless there was a dead silence instantly, and neither of the officers of the evening, beautiful Soup! \'Beautiful Soup! Who cares for you?\' said.',1,0,'fashion/galleries/1.jpg',1,'published','2025-07-28 01:49:34','2025-07-28 01:49:34'),(2,'New Day','He says it kills all the jurymen on to the shore. CHAPTER III. A Caucus-Race and a piece of evidence we\'ve heard yet,\' said the Mock Turtle in a natural way again. \'I should have croqueted the.',1,0,'fashion/galleries/2.jpg',1,'published','2025-07-28 01:49:34','2025-07-28 01:49:34'),(3,'Happy Day','Alice felt a violent blow underneath her chin: it had VERY long claws and a Long Tale They were just beginning to end,\' said the Dodo, \'the best way to hear it say, as it spoke. \'As wet as ever,\'.',1,0,'fashion/galleries/3.jpg',1,'published','2025-07-28 01:49:34','2025-07-28 01:49:34'),(4,'Nature','I mentioned before, And have grown most uncommonly fat; Yet you balanced an eel on the Duchess\'s voice died away, even in the middle of one! There ought to be sure! However, everything is to-day!.',1,0,'fashion/galleries/4.jpg',1,'published','2025-07-28 01:49:34','2025-07-28 01:49:34'),(5,'Morning','They are waiting on the other players, and shouting \'Off with her face in some book, but I THINK I can find it.\' And she squeezed herself up on tiptoe, and peeped over the jury-box with the bones.',1,0,'fashion/galleries/5.jpg',1,'published','2025-07-28 01:49:34','2025-07-28 01:49:34');

--
-- Table structure for table `galleries_translations`
--

CREATE TABLE `galleries_translations` (
  `lang_code` varchar(20) COLLATE utf8mb4_unicode_ci NOT NULL,
  `galleries_id` bigint unsigned NOT NULL,
  `name` varchar(191) COLLATE utf8mb4_unicode_ci DEFAULT NULL,
  `description` longtext COLLATE utf8mb4_unicode_ci,
  PRIMARY KEY (`lang_code`,`galleries_id`)
) ENGINE=InnoDB DEFAULT CHARSET=utf8mb4 COLLATE=utf8mb4_unicode_ci;

--
-- Dumping data for table `galleries_translations`
--


--
-- Table structure for table `gallery_meta`
--

CREATE TABLE `gallery_meta` (
  `id` bigint unsigned NOT NULL AUTO_INCREMENT,
  `images` text COLLATE utf8mb4_unicode_ci,
  `reference_id` bigint unsigned NOT NULL,
  `reference_type` varchar(120) COLLATE utf8mb4_unicode_ci NOT NULL,
  `created_at` timestamp NULL DEFAULT NULL,
  `updated_at` timestamp NULL DEFAULT NULL,
  PRIMARY KEY (`id`),
  KEY `gallery_meta_reference_id_index` (`reference_id`)
) ENGINE=InnoDB AUTO_INCREMENT=6 DEFAULT CHARSET=utf8mb4 COLLATE=utf8mb4_unicode_ci;

--
-- Dumping data for table `gallery_meta`
--

INSERT INTO `gallery_meta` VALUES (1,'[{\"img\":\"fashion\\/galleries\\/4.jpg\",\"description\":\"English, who wanted leaders, and had come to the company generally, \'You are all pardoned.\' \'Come, THAT\'S a good deal until she had tired herself out with his head!\' she said, by way of speaking to.\"},{\"img\":\"fashion\\/galleries\\/1.jpg\",\"description\":\"So they got settled down again very sadly and quietly, and looked at poor Alice, \'when one wasn\'t always growing larger and smaller, and being ordered about by mice and rabbits. I almost think I.\"},{\"img\":\"fashion\\/galleries\\/5.jpg\",\"description\":\"Cheshire Cat,\' said Alice: \'besides, that\'s not a mile high,\' said Alice. \'Why?\' \'IT DOES THE BOOTS AND SHOES.\' the Gryphon hastily. \'Go on with the Queen said to herself, \'if one only knew the.\"}]',1,'Botble\\Gallery\\Models\\Gallery','2025-07-28 01:49:34','2025-07-28 01:49:34'),(2,'[{\"img\":\"fashion\\/galleries\\/4.jpg\",\"description\":\"English, who wanted leaders, and had come to the company generally, \'You are all pardoned.\' \'Come, THAT\'S a good deal until she had tired herself out with his head!\' she said, by way of speaking to.\"},{\"img\":\"fashion\\/galleries\\/1.jpg\",\"description\":\"So they got settled down again very sadly and quietly, and looked at poor Alice, \'when one wasn\'t always growing larger and smaller, and being ordered about by mice and rabbits. I almost think I.\"},{\"img\":\"fashion\\/galleries\\/5.jpg\",\"description\":\"Cheshire Cat,\' said Alice: \'besides, that\'s not a mile high,\' said Alice. \'Why?\' \'IT DOES THE BOOTS AND SHOES.\' the Gryphon hastily. \'Go on with the Queen said to herself, \'if one only knew the.\"}]',2,'Botble\\Gallery\\Models\\Gallery','2025-07-28 01:49:34','2025-07-28 01:49:34'),(3,'[{\"img\":\"fashion\\/galleries\\/4.jpg\",\"description\":\"English, who wanted leaders, and had come to the company generally, \'You are all pardoned.\' \'Come, THAT\'S a good deal until she had tired herself out with his head!\' she said, by way of speaking to.\"},{\"img\":\"fashion\\/galleries\\/1.jpg\",\"description\":\"So they got settled down again very sadly and quietly, and looked at poor Alice, \'when one wasn\'t always growing larger and smaller, and being ordered about by mice and rabbits. I almost think I.\"},{\"img\":\"fashion\\/galleries\\/5.jpg\",\"description\":\"Cheshire Cat,\' said Alice: \'besides, that\'s not a mile high,\' said Alice. \'Why?\' \'IT DOES THE BOOTS AND SHOES.\' the Gryphon hastily. \'Go on with the Queen said to herself, \'if one only knew the.\"}]',3,'Botble\\Gallery\\Models\\Gallery','2025-07-28 01:49:34','2025-07-28 01:49:34'),(4,'[{\"img\":\"fashion\\/galleries\\/4.jpg\",\"description\":\"English, who wanted leaders, and had come to the company generally, \'You are all pardoned.\' \'Come, THAT\'S a good deal until she had tired herself out with his head!\' she said, by way of speaking to.\"},{\"img\":\"fashion\\/galleries\\/1.jpg\",\"description\":\"So they got settled down again very sadly and quietly, and looked at poor Alice, \'when one wasn\'t always growing larger and smaller, and being ordered about by mice and rabbits. I almost think I.\"},{\"img\":\"fashion\\/galleries\\/5.jpg\",\"description\":\"Cheshire Cat,\' said Alice: \'besides, that\'s not a mile high,\' said Alice. \'Why?\' \'IT DOES THE BOOTS AND SHOES.\' the Gryphon hastily. \'Go on with the Queen said to herself, \'if one only knew the.\"}]',4,'Botble\\Gallery\\Models\\Gallery','2025-07-28 01:49:34','2025-07-28 01:49:34'),(5,'[{\"img\":\"fashion\\/galleries\\/4.jpg\",\"description\":\"English, who wanted leaders, and had come to the company generally, \'You are all pardoned.\' \'Come, THAT\'S a good deal until she had tired herself out with his head!\' she said, by way of speaking to.\"},{\"img\":\"fashion\\/galleries\\/1.jpg\",\"description\":\"So they got settled down again very sadly and quietly, and looked at poor Alice, \'when one wasn\'t always growing larger and smaller, and being ordered about by mice and rabbits. I almost think I.\"},{\"img\":\"fashion\\/galleries\\/5.jpg\",\"description\":\"Cheshire Cat,\' said Alice: \'besides, that\'s not a mile high,\' said Alice. \'Why?\' \'IT DOES THE BOOTS AND SHOES.\' the Gryphon hastily. \'Go on with the Queen said to herself, \'if one only knew the.\"}]',5,'Botble\\Gallery\\Models\\Gallery','2025-07-28 01:49:34','2025-07-28 01:49:34');

--
-- Table structure for table `gallery_meta_translations`
--

CREATE TABLE `gallery_meta_translations` (
  `lang_code` varchar(20) COLLATE utf8mb4_unicode_ci NOT NULL,
  `gallery_meta_id` bigint unsigned NOT NULL,
  `images` text COLLATE utf8mb4_unicode_ci,
  PRIMARY KEY (`lang_code`,`gallery_meta_id`)
) ENGINE=InnoDB DEFAULT CHARSET=utf8mb4 COLLATE=utf8mb4_unicode_ci;

--
-- Dumping data for table `gallery_meta_translations`
--


--
-- Table structure for table `jobs`
--

CREATE TABLE `jobs` (
  `id` bigint unsigned NOT NULL AUTO_INCREMENT,
  `queue` varchar(191) COLLATE utf8mb4_unicode_ci NOT NULL,
  `payload` longtext COLLATE utf8mb4_unicode_ci NOT NULL,
  `attempts` tinyint unsigned NOT NULL,
  `reserved_at` int unsigned DEFAULT NULL,
  `available_at` int unsigned NOT NULL,
  `created_at` int unsigned NOT NULL,
  PRIMARY KEY (`id`),
  KEY `jobs_queue_index` (`queue`)
) ENGINE=InnoDB DEFAULT CHARSET=utf8mb4 COLLATE=utf8mb4_unicode_ci;

--
-- Dumping data for table `jobs`
--


--
-- Table structure for table `language_meta`
--

CREATE TABLE `language_meta` (
  `lang_meta_id` bigint unsigned NOT NULL AUTO_INCREMENT,
  `lang_meta_code` varchar(20) COLLATE utf8mb4_unicode_ci DEFAULT NULL,
  `lang_meta_origin` varchar(32) COLLATE utf8mb4_unicode_ci NOT NULL,
  `reference_id` bigint unsigned NOT NULL,
  `reference_type` varchar(120) COLLATE utf8mb4_unicode_ci NOT NULL,
  PRIMARY KEY (`lang_meta_id`),
  KEY `language_meta_reference_id_index` (`reference_id`),
  KEY `meta_code_index` (`lang_meta_code`),
  KEY `meta_origin_index` (`lang_meta_origin`),
  KEY `meta_reference_type_index` (`reference_type`)
) ENGINE=InnoDB AUTO_INCREMENT=6 DEFAULT CHARSET=utf8mb4 COLLATE=utf8mb4_unicode_ci;

--
-- Dumping data for table `language_meta`
--

INSERT INTO `language_meta` VALUES (1,'en_US','73607a7c5d3f94bbb509d9eeb676e6d4',1,'Botble\\SimpleSlider\\Models\\SimpleSlider'),(2,'en_US','e836eab8db4d119d58a8bdf3616c9c91',1,'Botble\\Menu\\Models\\MenuLocation'),(3,'en_US','e98cb2f0defa67e78647e21f2d180573',1,'Botble\\Menu\\Models\\Menu'),(4,'en_US','423d657481c656cc17417a0a9488308f',2,'Botble\\Menu\\Models\\Menu'),(5,'en_US','27ea682c64cd8fac8245b4fa9395a74c',3,'Botble\\Menu\\Models\\Menu');

--
-- Table structure for table `languages`
--

CREATE TABLE `languages` (
  `lang_id` bigint unsigned NOT NULL AUTO_INCREMENT,
  `lang_name` varchar(120) COLLATE utf8mb4_unicode_ci NOT NULL,
  `lang_locale` varchar(20) COLLATE utf8mb4_unicode_ci NOT NULL,
  `lang_code` varchar(20) COLLATE utf8mb4_unicode_ci NOT NULL,
  `lang_flag` varchar(20) COLLATE utf8mb4_unicode_ci DEFAULT NULL,
  `lang_is_default` tinyint unsigned NOT NULL DEFAULT '0',
  `lang_order` int NOT NULL DEFAULT '0',
  `lang_is_rtl` tinyint unsigned NOT NULL DEFAULT '0',
  PRIMARY KEY (`lang_id`),
  KEY `lang_locale_index` (`lang_locale`),
  KEY `lang_code_index` (`lang_code`),
  KEY `lang_is_default_index` (`lang_is_default`)
) ENGINE=InnoDB AUTO_INCREMENT=2 DEFAULT CHARSET=utf8mb4 COLLATE=utf8mb4_unicode_ci;

--
-- Dumping data for table `languages`
--

INSERT INTO `languages` VALUES (1,'English','en','en_US','us',1,0,0);

--
-- Table structure for table `media_files`
--

CREATE TABLE `media_files` (
  `id` bigint unsigned NOT NULL AUTO_INCREMENT,
  `user_id` bigint unsigned NOT NULL,
  `name` varchar(191) COLLATE utf8mb4_unicode_ci NOT NULL,
  `alt` varchar(191) COLLATE utf8mb4_unicode_ci DEFAULT NULL,
  `folder_id` bigint unsigned NOT NULL DEFAULT '0',
  `mime_type` varchar(120) COLLATE utf8mb4_unicode_ci NOT NULL,
  `size` int NOT NULL,
  `url` varchar(191) COLLATE utf8mb4_unicode_ci NOT NULL,
  `options` text COLLATE utf8mb4_unicode_ci,
  `created_at` timestamp NULL DEFAULT NULL,
  `updated_at` timestamp NULL DEFAULT NULL,
  `deleted_at` timestamp NULL DEFAULT NULL,
  `visibility` varchar(191) COLLATE utf8mb4_unicode_ci NOT NULL DEFAULT 'public',
  PRIMARY KEY (`id`),
  KEY `media_files_user_id_index` (`user_id`),
  KEY `media_files_index` (`folder_id`,`user_id`,`created_at`)
) ENGINE=InnoDB AUTO_INCREMENT=141 DEFAULT CHARSET=utf8mb4 COLLATE=utf8mb4_unicode_ci;

--
-- Dumping data for table `media_files`
--

INSERT INTO `media_files` VALUES (1,0,'404','404',2,'image/png',16004,'main/general/404.png','[]','2025-07-28 01:49:03','2025-07-28 01:49:03',NULL,'public'),(2,0,'about-1','about-1',2,'image/jpeg',9222,'main/general/about-1.jpg','[]','2025-07-28 01:49:03','2025-07-28 01:49:03',NULL,'public'),(3,0,'about-2','about-2',2,'image/jpeg',5105,'main/general/about-2.jpg','[]','2025-07-28 01:49:03','2025-07-28 01:49:03',NULL,'public'),(4,0,'auth-banner','auth-banner',2,'image/png',48468,'main/general/auth-banner.png','[]','2025-07-28 01:49:03','2025-07-28 01:49:03',NULL,'public'),(5,0,'breadcrumb','breadcrumb',2,'image/jpeg',5276,'main/general/breadcrumb.jpg','[]','2025-07-28 01:49:04','2025-07-28 01:49:04',NULL,'public'),(6,0,'contact-img','contact-img',2,'image/jpeg',13078,'main/general/contact-img.jpg','[]','2025-07-28 01:49:04','2025-07-28 01:49:04',NULL,'public'),(7,0,'cta-shape-1','cta-shape-1',2,'image/png',20314,'main/general/cta-shape-1.png','[]','2025-07-28 01:49:04','2025-07-28 01:49:04',NULL,'public'),(8,0,'cta-shape-2','cta-shape-2',2,'image/png',14564,'main/general/cta-shape-2.png','[]','2025-07-28 01:49:04','2025-07-28 01:49:04',NULL,'public'),(9,0,'cta-thumb-1','cta-thumb-1',2,'image/jpeg',6053,'main/general/cta-thumb-1.jpg','[]','2025-07-28 01:49:04','2025-07-28 01:49:04',NULL,'public'),(10,0,'favicon','favicon',2,'image/png',1778,'main/general/favicon.png','[]','2025-07-28 01:49:04','2025-07-28 01:49:04',NULL,'public'),(11,0,'footer-pay','footer-pay',2,'image/png',490,'main/general/footer-pay.png','[]','2025-07-28 01:49:04','2025-07-28 01:49:04',NULL,'public'),(12,0,'logo-white','logo-white',2,'image/png',17446,'main/general/logo-white.png','[]','2025-07-28 01:49:05','2025-07-28 01:49:05',NULL,'public'),(13,0,'logo','logo',2,'image/png',18022,'main/general/logo.png','[]','2025-07-28 01:49:05','2025-07-28 01:49:05',NULL,'public'),(14,0,'newsletter-popup','newsletter-popup',2,'image/jpeg',7434,'main/general/newsletter-popup.jpg','[]','2025-07-28 01:49:05','2025-07-28 01:49:05',NULL,'public'),(15,0,'placeholder','placeholder',2,'image/png',2334,'main/general/placeholder.png','[]','2025-07-28 01:49:05','2025-07-28 01:49:05',NULL,'public'),(16,0,'preloader-icon','preloader-icon',2,'image/png',3923,'main/general/preloader-icon.png','[]','2025-07-28 01:49:05','2025-07-28 01:49:05',NULL,'public'),(17,0,'signature','signature',2,'image/png',2122,'main/general/signature.png','[]','2025-07-28 01:49:05','2025-07-28 01:49:05',NULL,'public'),(18,0,'slider-offer','slider-offer',2,'image/png',970,'main/general/slider-offer.png','[]','2025-07-28 01:49:05','2025-07-28 01:49:05',NULL,'public'),(19,0,'cod','cod',3,'image/png',12121,'payments/cod.png','[]','2025-07-28 01:49:05','2025-07-28 01:49:05',NULL,'public'),(20,0,'bank-transfer','bank-transfer',3,'image/png',29089,'payments/bank-transfer.png','[]','2025-07-28 01:49:05','2025-07-28 01:49:05',NULL,'public'),(21,0,'stripe','stripe',3,'image/webp',7516,'payments/stripe.webp','[]','2025-07-28 01:49:05','2025-07-28 01:49:05',NULL,'public'),(22,0,'paypal','paypal',3,'image/png',3001,'payments/paypal.png','[]','2025-07-28 01:49:05','2025-07-28 01:49:05',NULL,'public'),(23,0,'mollie','mollie',3,'image/png',8968,'payments/mollie.png','[]','2025-07-28 01:49:05','2025-07-28 01:49:05',NULL,'public'),(24,0,'paystack','paystack',3,'image/png',31015,'payments/paystack.png','[]','2025-07-28 01:49:05','2025-07-28 01:49:05',NULL,'public'),(25,0,'razorpay','razorpay',3,'image/png',8489,'payments/razorpay.png','[]','2025-07-28 01:49:05','2025-07-28 01:49:05',NULL,'public'),(26,0,'sslcommerz','sslcommerz',3,'image/png',3482,'payments/sslcommerz.png','[]','2025-07-28 01:49:05','2025-07-28 01:49:05',NULL,'public'),(37,0,'1','1',5,'image/png',948,'main/brands/1.png','[]','2025-07-28 01:49:07','2025-07-28 01:49:07',NULL,'public'),(38,0,'2','2',5,'image/png',948,'main/brands/2.png','[]','2025-07-28 01:49:07','2025-07-28 01:49:07',NULL,'public'),(39,0,'3','3',5,'image/png',948,'main/brands/3.png','[]','2025-07-28 01:49:07','2025-07-28 01:49:07',NULL,'public'),(40,0,'4','4',5,'image/png',948,'main/brands/4.png','[]','2025-07-28 01:49:08','2025-07-28 01:49:08',NULL,'public'),(41,0,'5','5',5,'image/png',948,'main/brands/5.png','[]','2025-07-28 01:49:08','2025-07-28 01:49:08',NULL,'public'),(42,0,'1','1',6,'image/jpeg',4294,'main/customers/1.jpg','[]','2025-07-28 01:49:08','2025-07-28 01:49:08',NULL,'public'),(43,0,'10','10',6,'image/jpeg',4294,'main/customers/10.jpg','[]','2025-07-28 01:49:08','2025-07-28 01:49:08',NULL,'public'),(44,0,'2','2',6,'image/jpeg',4294,'main/customers/2.jpg','[]','2025-07-28 01:49:08','2025-07-28 01:49:08',NULL,'public'),(45,0,'3','3',6,'image/jpeg',4294,'main/customers/3.jpg','[]','2025-07-28 01:49:08','2025-07-28 01:49:08',NULL,'public'),(46,0,'4','4',6,'image/jpeg',4294,'main/customers/4.jpg','[]','2025-07-28 01:49:08','2025-07-28 01:49:08',NULL,'public'),(47,0,'5','5',6,'image/jpeg',4294,'main/customers/5.jpg','[]','2025-07-28 01:49:08','2025-07-28 01:49:08',NULL,'public'),(48,0,'6','6',6,'image/jpeg',4294,'main/customers/6.jpg','[]','2025-07-28 01:49:08','2025-07-28 01:49:08',NULL,'public'),(49,0,'7','7',6,'image/jpeg',4294,'main/customers/7.jpg','[]','2025-07-28 01:49:09','2025-07-28 01:49:09',NULL,'public'),(50,0,'8','8',6,'image/jpeg',4294,'main/customers/8.jpg','[]','2025-07-28 01:49:09','2025-07-28 01:49:09',NULL,'public'),(51,0,'9','9',6,'image/jpeg',4294,'main/customers/9.jpg','[]','2025-07-28 01:49:09','2025-07-28 01:49:09',NULL,'public'),(52,0,'blog-big-1','blog-big-1',7,'image/jpeg',13885,'main/blog/blog-big-1.jpg','[]','2025-07-28 01:49:15','2025-07-28 01:49:15',NULL,'public'),(53,0,'blog-details-sm-1','blog-details-sm-1',7,'image/jpeg',8166,'main/blog/blog-details-sm-1.jpg','[]','2025-07-28 01:49:16','2025-07-28 01:49:16',NULL,'public'),(54,0,'post-1','post-1',7,'image/jpeg',6189,'main/blog/post-1.jpg','[]','2025-07-28 01:49:16','2025-07-28 01:49:16',NULL,'public'),(55,0,'post-10','post-10',7,'image/jpeg',5907,'main/blog/post-10.jpg','[]','2025-07-28 01:49:16','2025-07-28 01:49:16',NULL,'public'),(56,0,'post-11','post-11',7,'image/jpeg',5907,'main/blog/post-11.jpg','[]','2025-07-28 01:49:16','2025-07-28 01:49:16',NULL,'public'),(57,0,'post-12','post-12',7,'image/jpeg',5907,'main/blog/post-12.jpg','[]','2025-07-28 01:49:16','2025-07-28 01:49:16',NULL,'public'),(58,0,'post-2','post-2',7,'image/jpeg',6189,'main/blog/post-2.jpg','[]','2025-07-28 01:49:16','2025-07-28 01:49:16',NULL,'public'),(59,0,'post-3','post-3',7,'image/jpeg',6189,'main/blog/post-3.jpg','[]','2025-07-28 01:49:16','2025-07-28 01:49:16',NULL,'public'),(60,0,'post-4','post-4',7,'image/jpeg',6045,'main/blog/post-4.jpg','[]','2025-07-28 01:49:16','2025-07-28 01:49:16',NULL,'public'),(61,0,'post-5','post-5',7,'image/jpeg',6045,'main/blog/post-5.jpg','[]','2025-07-28 01:49:17','2025-07-28 01:49:17',NULL,'public'),(62,0,'post-6','post-6',7,'image/jpeg',6045,'main/blog/post-6.jpg','[]','2025-07-28 01:49:17','2025-07-28 01:49:17',NULL,'public'),(63,0,'post-7','post-7',7,'image/jpeg',5907,'main/blog/post-7.jpg','[]','2025-07-28 01:49:17','2025-07-28 01:49:17',NULL,'public'),(64,0,'post-8','post-8',7,'image/jpeg',5907,'main/blog/post-8.jpg','[]','2025-07-28 01:49:17','2025-07-28 01:49:17',NULL,'public'),(65,0,'post-9','post-9',7,'image/jpeg',5907,'main/blog/post-9.jpg','[]','2025-07-28 01:49:17','2025-07-28 01:49:17',NULL,'public'),(66,0,'1','1',4,'image/jpeg',4068,'main/users/1.jpg','[]','2025-07-28 01:49:17','2025-07-28 01:49:17',NULL,'public'),(67,0,'10','10',4,'image/jpeg',7599,'main/users/10.jpg','[]','2025-07-28 01:49:17','2025-07-28 01:49:17',NULL,'public'),(68,0,'2','2',4,'image/jpeg',7599,'main/users/2.jpg','[]','2025-07-28 01:49:17','2025-07-28 01:49:17',NULL,'public'),(69,0,'3','3',4,'image/jpeg',6387,'main/users/3.jpg','[]','2025-07-28 01:49:17','2025-07-28 01:49:17',NULL,'public'),(70,0,'4','4',4,'image/jpeg',7599,'main/users/4.jpg','[]','2025-07-28 01:49:17','2025-07-28 01:49:17',NULL,'public'),(71,0,'5','5',4,'image/jpeg',6387,'main/users/5.jpg','[]','2025-07-28 01:49:18','2025-07-28 01:49:18',NULL,'public'),(72,0,'6','6',4,'image/jpeg',7599,'main/users/6.jpg','[]','2025-07-28 01:49:18','2025-07-28 01:49:18',NULL,'public'),(73,0,'7','7',4,'image/jpeg',6387,'main/users/7.jpg','[]','2025-07-28 01:49:18','2025-07-28 01:49:18',NULL,'public'),(74,0,'8','8',4,'image/jpeg',7599,'main/users/8.jpg','[]','2025-07-28 01:49:18','2025-07-28 01:49:18',NULL,'public'),(75,0,'9','9',4,'image/jpeg',6387,'main/users/9.jpg','[]','2025-07-28 01:49:18','2025-07-28 01:49:18',NULL,'public'),(76,0,'1','1',8,'image/png',9022,'main/stores/1.png','[]','2025-07-28 01:49:19','2025-07-28 01:49:19',NULL,'public'),(77,0,'10','10',8,'image/png',4384,'main/stores/10.png','[]','2025-07-28 01:49:19','2025-07-28 01:49:19',NULL,'public'),(78,0,'11','11',8,'image/png',4706,'main/stores/11.png','[]','2025-07-28 01:49:19','2025-07-28 01:49:19',NULL,'public'),(79,0,'12','12',8,'image/png',5075,'main/stores/12.png','[]','2025-07-28 01:49:19','2025-07-28 01:49:19',NULL,'public'),(80,0,'13','13',8,'image/png',3700,'main/stores/13.png','[]','2025-07-28 01:49:19','2025-07-28 01:49:19',NULL,'public'),(81,0,'14','14',8,'image/png',4239,'main/stores/14.png','[]','2025-07-28 01:49:19','2025-07-28 01:49:19',NULL,'public'),(82,0,'15','15',8,'image/png',5304,'main/stores/15.png','[]','2025-07-28 01:49:19','2025-07-28 01:49:19',NULL,'public'),(83,0,'16','16',8,'image/png',4796,'main/stores/16.png','[]','2025-07-28 01:49:19','2025-07-28 01:49:19',NULL,'public'),(84,0,'17','17',8,'image/png',4919,'main/stores/17.png','[]','2025-07-28 01:49:20','2025-07-28 01:49:20',NULL,'public'),(85,0,'2','2',8,'image/png',8598,'main/stores/2.png','[]','2025-07-28 01:49:20','2025-07-28 01:49:20',NULL,'public'),(86,0,'3','3',8,'image/png',7888,'main/stores/3.png','[]','2025-07-28 01:49:20','2025-07-28 01:49:20',NULL,'public'),(87,0,'4','4',8,'image/png',8393,'main/stores/4.png','[]','2025-07-28 01:49:20','2025-07-28 01:49:20',NULL,'public'),(88,0,'5','5',8,'image/png',10159,'main/stores/5.png','[]','2025-07-28 01:49:20','2025-07-28 01:49:20',NULL,'public'),(89,0,'6','6',8,'image/png',10312,'main/stores/6.png','[]','2025-07-28 01:49:20','2025-07-28 01:49:20',NULL,'public'),(90,0,'7','7',8,'image/png',3764,'main/stores/7.png','[]','2025-07-28 01:49:20','2025-07-28 01:49:20',NULL,'public'),(91,0,'8','8',8,'image/png',4237,'main/stores/8.png','[]','2025-07-28 01:49:20','2025-07-28 01:49:20',NULL,'public'),(92,0,'9','9',8,'image/png',4096,'main/stores/9.png','[]','2025-07-28 01:49:21','2025-07-28 01:49:21',NULL,'public'),(93,0,'cover-1','cover-1',8,'image/png',4208,'main/stores/cover-1.png','[]','2025-07-28 01:49:21','2025-07-28 01:49:21',NULL,'public'),(94,0,'cover-2','cover-2',8,'image/png',8798,'main/stores/cover-2.png','[]','2025-07-28 01:49:21','2025-07-28 01:49:21',NULL,'public'),(95,0,'cover-3','cover-3',8,'image/png',3888,'main/stores/cover-3.png','[]','2025-07-28 01:49:21','2025-07-28 01:49:21',NULL,'public'),(96,0,'cover-4','cover-4',8,'image/png',11893,'main/stores/cover-4.png','[]','2025-07-28 01:49:21','2025-07-28 01:49:21',NULL,'public'),(97,0,'cover-5','cover-5',8,'image/png',8798,'main/stores/cover-5.png','[]','2025-07-28 01:49:22','2025-07-28 01:49:22',NULL,'public'),(98,0,'shape-1','shape-1',10,'image/png',1842,'fashion/sliders/shape-1.png','[]','2025-07-28 01:49:25','2025-07-28 01:49:25',NULL,'public'),(99,0,'shape-2','shape-2',10,'image/png',489,'fashion/sliders/shape-2.png','[]','2025-07-28 01:49:25','2025-07-28 01:49:25',NULL,'public'),(100,0,'shape-3','shape-3',10,'image/png',221,'fashion/sliders/shape-3.png','[]','2025-07-28 01:49:25','2025-07-28 01:49:25',NULL,'public'),(101,0,'slider-1','slider-1',10,'image/png',10444,'fashion/sliders/slider-1.png','[]','2025-07-28 01:49:25','2025-07-28 01:49:25',NULL,'public'),(102,0,'slider-2','slider-2',10,'image/png',9843,'fashion/sliders/slider-2.png','[]','2025-07-28 01:49:25','2025-07-28 01:49:25',NULL,'public'),(103,0,'slider-3','slider-3',10,'image/png',11768,'fashion/sliders/slider-3.png','[]','2025-07-28 01:49:26','2025-07-28 01:49:26',NULL,'public'),(104,0,'1','1',11,'image/jpeg',4294,'fashion/product-categories/1.jpg','[]','2025-07-28 01:49:26','2025-07-28 01:49:26',NULL,'public'),(105,0,'2','2',11,'image/jpeg',4294,'fashion/product-categories/2.jpg','[]','2025-07-28 01:49:26','2025-07-28 01:49:26',NULL,'public'),(106,0,'3','3',11,'image/jpeg',4294,'fashion/product-categories/3.jpg','[]','2025-07-28 01:49:26','2025-07-28 01:49:26',NULL,'public'),(107,0,'4','4',11,'image/jpeg',4294,'fashion/product-categories/4.jpg','[]','2025-07-28 01:49:26','2025-07-28 01:49:26',NULL,'public'),(108,0,'5','5',11,'image/jpeg',4294,'fashion/product-categories/5.jpg','[]','2025-07-28 01:49:26','2025-07-28 01:49:26',NULL,'public'),(109,0,'6','6',11,'image/jpeg',4294,'fashion/product-categories/6.jpg','[]','2025-07-28 01:49:26','2025-07-28 01:49:26',NULL,'public'),(110,0,'product-1','product-1',12,'image/png',9803,'fashion/products/product-1.png','[]','2025-07-28 01:49:27','2025-07-28 01:49:27',NULL,'public'),(111,0,'product-2','product-2',12,'image/png',9803,'fashion/products/product-2.png','[]','2025-07-28 01:49:27','2025-07-28 01:49:27',NULL,'public'),(112,0,'product-3','product-3',12,'image/png',9803,'fashion/products/product-3.png','[]','2025-07-28 01:49:27','2025-07-28 01:49:27',NULL,'public'),(113,0,'product-4','product-4',12,'image/png',9803,'fashion/products/product-4.png','[]','2025-07-28 01:49:27','2025-07-28 01:49:27',NULL,'public'),(114,0,'product-5','product-5',12,'image/png',9803,'fashion/products/product-5.png','[]','2025-07-28 01:49:27','2025-07-28 01:49:27',NULL,'public'),(115,0,'product-6','product-6',12,'image/png',9803,'fashion/products/product-6.png','[]','2025-07-28 01:49:27','2025-07-28 01:49:27',NULL,'public'),(116,0,'product-7','product-7',12,'image/png',9803,'fashion/products/product-7.png','[]','2025-07-28 01:49:28','2025-07-28 01:49:28',NULL,'public'),(117,0,'product-8','product-8',12,'image/png',9803,'fashion/products/product-8.png','[]','2025-07-28 01:49:28','2025-07-28 01:49:28',NULL,'public'),(118,0,'1','1',13,'image/jpeg',14146,'main/video/1.jpg','[]','2025-07-28 01:49:28','2025-07-28 01:49:28',NULL,'public'),(119,0,'2','2',13,'image/jpeg',18262,'main/video/2.jpg','[]','2025-07-28 01:49:28','2025-07-28 01:49:28',NULL,'public'),(120,0,'video-1','video-1',13,'video/mp4',4959871,'main/video/video-1.mp4','[]','2025-07-28 01:49:28','2025-07-28 01:49:28',NULL,'public'),(121,0,'video-2','video-2',13,'video/mp4',1077550,'main/video/video-2.mp4','[]','2025-07-28 01:49:28','2025-07-28 01:49:28',NULL,'public'),(122,0,'1','1',14,'image/jpeg',6309,'main/banners/1.jpg','[]','2025-07-28 01:49:32','2025-07-28 01:49:32',NULL,'public'),(123,0,'2','2',14,'image/jpeg',6275,'main/banners/2.jpg','[]','2025-07-28 01:49:32','2025-07-28 01:49:32',NULL,'public'),(124,0,'slider-1','slider-1',14,'image/png',8207,'main/banners/slider-1.png','[]','2025-07-28 01:49:32','2025-07-28 01:49:32',NULL,'public'),(125,0,'slider-2','slider-2',14,'image/png',8497,'main/banners/slider-2.png','[]','2025-07-28 01:49:32','2025-07-28 01:49:32',NULL,'public'),(126,0,'slider-3','slider-3',14,'image/png',6239,'main/banners/slider-3.png','[]','2025-07-28 01:49:32','2025-07-28 01:49:32',NULL,'public'),(127,0,'1','1',15,'image/jpeg',6287,'fashion/banners/1.jpg','[]','2025-07-28 01:49:32','2025-07-28 01:49:32',NULL,'public'),(128,0,'2','2',15,'image/jpeg',5975,'fashion/banners/2.jpg','[]','2025-07-28 01:49:33','2025-07-28 01:49:33',NULL,'public'),(129,0,'3','3',15,'image/jpeg',5975,'fashion/banners/3.jpg','[]','2025-07-28 01:49:33','2025-07-28 01:49:33',NULL,'public'),(130,0,'4','4',15,'image/jpeg',9052,'fashion/banners/4.jpg','[]','2025-07-28 01:49:33','2025-07-28 01:49:33',NULL,'public'),(131,0,'1','1',16,'image/jpeg',4294,'fashion/galleries/1.jpg','[]','2025-07-28 01:49:33','2025-07-28 01:49:33',NULL,'public'),(132,0,'2','2',16,'image/jpeg',4294,'fashion/galleries/2.jpg','[]','2025-07-28 01:49:33','2025-07-28 01:49:33',NULL,'public'),(133,0,'3','3',16,'image/jpeg',4294,'fashion/galleries/3.jpg','[]','2025-07-28 01:49:33','2025-07-28 01:49:33',NULL,'public'),(134,0,'4','4',16,'image/jpeg',4294,'fashion/galleries/4.jpg','[]','2025-07-28 01:49:33','2025-07-28 01:49:33',NULL,'public'),(135,0,'5','5',16,'image/jpeg',4294,'fashion/galleries/5.jpg','[]','2025-07-28 01:49:33','2025-07-28 01:49:33',NULL,'public'),(136,0,'icon-1','icon-1',17,'image/png',4492,'main/contact/icon-1.png','[]','2025-07-28 01:49:34','2025-07-28 01:49:34',NULL,'public'),(137,0,'icon-2','icon-2',17,'image/png',5753,'main/contact/icon-2.png','[]','2025-07-28 01:49:34','2025-07-28 01:49:34',NULL,'public'),(138,0,'icon-3','icon-3',17,'image/png',5987,'main/contact/icon-3.png','[]','2025-07-28 01:49:34','2025-07-28 01:49:34',NULL,'public'),(139,0,'line','line',18,'image/png',6598,'main/shapes/line.png','[]','2025-07-28 01:49:34','2025-07-28 01:49:34',NULL,'public'),(140,0,'quote','quote',18,'image/png',592,'main/shapes/quote.png','[]','2025-07-28 01:49:35','2025-07-28 01:49:35',NULL,'public');

--
-- Table structure for table `media_folders`
--

CREATE TABLE `media_folders` (
  `id` bigint unsigned NOT NULL AUTO_INCREMENT,
  `user_id` bigint unsigned NOT NULL,
  `name` varchar(191) COLLATE utf8mb4_unicode_ci DEFAULT NULL,
  `color` varchar(191) COLLATE utf8mb4_unicode_ci DEFAULT NULL,
  `slug` varchar(191) COLLATE utf8mb4_unicode_ci DEFAULT NULL,
  `parent_id` bigint unsigned NOT NULL DEFAULT '0',
  `created_at` timestamp NULL DEFAULT NULL,
  `updated_at` timestamp NULL DEFAULT NULL,
  `deleted_at` timestamp NULL DEFAULT NULL,
  PRIMARY KEY (`id`),
  KEY `media_folders_user_id_index` (`user_id`),
  KEY `media_folders_index` (`parent_id`,`user_id`,`created_at`)
) ENGINE=InnoDB AUTO_INCREMENT=19 DEFAULT CHARSET=utf8mb4 COLLATE=utf8mb4_unicode_ci;

--
-- Dumping data for table `media_folders`
--

INSERT INTO `media_folders` VALUES (1,0,'main',NULL,'main',0,'2025-07-28 01:49:03','2025-07-28 01:49:03',NULL),(2,0,'general',NULL,'general',1,'2025-07-28 01:49:03','2025-07-28 01:49:03',NULL),(3,0,'payments',NULL,'payments',0,'2025-07-28 01:49:05','2025-07-28 01:49:05',NULL),(4,0,'users',NULL,'users',1,'2025-07-28 01:49:05','2025-07-28 01:49:05',NULL),(5,0,'brands',NULL,'brands',1,'2025-07-28 01:49:07','2025-07-28 01:49:07',NULL),(6,0,'customers',NULL,'customers',1,'2025-07-28 01:49:08','2025-07-28 01:49:08',NULL),(7,0,'blog',NULL,'blog',1,'2025-07-28 01:49:15','2025-07-28 01:49:15',NULL),(8,0,'stores',NULL,'stores',1,'2025-07-28 01:49:19','2025-07-28 01:49:19',NULL),(9,0,'fashion',NULL,'fashion',0,'2025-07-28 01:49:25','2025-07-28 01:49:25',NULL),(10,0,'sliders',NULL,'sliders',9,'2025-07-28 01:49:25','2025-07-28 01:49:25',NULL),(11,0,'product-categories',NULL,'product-categories',9,'2025-07-28 01:49:26','2025-07-28 01:49:26',NULL),(12,0,'products',NULL,'products',9,'2025-07-28 01:49:27','2025-07-28 01:49:27',NULL),(13,0,'video',NULL,'video',1,'2025-07-28 01:49:28','2025-07-28 01:49:28',NULL),(14,0,'banners',NULL,'banners',1,'2025-07-28 01:49:32','2025-07-28 01:49:32',NULL),(15,0,'banners',NULL,'banners',9,'2025-07-28 01:49:32','2025-07-28 01:49:32',NULL),(16,0,'galleries',NULL,'galleries',9,'2025-07-28 01:49:33','2025-07-28 01:49:33',NULL),(17,0,'contact',NULL,'contact',1,'2025-07-28 01:49:34','2025-07-28 01:49:34',NULL),(18,0,'shapes',NULL,'shapes',1,'2025-07-28 01:49:34','2025-07-28 01:49:34',NULL);

--
-- Table structure for table `media_settings`
--

CREATE TABLE `media_settings` (
  `id` bigint unsigned NOT NULL AUTO_INCREMENT,
  `key` varchar(120) COLLATE utf8mb4_unicode_ci NOT NULL,
  `value` text COLLATE utf8mb4_unicode_ci,
  `media_id` bigint unsigned DEFAULT NULL,
  `user_id` bigint unsigned DEFAULT NULL,
  `created_at` timestamp NULL DEFAULT NULL,
  `updated_at` timestamp NULL DEFAULT NULL,
  PRIMARY KEY (`id`)
) ENGINE=InnoDB DEFAULT CHARSET=utf8mb4 COLLATE=utf8mb4_unicode_ci;

--
-- Dumping data for table `media_settings`
--


--
-- Table structure for table `menu_locations`
--

CREATE TABLE `menu_locations` (
  `id` bigint unsigned NOT NULL AUTO_INCREMENT,
  `menu_id` bigint unsigned NOT NULL,
  `location` varchar(191) COLLATE utf8mb4_unicode_ci NOT NULL,
  `created_at` timestamp NULL DEFAULT NULL,
  `updated_at` timestamp NULL DEFAULT NULL,
  PRIMARY KEY (`id`),
  KEY `menu_locations_menu_id_created_at_index` (`menu_id`,`created_at`)
) ENGINE=InnoDB AUTO_INCREMENT=2 DEFAULT CHARSET=utf8mb4 COLLATE=utf8mb4_unicode_ci;

--
-- Dumping data for table `menu_locations`
--

INSERT INTO `menu_locations` VALUES (1,1,'main-menu','2025-07-28 01:49:34','2025-07-28 01:49:34');

--
-- Table structure for table `menu_nodes`
--

CREATE TABLE `menu_nodes` (
  `id` bigint unsigned NOT NULL AUTO_INCREMENT,
  `menu_id` bigint unsigned NOT NULL,
  `parent_id` bigint unsigned NOT NULL DEFAULT '0',
  `reference_id` bigint unsigned DEFAULT NULL,
  `reference_type` varchar(191) COLLATE utf8mb4_unicode_ci DEFAULT NULL,
  `url` varchar(191) COLLATE utf8mb4_unicode_ci DEFAULT NULL,
  `icon_font` varchar(191) COLLATE utf8mb4_unicode_ci DEFAULT NULL,
  `position` tinyint unsigned NOT NULL DEFAULT '0',
  `title` varchar(191) COLLATE utf8mb4_unicode_ci DEFAULT NULL,
  `css_class` varchar(191) COLLATE utf8mb4_unicode_ci DEFAULT NULL,
  `target` varchar(20) COLLATE utf8mb4_unicode_ci NOT NULL DEFAULT '_self',
  `has_child` tinyint unsigned NOT NULL DEFAULT '0',
  `created_at` timestamp NULL DEFAULT NULL,
  `updated_at` timestamp NULL DEFAULT NULL,
  PRIMARY KEY (`id`),
  KEY `menu_nodes_menu_id_index` (`menu_id`),
  KEY `menu_nodes_parent_id_index` (`parent_id`),
  KEY `reference_id` (`reference_id`),
  KEY `reference_type` (`reference_type`)
) ENGINE=InnoDB AUTO_INCREMENT=42 DEFAULT CHARSET=utf8mb4 COLLATE=utf8mb4_unicode_ci;

--
-- Dumping data for table `menu_nodes`
--

INSERT INTO `menu_nodes` VALUES (1,1,0,1,'Botble\\Page\\Models\\Page','/home',NULL,0,'Home',NULL,'_self',1,'2025-07-28 01:49:34','2025-07-28 01:49:34'),(2,1,1,NULL,NULL,'https://shofy.botble.com',NULL,0,'Electronics',NULL,'_self',0,'2025-07-28 01:49:34','2025-07-28 01:49:34'),(3,1,1,NULL,NULL,'https://shofy-fashion.botble.com',NULL,1,'Fashion',NULL,'_self',0,'2025-07-28 01:49:34','2025-07-28 01:49:34'),(4,1,1,NULL,NULL,'https://shofy-beauty.botble.com',NULL,2,'Beauty',NULL,'_self',0,'2025-07-28 01:49:34','2025-07-28 01:49:34'),(5,1,1,NULL,NULL,'https://shofy-jewelry.botble.com',NULL,3,'Jewelry',NULL,'_self',0,'2025-07-28 01:49:34','2025-07-28 01:49:34'),(6,1,1,NULL,NULL,'https://shofy-grocery.botble.com',NULL,4,'Grocery',NULL,'_self',0,'2025-07-28 01:49:34','2025-07-28 01:49:34'),(7,1,0,NULL,NULL,NULL,NULL,1,'Shop',NULL,'_self',1,'2025-07-28 01:49:34','2025-07-28 01:49:34'),(8,1,7,2,'Botble\\Page\\Models\\Page','/categories',NULL,0,'Shop Categories',NULL,'_self',0,'2025-07-28 01:49:34','2025-07-28 01:49:34'),(9,1,7,3,'Botble\\Page\\Models\\Page','/brands',NULL,1,'Shop Brands',NULL,'_self',0,'2025-07-28 01:49:34','2025-07-28 01:49:34'),(10,1,7,NULL,NULL,'/products?layout=list',NULL,2,'Shop List',NULL,'_self',0,'2025-07-28 01:49:34','2025-07-28 01:49:34'),(11,1,7,NULL,NULL,'/products?layout=grid',NULL,3,'Shop Grid',NULL,'_self',0,'2025-07-28 01:49:34','2025-07-28 01:49:34'),(12,1,7,NULL,NULL,'/products/cowl-neck-knit-poncho',NULL,4,'Product Detail',NULL,'_self',0,'2025-07-28 01:49:34','2025-07-28 01:49:34'),(13,1,7,4,'Botble\\Page\\Models\\Page','/coupons',NULL,5,'Grab Coupons',NULL,'_self',0,'2025-07-28 01:49:34','2025-07-28 01:49:34'),(14,1,7,NULL,NULL,'/cart',NULL,6,'Cart',NULL,'_self',0,'2025-07-28 01:49:34','2025-07-28 01:49:34'),(15,1,7,NULL,NULL,'/compare',NULL,7,'Compare',NULL,'_self',0,'2025-07-28 01:49:34','2025-07-28 01:49:34'),(16,1,7,NULL,NULL,'/wishlist',NULL,8,'Wishlist',NULL,'_self',0,'2025-07-28 01:49:34','2025-07-28 01:49:34'),(17,1,7,NULL,NULL,'/orders/tracking',NULL,9,'Track Your Order',NULL,'_self',0,'2025-07-28 01:49:34','2025-07-28 01:49:34'),(18,1,0,NULL,NULL,'/stores',NULL,2,'Vendors',NULL,'_self',0,'2025-07-28 01:49:34','2025-07-28 01:49:34'),(19,1,0,NULL,NULL,NULL,NULL,3,'Pages',NULL,'_self',1,'2025-07-28 01:49:34','2025-07-28 01:49:34'),(20,1,19,7,'Botble\\Page\\Models\\Page','/faqs',NULL,0,'FAQs',NULL,'_self',0,'2025-07-28 01:49:34','2025-07-28 01:49:34'),(21,1,19,NULL,NULL,'/login',NULL,1,'Login',NULL,'_self',0,'2025-07-28 01:49:34','2025-07-28 01:49:34'),(22,1,19,NULL,NULL,'/register',NULL,2,'Register',NULL,'_self',0,'2025-07-28 01:49:34','2025-07-28 01:49:34'),(23,1,19,NULL,NULL,'/password/reset',NULL,3,'Forgot Password',NULL,'_self',0,'2025-07-28 01:49:34','2025-07-28 01:49:34'),(24,1,19,NULL,NULL,'/404',NULL,4,'404 Error',NULL,'_self',0,'2025-07-28 01:49:34','2025-07-28 01:49:34'),(25,1,19,NULL,NULL,'/coming-soon',NULL,5,'Coming Soon',NULL,'_self',0,'2025-07-28 01:49:34','2025-07-28 01:49:34'),(26,1,0,5,'Botble\\Page\\Models\\Page','/blog',NULL,4,'Blog',NULL,'_self',1,'2025-07-28 01:49:34','2025-07-28 01:49:34'),(27,1,26,NULL,NULL,'/blog?layout=grid',NULL,0,'Blog Grid',NULL,'_self',0,'2025-07-28 01:49:34','2025-07-28 01:49:34'),(28,1,26,NULL,NULL,'/blog?layout=list',NULL,1,'Blog List',NULL,'_self',0,'2025-07-28 01:49:34','2025-07-28 01:49:34'),(29,1,26,NULL,NULL,'/blog/essential-qualities-of-highly-successful-music',NULL,2,'Blog Detail',NULL,'_self',0,'2025-07-28 01:49:34','2025-07-28 01:49:34'),(30,1,0,6,'Botble\\Page\\Models\\Page','/contact',NULL,5,'Contact',NULL,'_self',0,'2025-07-28 01:49:34','2025-07-28 01:49:34'),(31,2,0,NULL,NULL,'/orders/tracking',NULL,0,'Track Orders',NULL,'_self',0,'2025-07-28 01:49:34','2025-07-28 01:49:34'),(32,2,0,11,'Botble\\Page\\Models\\Page','/shipping',NULL,1,'Shipping',NULL,'_self',0,'2025-07-28 01:49:34','2025-07-28 01:49:34'),(33,2,0,NULL,NULL,'/wishlist',NULL,2,'Wishlist',NULL,'_self',0,'2025-07-28 01:49:34','2025-07-28 01:49:34'),(34,2,0,NULL,NULL,'/customer/overview',NULL,3,'My Account',NULL,'_self',0,'2025-07-28 01:49:34','2025-07-28 01:49:34'),(35,2,0,NULL,NULL,'/customer/orders',NULL,4,'Order History',NULL,'_self',0,'2025-07-28 01:49:34','2025-07-28 01:49:34'),(36,2,0,NULL,NULL,'/customer/order-returns',NULL,5,'Returns',NULL,'_self',0,'2025-07-28 01:49:34','2025-07-28 01:49:34'),(37,3,0,9,'Botble\\Page\\Models\\Page','/our-story',NULL,0,'Our Story',NULL,'_self',0,'2025-07-28 01:49:34','2025-07-28 01:49:34'),(38,3,0,10,'Botble\\Page\\Models\\Page','/careers',NULL,1,'Careers',NULL,'_self',0,'2025-07-28 01:49:34','2025-07-28 01:49:34'),(39,3,0,8,'Botble\\Page\\Models\\Page','/cookie-policy',NULL,2,'Privacy Policy',NULL,'_self',0,'2025-07-28 01:49:34','2025-07-28 01:49:34'),(40,3,0,NULL,NULL,'/blog',NULL,3,'Latest News',NULL,'_self',0,'2025-07-28 01:49:34','2025-07-28 01:49:34'),(41,3,0,6,'Botble\\Page\\Models\\Page','/contact',NULL,4,'Contact Us',NULL,'_self',0,'2025-07-28 01:49:34','2025-07-28 01:49:34');

--
-- Table structure for table `menus`
--

CREATE TABLE `menus` (
  `id` bigint unsigned NOT NULL AUTO_INCREMENT,
  `name` varchar(120) COLLATE utf8mb4_unicode_ci NOT NULL,
  `slug` varchar(120) COLLATE utf8mb4_unicode_ci DEFAULT NULL,
  `status` varchar(60) COLLATE utf8mb4_unicode_ci NOT NULL DEFAULT 'published',
  `created_at` timestamp NULL DEFAULT NULL,
  `updated_at` timestamp NULL DEFAULT NULL,
  PRIMARY KEY (`id`),
  UNIQUE KEY `menus_slug_unique` (`slug`)
) ENGINE=InnoDB AUTO_INCREMENT=4 DEFAULT CHARSET=utf8mb4 COLLATE=utf8mb4_unicode_ci;

--
-- Dumping data for table `menus`
--

INSERT INTO `menus` VALUES (1,'Main menu','main-menu','published','2025-07-28 01:49:34','2025-07-28 01:49:34'),(2,'My Account','my-account','published','2025-07-28 01:49:34','2025-07-28 01:49:34'),(3,'Information','information','published','2025-07-28 01:49:34','2025-07-28 01:49:34');

--
-- Table structure for table `meta_boxes`
--

CREATE TABLE `meta_boxes` (
  `id` bigint unsigned NOT NULL AUTO_INCREMENT,
  `meta_key` varchar(191) COLLATE utf8mb4_unicode_ci NOT NULL,
  `meta_value` text COLLATE utf8mb4_unicode_ci,
  `reference_id` bigint unsigned NOT NULL,
  `reference_type` varchar(120) COLLATE utf8mb4_unicode_ci NOT NULL,
  `created_at` timestamp NULL DEFAULT NULL,
  `updated_at` timestamp NULL DEFAULT NULL,
  PRIMARY KEY (`id`),
  KEY `meta_boxes_reference_id_index` (`reference_id`)
) ENGINE=InnoDB AUTO_INCREMENT=64 DEFAULT CHARSET=utf8mb4 COLLATE=utf8mb4_unicode_ci;

--
-- Dumping data for table `meta_boxes`
--

INSERT INTO `meta_boxes` VALUES (1,'button_label','[\"Shop Collection\"]',1,'Botble\\SimpleSlider\\Models\\SimpleSliderItem','2025-07-28 01:49:26','2025-07-28 01:49:26'),(2,'button_label','[\"Shop Collection\"]',2,'Botble\\SimpleSlider\\Models\\SimpleSliderItem','2025-07-28 01:49:26','2025-07-28 01:49:26'),(3,'button_label','[\"Shop Collection\"]',3,'Botble\\SimpleSlider\\Models\\SimpleSliderItem','2025-07-28 01:49:26','2025-07-28 01:49:26'),(4,'faq_ids','[[1,5,6,7,9]]',1,'Botble\\Ecommerce\\Models\\Product','2025-07-28 01:49:28','2025-07-28 01:49:28'),(5,'faq_ids','[[1,2,3,4,6]]',2,'Botble\\Ecommerce\\Models\\Product','2025-07-28 01:49:28','2025-07-28 01:49:28'),(6,'faq_ids','[[1,3,4,7,9]]',3,'Botble\\Ecommerce\\Models\\Product','2025-07-28 01:49:28','2025-07-28 01:49:28'),(7,'faq_ids','[[1,3,4,5,8]]',4,'Botble\\Ecommerce\\Models\\Product','2025-07-28 01:49:28','2025-07-28 01:49:28'),(8,'faq_ids','[[4,7,8,9,10]]',5,'Botble\\Ecommerce\\Models\\Product','2025-07-28 01:49:28','2025-07-28 01:49:28'),(9,'faq_ids','[[1,2,3,4,7]]',6,'Botble\\Ecommerce\\Models\\Product','2025-07-28 01:49:28','2025-07-28 01:49:28'),(10,'faq_ids','[[1,3,5,8,10]]',7,'Botble\\Ecommerce\\Models\\Product','2025-07-28 01:49:28','2025-07-28 01:49:28'),(11,'faq_ids','[[2,5,6,8,10]]',8,'Botble\\Ecommerce\\Models\\Product','2025-07-28 01:49:28','2025-07-28 01:49:28'),(12,'faq_ids','[[4,6,8,9,10]]',9,'Botble\\Ecommerce\\Models\\Product','2025-07-28 01:49:28','2025-07-28 01:49:28'),(13,'faq_ids','[[2,3,5,7,8]]',10,'Botble\\Ecommerce\\Models\\Product','2025-07-28 01:49:29','2025-07-28 01:49:29'),(14,'faq_ids','[[3,5,6,7,9]]',11,'Botble\\Ecommerce\\Models\\Product','2025-07-28 01:49:29','2025-07-28 01:49:29'),(15,'faq_ids','[[2,3,4,5,10]]',12,'Botble\\Ecommerce\\Models\\Product','2025-07-28 01:49:29','2025-07-28 01:49:29'),(16,'faq_ids','[[1,2,5,7,8]]',13,'Botble\\Ecommerce\\Models\\Product','2025-07-28 01:49:29','2025-07-28 01:49:29'),(17,'faq_ids','[[2,3,6,8,9]]',14,'Botble\\Ecommerce\\Models\\Product','2025-07-28 01:49:29','2025-07-28 01:49:29'),(18,'faq_ids','[[1,5,6,9,10]]',15,'Botble\\Ecommerce\\Models\\Product','2025-07-28 01:49:29','2025-07-28 01:49:29'),(19,'faq_ids','[[2,3,4,5,8]]',16,'Botble\\Ecommerce\\Models\\Product','2025-07-28 01:49:29','2025-07-28 01:49:29'),(20,'faq_ids','[[1,3,4,6,9]]',17,'Botble\\Ecommerce\\Models\\Product','2025-07-28 01:49:29','2025-07-28 01:49:29'),(21,'faq_ids','[[4,5,6,7,10]]',18,'Botble\\Ecommerce\\Models\\Product','2025-07-28 01:49:29','2025-07-28 01:49:29'),(22,'faq_ids','[[2,3,5,8,9]]',19,'Botble\\Ecommerce\\Models\\Product','2025-07-28 01:49:29','2025-07-28 01:49:29'),(23,'faq_ids','[[1,3,5,8,9]]',20,'Botble\\Ecommerce\\Models\\Product','2025-07-28 01:49:29','2025-07-28 01:49:29'),(24,'faq_ids','[[2,5,7,9,10]]',21,'Botble\\Ecommerce\\Models\\Product','2025-07-28 01:49:29','2025-07-28 01:49:29'),(25,'faq_ids','[[2,6,7,8,10]]',22,'Botble\\Ecommerce\\Models\\Product','2025-07-28 01:49:29','2025-07-28 01:49:29'),(26,'faq_ids','[[2,3,4,6,9]]',23,'Botble\\Ecommerce\\Models\\Product','2025-07-28 01:49:29','2025-07-28 01:49:29'),(27,'faq_ids','[[1,3,6,7,8]]',24,'Botble\\Ecommerce\\Models\\Product','2025-07-28 01:49:29','2025-07-28 01:49:29'),(28,'faq_ids','[[2,3,8,9,10]]',25,'Botble\\Ecommerce\\Models\\Product','2025-07-28 01:49:29','2025-07-28 01:49:29'),(29,'faq_ids','[[1,3,5,6,10]]',26,'Botble\\Ecommerce\\Models\\Product','2025-07-28 01:49:29','2025-07-28 01:49:29'),(30,'faq_ids','[[3,4,7,8,10]]',27,'Botble\\Ecommerce\\Models\\Product','2025-07-28 01:49:29','2025-07-28 01:49:29'),(31,'faq_ids','[[2,3,5,8,10]]',28,'Botble\\Ecommerce\\Models\\Product','2025-07-28 01:49:29','2025-07-28 01:49:29'),(32,'faq_ids','[[2,4,5,8,9]]',29,'Botble\\Ecommerce\\Models\\Product','2025-07-28 01:49:29','2025-07-28 01:49:29'),(33,'faq_ids','[[2,3,7,8,10]]',30,'Botble\\Ecommerce\\Models\\Product','2025-07-28 01:49:29','2025-07-28 01:49:29'),(34,'faq_ids','[[1,3,4,6,7]]',31,'Botble\\Ecommerce\\Models\\Product','2025-07-28 01:49:29','2025-07-28 01:49:29'),(35,'faq_ids','[[2,3,5,7,8]]',32,'Botble\\Ecommerce\\Models\\Product','2025-07-28 01:49:29','2025-07-28 01:49:29'),(36,'faq_ids','[[2,3,4,7,9]]',33,'Botble\\Ecommerce\\Models\\Product','2025-07-28 01:49:29','2025-07-28 01:49:29'),(37,'faq_ids','[[1,4,6,9,10]]',34,'Botble\\Ecommerce\\Models\\Product','2025-07-28 01:49:29','2025-07-28 01:49:29'),(38,'faq_ids','[[1,2,3,5,10]]',35,'Botble\\Ecommerce\\Models\\Product','2025-07-28 01:49:29','2025-07-28 01:49:29'),(39,'faq_ids','[[3,4,5,7,10]]',36,'Botble\\Ecommerce\\Models\\Product','2025-07-28 01:49:29','2025-07-28 01:49:29'),(40,'faq_ids','[[5,6,7,9,10]]',37,'Botble\\Ecommerce\\Models\\Product','2025-07-28 01:49:29','2025-07-28 01:49:29'),(41,'faq_ids','[[1,3,4,7,9]]',38,'Botble\\Ecommerce\\Models\\Product','2025-07-28 01:49:29','2025-07-28 01:49:29'),(42,'faq_ids','[[1,2,6,7,8]]',39,'Botble\\Ecommerce\\Models\\Product','2025-07-28 01:49:30','2025-07-28 01:49:30'),(43,'faq_ids','[[2,4,5,7,10]]',40,'Botble\\Ecommerce\\Models\\Product','2025-07-28 01:49:30','2025-07-28 01:49:30'),(44,'faq_ids','[[1,3,4,7,9]]',41,'Botble\\Ecommerce\\Models\\Product','2025-07-28 01:49:30','2025-07-28 01:49:30'),(45,'faq_ids','[[2,3,4,7,10]]',42,'Botble\\Ecommerce\\Models\\Product','2025-07-28 01:49:30','2025-07-28 01:49:30'),(46,'faq_ids','[[2,6,7,8,9]]',43,'Botble\\Ecommerce\\Models\\Product','2025-07-28 01:49:30','2025-07-28 01:49:30'),(47,'title','[\"Smartphone \\\\n BLU G91 Pro 2022\"]',1,'Botble\\Ads\\Models\\Ads','2025-07-28 01:49:33','2025-07-28 01:49:33'),(48,'subtitle','[\"Sale 20% off all store\"]',1,'Botble\\Ads\\Models\\Ads','2025-07-28 01:49:33','2025-07-28 01:49:33'),(49,'button_label','[\"Shop Now\"]',1,'Botble\\Ads\\Models\\Ads','2025-07-28 01:49:33','2025-07-28 01:49:33'),(50,'title','[\"HyperX Cloud II \\\\n Wireless\"]',2,'Botble\\Ads\\Models\\Ads','2025-07-28 01:49:33','2025-07-28 01:49:33'),(51,'subtitle','[\"Sale 35% off\"]',2,'Botble\\Ads\\Models\\Ads','2025-07-28 01:49:33','2025-07-28 01:49:33'),(52,'button_label','[\"Shop Now\"]',2,'Botble\\Ads\\Models\\Ads','2025-07-28 01:49:33','2025-07-28 01:49:33'),(53,'title','[\"T-Shirt Tunic \\n Tops Blouse\"]',3,'Botble\\Ads\\Models\\Ads','2025-07-28 01:49:33','2025-07-28 01:49:33'),(54,'button_label','[\"Shop Now\"]',3,'Botble\\Ads\\Models\\Ads','2025-07-28 01:49:33','2025-07-28 01:49:33'),(55,'title','[\"Satchel Tote \\n Cross-body Bags\"]',4,'Botble\\Ads\\Models\\Ads','2025-07-28 01:49:33','2025-07-28 01:49:33'),(56,'button_label','[\"Shop Now\"]',4,'Botble\\Ads\\Models\\Ads','2025-07-28 01:49:33','2025-07-28 01:49:33'),(57,'title','[\"Men\'s Tennis \\n Walking Shoes\"]',5,'Botble\\Ads\\Models\\Ads','2025-07-28 01:49:33','2025-07-28 01:49:33'),(58,'button_label','[\"Shop Now\"]',5,'Botble\\Ads\\Models\\Ads','2025-07-28 01:49:33','2025-07-28 01:49:33'),(59,'title','[\"Short Sleeve Tunic \\n Tops Casual Swing\"]',6,'Botble\\Ads\\Models\\Ads','2025-07-28 01:49:33','2025-07-28 01:49:33'),(60,'button_label','[\"Explore More\"]',6,'Botble\\Ads\\Models\\Ads','2025-07-28 01:49:33','2025-07-28 01:49:33'),(61,'breadcrumb_style','[\"none\"]',1,'Botble\\Page\\Models\\Page','2025-07-28 01:49:34','2025-07-28 01:49:34'),(62,'breadcrumb_style','[\"align-start\"]',2,'Botble\\Page\\Models\\Page','2025-07-28 01:49:34','2025-07-28 01:49:34'),(63,'breadcrumb_style','[\"align-center\"]',7,'Botble\\Page\\Models\\Page','2025-07-28 01:49:34','2025-07-28 01:49:34');

--
-- Table structure for table `migrations`
--

CREATE TABLE `migrations` (
  `id` int unsigned NOT NULL AUTO_INCREMENT,
  `migration` varchar(191) COLLATE utf8mb4_unicode_ci NOT NULL,
  `batch` int NOT NULL,
  PRIMARY KEY (`id`)
) ENGINE=InnoDB AUTO_INCREMENT=252 DEFAULT CHARSET=utf8mb4 COLLATE=utf8mb4_unicode_ci;

--
-- Dumping data for table `migrations`
--

INSERT INTO `migrations` VALUES (1,'0001_01_01_000001_create_cache_table',1),(2,'2013_04_09_032329_create_base_tables',1),(3,'2013_04_09_062329_create_revisions_table',1),(4,'2014_10_12_000000_create_users_table',1),(5,'2014_10_12_100000_create_password_reset_tokens_table',1),(6,'2015_06_18_033822_create_blog_table',1),(7,'2015_06_29_025744_create_audit_history',1),(8,'2016_05_28_112028_create_system_request_logs_table',1),(9,'2016_06_10_230148_create_acl_tables',1),(10,'2016_06_14_230857_create_menus_table',1),(11,'2016_06_17_091537_create_contacts_table',1),(12,'2016_06_28_221418_create_pages_table',1),(13,'2016_10_03_032336_create_languages_table',1),(14,'2016_10_05_074239_create_setting_table',1),(15,'2016_10_07_193005_create_translations_table',1),(16,'2016_10_13_150201_create_galleries_table',1),(17,'2016_11_28_032840_create_dashboard_widget_tables',1),(18,'2016_12_16_084601_create_widgets_table',1),(19,'2017_05_09_070343_create_media_tables',1),(20,'2017_05_18_080441_create_payment_tables',1),(21,'2017_07_11_140018_create_simple_slider_table',1),(22,'2017_10_24_154832_create_newsletter_table',1),(23,'2017_11_03_070450_create_slug_table',1),(24,'2018_07_09_214610_create_testimonial_table',1),(25,'2018_07_09_221238_create_faq_table',1),(26,'2019_01_05_053554_create_jobs_table',1),(27,'2019_08_19_000000_create_failed_jobs_table',1),(28,'2019_11_18_061011_create_country_table',1),(29,'2019_12_14_000001_create_personal_access_tokens_table',1),(30,'2020_03_05_041139_create_ecommerce_tables',1),(31,'2020_11_18_150916_ads_create_ads_table',1),(32,'2021_01_01_044147_ecommerce_create_flash_sale_table',1),(33,'2021_01_17_082713_add_column_is_featured_to_product_collections_table',1),(34,'2021_01_18_024333_add_zip_code_into_table_customer_addresses',1),(35,'2021_02_16_092633_remove_default_value_for_author_type',1),(36,'2021_02_18_073505_update_table_ec_reviews',1),(37,'2021_03_10_024419_add_column_confirmed_at_to_table_ec_customers',1),(38,'2021_03_10_025153_change_column_tax_amount',1),(39,'2021_03_20_033103_add_column_availability_to_table_ec_products',1),(40,'2021_03_27_144913_add_customer_type_into_table_payments',1),(41,'2021_04_28_074008_ecommerce_create_product_label_table',1),(42,'2021_05_24_034720_make_column_currency_nullable',1),(43,'2021_05_31_173037_ecommerce_create_ec_products_translations',1),(44,'2021_07_06_030002_create_marketplace_table',1),(45,'2021_08_09_161302_add_metadata_column_to_payments_table',1),(46,'2021_08_17_105016_remove_column_currency_id_in_some_tables',1),(47,'2021_08_30_142128_add_images_column_to_ec_reviews_table',1),(48,'2021_09_04_150137_add_vendor_verified_at_to_ec_customers_table',1),(49,'2021_10_04_030050_add_column_created_by_to_table_ec_products',1),(50,'2021_10_04_033903_add_column_approved_by_into_table_ec_products',1),(51,'2021_10_05_122616_add_status_column_to_ec_customers_table',1),(52,'2021_10_06_124943_add_transaction_id_column_to_mp_customer_withdrawals_table',1),(53,'2021_10_10_054216_add_columns_to_mp_customer_revenues_table',1),(54,'2021_10_19_020859_update_metadata_field',1),(55,'2021_10_25_021023_fix-priority-load-for-language-advanced',1),(56,'2021_11_03_025806_nullable_phone_number_in_ec_customer_addresses',1),(57,'2021_11_23_071403_correct_languages_for_product_variations',1),(58,'2021_11_28_031808_add_product_tags_translations',1),(59,'2021_12_01_031123_add_featured_image_to_ec_products',1),(60,'2021_12_02_035301_add_ads_translations_table',1),(61,'2021_12_03_030600_create_blog_translations',1),(62,'2021_12_03_075608_create_page_translations',1),(63,'2021_12_03_082134_create_faq_translations',1),(64,'2021_12_03_082953_create_gallery_translations',1),(65,'2021_12_03_083642_create_testimonials_translations',1),(66,'2021_12_03_084118_create_location_translations',1),(67,'2021_12_03_094518_migrate_old_location_data',1),(68,'2021_12_06_031304_update_table_mp_customer_revenues',1),(69,'2021_12_10_034440_switch_plugin_location_to_use_language_advanced',1),(70,'2022_01_01_033107_update_table_ec_shipments',1),(71,'2022_01_16_085908_improve_plugin_location',1),(72,'2022_02_16_042457_improve_product_attribute_sets',1),(73,'2022_03_22_075758_correct_product_name',1),(74,'2022_04_19_113334_add_index_to_ec_products',1),(75,'2022_04_19_113923_add_index_to_table_posts',1),(76,'2022_04_20_100851_add_index_to_media_table',1),(77,'2022_04_20_101046_add_index_to_menu_table',1),(78,'2022_04_28_144405_remove_unused_table',1),(79,'2022_04_30_034048_create_gallery_meta_translations_table',1),(80,'2022_05_05_115015_create_ec_customer_recently_viewed_products_table',1),(81,'2022_05_18_143720_add_index_to_table_ec_product_categories',1),(82,'2022_06_16_095633_add_index_to_some_tables',1),(83,'2022_06_28_151901_activate_paypal_stripe_plugin',1),(84,'2022_06_30_035148_create_order_referrals_table',1),(85,'2022_07_07_153354_update_charge_id_in_table_payments',1),(86,'2022_07_10_034813_move_lang_folder_to_root',1),(87,'2022_07_24_153815_add_completed_at_to_ec_orders_table',1),(88,'2022_08_04_051940_add_missing_column_expires_at',1),(89,'2022_08_04_052122_delete_location_backup_tables',1),(90,'2022_08_14_032836_create_ec_order_returns_table',1),(91,'2022_08_14_033554_create_ec_order_return_items_table',1),(92,'2022_08_15_040324_add_billing_address',1),(93,'2022_08_30_091114_support_digital_products_table',1),(94,'2022_09_01_000001_create_admin_notifications_tables',1),(95,'2022_09_13_095744_create_options_table',1),(96,'2022_09_13_104347_create_option_value_table',1),(97,'2022_10_05_163518_alter_table_ec_order_product',1),(98,'2022_10_12_041517_create_invoices_table',1),(99,'2022_10_12_142226_update_orders_table',1),(100,'2022_10_13_024916_update_table_order_returns',1),(101,'2022_10_14_024629_drop_column_is_featured',1),(102,'2022_10_19_152916_add_columns_to_mp_stores_table',1),(103,'2022_10_20_062849_create_mp_category_sale_commissions_table',1),(104,'2022_10_21_030830_update_columns_in_ec_shipments_table',1),(105,'2022_10_28_021046_update_columns_in_ec_shipments_table',1),(106,'2022_11_02_071413_add_more_info_for_store',1),(107,'2022_11_02_080444_add_tax_info',1),(108,'2022_11_16_034522_update_type_column_in_ec_shipping_rules_table',1),(109,'2022_11_18_063357_add_missing_timestamp_in_table_settings',1),(110,'2022_11_19_041643_add_ec_tax_product_table',1),(111,'2022_12_02_093615_update_slug_index_columns',1),(112,'2022_12_12_063830_update_tax_defadult_in_ec_tax_products_table',1),(113,'2022_12_17_041532_fix_address_in_order_invoice',1),(114,'2022_12_26_070329_create_ec_product_views_table',1),(115,'2023_01_04_033051_fix_product_categories',1),(116,'2023_01_09_050400_add_ec_global_options_translations_table',1),(117,'2023_01_10_093754_add_missing_option_value_id',1),(118,'2023_01_17_082713_add_column_barcode_and_cost_per_item_to_product_table',1),(119,'2023_01_26_021854_add_ec_customer_used_coupons_table',1),(120,'2023_01_30_024431_add_alt_to_media_table',1),(121,'2023_02_01_062030_add_store_translations',1),(122,'2023_02_08_015900_update_options_column_in_ec_order_product_table',1),(123,'2023_02_13_032133_update_fee_column_mp_customer_revenues_table',1),(124,'2023_02_16_042611_drop_table_password_resets',1),(125,'2023_02_17_023648_fix_store_prefix',1),(126,'2023_02_27_095752_remove_duplicate_reviews',1),(127,'2023_03_20_115757_add_user_type_column_to_ec_shipment_histories_table',1),(128,'2023_04_17_062645_add_open_in_new_tab',1),(129,'2023_04_21_082427_create_ec_product_categorizables_table',1),(130,'2023_04_23_005903_add_column_permissions_to_admin_notifications',1),(131,'2023_04_23_061847_increase_state_translations_abbreviation_column',1),(132,'2023_05_03_011331_add_missing_column_price_into_invoice_items_table',1),(133,'2023_05_10_075124_drop_column_id_in_role_users_table',1),(134,'2023_05_17_025812_fix_invoice_issue',1),(135,'2023_05_26_073140_move_option_make_phone_field_optional_at_checkout_page_to_mandatory_fields',1),(136,'2023_05_27_144611_fix_exchange_rate_setting',1),(137,'2023_06_22_084331_add_generate_license_code_to_ec_products_table',1),(138,'2023_06_30_042512_create_ec_order_tax_information_table',1),(139,'2023_07_06_011444_create_slug_translations_table',1),(140,'2023_07_14_022724_remove_column_id_from_ec_product_collection_products',1),(141,'2023_07_26_041451_add_more_columns_to_location_table',1),(142,'2023_07_27_041451_add_more_columns_to_location_translation_table',1),(143,'2023_08_09_012940_remove_column_status_in_ec_product_attributes',1),(144,'2023_08_11_060908_create_announcements_table',1),(145,'2023_08_15_064505_create_ec_tax_rules_table',1),(146,'2023_08_15_073307_drop_unique_in_states_cities_translations',1),(147,'2023_08_21_021819_make_column_address_in_ec_customer_addresses_nullable',1),(148,'2023_08_21_090810_make_page_content_nullable',1),(149,'2023_08_22_094114_drop_unique_for_barcode',1),(150,'2023_08_29_074620_make_column_author_id_nullable',1),(151,'2023_08_29_075308_make_column_user_id_nullable',1),(152,'2023_08_30_031811_add_apply_via_url_column_to_ec_discounts_table',1),(153,'2023_09_07_094312_add_index_to_product_sku_and_translations',1),(154,'2023_09_14_021936_update_index_for_slugs_table',1),(155,'2023_09_14_022423_add_index_for_language_table',1),(156,'2023_09_19_024955_create_discount_product_categories_table',1),(157,'2023_10_17_070728_add_icon_and_icon_image_to_product_categories_table',1),(158,'2023_10_21_065016_make_state_id_in_table_cities_nullable',1),(159,'2023_11_07_023805_add_tablet_mobile_image',1),(160,'2023_11_10_080225_migrate_contact_blacklist_email_domains_to_core',1),(161,'2023_11_14_033417_change_request_column_in_table_audit_histories',1),(162,'2023_11_17_063408_add_description_column_to_faq_categories_table',1),(163,'2023_11_22_154643_add_unique_in_table_ec_products_variations',1),(164,'2023_11_27_032313_add_price_columns_to_ec_product_cross_sale_relations_table',1),(165,'2023_12_06_023945_add_display_on_checkout_column_to_ec_discounts_table',1),(166,'2023_12_07_095130_add_color_column_to_media_folders_table',1),(167,'2023_12_12_105220_drop_translations_table',1),(168,'2023_12_17_162208_make_sure_column_color_in_media_folders_nullable',1),(169,'2023_12_25_040604_ec_create_review_replies_table',1),(170,'2023_12_26_090340_add_private_notes_column_to_ec_customers_table',1),(171,'2024_01_16_070706_fix_translation_tables',1),(172,'2024_01_23_075227_add_proof_file_to_ec_orders_table',1),(173,'2024_03_14_041050_migrate_lazy_load_theme_options',1),(174,'2024_03_20_080001_migrate_change_attribute_email_to_nullable_form_contacts_table',1),(175,'2024_03_21_100334_update_section_title_shape',1),(176,'2024_03_25_000001_update_captcha_settings_for_contact',1),(177,'2024_03_25_000001_update_captcha_settings_for_newsletter',1),(178,'2024_03_26_041531_add_cancel_reason_to_ec_orders_table',1),(179,'2024_03_27_062402_create_ec_customer_deletion_requests_table',1),(180,'2024_03_29_042242_migrate_old_captcha_settings',1),(181,'2024_03_29_093946_create_ec_order_return_histories_table',1),(182,'2024_04_01_043317_add_google_adsense_slot_id_to_ads_table',1),(183,'2024_04_01_063523_add_customer_columns_to_ec_reviews_table',1),(184,'2024_04_03_062451_add_cover_image_to_table_mp_stores',1),(185,'2024_04_04_110758_update_value_column_in_user_meta_table',1),(186,'2024_04_15_092654_migrate_ecommerce_google_tag_manager_code_setting',1),(187,'2024_04_16_035713_add_min_max_order_quantity_columns_to_products_table',1),(188,'2024_04_19_063914_create_custom_fields_table',1),(189,'2024_04_27_100730_improve_analytics_setting',1),(190,'2024_05_07_073153_improve_table_wishlist',1),(191,'2024_05_07_082630_create_mp_messages_table',1),(192,'2024_05_07_093703_add_missing_zip_code_into_table_store_locators',1),(193,'2024_05_12_091229_add_column_visibility_to_table_media_files',1),(194,'2024_05_15_021503_fix_invoice_path',1),(195,'2024_06_20_160724_create_ec_shared_wishlists_table',1),(196,'2024_06_28_025104_add_notify_attachment_updated_column_to_ec_products_table',1),(197,'2024_07_03_030900_add_downloaded_at_column_to_ec_order_product_table',1),(198,'2024_07_04_083133_create_payment_logs_table',1),(199,'2024_07_07_091316_fix_column_url_in_menu_nodes_table',1),(200,'2024_07_12_100000_change_random_hash_for_media',1),(201,'2024_07_14_071826_make_customer_email_nullable',1),(202,'2024_07_15_104916_add_video_media_column_to_ec_products_table',1),(203,'2024_07_19_131849_add_documents_to_mp_stores_table',1),(204,'2024_07_26_052530_add_percentage_to_tax_rules_table',1),(205,'2024_07_30_091615_fix_order_column_in_categories_table',1),(206,'2024_08_14_123028_add_customer_delivered_confirmed_at_column_to_ec_shipments_table',1),(207,'2024_08_17_094600_add_image_into_countries',1),(208,'2024_08_18_083119_add_tax_id_column_to_mp_stores_table',1),(209,'2024_08_19_132849_create_specification_tables',1),(210,'2024_08_27_141244_add_block_reason_to_ec_customers_table',1),(211,'2024_09_07_060744_add_author_column_to_specification_tables',1),(212,'2024_09_14_064023_add_can_use_with_flash_sale_column_to_ec_discounts_table',1),(213,'2024_09_14_100108_add_stripe_connect_details_to_ec_customers_table',1),(214,'2024_09_17_125408_add_square_logo_to_stores_table',1),(215,'2024_09_25_073928_remove_wrong_product_slugs',1),(216,'2024_09_30_024515_create_sessions_table',1),(217,'2024_12_19_000001_create_device_tokens_table',1),(218,'2024_12_19_000002_create_push_notifications_table',1),(219,'2024_12_19_000003_create_push_notification_recipients_table',1),(220,'2024_12_30_000001_create_user_settings_table',1),(221,'2025_01_06_033807_add_default_value_for_categories_author_type',1),(222,'2025_01_08_093652_add_zip_code_to_cities',1),(223,'2025_01_12_094943_correct_blog_posts_images',1),(224,'2025_01_15_050230_migrate_old_theme_options',1),(225,'2025_01_17_082713_correct_column_barcode_and_cost_per_item_to_product_table',1),(226,'2025_01_24_044641_migrate_old_country_data',1),(227,'2025_01_28_233602_add_private_notes_into_ec_orders_table',1),(228,'2025_02_11_153025_add_action_label_to_announcement_translations',1),(229,'2025_02_13_021247_add_tax_translations',1),(230,'2025_02_24_152621_add_text_color_to_product_labels_table',1),(231,'2025_04_08_040931_create_social_logins_table',1),(232,'2025_04_12_000001_add_payment_fee_to_ec_orders_table',1),(233,'2025_04_12_000002_add_payment_fee_to_ec_invoices_table',1),(234,'2025_04_12_000003_add_payment_fee_to_payments_table',1),(235,'2025_04_21_000000_add_tablet_mobile_image_to_ads_translations_table',1),(236,'2025_05_05_000001_add_user_type_to_audit_histories_table',1),(237,'2025_05_05_092036_make_user_id_and_tax_amount_nullable',1),(238,'2025_05_15_082342_drop_email_unique_index_in_ec_customers_table',1),(239,'2025_05_22_000001_add_payment_fee_type_to_settings_table',1),(240,'2025_06_07_081731_add_translations_for_specification_groups_and_tables',1),(241,'2025_06_17_091813_increase_note_in_shipments_table',1),(242,'2025_06_24_000001_create_ec_product_license_codes_table',1),(243,'2025_06_24_080427_add_license_code_type_to_products_table',1),(244,'2025_07_06_030754_add_phone_to_users_table',1),(245,'2025_07_06_062402_create_ec_customer_deletion_requests_table',1),(246,'2025_07_07_161729_change_license_code_to_text_in_ec_product_license_codes_table',1),(247,'2025_07_08_162756_increase_license_code_column_size_in_ec_order_product_table',1),(248,'2025_07_09_000001_add_customer_address_fields_to_ec_invoices_table',1),(249,'2025_07_15_090809_create_ec_abandoned_carts_table',1),(250,'2025_07_24_120510_increase_barcode_column_length_in_ec_products_table',1),(251,'2025_07_28_151808_fix_tax_amount_multiply_qty_in_order_and_invoice_items',1);

--
-- Table structure for table `mp_category_sale_commissions`
--

CREATE TABLE `mp_category_sale_commissions` (
  `id` bigint unsigned NOT NULL AUTO_INCREMENT,
  `product_category_id` bigint unsigned NOT NULL,
  `commission_percentage` decimal(8,2) NOT NULL DEFAULT '0.00',
  PRIMARY KEY (`id`),
  UNIQUE KEY `mp_category_sale_commissions_product_category_id_unique` (`product_category_id`)
) ENGINE=InnoDB DEFAULT CHARSET=utf8mb4 COLLATE=utf8mb4_unicode_ci;

--
-- Dumping data for table `mp_category_sale_commissions`
--


--
-- Table structure for table `mp_customer_revenues`
--

CREATE TABLE `mp_customer_revenues` (
  `id` bigint unsigned NOT NULL AUTO_INCREMENT,
  `customer_id` bigint unsigned DEFAULT NULL,
  `order_id` bigint unsigned DEFAULT NULL,
  `sub_amount` decimal(15,2) DEFAULT '0.00',
  `fee` decimal(15,2) unsigned DEFAULT '0.00',
  `amount` decimal(15,2) DEFAULT '0.00',
  `current_balance` decimal(15,2) DEFAULT '0.00',
  `currency` varchar(120) COLLATE utf8mb4_unicode_ci DEFAULT NULL,
  `description` text COLLATE utf8mb4_unicode_ci,
  `created_at` timestamp NULL DEFAULT NULL,
  `updated_at` timestamp NULL DEFAULT NULL,
  `user_id` bigint unsigned NOT NULL DEFAULT '0',
  `type` varchar(60) COLLATE utf8mb4_unicode_ci DEFAULT NULL,
  PRIMARY KEY (`id`)
) ENGINE=InnoDB DEFAULT CHARSET=utf8mb4 COLLATE=utf8mb4_unicode_ci;

--
-- Dumping data for table `mp_customer_revenues`
--


--
-- Table structure for table `mp_customer_withdrawals`
--

CREATE TABLE `mp_customer_withdrawals` (
  `id` bigint unsigned NOT NULL AUTO_INCREMENT,
  `customer_id` bigint unsigned DEFAULT NULL,
  `fee` decimal(15,2) unsigned DEFAULT '0.00',
  `amount` decimal(15,2) unsigned DEFAULT '0.00',
  `current_balance` decimal(15,2) unsigned DEFAULT '0.00',
  `currency` varchar(120) COLLATE utf8mb4_unicode_ci DEFAULT NULL,
  `description` text COLLATE utf8mb4_unicode_ci,
  `bank_info` text COLLATE utf8mb4_unicode_ci,
  `payment_channel` varchar(60) COLLATE utf8mb4_unicode_ci DEFAULT NULL,
  `user_id` bigint unsigned NOT NULL DEFAULT '0',
  `status` varchar(60) COLLATE utf8mb4_unicode_ci NOT NULL DEFAULT 'pending',
  `images` text COLLATE utf8mb4_unicode_ci,
  `created_at` timestamp NULL DEFAULT NULL,
  `updated_at` timestamp NULL DEFAULT NULL,
  `transaction_id` varchar(60) COLLATE utf8mb4_unicode_ci DEFAULT NULL,
  PRIMARY KEY (`id`)
) ENGINE=InnoDB DEFAULT CHARSET=utf8mb4 COLLATE=utf8mb4_unicode_ci;

--
-- Dumping data for table `mp_customer_withdrawals`
--


--
-- Table structure for table `mp_messages`
--

CREATE TABLE `mp_messages` (
  `id` bigint unsigned NOT NULL AUTO_INCREMENT,
  `store_id` bigint unsigned NOT NULL,
  `customer_id` bigint unsigned DEFAULT NULL,
  `name` varchar(60) COLLATE utf8mb4_unicode_ci NOT NULL,
  `email` varchar(60) COLLATE utf8mb4_unicode_ci NOT NULL,
  `content` longtext COLLATE utf8mb4_unicode_ci NOT NULL,
  `created_at` timestamp NULL DEFAULT NULL,
  `updated_at` timestamp NULL DEFAULT NULL,
  PRIMARY KEY (`id`)
) ENGINE=InnoDB DEFAULT CHARSET=utf8mb4 COLLATE=utf8mb4_unicode_ci;

--
-- Dumping data for table `mp_messages`
--


--
-- Table structure for table `mp_stores`
--

CREATE TABLE `mp_stores` (
  `id` bigint unsigned NOT NULL AUTO_INCREMENT,
  `name` varchar(191) COLLATE utf8mb4_unicode_ci NOT NULL,
  `email` varchar(60) COLLATE utf8mb4_unicode_ci DEFAULT NULL,
  `phone` varchar(20) COLLATE utf8mb4_unicode_ci DEFAULT NULL,
  `address` varchar(191) COLLATE utf8mb4_unicode_ci DEFAULT NULL,
  `country` varchar(120) COLLATE utf8mb4_unicode_ci DEFAULT NULL,
  `state` varchar(120) COLLATE utf8mb4_unicode_ci DEFAULT NULL,
  `city` varchar(120) COLLATE utf8mb4_unicode_ci DEFAULT NULL,
  `customer_id` bigint unsigned DEFAULT NULL,
  `logo` varchar(191) COLLATE utf8mb4_unicode_ci DEFAULT NULL,
  `logo_square` varchar(255) COLLATE utf8mb4_unicode_ci DEFAULT NULL,
  `cover_image` varchar(191) COLLATE utf8mb4_unicode_ci DEFAULT NULL,
  `description` varchar(400) COLLATE utf8mb4_unicode_ci DEFAULT NULL,
  `content` longtext COLLATE utf8mb4_unicode_ci,
  `status` varchar(60) COLLATE utf8mb4_unicode_ci NOT NULL DEFAULT 'published',
  `vendor_verified_at` datetime DEFAULT NULL,
  `created_at` timestamp NULL DEFAULT NULL,
  `updated_at` timestamp NULL DEFAULT NULL,
  `zip_code` varchar(20) COLLATE utf8mb4_unicode_ci DEFAULT NULL,
  `company` varchar(191) COLLATE utf8mb4_unicode_ci DEFAULT NULL,
  `tax_id` varchar(191) COLLATE utf8mb4_unicode_ci DEFAULT NULL,
  `certificate_file` varchar(191) COLLATE utf8mb4_unicode_ci DEFAULT NULL,
  `government_id_file` varchar(191) COLLATE utf8mb4_unicode_ci DEFAULT NULL,
  PRIMARY KEY (`id`)
) ENGINE=InnoDB AUTO_INCREMENT=9 DEFAULT CHARSET=utf8mb4 COLLATE=utf8mb4_unicode_ci;

--
-- Dumping data for table `mp_stores`
--

INSERT INTO `mp_stores` VALUES (1,'GoPro','helena.jerde@example.org','+13866272261','133 Destiny Parks Suite 671','BQ','Massachusetts','Jenkinsshire',2,'main/stores/1.png',NULL,'main/stores/cover-4.png','Alias in a non expedita libero ut consectetur. Dicta quod nemo libero similique corporis et tenetur. Eaque veniam sed enim aperiam nostrum est. Quia eligendi impedit aut. Qui voluptates enim consectetur dolorem facere. Velit rerum labore ut. Debitis enim autem suscipit est cupiditate ut vero. Eum et consequatur voluptas voluptatum asperiores accusamus.','<p>I have seen many people underestimating the power of their wallets. To them, they are just a functional item they use to carry. As a result, they often end up with the wallets which are not really suitable for them.</p>\n\n                <p>You should pay more attention when you choose your wallets. There are a lot of them on the market with the different designs and styles. When you choose carefully, you would be able to buy a wallet that is catered to your needs. Not to mention that it will help to enhance your style significantly.</p>\n\n                <p style=\"text-align:center;\"><img alt=\"f4\" src=\"/storage/main/blog/post-1.jpg\"></p>\n\n                <p><br>\n                 </p>\n\n                <p><strong><em>For all of the reason above, here are 7 expert tips to help you pick up the right men’s wallet for you:</em></strong></p>\n\n                <h4><strong>Number 1: Choose A Neat Wallet</strong></h4>\n\n                <p>The wallet is an essential accessory that you should go simple. Simplicity is the best in this case. A simple and neat wallet with the plain color and even <strong>minimalist style</strong> is versatile. It can be used for both formal and casual events. In addition, that wallet will go well with most of the clothes in your wardrobe.</p>\n\n                <p>Keep in mind that a wallet will tell other people about your personality and your fashion sense as much as other clothes you put on. Hence, don’t go cheesy on your wallet or else people will think that you have a funny and particular style.</p>\n\n                <p style=\"text-align:center;\"><img alt=\"f5\" src=\"/storage/main/blog/post-2.jpg\"></p>\n\n                <p><br>\n                 </p>\n                <hr>\n                <h4><strong>Number 2: Choose The Right Size For Your Wallet</strong></h4>\n\n                <p>You should avoid having an over-sized wallet. Don’t think that you need to buy a big wallet because you have a lot to carry with you. In addition, a fat wallet is very ugly. It will make it harder for you to slide the wallet into your trousers’ pocket. In addition, it will create a bulge and ruin your look.</p>\n\n                <p>Before you go on to buy a new wallet, clean out your wallet and place all the items from your wallet on a table. Throw away things that you would never need any more such as the old bills or the expired gift cards. Remember to check your wallet on a frequent basis to get rid of all of the old stuff that you don’t need anymore.</p>\n\n                <p style=\"text-align:center;\"><img alt=\"f1\" src=\"/storage/main/blog/post-3.jpg\"></p>\n\n                <p><br>\n                 </p>\n\n                <hr>\n                <h4><strong>Number 3: Don’t Limit Your Options Of Materials</strong></h4>\n\n                <p>The types and designs of wallets are not the only things that you should consider when you go out searching for your best wallet. You have more than 1 option of material rather than leather to choose from as well.</p>\n\n                <p>You can experiment with other available options such as cotton, polyester and canvas. They all have their own pros and cons. As a result, they will be suitable for different needs and requirements. You should think about them all in order to choose the material which you would like the most.</p>\n\n                <p style=\"text-align:center;\"><img alt=\"f6\" src=\"/storage/main/blog/post-4.jpg\"></p>\n\n                <p><br>\n                 </p>\n\n                <hr>\n                <h4><strong>Number 4: Consider A Wallet As A Long Term Investment</strong></h4>\n\n                <p>Your wallet is indeed an investment that you should consider spending a decent amount of time and effort on it. Another factor that you need to consider is how much you want to spend on your wallet. The price ranges of wallets on the market vary a great deal. You can find a wallet which is as cheap as about 5 to 7 dollars. On the other hand, you should expect to pay around 250 to 300 dollars for a high-quality wallet.</p>\n\n                <p>In case you need a wallet to use for a long time, it is a good idea that you should invest a decent amount of money on a wallet. A high quality wallet from a reputational brand with the premium quality such as cowhide leather will last for a long time. In addition, it is an accessory to show off your fashion sense and your social status.</p>\n\n                <p style=\"text-align:center;\"><img alt=\"f2\" src=\"/storage/main/blog/post-5.jpg\"></p>\n\n                <p> </p>\n                ','published',NULL,'2025-07-28 01:49:25','2025-07-28 01:49:25',NULL,NULL,NULL,NULL,NULL),(2,'Global Office','oreilly.zita@example.org','+19789102598','8417 Connor Cove Suite 906','GL','Kentucky','West Tessberg',6,'main/stores/2.png',NULL,'main/stores/cover-2.png','Voluptatem non aperiam assumenda neque et voluptatem. Et hic eum est repellendus exercitationem. Autem similique deleniti autem. Aut ad natus quo qui ipsum ipsa sit est. Nesciunt quis aut nam necessitatibus. Itaque adipisci esse explicabo eos quia. Commodi voluptatem voluptas libero qui possimus.','<p>I have seen many people underestimating the power of their wallets. To them, they are just a functional item they use to carry. As a result, they often end up with the wallets which are not really suitable for them.</p>\n\n                <p>You should pay more attention when you choose your wallets. There are a lot of them on the market with the different designs and styles. When you choose carefully, you would be able to buy a wallet that is catered to your needs. Not to mention that it will help to enhance your style significantly.</p>\n\n                <p style=\"text-align:center;\"><img alt=\"f4\" src=\"/storage/main/blog/post-1.jpg\"></p>\n\n                <p><br>\n                 </p>\n\n                <p><strong><em>For all of the reason above, here are 7 expert tips to help you pick up the right men’s wallet for you:</em></strong></p>\n\n                <h4><strong>Number 1: Choose A Neat Wallet</strong></h4>\n\n                <p>The wallet is an essential accessory that you should go simple. Simplicity is the best in this case. A simple and neat wallet with the plain color and even <strong>minimalist style</strong> is versatile. It can be used for both formal and casual events. In addition, that wallet will go well with most of the clothes in your wardrobe.</p>\n\n                <p>Keep in mind that a wallet will tell other people about your personality and your fashion sense as much as other clothes you put on. Hence, don’t go cheesy on your wallet or else people will think that you have a funny and particular style.</p>\n\n                <p style=\"text-align:center;\"><img alt=\"f5\" src=\"/storage/main/blog/post-2.jpg\"></p>\n\n                <p><br>\n                 </p>\n                <hr>\n                <h4><strong>Number 2: Choose The Right Size For Your Wallet</strong></h4>\n\n                <p>You should avoid having an over-sized wallet. Don’t think that you need to buy a big wallet because you have a lot to carry with you. In addition, a fat wallet is very ugly. It will make it harder for you to slide the wallet into your trousers’ pocket. In addition, it will create a bulge and ruin your look.</p>\n\n                <p>Before you go on to buy a new wallet, clean out your wallet and place all the items from your wallet on a table. Throw away things that you would never need any more such as the old bills or the expired gift cards. Remember to check your wallet on a frequent basis to get rid of all of the old stuff that you don’t need anymore.</p>\n\n                <p style=\"text-align:center;\"><img alt=\"f1\" src=\"/storage/main/blog/post-3.jpg\"></p>\n\n                <p><br>\n                 </p>\n\n                <hr>\n                <h4><strong>Number 3: Don’t Limit Your Options Of Materials</strong></h4>\n\n                <p>The types and designs of wallets are not the only things that you should consider when you go out searching for your best wallet. You have more than 1 option of material rather than leather to choose from as well.</p>\n\n                <p>You can experiment with other available options such as cotton, polyester and canvas. They all have their own pros and cons. As a result, they will be suitable for different needs and requirements. You should think about them all in order to choose the material which you would like the most.</p>\n\n                <p style=\"text-align:center;\"><img alt=\"f6\" src=\"/storage/main/blog/post-4.jpg\"></p>\n\n                <p><br>\n                 </p>\n\n                <hr>\n                <h4><strong>Number 4: Consider A Wallet As A Long Term Investment</strong></h4>\n\n                <p>Your wallet is indeed an investment that you should consider spending a decent amount of time and effort on it. Another factor that you need to consider is how much you want to spend on your wallet. The price ranges of wallets on the market vary a great deal. You can find a wallet which is as cheap as about 5 to 7 dollars. On the other hand, you should expect to pay around 250 to 300 dollars for a high-quality wallet.</p>\n\n                <p>In case you need a wallet to use for a long time, it is a good idea that you should invest a decent amount of money on a wallet. A high quality wallet from a reputational brand with the premium quality such as cowhide leather will last for a long time. In addition, it is an accessory to show off your fashion sense and your social status.</p>\n\n                <p style=\"text-align:center;\"><img alt=\"f2\" src=\"/storage/main/blog/post-5.jpg\"></p>\n\n                <p> </p>\n                ','published',NULL,'2025-07-28 01:49:25','2025-07-28 01:49:25',NULL,NULL,NULL,NULL,NULL),(3,'Young Shop','jeanie.walsh@example.org','+15418291017','69012 Ellsworth Springs','NR','North Carolina','Schulistside',5,'main/stores/3.png',NULL,'main/stores/cover-3.png','Consequatur beatae doloremque itaque quisquam incidunt doloribus. Libero facilis qui dolores ea id commodi. Tenetur accusantium temporibus non velit eum et. Commodi quo voluptas a consequatur error consequatur. Nisi reiciendis quibusdam amet eum veritatis iste eum fugit. Veritatis est eum porro ut excepturi. Fugit neque nam omnis accusantium assumenda vitae architecto.','<p>I have seen many people underestimating the power of their wallets. To them, they are just a functional item they use to carry. As a result, they often end up with the wallets which are not really suitable for them.</p>\n\n                <p>You should pay more attention when you choose your wallets. There are a lot of them on the market with the different designs and styles. When you choose carefully, you would be able to buy a wallet that is catered to your needs. Not to mention that it will help to enhance your style significantly.</p>\n\n                <p style=\"text-align:center;\"><img alt=\"f4\" src=\"/storage/main/blog/post-1.jpg\"></p>\n\n                <p><br>\n                 </p>\n\n                <p><strong><em>For all of the reason above, here are 7 expert tips to help you pick up the right men’s wallet for you:</em></strong></p>\n\n                <h4><strong>Number 1: Choose A Neat Wallet</strong></h4>\n\n                <p>The wallet is an essential accessory that you should go simple. Simplicity is the best in this case. A simple and neat wallet with the plain color and even <strong>minimalist style</strong> is versatile. It can be used for both formal and casual events. In addition, that wallet will go well with most of the clothes in your wardrobe.</p>\n\n                <p>Keep in mind that a wallet will tell other people about your personality and your fashion sense as much as other clothes you put on. Hence, don’t go cheesy on your wallet or else people will think that you have a funny and particular style.</p>\n\n                <p style=\"text-align:center;\"><img alt=\"f5\" src=\"/storage/main/blog/post-2.jpg\"></p>\n\n                <p><br>\n                 </p>\n                <hr>\n                <h4><strong>Number 2: Choose The Right Size For Your Wallet</strong></h4>\n\n                <p>You should avoid having an over-sized wallet. Don’t think that you need to buy a big wallet because you have a lot to carry with you. In addition, a fat wallet is very ugly. It will make it harder for you to slide the wallet into your trousers’ pocket. In addition, it will create a bulge and ruin your look.</p>\n\n                <p>Before you go on to buy a new wallet, clean out your wallet and place all the items from your wallet on a table. Throw away things that you would never need any more such as the old bills or the expired gift cards. Remember to check your wallet on a frequent basis to get rid of all of the old stuff that you don’t need anymore.</p>\n\n                <p style=\"text-align:center;\"><img alt=\"f1\" src=\"/storage/main/blog/post-3.jpg\"></p>\n\n                <p><br>\n                 </p>\n\n                <hr>\n                <h4><strong>Number 3: Don’t Limit Your Options Of Materials</strong></h4>\n\n                <p>The types and designs of wallets are not the only things that you should consider when you go out searching for your best wallet. You have more than 1 option of material rather than leather to choose from as well.</p>\n\n                <p>You can experiment with other available options such as cotton, polyester and canvas. They all have their own pros and cons. As a result, they will be suitable for different needs and requirements. You should think about them all in order to choose the material which you would like the most.</p>\n\n                <p style=\"text-align:center;\"><img alt=\"f6\" src=\"/storage/main/blog/post-4.jpg\"></p>\n\n                <p><br>\n                 </p>\n\n                <hr>\n                <h4><strong>Number 4: Consider A Wallet As A Long Term Investment</strong></h4>\n\n                <p>Your wallet is indeed an investment that you should consider spending a decent amount of time and effort on it. Another factor that you need to consider is how much you want to spend on your wallet. The price ranges of wallets on the market vary a great deal. You can find a wallet which is as cheap as about 5 to 7 dollars. On the other hand, you should expect to pay around 250 to 300 dollars for a high-quality wallet.</p>\n\n                <p>In case you need a wallet to use for a long time, it is a good idea that you should invest a decent amount of money on a wallet. A high quality wallet from a reputational brand with the premium quality such as cowhide leather will last for a long time. In addition, it is an accessory to show off your fashion sense and your social status.</p>\n\n                <p style=\"text-align:center;\"><img alt=\"f2\" src=\"/storage/main/blog/post-5.jpg\"></p>\n\n                <p> </p>\n                ','published',NULL,'2025-07-28 01:49:25','2025-07-28 01:49:25',NULL,NULL,NULL,NULL,NULL),(4,'Global Store','gulgowski.brenden@example.net','+19294694625','99004 Abdul Ranch','CU','West Virginia','Nicholasstad',7,'main/stores/4.png',NULL,'main/stores/cover-1.png','Pariatur nemo vel dolore ducimus at velit. Veritatis voluptatem cumque rem quam vel blanditiis non. Expedita magni at officia molestiae magni. Quasi sapiente vel deserunt. Iusto earum rerum ullam explicabo repellendus praesentium perspiciatis. Et praesentium optio in id minima. Reprehenderit beatae asperiores iste a eos amet. Dolorem iusto esse autem natus.','<p>I have seen many people underestimating the power of their wallets. To them, they are just a functional item they use to carry. As a result, they often end up with the wallets which are not really suitable for them.</p>\n\n                <p>You should pay more attention when you choose your wallets. There are a lot of them on the market with the different designs and styles. When you choose carefully, you would be able to buy a wallet that is catered to your needs. Not to mention that it will help to enhance your style significantly.</p>\n\n                <p style=\"text-align:center;\"><img alt=\"f4\" src=\"/storage/main/blog/post-1.jpg\"></p>\n\n                <p><br>\n                 </p>\n\n                <p><strong><em>For all of the reason above, here are 7 expert tips to help you pick up the right men’s wallet for you:</em></strong></p>\n\n                <h4><strong>Number 1: Choose A Neat Wallet</strong></h4>\n\n                <p>The wallet is an essential accessory that you should go simple. Simplicity is the best in this case. A simple and neat wallet with the plain color and even <strong>minimalist style</strong> is versatile. It can be used for both formal and casual events. In addition, that wallet will go well with most of the clothes in your wardrobe.</p>\n\n                <p>Keep in mind that a wallet will tell other people about your personality and your fashion sense as much as other clothes you put on. Hence, don’t go cheesy on your wallet or else people will think that you have a funny and particular style.</p>\n\n                <p style=\"text-align:center;\"><img alt=\"f5\" src=\"/storage/main/blog/post-2.jpg\"></p>\n\n                <p><br>\n                 </p>\n                <hr>\n                <h4><strong>Number 2: Choose The Right Size For Your Wallet</strong></h4>\n\n                <p>You should avoid having an over-sized wallet. Don’t think that you need to buy a big wallet because you have a lot to carry with you. In addition, a fat wallet is very ugly. It will make it harder for you to slide the wallet into your trousers’ pocket. In addition, it will create a bulge and ruin your look.</p>\n\n                <p>Before you go on to buy a new wallet, clean out your wallet and place all the items from your wallet on a table. Throw away things that you would never need any more such as the old bills or the expired gift cards. Remember to check your wallet on a frequent basis to get rid of all of the old stuff that you don’t need anymore.</p>\n\n                <p style=\"text-align:center;\"><img alt=\"f1\" src=\"/storage/main/blog/post-3.jpg\"></p>\n\n                <p><br>\n                 </p>\n\n                <hr>\n                <h4><strong>Number 3: Don’t Limit Your Options Of Materials</strong></h4>\n\n                <p>The types and designs of wallets are not the only things that you should consider when you go out searching for your best wallet. You have more than 1 option of material rather than leather to choose from as well.</p>\n\n                <p>You can experiment with other available options such as cotton, polyester and canvas. They all have their own pros and cons. As a result, they will be suitable for different needs and requirements. You should think about them all in order to choose the material which you would like the most.</p>\n\n                <p style=\"text-align:center;\"><img alt=\"f6\" src=\"/storage/main/blog/post-4.jpg\"></p>\n\n                <p><br>\n                 </p>\n\n                <hr>\n                <h4><strong>Number 4: Consider A Wallet As A Long Term Investment</strong></h4>\n\n                <p>Your wallet is indeed an investment that you should consider spending a decent amount of time and effort on it. Another factor that you need to consider is how much you want to spend on your wallet. The price ranges of wallets on the market vary a great deal. You can find a wallet which is as cheap as about 5 to 7 dollars. On the other hand, you should expect to pay around 250 to 300 dollars for a high-quality wallet.</p>\n\n                <p>In case you need a wallet to use for a long time, it is a good idea that you should invest a decent amount of money on a wallet. A high quality wallet from a reputational brand with the premium quality such as cowhide leather will last for a long time. In addition, it is an accessory to show off your fashion sense and your social status.</p>\n\n                <p style=\"text-align:center;\"><img alt=\"f2\" src=\"/storage/main/blog/post-5.jpg\"></p>\n\n                <p> </p>\n                ','published',NULL,'2025-07-28 01:49:25','2025-07-28 01:49:25',NULL,NULL,NULL,NULL,NULL),(5,'Robert’s Store','dahlia.gleason@example.org','+13413383891','9548 Rico Crest Apt. 785','LI','Wisconsin','West Hollis',8,'main/stores/5.png',NULL,'main/stores/cover-2.png','Omnis qui in sint voluptatem aut. Nisi tenetur dicta molestiae voluptate quam vel inventore voluptas. Adipisci nisi sunt repellat qui. Commodi et fugiat debitis dolor temporibus. Iste animi ipsam sequi quia. Ratione adipisci totam quisquam minus ut autem harum. Quidem laborum ipsam consectetur in at rerum ut.','<p>I have seen many people underestimating the power of their wallets. To them, they are just a functional item they use to carry. As a result, they often end up with the wallets which are not really suitable for them.</p>\n\n                <p>You should pay more attention when you choose your wallets. There are a lot of them on the market with the different designs and styles. When you choose carefully, you would be able to buy a wallet that is catered to your needs. Not to mention that it will help to enhance your style significantly.</p>\n\n                <p style=\"text-align:center;\"><img alt=\"f4\" src=\"/storage/main/blog/post-1.jpg\"></p>\n\n                <p><br>\n                 </p>\n\n                <p><strong><em>For all of the reason above, here are 7 expert tips to help you pick up the right men’s wallet for you:</em></strong></p>\n\n                <h4><strong>Number 1: Choose A Neat Wallet</strong></h4>\n\n                <p>The wallet is an essential accessory that you should go simple. Simplicity is the best in this case. A simple and neat wallet with the plain color and even <strong>minimalist style</strong> is versatile. It can be used for both formal and casual events. In addition, that wallet will go well with most of the clothes in your wardrobe.</p>\n\n                <p>Keep in mind that a wallet will tell other people about your personality and your fashion sense as much as other clothes you put on. Hence, don’t go cheesy on your wallet or else people will think that you have a funny and particular style.</p>\n\n                <p style=\"text-align:center;\"><img alt=\"f5\" src=\"/storage/main/blog/post-2.jpg\"></p>\n\n                <p><br>\n                 </p>\n                <hr>\n                <h4><strong>Number 2: Choose The Right Size For Your Wallet</strong></h4>\n\n                <p>You should avoid having an over-sized wallet. Don’t think that you need to buy a big wallet because you have a lot to carry with you. In addition, a fat wallet is very ugly. It will make it harder for you to slide the wallet into your trousers’ pocket. In addition, it will create a bulge and ruin your look.</p>\n\n                <p>Before you go on to buy a new wallet, clean out your wallet and place all the items from your wallet on a table. Throw away things that you would never need any more such as the old bills or the expired gift cards. Remember to check your wallet on a frequent basis to get rid of all of the old stuff that you don’t need anymore.</p>\n\n                <p style=\"text-align:center;\"><img alt=\"f1\" src=\"/storage/main/blog/post-3.jpg\"></p>\n\n                <p><br>\n                 </p>\n\n                <hr>\n                <h4><strong>Number 3: Don’t Limit Your Options Of Materials</strong></h4>\n\n                <p>The types and designs of wallets are not the only things that you should consider when you go out searching for your best wallet. You have more than 1 option of material rather than leather to choose from as well.</p>\n\n                <p>You can experiment with other available options such as cotton, polyester and canvas. They all have their own pros and cons. As a result, they will be suitable for different needs and requirements. You should think about them all in order to choose the material which you would like the most.</p>\n\n                <p style=\"text-align:center;\"><img alt=\"f6\" src=\"/storage/main/blog/post-4.jpg\"></p>\n\n                <p><br>\n                 </p>\n\n                <hr>\n                <h4><strong>Number 4: Consider A Wallet As A Long Term Investment</strong></h4>\n\n                <p>Your wallet is indeed an investment that you should consider spending a decent amount of time and effort on it. Another factor that you need to consider is how much you want to spend on your wallet. The price ranges of wallets on the market vary a great deal. You can find a wallet which is as cheap as about 5 to 7 dollars. On the other hand, you should expect to pay around 250 to 300 dollars for a high-quality wallet.</p>\n\n                <p>In case you need a wallet to use for a long time, it is a good idea that you should invest a decent amount of money on a wallet. A high quality wallet from a reputational brand with the premium quality such as cowhide leather will last for a long time. In addition, it is an accessory to show off your fashion sense and your social status.</p>\n\n                <p style=\"text-align:center;\"><img alt=\"f2\" src=\"/storage/main/blog/post-5.jpg\"></p>\n\n                <p> </p>\n                ','published',NULL,'2025-07-28 01:49:25','2025-07-28 01:49:25',NULL,NULL,NULL,NULL,NULL),(6,'Stouffer','tbalistreri@example.com','+15643333922','393 Cruickshank Underpass','IT','West Virginia','Eleazarfurt',3,'main/stores/6.png',NULL,'main/stores/cover-5.png','Sunt quo accusamus sunt in dolore non modi. Ratione ut suscipit et ipsum. Eveniet similique maxime ipsa et. Non velit recusandae atque ut aperiam et. Et magnam quaerat cumque blanditiis voluptate voluptatum. Amet nesciunt est quia voluptatem id ut.','<p>I have seen many people underestimating the power of their wallets. To them, they are just a functional item they use to carry. As a result, they often end up with the wallets which are not really suitable for them.</p>\n\n                <p>You should pay more attention when you choose your wallets. There are a lot of them on the market with the different designs and styles. When you choose carefully, you would be able to buy a wallet that is catered to your needs. Not to mention that it will help to enhance your style significantly.</p>\n\n                <p style=\"text-align:center;\"><img alt=\"f4\" src=\"/storage/main/blog/post-1.jpg\"></p>\n\n                <p><br>\n                 </p>\n\n                <p><strong><em>For all of the reason above, here are 7 expert tips to help you pick up the right men’s wallet for you:</em></strong></p>\n\n                <h4><strong>Number 1: Choose A Neat Wallet</strong></h4>\n\n                <p>The wallet is an essential accessory that you should go simple. Simplicity is the best in this case. A simple and neat wallet with the plain color and even <strong>minimalist style</strong> is versatile. It can be used for both formal and casual events. In addition, that wallet will go well with most of the clothes in your wardrobe.</p>\n\n                <p>Keep in mind that a wallet will tell other people about your personality and your fashion sense as much as other clothes you put on. Hence, don’t go cheesy on your wallet or else people will think that you have a funny and particular style.</p>\n\n                <p style=\"text-align:center;\"><img alt=\"f5\" src=\"/storage/main/blog/post-2.jpg\"></p>\n\n                <p><br>\n                 </p>\n                <hr>\n                <h4><strong>Number 2: Choose The Right Size For Your Wallet</strong></h4>\n\n                <p>You should avoid having an over-sized wallet. Don’t think that you need to buy a big wallet because you have a lot to carry with you. In addition, a fat wallet is very ugly. It will make it harder for you to slide the wallet into your trousers’ pocket. In addition, it will create a bulge and ruin your look.</p>\n\n                <p>Before you go on to buy a new wallet, clean out your wallet and place all the items from your wallet on a table. Throw away things that you would never need any more such as the old bills or the expired gift cards. Remember to check your wallet on a frequent basis to get rid of all of the old stuff that you don’t need anymore.</p>\n\n                <p style=\"text-align:center;\"><img alt=\"f1\" src=\"/storage/main/blog/post-3.jpg\"></p>\n\n                <p><br>\n                 </p>\n\n                <hr>\n                <h4><strong>Number 3: Don’t Limit Your Options Of Materials</strong></h4>\n\n                <p>The types and designs of wallets are not the only things that you should consider when you go out searching for your best wallet. You have more than 1 option of material rather than leather to choose from as well.</p>\n\n                <p>You can experiment with other available options such as cotton, polyester and canvas. They all have their own pros and cons. As a result, they will be suitable for different needs and requirements. You should think about them all in order to choose the material which you would like the most.</p>\n\n                <p style=\"text-align:center;\"><img alt=\"f6\" src=\"/storage/main/blog/post-4.jpg\"></p>\n\n                <p><br>\n                 </p>\n\n                <hr>\n                <h4><strong>Number 4: Consider A Wallet As A Long Term Investment</strong></h4>\n\n                <p>Your wallet is indeed an investment that you should consider spending a decent amount of time and effort on it. Another factor that you need to consider is how much you want to spend on your wallet. The price ranges of wallets on the market vary a great deal. You can find a wallet which is as cheap as about 5 to 7 dollars. On the other hand, you should expect to pay around 250 to 300 dollars for a high-quality wallet.</p>\n\n                <p>In case you need a wallet to use for a long time, it is a good idea that you should invest a decent amount of money on a wallet. A high quality wallet from a reputational brand with the premium quality such as cowhide leather will last for a long time. In addition, it is an accessory to show off your fashion sense and your social status.</p>\n\n                <p style=\"text-align:center;\"><img alt=\"f2\" src=\"/storage/main/blog/post-5.jpg\"></p>\n\n                <p> </p>\n                ','published',NULL,'2025-07-28 01:49:25','2025-07-28 01:49:25',NULL,NULL,NULL,NULL,NULL),(7,'StarKist','stevie.corkery@example.org','+14155023010','352 Dalton Cliffs Apt. 629','TW','Maryland','Port Theresiafort',5,'main/stores/7.png',NULL,'main/stores/cover-2.png','Aut aut nostrum non adipisci. Laudantium impedit et enim consequatur sint. Quaerat quidem unde quas ab a esse est. Sunt beatae veniam ut ipsam odit aliquam. Distinctio qui architecto cum suscipit perspiciatis aut. Aut impedit et nesciunt expedita. Consectetur quidem maxime enim culpa dicta. Saepe sint voluptatum dolores doloremque.','<p>I have seen many people underestimating the power of their wallets. To them, they are just a functional item they use to carry. As a result, they often end up with the wallets which are not really suitable for them.</p>\n\n                <p>You should pay more attention when you choose your wallets. There are a lot of them on the market with the different designs and styles. When you choose carefully, you would be able to buy a wallet that is catered to your needs. Not to mention that it will help to enhance your style significantly.</p>\n\n                <p style=\"text-align:center;\"><img alt=\"f4\" src=\"/storage/main/blog/post-1.jpg\"></p>\n\n                <p><br>\n                 </p>\n\n                <p><strong><em>For all of the reason above, here are 7 expert tips to help you pick up the right men’s wallet for you:</em></strong></p>\n\n                <h4><strong>Number 1: Choose A Neat Wallet</strong></h4>\n\n                <p>The wallet is an essential accessory that you should go simple. Simplicity is the best in this case. A simple and neat wallet with the plain color and even <strong>minimalist style</strong> is versatile. It can be used for both formal and casual events. In addition, that wallet will go well with most of the clothes in your wardrobe.</p>\n\n                <p>Keep in mind that a wallet will tell other people about your personality and your fashion sense as much as other clothes you put on. Hence, don’t go cheesy on your wallet or else people will think that you have a funny and particular style.</p>\n\n                <p style=\"text-align:center;\"><img alt=\"f5\" src=\"/storage/main/blog/post-2.jpg\"></p>\n\n                <p><br>\n                 </p>\n                <hr>\n                <h4><strong>Number 2: Choose The Right Size For Your Wallet</strong></h4>\n\n                <p>You should avoid having an over-sized wallet. Don’t think that you need to buy a big wallet because you have a lot to carry with you. In addition, a fat wallet is very ugly. It will make it harder for you to slide the wallet into your trousers’ pocket. In addition, it will create a bulge and ruin your look.</p>\n\n                <p>Before you go on to buy a new wallet, clean out your wallet and place all the items from your wallet on a table. Throw away things that you would never need any more such as the old bills or the expired gift cards. Remember to check your wallet on a frequent basis to get rid of all of the old stuff that you don’t need anymore.</p>\n\n                <p style=\"text-align:center;\"><img alt=\"f1\" src=\"/storage/main/blog/post-3.jpg\"></p>\n\n                <p><br>\n                 </p>\n\n                <hr>\n                <h4><strong>Number 3: Don’t Limit Your Options Of Materials</strong></h4>\n\n                <p>The types and designs of wallets are not the only things that you should consider when you go out searching for your best wallet. You have more than 1 option of material rather than leather to choose from as well.</p>\n\n                <p>You can experiment with other available options such as cotton, polyester and canvas. They all have their own pros and cons. As a result, they will be suitable for different needs and requirements. You should think about them all in order to choose the material which you would like the most.</p>\n\n                <p style=\"text-align:center;\"><img alt=\"f6\" src=\"/storage/main/blog/post-4.jpg\"></p>\n\n                <p><br>\n                 </p>\n\n                <hr>\n                <h4><strong>Number 4: Consider A Wallet As A Long Term Investment</strong></h4>\n\n                <p>Your wallet is indeed an investment that you should consider spending a decent amount of time and effort on it. Another factor that you need to consider is how much you want to spend on your wallet. The price ranges of wallets on the market vary a great deal. You can find a wallet which is as cheap as about 5 to 7 dollars. On the other hand, you should expect to pay around 250 to 300 dollars for a high-quality wallet.</p>\n\n                <p>In case you need a wallet to use for a long time, it is a good idea that you should invest a decent amount of money on a wallet. A high quality wallet from a reputational brand with the premium quality such as cowhide leather will last for a long time. In addition, it is an accessory to show off your fashion sense and your social status.</p>\n\n                <p style=\"text-align:center;\"><img alt=\"f2\" src=\"/storage/main/blog/post-5.jpg\"></p>\n\n                <p> </p>\n                ','published',NULL,'2025-07-28 01:49:25','2025-07-28 01:49:25',NULL,NULL,NULL,NULL,NULL),(8,'Old El Paso','victoria.rodriguez@example.com','+18627942740','645 Rosa Mission','SH','Massachusetts','East Sharon',5,'main/stores/8.png',NULL,'main/stores/cover-1.png','Saepe neque omnis quos et nihil voluptatibus voluptas. Rem ea et porro necessitatibus. Omnis quia autem rerum numquam optio. Minima nam sed excepturi provident voluptatum ea voluptatibus. Sed praesentium vel sequi id molestiae.','<p>I have seen many people underestimating the power of their wallets. To them, they are just a functional item they use to carry. As a result, they often end up with the wallets which are not really suitable for them.</p>\n\n                <p>You should pay more attention when you choose your wallets. There are a lot of them on the market with the different designs and styles. When you choose carefully, you would be able to buy a wallet that is catered to your needs. Not to mention that it will help to enhance your style significantly.</p>\n\n                <p style=\"text-align:center;\"><img alt=\"f4\" src=\"/storage/main/blog/post-1.jpg\"></p>\n\n                <p><br>\n                 </p>\n\n                <p><strong><em>For all of the reason above, here are 7 expert tips to help you pick up the right men’s wallet for you:</em></strong></p>\n\n                <h4><strong>Number 1: Choose A Neat Wallet</strong></h4>\n\n                <p>The wallet is an essential accessory that you should go simple. Simplicity is the best in this case. A simple and neat wallet with the plain color and even <strong>minimalist style</strong> is versatile. It can be used for both formal and casual events. In addition, that wallet will go well with most of the clothes in your wardrobe.</p>\n\n                <p>Keep in mind that a wallet will tell other people about your personality and your fashion sense as much as other clothes you put on. Hence, don’t go cheesy on your wallet or else people will think that you have a funny and particular style.</p>\n\n                <p style=\"text-align:center;\"><img alt=\"f5\" src=\"/storage/main/blog/post-2.jpg\"></p>\n\n                <p><br>\n                 </p>\n                <hr>\n                <h4><strong>Number 2: Choose The Right Size For Your Wallet</strong></h4>\n\n                <p>You should avoid having an over-sized wallet. Don’t think that you need to buy a big wallet because you have a lot to carry with you. In addition, a fat wallet is very ugly. It will make it harder for you to slide the wallet into your trousers’ pocket. In addition, it will create a bulge and ruin your look.</p>\n\n                <p>Before you go on to buy a new wallet, clean out your wallet and place all the items from your wallet on a table. Throw away things that you would never need any more such as the old bills or the expired gift cards. Remember to check your wallet on a frequent basis to get rid of all of the old stuff that you don’t need anymore.</p>\n\n                <p style=\"text-align:center;\"><img alt=\"f1\" src=\"/storage/main/blog/post-3.jpg\"></p>\n\n                <p><br>\n                 </p>\n\n                <hr>\n                <h4><strong>Number 3: Don’t Limit Your Options Of Materials</strong></h4>\n\n                <p>The types and designs of wallets are not the only things that you should consider when you go out searching for your best wallet. You have more than 1 option of material rather than leather to choose from as well.</p>\n\n                <p>You can experiment with other available options such as cotton, polyester and canvas. They all have their own pros and cons. As a result, they will be suitable for different needs and requirements. You should think about them all in order to choose the material which you would like the most.</p>\n\n                <p style=\"text-align:center;\"><img alt=\"f6\" src=\"/storage/main/blog/post-4.jpg\"></p>\n\n                <p><br>\n                 </p>\n\n                <hr>\n                <h4><strong>Number 4: Consider A Wallet As A Long Term Investment</strong></h4>\n\n                <p>Your wallet is indeed an investment that you should consider spending a decent amount of time and effort on it. Another factor that you need to consider is how much you want to spend on your wallet. The price ranges of wallets on the market vary a great deal. You can find a wallet which is as cheap as about 5 to 7 dollars. On the other hand, you should expect to pay around 250 to 300 dollars for a high-quality wallet.</p>\n\n                <p>In case you need a wallet to use for a long time, it is a good idea that you should invest a decent amount of money on a wallet. A high quality wallet from a reputational brand with the premium quality such as cowhide leather will last for a long time. In addition, it is an accessory to show off your fashion sense and your social status.</p>\n\n                <p style=\"text-align:center;\"><img alt=\"f2\" src=\"/storage/main/blog/post-5.jpg\"></p>\n\n                <p> </p>\n                ','published',NULL,'2025-07-28 01:49:25','2025-07-28 01:49:25',NULL,NULL,NULL,NULL,NULL);

--
-- Table structure for table `mp_stores_translations`
--

CREATE TABLE `mp_stores_translations` (
  `lang_code` varchar(191) COLLATE utf8mb4_unicode_ci NOT NULL,
  `mp_stores_id` bigint unsigned NOT NULL,
  `name` varchar(191) COLLATE utf8mb4_unicode_ci DEFAULT NULL,
  `description` varchar(400) COLLATE utf8mb4_unicode_ci DEFAULT NULL,
  `content` longtext COLLATE utf8mb4_unicode_ci,
  `address` varchar(191) COLLATE utf8mb4_unicode_ci DEFAULT NULL,
  `company` varchar(191) COLLATE utf8mb4_unicode_ci DEFAULT NULL,
  `cover_image` varchar(191) COLLATE utf8mb4_unicode_ci DEFAULT NULL,
  PRIMARY KEY (`lang_code`,`mp_stores_id`)
) ENGINE=InnoDB DEFAULT CHARSET=utf8mb4 COLLATE=utf8mb4_unicode_ci;

--
-- Dumping data for table `mp_stores_translations`
--


--
-- Table structure for table `mp_vendor_info`
--

CREATE TABLE `mp_vendor_info` (
  `id` bigint unsigned NOT NULL AUTO_INCREMENT,
  `customer_id` bigint unsigned NOT NULL DEFAULT '0',
  `balance` decimal(15,2) NOT NULL DEFAULT '0.00',
  `total_fee` decimal(15,2) NOT NULL DEFAULT '0.00',
  `total_revenue` decimal(15,2) NOT NULL DEFAULT '0.00',
  `signature` varchar(191) COLLATE utf8mb4_unicode_ci DEFAULT NULL,
  `bank_info` text COLLATE utf8mb4_unicode_ci,
  `created_at` timestamp NULL DEFAULT NULL,
  `updated_at` timestamp NULL DEFAULT NULL,
  `payout_payment_method` varchar(120) COLLATE utf8mb4_unicode_ci DEFAULT 'bank_transfer',
  `tax_info` text COLLATE utf8mb4_unicode_ci,
  PRIMARY KEY (`id`)
) ENGINE=InnoDB AUTO_INCREMENT=8 DEFAULT CHARSET=utf8mb4 COLLATE=utf8mb4_unicode_ci;

--
-- Dumping data for table `mp_vendor_info`
--

INSERT INTO `mp_vendor_info` VALUES (1,2,0.00,0.00,0.00,'$2y$12$cKNT.9m9paf5aW.Rq2F7we.ZTO7./bjBm9tlgG4h1WU/5olWP7vxC','{\"name\":\"Ms. Colleen Kemmer\",\"number\":\"+18652599963\",\"full_name\":\"Ms. Cleora Harvey\",\"description\":\"Gwendolyn Beatty\"}','2025-07-28 01:49:22','2025-07-28 01:49:22','bank_transfer',NULL),(2,3,0.00,0.00,0.00,'$2y$12$MhbNquo88HnxcxQkJlH.Ze4IIQhes2boomT4Akus7hO8P1/xaeHj2','{\"name\":\"Daisha Waelchi\",\"number\":\"+18452765753\",\"full_name\":\"Ms. Fay Labadie\",\"description\":\"Kale Hahn MD\"}','2025-07-28 01:49:23','2025-07-28 01:49:23','bank_transfer',NULL),(3,4,0.00,0.00,0.00,'$2y$12$IDhTul63XpDU01zz2/ApDuG0CkuF9RbQ.uale3xihl1QYbhDaCsyu','{\"name\":\"Prof. Porter Rempel DVM\",\"number\":\"+18316542152\",\"full_name\":\"Jerod Leannon\",\"description\":\"Monica White V\"}','2025-07-28 01:49:23','2025-07-28 01:49:23','bank_transfer',NULL),(4,5,0.00,0.00,0.00,'$2y$12$f5.gZ67O2zD0u5h2CA7yiu7.vSGWx7pgCpeJKLayznxCbbEfn1N7C','{\"name\":\"Zakary Gusikowski DVM\",\"number\":\"+16893601792\",\"full_name\":\"Celine Bayer\",\"description\":\"Ms. Marquise Herzog\"}','2025-07-28 01:49:24','2025-07-28 01:49:24','bank_transfer',NULL),(5,6,0.00,0.00,0.00,'$2y$12$s/AOqo5z6JUXYNjDRO.DIe/GWbwFwvKLaLQLPS1Y79tfV.WW9EQXW','{\"name\":\"Emilie Baumbach\",\"number\":\"+17314062184\",\"full_name\":\"Meggie Nienow\",\"description\":\"Vincenzo Wilderman I\"}','2025-07-28 01:49:24','2025-07-28 01:49:24','bank_transfer',NULL),(6,7,0.00,0.00,0.00,'$2y$12$6gK3BXKYVo7X74DGa3QdNeykTPt2jTlnIAO/iJKRa5qDyRH3gML.i','{\"name\":\"Ms. Amaya Schumm\",\"number\":\"+16625415481\",\"full_name\":\"Marilie Collins\",\"description\":\"Juana Murazik DDS\"}','2025-07-28 01:49:24','2025-07-28 01:49:24','bank_transfer',NULL),(7,8,0.00,0.00,0.00,'$2y$12$jIBmLxqMVwt1v4/jh12gDeaOSGhTvGu65gP0E6L5ltZbH2.Uvca6S','{\"name\":\"Demarcus Reynolds\",\"number\":\"+14693686242\",\"full_name\":\"Mireille Hills IV\",\"description\":\"Dr. Lyric Johnston\"}','2025-07-28 01:49:25','2025-07-28 01:49:25','bank_transfer',NULL);

--
-- Table structure for table `newsletters`
--

CREATE TABLE `newsletters` (
  `id` bigint unsigned NOT NULL AUTO_INCREMENT,
  `email` varchar(120) COLLATE utf8mb4_unicode_ci NOT NULL,
  `name` varchar(120) COLLATE utf8mb4_unicode_ci DEFAULT NULL,
  `status` varchar(60) COLLATE utf8mb4_unicode_ci NOT NULL DEFAULT 'subscribed',
  `created_at` timestamp NULL DEFAULT NULL,
  `updated_at` timestamp NULL DEFAULT NULL,
  PRIMARY KEY (`id`)
) ENGINE=InnoDB DEFAULT CHARSET=utf8mb4 COLLATE=utf8mb4_unicode_ci;

--
-- Dumping data for table `newsletters`
--


--
-- Table structure for table `pages`
--

CREATE TABLE `pages` (
  `id` bigint unsigned NOT NULL AUTO_INCREMENT,
  `name` varchar(120) COLLATE utf8mb4_unicode_ci NOT NULL,
  `content` longtext COLLATE utf8mb4_unicode_ci,
  `user_id` bigint unsigned DEFAULT NULL,
  `image` varchar(191) COLLATE utf8mb4_unicode_ci DEFAULT NULL,
  `template` varchar(60) COLLATE utf8mb4_unicode_ci DEFAULT NULL,
  `description` varchar(400) COLLATE utf8mb4_unicode_ci DEFAULT NULL,
  `status` varchar(60) COLLATE utf8mb4_unicode_ci NOT NULL DEFAULT 'published',
  `created_at` timestamp NULL DEFAULT NULL,
  `updated_at` timestamp NULL DEFAULT NULL,
  PRIMARY KEY (`id`),
  KEY `pages_user_id_index` (`user_id`)
) ENGINE=InnoDB AUTO_INCREMENT=14 DEFAULT CHARSET=utf8mb4 COLLATE=utf8mb4_unicode_ci;

--
-- Dumping data for table `pages`
--

INSERT INTO `pages` VALUES (1,'Home','[simple-slider style=\"2\" key=\"home-slider\" shape_1=\"fashion/sliders/shape-1.png\" shape_2=\"fashion/sliders/shape-2.png\" shape_3=\"fashion/sliders/shape-3.png\" is_autoplay=\"yes\" autoplay_speed=\"5000\"][/simple-slider][ads style=\"2\" key_1=\"WXAUTIJV1QU0\" key_2=\"7Z5RXBBWV7J2\" key_3=\"JY08TDO8FG1E\" full_width=\"1\" enable_lazy_loading=\"no\"][/ads][ecommerce-categories style=\"slider\" title=\"Popular on the Shofy store.\" subtitle=\"Shop by Category\" category_ids=\"1,2,7,11,18,19\" enable_lazy_loading=\"no\"][/ecommerce-categories][ecommerce-product-groups title=\"Customer Favorite Style Product\" subtitle=\"All Product Shop\" limit=\"8\" tabs=\"all,featured,on-sale,trending,top-rated\" enable_lazy_loading=\"yes\"][/ecommerce-product-groups][ecommerce-products style=\"slider-full-width\" title=\"This Week\'s Featured\" subtitle=\"Shop by Category\" collection_ids=\"1\" limit=\"5\" with_sidebar=\"1\" background_color=\"#EFF1F5\" enable_lazy_loading=\"yes\"][/ecommerce-products][ecommerce-products title=\"Trending Arrivals\" subtitle=\"More to Discover\" collection_ids=\"1\" limit=\"5\" with_sidebar=\"1\" ads_ids=\"6\" style=\"slider\" ads=\"VKJNCBIBQC1O\" enable_lazy_loading=\"yes\"][/ecommerce-products][ecommerce-products title=\"This Week\'s Featured\" subtitle=\"Best Seller This Week\'s\" by=\"specify\" product_ids=\"3,4,5,6\" limit=\"12\" style=\"grid\" button_label=\"Shop All Now\" button_url=\"/products\" enable_lazy_loading=\"yes\"][/ecommerce-products][testimonials style=\"1\" title=\"The Review Are In\" testimonial_ids=\"2,3,4\" enable_lazy_loading=\"yes\"][/testimonials][blog-posts title=\"Latest News & Articles\" subtitle=\"Our Blog & News\" type=\"recent\" limit=\"3\" button_label=\"Discover More\" button_url=\"/blog\" enable_lazy_loading=\"yes\"][/blog-posts][site-features style=\"2\" quantity=\"4\" title_1=\"Free Delivery\" description_1=\"Orders from all item\" icon_1=\"ti ti-truck-delivery\" title_2=\"Return & Refund\" description_2=\"Money-back guarantee\" icon_2=\"ti ti-currency-dollar\" title_3=\"Member Discount\" description_3=\"Every order over $140.00\" icon_3=\"ti ti-discount-2\" title_4=\"Support 24/7\" description_4=\"Contact us 24 hours a day\" icon_4=\"ti ti-headset\" enable_lazy_loading=\"yes\"][/site-features][gallery style=\"2\" limit=\"5\" enable_lazy_loading=\"yes\"][/gallery]',1,NULL,'full-width',NULL,'published','2025-07-28 01:49:34','2025-07-28 01:49:34'),(2,'Categories','[ads style=\"2\" key_1=\"UROL9F9ZZVAA\" key_2=\"B30VDBKO7SBF\" enable_lazy_loading=\"yes\"][/ads][ecommerce-categories style=\"slider\" title=\"Popular on the Shofy store.\" subtitle=\"Shop by Category\" category_ids=\"1,2,7,11,18,19\" background_color=\"#F3F5F7\" enable_lazy_loading=\"yes\"][/ecommerce-categories]',1,NULL,'full-width',NULL,'published','2025-07-28 01:49:34','2025-07-28 01:49:34'),(3,'Brands','[ecommerce-brands show_brand_name=\"1\" enable_lazy_loading=\"yes\"][/ecommerce-brands]',1,NULL,NULL,NULL,'published','2025-07-28 01:49:34','2025-07-28 01:49:34'),(4,'Coupons','[ecommerce-coupons coupon_ids=\"1,2,3,4,5,6\" enable_lazy_loading=\"yes\"][/ecommerce-coupons]',1,NULL,'full-width',NULL,'published','2025-07-28 01:49:34','2025-07-28 01:49:34'),(5,'Blog',NULL,1,NULL,'full-width',NULL,'published','2025-07-28 01:49:34','2025-07-28 01:49:34'),(6,'Contact','[contact-form show_contact_form=&quot;1&quot; title=&quot;Sent A Message&quot; quantity=&quot;2&quot; icon_1=&quot;main/contact/icon-1.png&quot; content_1=&quot;contact@shofy.com &lt;br&gt; &lt;strong&gt;+670 413 90 762&lt;/strong&gt;&quot; icon_2=&quot;main/contact/icon-2.png&quot; content_2=&quot;502 New St, Brighton VIC 3186, Australia&quot; show_social_info=&quot;1&quot; social_info_label=&quot;Find on social media&quot; social_info_icon=&quot;main/contact/icon-3.png&quot;][/contact-form][google-map]502 New Street, Brighton VIC, Australia[/google-map]',1,NULL,'full-width',NULL,'published','2025-07-28 01:49:34','2025-07-28 01:49:34'),(7,'FAQs','[faqs style=\"group\" title=\"Frequently Ask Questions\" description=\"Below are frequently asked questions, you may find the answer for yourself.\" category_ids=\"1,2,3\" expand_first_time=\"1\"][/faqs]',1,NULL,NULL,NULL,'published','2025-07-28 01:49:34','2025-07-28 01:49:34'),(8,'Cookie Policy','<h3>EU Cookie Consent</h3><p>To use this website we are using Cookies and collecting some Data. To be compliant with the EU GDPR we give you to choose if you allow us to use certain Cookies and to collect some Data.</p><h4>Essential Data</h4><p>The Essential Data is needed to run the Site you are visiting technically. You can not deactivate them.</p><p>- Session Cookie: PHP uses a Cookie to identify user sessions. Without this Cookie the Website is not working.</p><p>- XSRF-Token Cookie: Laravel automatically generates a CSRF \"token\" for each active user session managed by the application. This token is used to verify that the authenticated user is the one actually making the requests to the application.</p>',1,NULL,NULL,NULL,'published','2025-07-28 01:49:34','2025-07-28 01:49:34'),(9,'Our Story','<h4>A passion for handcrafted coffee, brewed with love and community.</h4>\n\n<p>\n    We are a small, family-owned coffee roaster dedicated to bringing the finest, ethically sourced beans to your cup. Our story began in a cozy kitchen, fueled by a shared passion for the rich aroma and invigorating taste of freshly brewed coffee. We dreamt of creating a space where people could connect over a warm cup, share stories, and experience the joy of handcrafted coffee.\n</p>\n\n<h4>From Humble Beginnings to Roasting Success:</h4>\n\n<p>\n    Our journey started with a small coffee roaster nestled in our garage. We spent countless hours experimenting with different roasting profiles, meticulously cupping each batch to achieve the perfect balance of flavor and aroma. Driven by a desire to make a difference, we built relationships with sustainable coffee farms around the world, ensuring fair trade practices and the highest quality beans.\n</p>\n\n<h4>Milestones and More to Come:</h4>\n\n<p>\n    Our dedication to quality and community resonated with coffee lovers, and our small business quickly grew. We opened our first cafe, a warm and inviting space where people could gather, savor our freshly roasted coffee, and connect with friends and neighbors. We\'ve continued to expand, now offering a variety of handcrafted coffee beverages, alongside delicious pastries and light bites.\n</p>\n\n<h4>Values at Our Core:</h4>\n\n<p>\n    At the heart of everything we do lies our commitment to ethical sourcing, sustainable practices, and building meaningful connections. We believe in supporting the communities that cultivate our coffee beans, ensuring fair wages and responsible farming methods. Every cup you enjoy contributes to a positive impact, one sip at a time.\n</p>\n\n<h4>Join us on our journey!</h4>\n\n<p>\n    We invite you to explore our world of coffee, from the rich diversity of our bean origins to the unique flavors crafted through meticulous roasting. Visit our cafe, discover your perfect cup, and become part of our ever-growing coffee community. Let\'s connect over a cup, share stories, and celebrate the simple joy of a well-brewed coffee.\n</p>\n',1,NULL,NULL,NULL,'published','2025-07-28 01:49:34','2025-07-28 01:49:34'),(10,'Careers','<h3>Careers: Be Part of Our Brewing Legacy</h3>\n\n<p>\n    At Shofy, we\'re not just brewing coffee, we\'re brewing a legacy. Since our humble beginnings in 2024, we\'ve grown from a small, family-owned roaster to a thriving coffee haven. But our passion for quality, community, and sustainability remains at the core of everything we do.\n</p>\n\n<h4>Why Join Our Team?</h4>\n\n<ul>\n    <li>\n        <p><strong>Become a Coffee Connoisseur</strong>: Immerse yourself in the world of coffee, learning from experienced roasters and baristas about bean origins, roasting techniques, and crafting the perfect cup.</p>\n    </li>\n    <li>\n        <p><strong>Fuel Your Passion</strong>: Contribute to our mission by sourcing ethically, promoting sustainable practices, and fostering positive relationships with coffee-growing communities around the globe.</p>\n    </li>\n    <li>\n        <p><strong>Grow with Us</strong>: We offer comprehensive training programs and opportunities for professional development, helping you refine your skills and advance your career in the coffee industry.</p>\n    </li>\n    <li>\n        <p><strong>Be Part of the Family</strong>: We cultivate a collaborative and supportive work environment where your unique talents and perspectives are valued.</p>\n    </li>\n</ul>\n\n<h4>Current Openings:</h4>\n\n<ul>\n    <li>\n        <p><strong>Coffee Roaster</strong>: Play a vital role in our roasting process, meticulously crafting unique flavor profiles and ensuring the highest quality beans reach our customers.</p>\n    </li>\n    <li>\n        <p><strong>Barista</strong>: Become a coffee ambassador, welcoming guests with a smile, crafting their perfect cup, and sharing your knowledge and passion for coffee.</p>\n    </li>\n    <li>\n        <p><strong>Cafe Manager</strong>: Lead your team in creating a warm and inviting atmosphere, overseeing daily operations, and ensuring exceptional customer service.</p>\n    </li>\n</ul>\n\n<h4>We are always looking for passionate individuals who share our values:</h4>\n\n<ul>\n    <li>\n        <p>A genuine love for coffee and a desire to learn everything there is to know about it.</p>\n    </li>\n    <li>\n        <p>A commitment to ethical sourcing, sustainability, and social responsibility.</p>\n    </li>\n    <li>\n        <p>Excellent communication and interpersonal skills to build rapport with colleagues and customers.</p>\n    </li>\n    <li>\n        <p>A positive attitude, a willingness to learn, and a collaborative spirit.</p>\n    </li>\n</ul>\n\n<p>Ready to join our brewing legacy?</p>\n\n<p>\n    Submit your resume and cover letter, telling us why you\'re a perfect fit for our team. We look forward to meeting passionate individuals who are ready to brew the future with us, one cup at a time.\n</p>\n',1,NULL,NULL,NULL,'published','2025-07-28 01:49:34','2025-07-28 01:49:34'),(11,'Shipping','<section>\n    <h2>Shipping Methods</h2>\n    <p>We offer several shipping methods to choose from:</p>\n    <ul>\n        <li>Standard Shipping - 3 to 5 business days</li>\n        <li>Express Shipping - 1 to 2 business days</li>\n        <li>International Shipping - 7 to 14 business days</li>\n    </ul>\n    <p>Please note that shipping times may vary depending on your location and other factors.</p>\n</section>\n\n<section>\n    <h2>Shipping Costs</h2>\n    <p>Shipping costs are calculated based on the weight of your order and the shipping method selected during checkout.</p>\n    <p>You can view the estimated shipping costs in your shopping cart before completing your purchase.</p>\n</section>\n\n<section>\n    <h2>Tracking Your Order</h2>\n    <p>Once your order has been shipped, you will receive a confirmation email with a tracking number.</p>\n    <p>You can use this tracking number to monitor the status of your delivery on our website or through the shipping carrier\'s website.</p>\n</section>\n\n<section>\n    <h2>Shipping Restrictions</h2>\n    <p>Some items may be subject to shipping restrictions due to size, weight, or destination.</p>\n    <p>If your order contains any restricted items, we will notify you during the checkout process.</p>\n</section>\n',1,NULL,NULL,NULL,'published','2025-07-28 01:49:34','2025-07-28 01:49:34'),(12,'Coming Soon','[coming-soon title=\"Get Notified When We Launch\" countdown_time=\"2026-02-13\" address=\" 58 Street Commercial Road Fratton, Australia\" hotline=\"+123456789\" business_hours=\"Mon – Sat: 8 am – 5 pm, Sunday: CLOSED\" show_social_links=\"0,1\" image=\"main/general/contact-img.jpg\"][/coming-soon]',1,NULL,'without-layout',NULL,'published','2025-07-28 01:49:34','2025-07-28 01:49:34'),(13,'Return Policy','<h1>Return Policy</h1>\n<p>Thank you for shopping at [Your Company Name]. We are committed to ensuring that you are completely satisfied with\n    your purchase. If for any reason you are not entirely happy with your purchase, we\'re here to help.</p>\n\n<h2>Returns</h2>\n<p>You have [X] calendar days to return an item from the date you received it.</p>\n<p>To be eligible for a return, your item must be unused and in the same condition that you received it. Your item must\n    be in the original packaging.</p>\n<p>Your item needs to have the receipt or proof of purchase.</p>\n\n<h2>Refunds</h2>\n<p>Once we receive your item, we will inspect it and notify you that we have received your returned item. We will\n    immediately notify you on the status of your refund after inspecting the item.</p>\n<p>If your return is approved, we will initiate a refund to your credit card (or original method of payment). You will\n    receive the credit within a certain amount of days, depending on your card issuer\'s policies.</p>\n\n<h2>Shipping</h2>\n<p>You will be responsible for paying for your own shipping costs for returning your item. Shipping costs are\n    non-refundable. If you receive a refund, the cost of return shipping will be deducted from your refund.</p>\n\n<h2>Contact Us</h2>\n<p>If you have any questions on how to return your item to us, contact us at:</p>\n<ul>\n    <li>Email: [Your Email Address]</li>\n    <li>Phone: [Your Phone Number]</li>\n    <li>Address: [Your Physical Address]</li>\n</ul>\n',1,NULL,NULL,NULL,'published','2025-07-28 01:49:34','2025-07-28 01:49:34');

--
-- Table structure for table `pages_translations`
--

CREATE TABLE `pages_translations` (
  `lang_code` varchar(20) COLLATE utf8mb4_unicode_ci NOT NULL,
  `pages_id` bigint unsigned NOT NULL,
  `name` varchar(191) COLLATE utf8mb4_unicode_ci DEFAULT NULL,
  `description` varchar(400) COLLATE utf8mb4_unicode_ci DEFAULT NULL,
  `content` longtext COLLATE utf8mb4_unicode_ci,
  PRIMARY KEY (`lang_code`,`pages_id`)
) ENGINE=InnoDB DEFAULT CHARSET=utf8mb4 COLLATE=utf8mb4_unicode_ci;

--
-- Dumping data for table `pages_translations`
--


--
-- Table structure for table `password_reset_tokens`
--

CREATE TABLE `password_reset_tokens` (
  `email` varchar(191) COLLATE utf8mb4_unicode_ci NOT NULL,
  `token` varchar(191) COLLATE utf8mb4_unicode_ci NOT NULL,
  `created_at` timestamp NULL DEFAULT NULL,
  PRIMARY KEY (`email`)
) ENGINE=InnoDB DEFAULT CHARSET=utf8mb4 COLLATE=utf8mb4_unicode_ci;

--
-- Dumping data for table `password_reset_tokens`
--


--
-- Table structure for table `payment_logs`
--

CREATE TABLE `payment_logs` (
  `id` bigint unsigned NOT NULL AUTO_INCREMENT,
  `payment_method` varchar(191) COLLATE utf8mb4_unicode_ci NOT NULL,
  `request` longtext COLLATE utf8mb4_unicode_ci,
  `response` longtext COLLATE utf8mb4_unicode_ci,
  `ip_address` varchar(45) COLLATE utf8mb4_unicode_ci NOT NULL,
  `created_at` timestamp NULL DEFAULT NULL,
  `updated_at` timestamp NULL DEFAULT NULL,
  PRIMARY KEY (`id`)
) ENGINE=InnoDB DEFAULT CHARSET=utf8mb4 COLLATE=utf8mb4_unicode_ci;

--
-- Dumping data for table `payment_logs`
--


--
-- Table structure for table `payments`
--

CREATE TABLE `payments` (
  `id` bigint unsigned NOT NULL AUTO_INCREMENT,
  `currency` varchar(120) COLLATE utf8mb4_unicode_ci DEFAULT NULL,
  `user_id` bigint unsigned NOT NULL DEFAULT '0',
  `charge_id` varchar(191) COLLATE utf8mb4_unicode_ci DEFAULT NULL,
  `payment_channel` varchar(60) COLLATE utf8mb4_unicode_ci DEFAULT NULL,
  `description` varchar(400) COLLATE utf8mb4_unicode_ci DEFAULT NULL,
  `amount` decimal(15,2) unsigned NOT NULL,
  `payment_fee` decimal(15,2) DEFAULT '0.00',
  `order_id` bigint unsigned DEFAULT NULL,
  `status` varchar(60) COLLATE utf8mb4_unicode_ci DEFAULT 'pending',
  `payment_type` varchar(191) COLLATE utf8mb4_unicode_ci DEFAULT 'confirm',
  `customer_id` bigint unsigned DEFAULT NULL,
  `refunded_amount` decimal(15,2) unsigned DEFAULT NULL,
  `refund_note` varchar(191) COLLATE utf8mb4_unicode_ci DEFAULT NULL,
  `created_at` timestamp NULL DEFAULT NULL,
  `updated_at` timestamp NULL DEFAULT NULL,
  `customer_type` varchar(191) COLLATE utf8mb4_unicode_ci DEFAULT NULL,
  `metadata` mediumtext COLLATE utf8mb4_unicode_ci,
  PRIMARY KEY (`id`)
) ENGINE=InnoDB DEFAULT CHARSET=utf8mb4 COLLATE=utf8mb4_unicode_ci;

--
-- Dumping data for table `payments`
--


--
-- Table structure for table `personal_access_tokens`
--

CREATE TABLE `personal_access_tokens` (
  `id` bigint unsigned NOT NULL AUTO_INCREMENT,
  `tokenable_type` varchar(191) COLLATE utf8mb4_unicode_ci NOT NULL,
  `tokenable_id` bigint unsigned NOT NULL,
  `name` varchar(191) COLLATE utf8mb4_unicode_ci NOT NULL,
  `token` varchar(64) COLLATE utf8mb4_unicode_ci NOT NULL,
  `abilities` text COLLATE utf8mb4_unicode_ci,
  `last_used_at` timestamp NULL DEFAULT NULL,
  `expires_at` timestamp NULL DEFAULT NULL,
  `created_at` timestamp NULL DEFAULT NULL,
  `updated_at` timestamp NULL DEFAULT NULL,
  PRIMARY KEY (`id`),
  UNIQUE KEY `personal_access_tokens_token_unique` (`token`),
  KEY `personal_access_tokens_tokenable_type_tokenable_id_index` (`tokenable_type`,`tokenable_id`)
) ENGINE=InnoDB DEFAULT CHARSET=utf8mb4 COLLATE=utf8mb4_unicode_ci;

--
-- Dumping data for table `personal_access_tokens`
--


--
-- Table structure for table `post_categories`
--

CREATE TABLE `post_categories` (
  `category_id` bigint unsigned NOT NULL,
  `post_id` bigint unsigned NOT NULL,
  KEY `post_categories_category_id_index` (`category_id`),
  KEY `post_categories_post_id_index` (`post_id`)
) ENGINE=InnoDB DEFAULT CHARSET=utf8mb4 COLLATE=utf8mb4_unicode_ci;

--
-- Dumping data for table `post_categories`
--

INSERT INTO `post_categories` VALUES (1,1),(6,1),(1,2),(3,3),(4,3),(1,4),(6,4),(6,5),(4,5),(2,6),(3,6),(1,7),(5,8),(3,8),(4,9),(5,10),(1,10),(5,11),(6,11),(4,12),(3,12),(5,13),(4,13),(3,14),(4,14),(6,15),(2,15),(3,16),(6,16),(2,17),(4,17),(2,18);

--
-- Table structure for table `post_tags`
--

CREATE TABLE `post_tags` (
  `tag_id` bigint unsigned NOT NULL,
  `post_id` bigint unsigned NOT NULL,
  KEY `post_tags_tag_id_index` (`tag_id`),
  KEY `post_tags_post_id_index` (`post_id`)
) ENGINE=InnoDB DEFAULT CHARSET=utf8mb4 COLLATE=utf8mb4_unicode_ci;

--
-- Dumping data for table `post_tags`
--

INSERT INTO `post_tags` VALUES (2,1),(4,1),(3,1),(2,2),(3,2),(4,3),(3,3),(6,3),(2,4),(8,4),(1,4),(8,5),(3,5),(7,6),(4,6),(1,6),(4,7),(1,7),(8,7),(5,8),(8,9),(3,9),(5,10),(1,10),(4,11),(3,11),(2,12),(6,12),(7,13),(5,13),(6,13),(5,14),(1,14),(4,14),(6,15),(2,15),(4,15),(8,16),(1,16),(6,16),(8,17),(2,17),(1,17),(5,18);

--
-- Table structure for table `posts`
--

CREATE TABLE `posts` (
  `id` bigint unsigned NOT NULL AUTO_INCREMENT,
  `name` varchar(191) COLLATE utf8mb4_unicode_ci NOT NULL,
  `description` varchar(400) COLLATE utf8mb4_unicode_ci DEFAULT NULL,
  `content` longtext COLLATE utf8mb4_unicode_ci,
  `status` varchar(60) COLLATE utf8mb4_unicode_ci NOT NULL DEFAULT 'published',
  `author_id` bigint unsigned DEFAULT NULL,
  `author_type` varchar(191) COLLATE utf8mb4_unicode_ci NOT NULL,
  `is_featured` tinyint unsigned NOT NULL DEFAULT '0',
  `image` varchar(191) COLLATE utf8mb4_unicode_ci DEFAULT NULL,
  `views` int unsigned NOT NULL DEFAULT '0',
  `format_type` varchar(30) COLLATE utf8mb4_unicode_ci DEFAULT NULL,
  `created_at` timestamp NULL DEFAULT NULL,
  `updated_at` timestamp NULL DEFAULT NULL,
  PRIMARY KEY (`id`),
  KEY `posts_status_index` (`status`),
  KEY `posts_author_id_index` (`author_id`),
  KEY `posts_author_type_index` (`author_type`),
  KEY `posts_created_at_index` (`created_at`)
) ENGINE=InnoDB AUTO_INCREMENT=19 DEFAULT CHARSET=utf8mb4 COLLATE=utf8mb4_unicode_ci;

--
-- Dumping data for table `posts`
--

INSERT INTO `posts` VALUES (1,'4 Expert Tips On How To Choose The Right Men’s Wallet','King. \'Nothing whatever,\' said Alice. \'You must be,\' said the Caterpillar. Alice said very politely, \'if I had our Dinah here, I know is, something comes at me like that!\' But she waited patiently.','<p class=\"tp-dropcap\">sales process is critically important to the success of your reps and your business. If you\'ve never seen a really skilled salesperson work, it seems almost effortless. They ask great questions, craftt perfect proposal, answer questions, address concerns and seamlessly seal the Underneath the surface of all of that, the salesperson has probably dedicated hours honing their craft and ensuring the process moves smoothly.</p>\n\n<p>One of the challenges that often surfaces when  working with a remote sales team is a lack of transparency over what is happening, and where in the process things are taking place. We’re going to peel back the curtain and show you how to create the best sales.</p>\n\n<h4 class=\"tp-postbox-details-heading\">Breaking Up With Fast Fashion Has Been Easier</h4>\n<p>Lommodo ligula eget dolor. Aenean massa. Cum sociis que penatibus magnis dis parturient montes lorem, nascetur ridiculus mus. Donec quam felis, ultricies nec, pellentesque euro, pretium, sem. Nulla onsequat massa quis enim. donec pede justo fringilla vel aliquet.</p>\n\n<div class=\"tp-postbox-details-desc-thumb text-center\">\n   <img src=\"/storage/main/blog/blog-details-sm-1.jpg\" alt=\"\">\n   <span class=\"tp-postbox-details-desc-thumb-caption\">Gucci’s Women’s Cruise Collection 2023 Lookbook Has Arrived</span>\n</div>\n<p>“We’re so glad we’ll be working with you to get your new marketing strategy up and running. I\'ve attached the details of your package. Next you’ll get an email from Jen to schedule your kick-off meeting and be assigned your account rep. During your kick-off meeting, we will introduce your project team, let you know what access we need to start.” </p>\n\n<div class=\"tp-postbox-details-quote\">\n   <blockquote>\n      <div class=\"tp-postbox-details-quote-shape\">\n         <img class=\"tp-postbox-details-quote-shape-1\" src=\"/storage/main/shapes/line.png\" alt=\"\">\n         <img class=\"tp-postbox-details-quote-shape-2\" src=\"/storage/main/shapes/quote.png\" alt=\"\">\n      </div>\n      <p>There is a way out of every box, a solution to every puzzle its just a matter of finding it.</p>\n      <span style=\"color: #fff\">Shahnewaz Sakil</span>\n   </blockquote>\n</div>\n\n<h4 class=\"tp-postbox-details-heading\">Exploring the English Countryside</h4>\n<p>Lorem ligula eget dolor. Aenean massa. Cum sociis que penatibus et magnis dis parturient montes lorem,nascetur ridiculus mus. Donec quam felis, ultricies nec, pellentesque euro, pretium quis, sem. Nulla onsequat massa quis enim.</p>\n\n<div class=\"tp-postbox-details-list\">\n   <ul>\n      <li>Lorem ipsum dolor sit amet.</li>\n      <li>At vero eos et accusamus et iusto odio.</li>\n      <li>Excepteur sint occaecat cupidatat non proident.</li>\n   </ul>\n</div>\n<p>Rhoncus ut, imperdiet a, venenatis vitae, justo. Nullam dictum felis eu pede mollis pretium. Integer cidunt. Cras dapibus. Vivamus elementum semper nisi. Aenean vulputate eleifend tellus. Aenean leo ligula, porttitor eu, consequat vitae lorem.</p>\n','published',1,'Botble\\ACL\\Models\\User',1,'main/blog/post-9.jpg',242,NULL,'2025-07-28 01:49:18','2025-07-28 01:49:18'),(2,'Sexy Clutches: How to Buy &amp; Wear a Designer Clutch Bag','I learn music.\' \'Ah! that accounts for it,\' said the Hatter; \'so I should think very likely true.) Down, down, down. Would the fall was over. Alice was silent. The Dormouse had closed its eyes by.','<p class=\"tp-dropcap\">sales process is critically important to the success of your reps and your business. If you\'ve never seen a really skilled salesperson work, it seems almost effortless. They ask great questions, craftt perfect proposal, answer questions, address concerns and seamlessly seal the Underneath the surface of all of that, the salesperson has probably dedicated hours honing their craft and ensuring the process moves smoothly.</p>\n\n<p>One of the challenges that often surfaces when  working with a remote sales team is a lack of transparency over what is happening, and where in the process things are taking place. We’re going to peel back the curtain and show you how to create the best sales.</p>\n\n<h4 class=\"tp-postbox-details-heading\">Breaking Up With Fast Fashion Has Been Easier</h4>\n<p>Lommodo ligula eget dolor. Aenean massa. Cum sociis que penatibus magnis dis parturient montes lorem, nascetur ridiculus mus. Donec quam felis, ultricies nec, pellentesque euro, pretium, sem. Nulla onsequat massa quis enim. donec pede justo fringilla vel aliquet.</p>\n\n<div class=\"tp-postbox-details-desc-thumb text-center\">\n   <img src=\"/storage/main/blog/blog-details-sm-1.jpg\" alt=\"\">\n   <span class=\"tp-postbox-details-desc-thumb-caption\">Gucci’s Women’s Cruise Collection 2023 Lookbook Has Arrived</span>\n</div>\n<p>“We’re so glad we’ll be working with you to get your new marketing strategy up and running. I\'ve attached the details of your package. Next you’ll get an email from Jen to schedule your kick-off meeting and be assigned your account rep. During your kick-off meeting, we will introduce your project team, let you know what access we need to start.” </p>\n\n<div class=\"tp-postbox-details-quote\">\n   <blockquote>\n      <div class=\"tp-postbox-details-quote-shape\">\n         <img class=\"tp-postbox-details-quote-shape-1\" src=\"/storage/main/shapes/line.png\" alt=\"\">\n         <img class=\"tp-postbox-details-quote-shape-2\" src=\"/storage/main/shapes/quote.png\" alt=\"\">\n      </div>\n      <p>There is a way out of every box, a solution to every puzzle its just a matter of finding it.</p>\n      <span style=\"color: #fff\">Shahnewaz Sakil</span>\n   </blockquote>\n</div>\n\n<h4 class=\"tp-postbox-details-heading\">Exploring the English Countryside</h4>\n<p>Lorem ligula eget dolor. Aenean massa. Cum sociis que penatibus et magnis dis parturient montes lorem,nascetur ridiculus mus. Donec quam felis, ultricies nec, pellentesque euro, pretium quis, sem. Nulla onsequat massa quis enim.</p>\n\n<div class=\"tp-postbox-details-list\">\n   <ul>\n      <li>Lorem ipsum dolor sit amet.</li>\n      <li>At vero eos et accusamus et iusto odio.</li>\n      <li>Excepteur sint occaecat cupidatat non proident.</li>\n   </ul>\n</div>\n<p>Rhoncus ut, imperdiet a, venenatis vitae, justo. Nullam dictum felis eu pede mollis pretium. Integer cidunt. Cras dapibus. Vivamus elementum semper nisi. Aenean vulputate eleifend tellus. Aenean leo ligula, porttitor eu, consequat vitae lorem.</p>\n','published',1,'Botble\\ACL\\Models\\User',0,'main/blog/post-11.jpg',1142,NULL,'2025-07-28 01:49:18','2025-07-28 01:49:18'),(3,'The Top 2020 Handbag Trends to Know','King exclaimed, turning to Alice, they all cheered. Alice thought to herself, and shouted out, \'You\'d better not do that again!\' which produced another dead silence. Alice was soon left alone. \'I.','<p class=\"tp-dropcap\">sales process is critically important to the success of your reps and your business. If you\'ve never seen a really skilled salesperson work, it seems almost effortless. They ask great questions, craftt perfect proposal, answer questions, address concerns and seamlessly seal the Underneath the surface of all of that, the salesperson has probably dedicated hours honing their craft and ensuring the process moves smoothly.</p>\n\n<p>One of the challenges that often surfaces when  working with a remote sales team is a lack of transparency over what is happening, and where in the process things are taking place. We’re going to peel back the curtain and show you how to create the best sales.</p>\n\n<h4 class=\"tp-postbox-details-heading\">Breaking Up With Fast Fashion Has Been Easier</h4>\n<p>Lommodo ligula eget dolor. Aenean massa. Cum sociis que penatibus magnis dis parturient montes lorem, nascetur ridiculus mus. Donec quam felis, ultricies nec, pellentesque euro, pretium, sem. Nulla onsequat massa quis enim. donec pede justo fringilla vel aliquet.</p>\n\n<div class=\"tp-postbox-details-desc-thumb text-center\">\n   <img src=\"/storage/main/blog/blog-details-sm-1.jpg\" alt=\"\">\n   <span class=\"tp-postbox-details-desc-thumb-caption\">Gucci’s Women’s Cruise Collection 2023 Lookbook Has Arrived</span>\n</div>\n<p>“We’re so glad we’ll be working with you to get your new marketing strategy up and running. I\'ve attached the details of your package. Next you’ll get an email from Jen to schedule your kick-off meeting and be assigned your account rep. During your kick-off meeting, we will introduce your project team, let you know what access we need to start.” </p>\n\n<div class=\"tp-postbox-details-quote\">\n   <blockquote>\n      <div class=\"tp-postbox-details-quote-shape\">\n         <img class=\"tp-postbox-details-quote-shape-1\" src=\"/storage/main/shapes/line.png\" alt=\"\">\n         <img class=\"tp-postbox-details-quote-shape-2\" src=\"/storage/main/shapes/quote.png\" alt=\"\">\n      </div>\n      <p>There is a way out of every box, a solution to every puzzle its just a matter of finding it.</p>\n      <span style=\"color: #fff\">Shahnewaz Sakil</span>\n   </blockquote>\n</div>\n\n<h4 class=\"tp-postbox-details-heading\">Exploring the English Countryside</h4>\n<p>Lorem ligula eget dolor. Aenean massa. Cum sociis que penatibus et magnis dis parturient montes lorem,nascetur ridiculus mus. Donec quam felis, ultricies nec, pellentesque euro, pretium quis, sem. Nulla onsequat massa quis enim.</p>\n\n<div class=\"tp-postbox-details-list\">\n   <ul>\n      <li>Lorem ipsum dolor sit amet.</li>\n      <li>At vero eos et accusamus et iusto odio.</li>\n      <li>Excepteur sint occaecat cupidatat non proident.</li>\n   </ul>\n</div>\n<p>Rhoncus ut, imperdiet a, venenatis vitae, justo. Nullam dictum felis eu pede mollis pretium. Integer cidunt. Cras dapibus. Vivamus elementum semper nisi. Aenean vulputate eleifend tellus. Aenean leo ligula, porttitor eu, consequat vitae lorem.</p>\n','published',1,'Botble\\ACL\\Models\\User',0,'main/blog/post-8.jpg',2228,NULL,'2025-07-28 01:49:18','2025-07-28 01:49:18'),(4,'How to Match the Color of Your Handbag With an Outfit','SHE, of course,\' said the others. \'Are their heads down and saying to herself, and fanned herself with one finger, as he fumbled over the fire, licking her paws and washing her face--and she is such.','<p class=\"tp-dropcap\">sales process is critically important to the success of your reps and your business. If you\'ve never seen a really skilled salesperson work, it seems almost effortless. They ask great questions, craftt perfect proposal, answer questions, address concerns and seamlessly seal the Underneath the surface of all of that, the salesperson has probably dedicated hours honing their craft and ensuring the process moves smoothly.</p>\n\n<p>One of the challenges that often surfaces when  working with a remote sales team is a lack of transparency over what is happening, and where in the process things are taking place. We’re going to peel back the curtain and show you how to create the best sales.</p>\n\n<h4 class=\"tp-postbox-details-heading\">Breaking Up With Fast Fashion Has Been Easier</h4>\n<p>Lommodo ligula eget dolor. Aenean massa. Cum sociis que penatibus magnis dis parturient montes lorem, nascetur ridiculus mus. Donec quam felis, ultricies nec, pellentesque euro, pretium, sem. Nulla onsequat massa quis enim. donec pede justo fringilla vel aliquet.</p>\n\n<div class=\"tp-postbox-details-desc-thumb text-center\">\n   <img src=\"/storage/main/blog/blog-details-sm-1.jpg\" alt=\"\">\n   <span class=\"tp-postbox-details-desc-thumb-caption\">Gucci’s Women’s Cruise Collection 2023 Lookbook Has Arrived</span>\n</div>\n<p>“We’re so glad we’ll be working with you to get your new marketing strategy up and running. I\'ve attached the details of your package. Next you’ll get an email from Jen to schedule your kick-off meeting and be assigned your account rep. During your kick-off meeting, we will introduce your project team, let you know what access we need to start.” </p>\n\n<div class=\"tp-postbox-details-quote\">\n   <blockquote>\n      <div class=\"tp-postbox-details-quote-shape\">\n         <img class=\"tp-postbox-details-quote-shape-1\" src=\"/storage/main/shapes/line.png\" alt=\"\">\n         <img class=\"tp-postbox-details-quote-shape-2\" src=\"/storage/main/shapes/quote.png\" alt=\"\">\n      </div>\n      <p>There is a way out of every box, a solution to every puzzle its just a matter of finding it.</p>\n      <span style=\"color: #fff\">Shahnewaz Sakil</span>\n   </blockquote>\n</div>\n\n<h4 class=\"tp-postbox-details-heading\">Exploring the English Countryside</h4>\n<p>Lorem ligula eget dolor. Aenean massa. Cum sociis que penatibus et magnis dis parturient montes lorem,nascetur ridiculus mus. Donec quam felis, ultricies nec, pellentesque euro, pretium quis, sem. Nulla onsequat massa quis enim.</p>\n\n<div class=\"tp-postbox-details-list\">\n   <ul>\n      <li>Lorem ipsum dolor sit amet.</li>\n      <li>At vero eos et accusamus et iusto odio.</li>\n      <li>Excepteur sint occaecat cupidatat non proident.</li>\n   </ul>\n</div>\n<p>Rhoncus ut, imperdiet a, venenatis vitae, justo. Nullam dictum felis eu pede mollis pretium. Integer cidunt. Cras dapibus. Vivamus elementum semper nisi. Aenean vulputate eleifend tellus. Aenean leo ligula, porttitor eu, consequat vitae lorem.</p>\n','published',1,'Botble\\ACL\\Models\\User',1,'main/blog/post-1.jpg',1450,NULL,'2025-07-28 01:49:18','2025-07-28 01:49:18'),(5,'How to Care for Leather Bags','PRECIOUS nose\'; as an explanation. \'Oh, you\'re sure to happen,\' she said this, she was losing her temper. \'Are you content now?\' said the Mock Turtle. \'Certainly not!\' said Alice sharply, for she.','<p class=\"tp-dropcap\">sales process is critically important to the success of your reps and your business. If you\'ve never seen a really skilled salesperson work, it seems almost effortless. They ask great questions, craftt perfect proposal, answer questions, address concerns and seamlessly seal the Underneath the surface of all of that, the salesperson has probably dedicated hours honing their craft and ensuring the process moves smoothly.</p>\n\n<p>One of the challenges that often surfaces when  working with a remote sales team is a lack of transparency over what is happening, and where in the process things are taking place. We’re going to peel back the curtain and show you how to create the best sales.</p>\n\n<h4 class=\"tp-postbox-details-heading\">Breaking Up With Fast Fashion Has Been Easier</h4>\n<p>Lommodo ligula eget dolor. Aenean massa. Cum sociis que penatibus magnis dis parturient montes lorem, nascetur ridiculus mus. Donec quam felis, ultricies nec, pellentesque euro, pretium, sem. Nulla onsequat massa quis enim. donec pede justo fringilla vel aliquet.</p>\n\n<div class=\"tp-postbox-details-desc-thumb text-center\">\n   <img src=\"/storage/main/blog/blog-details-sm-1.jpg\" alt=\"\">\n   <span class=\"tp-postbox-details-desc-thumb-caption\">Gucci’s Women’s Cruise Collection 2023 Lookbook Has Arrived</span>\n</div>\n<p>“We’re so glad we’ll be working with you to get your new marketing strategy up and running. I\'ve attached the details of your package. Next you’ll get an email from Jen to schedule your kick-off meeting and be assigned your account rep. During your kick-off meeting, we will introduce your project team, let you know what access we need to start.” </p>\n\n<div class=\"tp-postbox-details-quote\">\n   <blockquote>\n      <div class=\"tp-postbox-details-quote-shape\">\n         <img class=\"tp-postbox-details-quote-shape-1\" src=\"/storage/main/shapes/line.png\" alt=\"\">\n         <img class=\"tp-postbox-details-quote-shape-2\" src=\"/storage/main/shapes/quote.png\" alt=\"\">\n      </div>\n      <p>There is a way out of every box, a solution to every puzzle its just a matter of finding it.</p>\n      <span style=\"color: #fff\">Shahnewaz Sakil</span>\n   </blockquote>\n</div>\n\n<h4 class=\"tp-postbox-details-heading\">Exploring the English Countryside</h4>\n<p>Lorem ligula eget dolor. Aenean massa. Cum sociis que penatibus et magnis dis parturient montes lorem,nascetur ridiculus mus. Donec quam felis, ultricies nec, pellentesque euro, pretium quis, sem. Nulla onsequat massa quis enim.</p>\n\n<div class=\"tp-postbox-details-list\">\n   <ul>\n      <li>Lorem ipsum dolor sit amet.</li>\n      <li>At vero eos et accusamus et iusto odio.</li>\n      <li>Excepteur sint occaecat cupidatat non proident.</li>\n   </ul>\n</div>\n<p>Rhoncus ut, imperdiet a, venenatis vitae, justo. Nullam dictum felis eu pede mollis pretium. Integer cidunt. Cras dapibus. Vivamus elementum semper nisi. Aenean vulputate eleifend tellus. Aenean leo ligula, porttitor eu, consequat vitae lorem.</p>\n','published',1,'Botble\\ACL\\Models\\User',1,'main/blog/post-2.jpg',561,NULL,'2025-07-28 01:49:18','2025-07-28 01:49:18'),(6,'We\'re Crushing Hard on Summer\'s 10 Biggest Bag Trends','Caterpillar angrily, rearing itself upright as it went, as if it makes rather a handsome pig, I think.\' And she tried to beat time when I got up this morning? I almost wish I\'d gone to see the.','<p class=\"tp-dropcap\">sales process is critically important to the success of your reps and your business. If you\'ve never seen a really skilled salesperson work, it seems almost effortless. They ask great questions, craftt perfect proposal, answer questions, address concerns and seamlessly seal the Underneath the surface of all of that, the salesperson has probably dedicated hours honing their craft and ensuring the process moves smoothly.</p>\n\n<p>One of the challenges that often surfaces when  working with a remote sales team is a lack of transparency over what is happening, and where in the process things are taking place. We’re going to peel back the curtain and show you how to create the best sales.</p>\n\n<h4 class=\"tp-postbox-details-heading\">Breaking Up With Fast Fashion Has Been Easier</h4>\n<p>Lommodo ligula eget dolor. Aenean massa. Cum sociis que penatibus magnis dis parturient montes lorem, nascetur ridiculus mus. Donec quam felis, ultricies nec, pellentesque euro, pretium, sem. Nulla onsequat massa quis enim. donec pede justo fringilla vel aliquet.</p>\n\n<div class=\"tp-postbox-details-desc-thumb text-center\">\n   <img src=\"/storage/main/blog/blog-details-sm-1.jpg\" alt=\"\">\n   <span class=\"tp-postbox-details-desc-thumb-caption\">Gucci’s Women’s Cruise Collection 2023 Lookbook Has Arrived</span>\n</div>\n<p>“We’re so glad we’ll be working with you to get your new marketing strategy up and running. I\'ve attached the details of your package. Next you’ll get an email from Jen to schedule your kick-off meeting and be assigned your account rep. During your kick-off meeting, we will introduce your project team, let you know what access we need to start.” </p>\n\n<div class=\"tp-postbox-details-quote\">\n   <blockquote>\n      <div class=\"tp-postbox-details-quote-shape\">\n         <img class=\"tp-postbox-details-quote-shape-1\" src=\"/storage/main/shapes/line.png\" alt=\"\">\n         <img class=\"tp-postbox-details-quote-shape-2\" src=\"/storage/main/shapes/quote.png\" alt=\"\">\n      </div>\n      <p>There is a way out of every box, a solution to every puzzle its just a matter of finding it.</p>\n      <span style=\"color: #fff\">Shahnewaz Sakil</span>\n   </blockquote>\n</div>\n\n<h4 class=\"tp-postbox-details-heading\">Exploring the English Countryside</h4>\n<p>Lorem ligula eget dolor. Aenean massa. Cum sociis que penatibus et magnis dis parturient montes lorem,nascetur ridiculus mus. Donec quam felis, ultricies nec, pellentesque euro, pretium quis, sem. Nulla onsequat massa quis enim.</p>\n\n<div class=\"tp-postbox-details-list\">\n   <ul>\n      <li>Lorem ipsum dolor sit amet.</li>\n      <li>At vero eos et accusamus et iusto odio.</li>\n      <li>Excepteur sint occaecat cupidatat non proident.</li>\n   </ul>\n</div>\n<p>Rhoncus ut, imperdiet a, venenatis vitae, justo. Nullam dictum felis eu pede mollis pretium. Integer cidunt. Cras dapibus. Vivamus elementum semper nisi. Aenean vulputate eleifend tellus. Aenean leo ligula, porttitor eu, consequat vitae lorem.</p>\n','published',1,'Botble\\ACL\\Models\\User',1,'main/blog/post-12.jpg',1762,NULL,'2025-07-28 01:49:18','2025-07-28 01:49:18'),(7,'Essential Qualities of Highly Successful Music','I\'ll be jury,\" Said cunning old Fury: \"I\'ll try the experiment?\' \'HE might bite,\' Alice cautiously replied, not feeling at all like the right distance--but then I wonder if I\'ve kept her waiting!\'.','<p class=\"tp-dropcap\">sales process is critically important to the success of your reps and your business. If you\'ve never seen a really skilled salesperson work, it seems almost effortless. They ask great questions, craftt perfect proposal, answer questions, address concerns and seamlessly seal the Underneath the surface of all of that, the salesperson has probably dedicated hours honing their craft and ensuring the process moves smoothly.</p>\n\n<p>One of the challenges that often surfaces when  working with a remote sales team is a lack of transparency over what is happening, and where in the process things are taking place. We’re going to peel back the curtain and show you how to create the best sales.</p>\n\n<h4 class=\"tp-postbox-details-heading\">Breaking Up With Fast Fashion Has Been Easier</h4>\n<p>Lommodo ligula eget dolor. Aenean massa. Cum sociis que penatibus magnis dis parturient montes lorem, nascetur ridiculus mus. Donec quam felis, ultricies nec, pellentesque euro, pretium, sem. Nulla onsequat massa quis enim. donec pede justo fringilla vel aliquet.</p>\n\n<div class=\"tp-postbox-details-desc-thumb text-center\">\n   <img src=\"/storage/main/blog/blog-details-sm-1.jpg\" alt=\"\">\n   <span class=\"tp-postbox-details-desc-thumb-caption\">Gucci’s Women’s Cruise Collection 2023 Lookbook Has Arrived</span>\n</div>\n<p>“We’re so glad we’ll be working with you to get your new marketing strategy up and running. I\'ve attached the details of your package. Next you’ll get an email from Jen to schedule your kick-off meeting and be assigned your account rep. During your kick-off meeting, we will introduce your project team, let you know what access we need to start.” </p>\n\n<div class=\"tp-postbox-details-quote\">\n   <blockquote>\n      <div class=\"tp-postbox-details-quote-shape\">\n         <img class=\"tp-postbox-details-quote-shape-1\" src=\"/storage/main/shapes/line.png\" alt=\"\">\n         <img class=\"tp-postbox-details-quote-shape-2\" src=\"/storage/main/shapes/quote.png\" alt=\"\">\n      </div>\n      <p>There is a way out of every box, a solution to every puzzle its just a matter of finding it.</p>\n      <span style=\"color: #fff\">Shahnewaz Sakil</span>\n   </blockquote>\n</div>\n\n<h4 class=\"tp-postbox-details-heading\">Exploring the English Countryside</h4>\n<p>Lorem ligula eget dolor. Aenean massa. Cum sociis que penatibus et magnis dis parturient montes lorem,nascetur ridiculus mus. Donec quam felis, ultricies nec, pellentesque euro, pretium quis, sem. Nulla onsequat massa quis enim.</p>\n\n<div class=\"tp-postbox-details-list\">\n   <ul>\n      <li>Lorem ipsum dolor sit amet.</li>\n      <li>At vero eos et accusamus et iusto odio.</li>\n      <li>Excepteur sint occaecat cupidatat non proident.</li>\n   </ul>\n</div>\n<p>Rhoncus ut, imperdiet a, venenatis vitae, justo. Nullam dictum felis eu pede mollis pretium. Integer cidunt. Cras dapibus. Vivamus elementum semper nisi. Aenean vulputate eleifend tellus. Aenean leo ligula, porttitor eu, consequat vitae lorem.</p>\n','published',1,'Botble\\ACL\\Models\\User',1,'main/blog/post-10.jpg',2088,NULL,'2025-07-28 01:49:18','2025-07-28 01:49:18'),(8,'9 Things I Love About Shaving My Head','LITTLE larger, sir, if you drink much from a Caterpillar The Caterpillar and Alice looked up, and began whistling. \'Oh, there\'s no room at all comfortable, and it was all about, and crept a little.','<p class=\"tp-dropcap\">sales process is critically important to the success of your reps and your business. If you\'ve never seen a really skilled salesperson work, it seems almost effortless. They ask great questions, craftt perfect proposal, answer questions, address concerns and seamlessly seal the Underneath the surface of all of that, the salesperson has probably dedicated hours honing their craft and ensuring the process moves smoothly.</p>\n\n<p>One of the challenges that often surfaces when  working with a remote sales team is a lack of transparency over what is happening, and where in the process things are taking place. We’re going to peel back the curtain and show you how to create the best sales.</p>\n\n<h4 class=\"tp-postbox-details-heading\">Breaking Up With Fast Fashion Has Been Easier</h4>\n<p>Lommodo ligula eget dolor. Aenean massa. Cum sociis que penatibus magnis dis parturient montes lorem, nascetur ridiculus mus. Donec quam felis, ultricies nec, pellentesque euro, pretium, sem. Nulla onsequat massa quis enim. donec pede justo fringilla vel aliquet.</p>\n\n<div class=\"tp-postbox-details-desc-thumb text-center\">\n   <img src=\"/storage/main/blog/blog-details-sm-1.jpg\" alt=\"\">\n   <span class=\"tp-postbox-details-desc-thumb-caption\">Gucci’s Women’s Cruise Collection 2023 Lookbook Has Arrived</span>\n</div>\n<p>“We’re so glad we’ll be working with you to get your new marketing strategy up and running. I\'ve attached the details of your package. Next you’ll get an email from Jen to schedule your kick-off meeting and be assigned your account rep. During your kick-off meeting, we will introduce your project team, let you know what access we need to start.” </p>\n\n<div class=\"tp-postbox-details-quote\">\n   <blockquote>\n      <div class=\"tp-postbox-details-quote-shape\">\n         <img class=\"tp-postbox-details-quote-shape-1\" src=\"/storage/main/shapes/line.png\" alt=\"\">\n         <img class=\"tp-postbox-details-quote-shape-2\" src=\"/storage/main/shapes/quote.png\" alt=\"\">\n      </div>\n      <p>There is a way out of every box, a solution to every puzzle its just a matter of finding it.</p>\n      <span style=\"color: #fff\">Shahnewaz Sakil</span>\n   </blockquote>\n</div>\n\n<h4 class=\"tp-postbox-details-heading\">Exploring the English Countryside</h4>\n<p>Lorem ligula eget dolor. Aenean massa. Cum sociis que penatibus et magnis dis parturient montes lorem,nascetur ridiculus mus. Donec quam felis, ultricies nec, pellentesque euro, pretium quis, sem. Nulla onsequat massa quis enim.</p>\n\n<div class=\"tp-postbox-details-list\">\n   <ul>\n      <li>Lorem ipsum dolor sit amet.</li>\n      <li>At vero eos et accusamus et iusto odio.</li>\n      <li>Excepteur sint occaecat cupidatat non proident.</li>\n   </ul>\n</div>\n<p>Rhoncus ut, imperdiet a, venenatis vitae, justo. Nullam dictum felis eu pede mollis pretium. Integer cidunt. Cras dapibus. Vivamus elementum semper nisi. Aenean vulputate eleifend tellus. Aenean leo ligula, porttitor eu, consequat vitae lorem.</p>\n','published',1,'Botble\\ACL\\Models\\User',0,'main/blog/post-1.jpg',1055,NULL,'2025-07-28 01:49:18','2025-07-28 01:49:18'),(9,'Why Teamwork Really Makes The Dream Work','Alice and all that,\' said the Caterpillar; and it was over at last: \'and I wish you wouldn\'t keep appearing and vanishing so suddenly: you make one quite giddy.\' \'All right,\' said the Duchess; \'and.','<p class=\"tp-dropcap\">sales process is critically important to the success of your reps and your business. If you\'ve never seen a really skilled salesperson work, it seems almost effortless. They ask great questions, craftt perfect proposal, answer questions, address concerns and seamlessly seal the Underneath the surface of all of that, the salesperson has probably dedicated hours honing their craft and ensuring the process moves smoothly.</p>\n\n<p>One of the challenges that often surfaces when  working with a remote sales team is a lack of transparency over what is happening, and where in the process things are taking place. We’re going to peel back the curtain and show you how to create the best sales.</p>\n\n<h4 class=\"tp-postbox-details-heading\">Breaking Up With Fast Fashion Has Been Easier</h4>\n<p>Lommodo ligula eget dolor. Aenean massa. Cum sociis que penatibus magnis dis parturient montes lorem, nascetur ridiculus mus. Donec quam felis, ultricies nec, pellentesque euro, pretium, sem. Nulla onsequat massa quis enim. donec pede justo fringilla vel aliquet.</p>\n\n<div class=\"tp-postbox-details-desc-thumb text-center\">\n   <img src=\"/storage/main/blog/blog-details-sm-1.jpg\" alt=\"\">\n   <span class=\"tp-postbox-details-desc-thumb-caption\">Gucci’s Women’s Cruise Collection 2023 Lookbook Has Arrived</span>\n</div>\n<p>“We’re so glad we’ll be working with you to get your new marketing strategy up and running. I\'ve attached the details of your package. Next you’ll get an email from Jen to schedule your kick-off meeting and be assigned your account rep. During your kick-off meeting, we will introduce your project team, let you know what access we need to start.” </p>\n\n<div class=\"tp-postbox-details-quote\">\n   <blockquote>\n      <div class=\"tp-postbox-details-quote-shape\">\n         <img class=\"tp-postbox-details-quote-shape-1\" src=\"/storage/main/shapes/line.png\" alt=\"\">\n         <img class=\"tp-postbox-details-quote-shape-2\" src=\"/storage/main/shapes/quote.png\" alt=\"\">\n      </div>\n      <p>There is a way out of every box, a solution to every puzzle its just a matter of finding it.</p>\n      <span style=\"color: #fff\">Shahnewaz Sakil</span>\n   </blockquote>\n</div>\n\n<h4 class=\"tp-postbox-details-heading\">Exploring the English Countryside</h4>\n<p>Lorem ligula eget dolor. Aenean massa. Cum sociis que penatibus et magnis dis parturient montes lorem,nascetur ridiculus mus. Donec quam felis, ultricies nec, pellentesque euro, pretium quis, sem. Nulla onsequat massa quis enim.</p>\n\n<div class=\"tp-postbox-details-list\">\n   <ul>\n      <li>Lorem ipsum dolor sit amet.</li>\n      <li>At vero eos et accusamus et iusto odio.</li>\n      <li>Excepteur sint occaecat cupidatat non proident.</li>\n   </ul>\n</div>\n<p>Rhoncus ut, imperdiet a, venenatis vitae, justo. Nullam dictum felis eu pede mollis pretium. Integer cidunt. Cras dapibus. Vivamus elementum semper nisi. Aenean vulputate eleifend tellus. Aenean leo ligula, porttitor eu, consequat vitae lorem.</p>\n','published',1,'Botble\\ACL\\Models\\User',0,'main/blog/post-9.jpg',800,NULL,'2025-07-28 01:49:18','2025-07-28 01:49:18'),(10,'The World Caters to Average People','IS the use of a candle is like after the birds! Why, she\'ll eat a bat?\' when suddenly, thump! thump! down she came upon a low voice. \'Not at first, but, after watching it a minute or two, it was.','<p class=\"tp-dropcap\">sales process is critically important to the success of your reps and your business. If you\'ve never seen a really skilled salesperson work, it seems almost effortless. They ask great questions, craftt perfect proposal, answer questions, address concerns and seamlessly seal the Underneath the surface of all of that, the salesperson has probably dedicated hours honing their craft and ensuring the process moves smoothly.</p>\n\n<p>One of the challenges that often surfaces when  working with a remote sales team is a lack of transparency over what is happening, and where in the process things are taking place. We’re going to peel back the curtain and show you how to create the best sales.</p>\n\n<h4 class=\"tp-postbox-details-heading\">Breaking Up With Fast Fashion Has Been Easier</h4>\n<p>Lommodo ligula eget dolor. Aenean massa. Cum sociis que penatibus magnis dis parturient montes lorem, nascetur ridiculus mus. Donec quam felis, ultricies nec, pellentesque euro, pretium, sem. Nulla onsequat massa quis enim. donec pede justo fringilla vel aliquet.</p>\n\n<div class=\"tp-postbox-details-desc-thumb text-center\">\n   <img src=\"/storage/main/blog/blog-details-sm-1.jpg\" alt=\"\">\n   <span class=\"tp-postbox-details-desc-thumb-caption\">Gucci’s Women’s Cruise Collection 2023 Lookbook Has Arrived</span>\n</div>\n<p>“We’re so glad we’ll be working with you to get your new marketing strategy up and running. I\'ve attached the details of your package. Next you’ll get an email from Jen to schedule your kick-off meeting and be assigned your account rep. During your kick-off meeting, we will introduce your project team, let you know what access we need to start.” </p>\n\n<div class=\"tp-postbox-details-quote\">\n   <blockquote>\n      <div class=\"tp-postbox-details-quote-shape\">\n         <img class=\"tp-postbox-details-quote-shape-1\" src=\"/storage/main/shapes/line.png\" alt=\"\">\n         <img class=\"tp-postbox-details-quote-shape-2\" src=\"/storage/main/shapes/quote.png\" alt=\"\">\n      </div>\n      <p>There is a way out of every box, a solution to every puzzle its just a matter of finding it.</p>\n      <span style=\"color: #fff\">Shahnewaz Sakil</span>\n   </blockquote>\n</div>\n\n<h4 class=\"tp-postbox-details-heading\">Exploring the English Countryside</h4>\n<p>Lorem ligula eget dolor. Aenean massa. Cum sociis que penatibus et magnis dis parturient montes lorem,nascetur ridiculus mus. Donec quam felis, ultricies nec, pellentesque euro, pretium quis, sem. Nulla onsequat massa quis enim.</p>\n\n<div class=\"tp-postbox-details-list\">\n   <ul>\n      <li>Lorem ipsum dolor sit amet.</li>\n      <li>At vero eos et accusamus et iusto odio.</li>\n      <li>Excepteur sint occaecat cupidatat non proident.</li>\n   </ul>\n</div>\n<p>Rhoncus ut, imperdiet a, venenatis vitae, justo. Nullam dictum felis eu pede mollis pretium. Integer cidunt. Cras dapibus. Vivamus elementum semper nisi. Aenean vulputate eleifend tellus. Aenean leo ligula, porttitor eu, consequat vitae lorem.</p>\n','published',1,'Botble\\ACL\\Models\\User',1,'main/blog/post-12.jpg',2149,NULL,'2025-07-28 01:49:18','2025-07-28 01:49:18'),(11,'The litigants on the screen are not actors','Queen said to herself; \'I should like to be a footman in livery came running out of breath, and said to herself; \'his eyes are so VERY nearly at the Cat\'s head with great curiosity. \'It\'s a mineral.','<p class=\"tp-dropcap\">sales process is critically important to the success of your reps and your business. If you\'ve never seen a really skilled salesperson work, it seems almost effortless. They ask great questions, craftt perfect proposal, answer questions, address concerns and seamlessly seal the Underneath the surface of all of that, the salesperson has probably dedicated hours honing their craft and ensuring the process moves smoothly.</p>\n\n<p>One of the challenges that often surfaces when  working with a remote sales team is a lack of transparency over what is happening, and where in the process things are taking place. We’re going to peel back the curtain and show you how to create the best sales.</p>\n\n<h4 class=\"tp-postbox-details-heading\">Breaking Up With Fast Fashion Has Been Easier</h4>\n<p>Lommodo ligula eget dolor. Aenean massa. Cum sociis que penatibus magnis dis parturient montes lorem, nascetur ridiculus mus. Donec quam felis, ultricies nec, pellentesque euro, pretium, sem. Nulla onsequat massa quis enim. donec pede justo fringilla vel aliquet.</p>\n\n<div class=\"tp-postbox-details-desc-thumb text-center\">\n   <img src=\"/storage/main/blog/blog-details-sm-1.jpg\" alt=\"\">\n   <span class=\"tp-postbox-details-desc-thumb-caption\">Gucci’s Women’s Cruise Collection 2023 Lookbook Has Arrived</span>\n</div>\n<p>“We’re so glad we’ll be working with you to get your new marketing strategy up and running. I\'ve attached the details of your package. Next you’ll get an email from Jen to schedule your kick-off meeting and be assigned your account rep. During your kick-off meeting, we will introduce your project team, let you know what access we need to start.” </p>\n\n<div class=\"tp-postbox-details-quote\">\n   <blockquote>\n      <div class=\"tp-postbox-details-quote-shape\">\n         <img class=\"tp-postbox-details-quote-shape-1\" src=\"/storage/main/shapes/line.png\" alt=\"\">\n         <img class=\"tp-postbox-details-quote-shape-2\" src=\"/storage/main/shapes/quote.png\" alt=\"\">\n      </div>\n      <p>There is a way out of every box, a solution to every puzzle its just a matter of finding it.</p>\n      <span style=\"color: #fff\">Shahnewaz Sakil</span>\n   </blockquote>\n</div>\n\n<h4 class=\"tp-postbox-details-heading\">Exploring the English Countryside</h4>\n<p>Lorem ligula eget dolor. Aenean massa. Cum sociis que penatibus et magnis dis parturient montes lorem,nascetur ridiculus mus. Donec quam felis, ultricies nec, pellentesque euro, pretium quis, sem. Nulla onsequat massa quis enim.</p>\n\n<div class=\"tp-postbox-details-list\">\n   <ul>\n      <li>Lorem ipsum dolor sit amet.</li>\n      <li>At vero eos et accusamus et iusto odio.</li>\n      <li>Excepteur sint occaecat cupidatat non proident.</li>\n   </ul>\n</div>\n<p>Rhoncus ut, imperdiet a, venenatis vitae, justo. Nullam dictum felis eu pede mollis pretium. Integer cidunt. Cras dapibus. Vivamus elementum semper nisi. Aenean vulputate eleifend tellus. Aenean leo ligula, porttitor eu, consequat vitae lorem.</p>\n','published',1,'Botble\\ACL\\Models\\User',0,'main/blog/post-10.jpg',2195,NULL,'2025-07-28 01:49:18','2025-07-28 01:49:18'),(12,'Hiring the Right Sales Team at the Right Time','There was a different person then.\' \'Explain all that,\' said the Caterpillar. \'Is that the meeting adjourn, for the garden!\' and she felt sure it would be worth the trouble of getting her hands on.','<p class=\"tp-dropcap\">sales process is critically important to the success of your reps and your business. If you\'ve never seen a really skilled salesperson work, it seems almost effortless. They ask great questions, craftt perfect proposal, answer questions, address concerns and seamlessly seal the Underneath the surface of all of that, the salesperson has probably dedicated hours honing their craft and ensuring the process moves smoothly.</p>\n\n<p>One of the challenges that often surfaces when  working with a remote sales team is a lack of transparency over what is happening, and where in the process things are taking place. We’re going to peel back the curtain and show you how to create the best sales.</p>\n\n<h4 class=\"tp-postbox-details-heading\">Breaking Up With Fast Fashion Has Been Easier</h4>\n<p>Lommodo ligula eget dolor. Aenean massa. Cum sociis que penatibus magnis dis parturient montes lorem, nascetur ridiculus mus. Donec quam felis, ultricies nec, pellentesque euro, pretium, sem. Nulla onsequat massa quis enim. donec pede justo fringilla vel aliquet.</p>\n\n<div class=\"tp-postbox-details-desc-thumb text-center\">\n   <img src=\"/storage/main/blog/blog-details-sm-1.jpg\" alt=\"\">\n   <span class=\"tp-postbox-details-desc-thumb-caption\">Gucci’s Women’s Cruise Collection 2023 Lookbook Has Arrived</span>\n</div>\n<p>“We’re so glad we’ll be working with you to get your new marketing strategy up and running. I\'ve attached the details of your package. Next you’ll get an email from Jen to schedule your kick-off meeting and be assigned your account rep. During your kick-off meeting, we will introduce your project team, let you know what access we need to start.” </p>\n\n<div class=\"tp-postbox-details-quote\">\n   <blockquote>\n      <div class=\"tp-postbox-details-quote-shape\">\n         <img class=\"tp-postbox-details-quote-shape-1\" src=\"/storage/main/shapes/line.png\" alt=\"\">\n         <img class=\"tp-postbox-details-quote-shape-2\" src=\"/storage/main/shapes/quote.png\" alt=\"\">\n      </div>\n      <p>There is a way out of every box, a solution to every puzzle its just a matter of finding it.</p>\n      <span style=\"color: #fff\">Shahnewaz Sakil</span>\n   </blockquote>\n</div>\n\n<h4 class=\"tp-postbox-details-heading\">Exploring the English Countryside</h4>\n<p>Lorem ligula eget dolor. Aenean massa. Cum sociis que penatibus et magnis dis parturient montes lorem,nascetur ridiculus mus. Donec quam felis, ultricies nec, pellentesque euro, pretium quis, sem. Nulla onsequat massa quis enim.</p>\n\n<div class=\"tp-postbox-details-list\">\n   <ul>\n      <li>Lorem ipsum dolor sit amet.</li>\n      <li>At vero eos et accusamus et iusto odio.</li>\n      <li>Excepteur sint occaecat cupidatat non proident.</li>\n   </ul>\n</div>\n<p>Rhoncus ut, imperdiet a, venenatis vitae, justo. Nullam dictum felis eu pede mollis pretium. Integer cidunt. Cras dapibus. Vivamus elementum semper nisi. Aenean vulputate eleifend tellus. Aenean leo ligula, porttitor eu, consequat vitae lorem.</p>\n','published',1,'Botble\\ACL\\Models\\User',1,'main/blog/post-3.jpg',1928,NULL,'2025-07-28 01:49:19','2025-07-28 01:49:19'),(13,'Fully Embrace the Return of 90s fashion','Alice as he spoke, and added with a whiting. Now you know.\' Alice had been all the other players, and shouting \'Off with her friend. When she got up very carefully, remarking, \'I really must be a.','<p class=\"tp-dropcap\">sales process is critically important to the success of your reps and your business. If you\'ve never seen a really skilled salesperson work, it seems almost effortless. They ask great questions, craftt perfect proposal, answer questions, address concerns and seamlessly seal the Underneath the surface of all of that, the salesperson has probably dedicated hours honing their craft and ensuring the process moves smoothly.</p>\n\n<p>One of the challenges that often surfaces when  working with a remote sales team is a lack of transparency over what is happening, and where in the process things are taking place. We’re going to peel back the curtain and show you how to create the best sales.</p>\n\n<h4 class=\"tp-postbox-details-heading\">Breaking Up With Fast Fashion Has Been Easier</h4>\n<p>Lommodo ligula eget dolor. Aenean massa. Cum sociis que penatibus magnis dis parturient montes lorem, nascetur ridiculus mus. Donec quam felis, ultricies nec, pellentesque euro, pretium, sem. Nulla onsequat massa quis enim. donec pede justo fringilla vel aliquet.</p>\n\n<div class=\"tp-postbox-details-desc-thumb text-center\">\n   <img src=\"/storage/main/blog/blog-details-sm-1.jpg\" alt=\"\">\n   <span class=\"tp-postbox-details-desc-thumb-caption\">Gucci’s Women’s Cruise Collection 2023 Lookbook Has Arrived</span>\n</div>\n<p>“We’re so glad we’ll be working with you to get your new marketing strategy up and running. I\'ve attached the details of your package. Next you’ll get an email from Jen to schedule your kick-off meeting and be assigned your account rep. During your kick-off meeting, we will introduce your project team, let you know what access we need to start.” </p>\n\n<div class=\"tp-postbox-details-quote\">\n   <blockquote>\n      <div class=\"tp-postbox-details-quote-shape\">\n         <img class=\"tp-postbox-details-quote-shape-1\" src=\"/storage/main/shapes/line.png\" alt=\"\">\n         <img class=\"tp-postbox-details-quote-shape-2\" src=\"/storage/main/shapes/quote.png\" alt=\"\">\n      </div>\n      <p>There is a way out of every box, a solution to every puzzle its just a matter of finding it.</p>\n      <span style=\"color: #fff\">Shahnewaz Sakil</span>\n   </blockquote>\n</div>\n\n<h4 class=\"tp-postbox-details-heading\">Exploring the English Countryside</h4>\n<p>Lorem ligula eget dolor. Aenean massa. Cum sociis que penatibus et magnis dis parturient montes lorem,nascetur ridiculus mus. Donec quam felis, ultricies nec, pellentesque euro, pretium quis, sem. Nulla onsequat massa quis enim.</p>\n\n<div class=\"tp-postbox-details-list\">\n   <ul>\n      <li>Lorem ipsum dolor sit amet.</li>\n      <li>At vero eos et accusamus et iusto odio.</li>\n      <li>Excepteur sint occaecat cupidatat non proident.</li>\n   </ul>\n</div>\n<p>Rhoncus ut, imperdiet a, venenatis vitae, justo. Nullam dictum felis eu pede mollis pretium. Integer cidunt. Cras dapibus. Vivamus elementum semper nisi. Aenean vulputate eleifend tellus. Aenean leo ligula, porttitor eu, consequat vitae lorem.</p>\n','published',1,'Botble\\ACL\\Models\\User',1,'main/blog/post-4.jpg',1515,NULL,'2025-07-28 01:49:19','2025-07-28 01:49:19'),(14,'Exploring the English Countryside','Alice in a tone of great curiosity. \'It\'s a Cheshire cat,\' said the Dormouse; \'VERY ill.\' Alice tried to fancy what the name of the song. \'What trial is it?\' The Gryphon sat up and to stand on their.','<p class=\"tp-dropcap\">sales process is critically important to the success of your reps and your business. If you\'ve never seen a really skilled salesperson work, it seems almost effortless. They ask great questions, craftt perfect proposal, answer questions, address concerns and seamlessly seal the Underneath the surface of all of that, the salesperson has probably dedicated hours honing their craft and ensuring the process moves smoothly.</p>\n\n<p>One of the challenges that often surfaces when  working with a remote sales team is a lack of transparency over what is happening, and where in the process things are taking place. We’re going to peel back the curtain and show you how to create the best sales.</p>\n\n<h4 class=\"tp-postbox-details-heading\">Breaking Up With Fast Fashion Has Been Easier</h4>\n<p>Lommodo ligula eget dolor. Aenean massa. Cum sociis que penatibus magnis dis parturient montes lorem, nascetur ridiculus mus. Donec quam felis, ultricies nec, pellentesque euro, pretium, sem. Nulla onsequat massa quis enim. donec pede justo fringilla vel aliquet.</p>\n\n<div class=\"tp-postbox-details-desc-thumb text-center\">\n   <img src=\"/storage/main/blog/blog-details-sm-1.jpg\" alt=\"\">\n   <span class=\"tp-postbox-details-desc-thumb-caption\">Gucci’s Women’s Cruise Collection 2023 Lookbook Has Arrived</span>\n</div>\n<p>“We’re so glad we’ll be working with you to get your new marketing strategy up and running. I\'ve attached the details of your package. Next you’ll get an email from Jen to schedule your kick-off meeting and be assigned your account rep. During your kick-off meeting, we will introduce your project team, let you know what access we need to start.” </p>\n\n<div class=\"tp-postbox-details-quote\">\n   <blockquote>\n      <div class=\"tp-postbox-details-quote-shape\">\n         <img class=\"tp-postbox-details-quote-shape-1\" src=\"/storage/main/shapes/line.png\" alt=\"\">\n         <img class=\"tp-postbox-details-quote-shape-2\" src=\"/storage/main/shapes/quote.png\" alt=\"\">\n      </div>\n      <p>There is a way out of every box, a solution to every puzzle its just a matter of finding it.</p>\n      <span style=\"color: #fff\">Shahnewaz Sakil</span>\n   </blockquote>\n</div>\n\n<h4 class=\"tp-postbox-details-heading\">Exploring the English Countryside</h4>\n<p>Lorem ligula eget dolor. Aenean massa. Cum sociis que penatibus et magnis dis parturient montes lorem,nascetur ridiculus mus. Donec quam felis, ultricies nec, pellentesque euro, pretium quis, sem. Nulla onsequat massa quis enim.</p>\n\n<div class=\"tp-postbox-details-list\">\n   <ul>\n      <li>Lorem ipsum dolor sit amet.</li>\n      <li>At vero eos et accusamus et iusto odio.</li>\n      <li>Excepteur sint occaecat cupidatat non proident.</li>\n   </ul>\n</div>\n<p>Rhoncus ut, imperdiet a, venenatis vitae, justo. Nullam dictum felis eu pede mollis pretium. Integer cidunt. Cras dapibus. Vivamus elementum semper nisi. Aenean vulputate eleifend tellus. Aenean leo ligula, porttitor eu, consequat vitae lorem.</p>\n','published',1,'Botble\\ACL\\Models\\User',1,'main/blog/post-2.jpg',1101,NULL,'2025-07-28 01:49:19','2025-07-28 01:49:19'),(15,'Here’s the First Valentino’s New Makeup Collection','Hatter, \'when the Queen was close behind it when she looked down at her with large round eyes, and feebly stretching out one paw, trying to make personal remarks,\' Alice said very humbly; \'I won\'t.','<p class=\"tp-dropcap\">sales process is critically important to the success of your reps and your business. If you\'ve never seen a really skilled salesperson work, it seems almost effortless. They ask great questions, craftt perfect proposal, answer questions, address concerns and seamlessly seal the Underneath the surface of all of that, the salesperson has probably dedicated hours honing their craft and ensuring the process moves smoothly.</p>\n\n<p>One of the challenges that often surfaces when  working with a remote sales team is a lack of transparency over what is happening, and where in the process things are taking place. We’re going to peel back the curtain and show you how to create the best sales.</p>\n\n<h4 class=\"tp-postbox-details-heading\">Breaking Up With Fast Fashion Has Been Easier</h4>\n<p>Lommodo ligula eget dolor. Aenean massa. Cum sociis que penatibus magnis dis parturient montes lorem, nascetur ridiculus mus. Donec quam felis, ultricies nec, pellentesque euro, pretium, sem. Nulla onsequat massa quis enim. donec pede justo fringilla vel aliquet.</p>\n\n<div class=\"tp-postbox-details-desc-thumb text-center\">\n   <img src=\"/storage/main/blog/blog-details-sm-1.jpg\" alt=\"\">\n   <span class=\"tp-postbox-details-desc-thumb-caption\">Gucci’s Women’s Cruise Collection 2023 Lookbook Has Arrived</span>\n</div>\n<p>“We’re so glad we’ll be working with you to get your new marketing strategy up and running. I\'ve attached the details of your package. Next you’ll get an email from Jen to schedule your kick-off meeting and be assigned your account rep. During your kick-off meeting, we will introduce your project team, let you know what access we need to start.” </p>\n\n<div class=\"tp-postbox-details-quote\">\n   <blockquote>\n      <div class=\"tp-postbox-details-quote-shape\">\n         <img class=\"tp-postbox-details-quote-shape-1\" src=\"/storage/main/shapes/line.png\" alt=\"\">\n         <img class=\"tp-postbox-details-quote-shape-2\" src=\"/storage/main/shapes/quote.png\" alt=\"\">\n      </div>\n      <p>There is a way out of every box, a solution to every puzzle its just a matter of finding it.</p>\n      <span style=\"color: #fff\">Shahnewaz Sakil</span>\n   </blockquote>\n</div>\n\n<h4 class=\"tp-postbox-details-heading\">Exploring the English Countryside</h4>\n<p>Lorem ligula eget dolor. Aenean massa. Cum sociis que penatibus et magnis dis parturient montes lorem,nascetur ridiculus mus. Donec quam felis, ultricies nec, pellentesque euro, pretium quis, sem. Nulla onsequat massa quis enim.</p>\n\n<div class=\"tp-postbox-details-list\">\n   <ul>\n      <li>Lorem ipsum dolor sit amet.</li>\n      <li>At vero eos et accusamus et iusto odio.</li>\n      <li>Excepteur sint occaecat cupidatat non proident.</li>\n   </ul>\n</div>\n<p>Rhoncus ut, imperdiet a, venenatis vitae, justo. Nullam dictum felis eu pede mollis pretium. Integer cidunt. Cras dapibus. Vivamus elementum semper nisi. Aenean vulputate eleifend tellus. Aenean leo ligula, porttitor eu, consequat vitae lorem.</p>\n','published',1,'Botble\\ACL\\Models\\User',1,'main/blog/post-2.jpg',1505,NULL,'2025-07-28 01:49:19','2025-07-28 01:49:19'),(16,'Follow Your own Design process, whatever gets','Will you, won\'t you, will you, won\'t you, won\'t you, will you join the dance. \'\"What matters it how far we go?\" his scaly friend replied. \"There is another shore, you know, and he went on eagerly.','<p class=\"tp-dropcap\">sales process is critically important to the success of your reps and your business. If you\'ve never seen a really skilled salesperson work, it seems almost effortless. They ask great questions, craftt perfect proposal, answer questions, address concerns and seamlessly seal the Underneath the surface of all of that, the salesperson has probably dedicated hours honing their craft and ensuring the process moves smoothly.</p>\n\n<p>One of the challenges that often surfaces when  working with a remote sales team is a lack of transparency over what is happening, and where in the process things are taking place. We’re going to peel back the curtain and show you how to create the best sales.</p>\n\n<h4 class=\"tp-postbox-details-heading\">Breaking Up With Fast Fashion Has Been Easier</h4>\n<p>Lommodo ligula eget dolor. Aenean massa. Cum sociis que penatibus magnis dis parturient montes lorem, nascetur ridiculus mus. Donec quam felis, ultricies nec, pellentesque euro, pretium, sem. Nulla onsequat massa quis enim. donec pede justo fringilla vel aliquet.</p>\n\n<div class=\"tp-postbox-details-desc-thumb text-center\">\n   <img src=\"/storage/main/blog/blog-details-sm-1.jpg\" alt=\"\">\n   <span class=\"tp-postbox-details-desc-thumb-caption\">Gucci’s Women’s Cruise Collection 2023 Lookbook Has Arrived</span>\n</div>\n<p>“We’re so glad we’ll be working with you to get your new marketing strategy up and running. I\'ve attached the details of your package. Next you’ll get an email from Jen to schedule your kick-off meeting and be assigned your account rep. During your kick-off meeting, we will introduce your project team, let you know what access we need to start.” </p>\n\n<div class=\"tp-postbox-details-quote\">\n   <blockquote>\n      <div class=\"tp-postbox-details-quote-shape\">\n         <img class=\"tp-postbox-details-quote-shape-1\" src=\"/storage/main/shapes/line.png\" alt=\"\">\n         <img class=\"tp-postbox-details-quote-shape-2\" src=\"/storage/main/shapes/quote.png\" alt=\"\">\n      </div>\n      <p>There is a way out of every box, a solution to every puzzle its just a matter of finding it.</p>\n      <span style=\"color: #fff\">Shahnewaz Sakil</span>\n   </blockquote>\n</div>\n\n<h4 class=\"tp-postbox-details-heading\">Exploring the English Countryside</h4>\n<p>Lorem ligula eget dolor. Aenean massa. Cum sociis que penatibus et magnis dis parturient montes lorem,nascetur ridiculus mus. Donec quam felis, ultricies nec, pellentesque euro, pretium quis, sem. Nulla onsequat massa quis enim.</p>\n\n<div class=\"tp-postbox-details-list\">\n   <ul>\n      <li>Lorem ipsum dolor sit amet.</li>\n      <li>At vero eos et accusamus et iusto odio.</li>\n      <li>Excepteur sint occaecat cupidatat non proident.</li>\n   </ul>\n</div>\n<p>Rhoncus ut, imperdiet a, venenatis vitae, justo. Nullam dictum felis eu pede mollis pretium. Integer cidunt. Cras dapibus. Vivamus elementum semper nisi. Aenean vulputate eleifend tellus. Aenean leo ligula, porttitor eu, consequat vitae lorem.</p>\n','published',1,'Botble\\ACL\\Models\\User',1,'main/blog/post-9.jpg',2300,NULL,'2025-07-28 01:49:19','2025-07-28 01:49:19'),(17,'Freelancer Days 2024, What’s new?','Crab, a little sharp bark just over her head down to her great disappointment it was done. They had a pencil that squeaked. This of course, to begin again, it was all dark overhead; before her was.','<p class=\"tp-dropcap\">sales process is critically important to the success of your reps and your business. If you\'ve never seen a really skilled salesperson work, it seems almost effortless. They ask great questions, craftt perfect proposal, answer questions, address concerns and seamlessly seal the Underneath the surface of all of that, the salesperson has probably dedicated hours honing their craft and ensuring the process moves smoothly.</p>\n\n<p>One of the challenges that often surfaces when  working with a remote sales team is a lack of transparency over what is happening, and where in the process things are taking place. We’re going to peel back the curtain and show you how to create the best sales.</p>\n\n<h4 class=\"tp-postbox-details-heading\">Breaking Up With Fast Fashion Has Been Easier</h4>\n<p>Lommodo ligula eget dolor. Aenean massa. Cum sociis que penatibus magnis dis parturient montes lorem, nascetur ridiculus mus. Donec quam felis, ultricies nec, pellentesque euro, pretium, sem. Nulla onsequat massa quis enim. donec pede justo fringilla vel aliquet.</p>\n\n<div class=\"tp-postbox-details-desc-thumb text-center\">\n   <img src=\"/storage/main/blog/blog-details-sm-1.jpg\" alt=\"\">\n   <span class=\"tp-postbox-details-desc-thumb-caption\">Gucci’s Women’s Cruise Collection 2023 Lookbook Has Arrived</span>\n</div>\n<p>“We’re so glad we’ll be working with you to get your new marketing strategy up and running. I\'ve attached the details of your package. Next you’ll get an email from Jen to schedule your kick-off meeting and be assigned your account rep. During your kick-off meeting, we will introduce your project team, let you know what access we need to start.” </p>\n\n<div class=\"tp-postbox-details-quote\">\n   <blockquote>\n      <div class=\"tp-postbox-details-quote-shape\">\n         <img class=\"tp-postbox-details-quote-shape-1\" src=\"/storage/main/shapes/line.png\" alt=\"\">\n         <img class=\"tp-postbox-details-quote-shape-2\" src=\"/storage/main/shapes/quote.png\" alt=\"\">\n      </div>\n      <p>There is a way out of every box, a solution to every puzzle its just a matter of finding it.</p>\n      <span style=\"color: #fff\">Shahnewaz Sakil</span>\n   </blockquote>\n</div>\n\n<h4 class=\"tp-postbox-details-heading\">Exploring the English Countryside</h4>\n<p>Lorem ligula eget dolor. Aenean massa. Cum sociis que penatibus et magnis dis parturient montes lorem,nascetur ridiculus mus. Donec quam felis, ultricies nec, pellentesque euro, pretium quis, sem. Nulla onsequat massa quis enim.</p>\n\n<div class=\"tp-postbox-details-list\">\n   <ul>\n      <li>Lorem ipsum dolor sit amet.</li>\n      <li>At vero eos et accusamus et iusto odio.</li>\n      <li>Excepteur sint occaecat cupidatat non proident.</li>\n   </ul>\n</div>\n<p>Rhoncus ut, imperdiet a, venenatis vitae, justo. Nullam dictum felis eu pede mollis pretium. Integer cidunt. Cras dapibus. Vivamus elementum semper nisi. Aenean vulputate eleifend tellus. Aenean leo ligula, porttitor eu, consequat vitae lorem.</p>\n','published',1,'Botble\\ACL\\Models\\User',0,'main/blog/post-11.jpg',2483,NULL,'2025-07-28 01:49:19','2025-07-28 01:49:19'),(18,'Quality Foods Requirments For Every Human Body’s','Five and Seven said nothing, but looked at Alice. \'It goes on, you know,\' the Hatter said, tossing his head contemptuously. \'I dare say you\'re wondering why I don\'t understand. Where did they live.','<p class=\"tp-dropcap\">sales process is critically important to the success of your reps and your business. If you\'ve never seen a really skilled salesperson work, it seems almost effortless. They ask great questions, craftt perfect proposal, answer questions, address concerns and seamlessly seal the Underneath the surface of all of that, the salesperson has probably dedicated hours honing their craft and ensuring the process moves smoothly.</p>\n\n<p>One of the challenges that often surfaces when  working with a remote sales team is a lack of transparency over what is happening, and where in the process things are taking place. We’re going to peel back the curtain and show you how to create the best sales.</p>\n\n<h4 class=\"tp-postbox-details-heading\">Breaking Up With Fast Fashion Has Been Easier</h4>\n<p>Lommodo ligula eget dolor. Aenean massa. Cum sociis que penatibus magnis dis parturient montes lorem, nascetur ridiculus mus. Donec quam felis, ultricies nec, pellentesque euro, pretium, sem. Nulla onsequat massa quis enim. donec pede justo fringilla vel aliquet.</p>\n\n<div class=\"tp-postbox-details-desc-thumb text-center\">\n   <img src=\"/storage/main/blog/blog-details-sm-1.jpg\" alt=\"\">\n   <span class=\"tp-postbox-details-desc-thumb-caption\">Gucci’s Women’s Cruise Collection 2023 Lookbook Has Arrived</span>\n</div>\n<p>“We’re so glad we’ll be working with you to get your new marketing strategy up and running. I\'ve attached the details of your package. Next you’ll get an email from Jen to schedule your kick-off meeting and be assigned your account rep. During your kick-off meeting, we will introduce your project team, let you know what access we need to start.” </p>\n\n<div class=\"tp-postbox-details-quote\">\n   <blockquote>\n      <div class=\"tp-postbox-details-quote-shape\">\n         <img class=\"tp-postbox-details-quote-shape-1\" src=\"/storage/main/shapes/line.png\" alt=\"\">\n         <img class=\"tp-postbox-details-quote-shape-2\" src=\"/storage/main/shapes/quote.png\" alt=\"\">\n      </div>\n      <p>There is a way out of every box, a solution to every puzzle its just a matter of finding it.</p>\n      <span style=\"color: #fff\">Shahnewaz Sakil</span>\n   </blockquote>\n</div>\n\n<h4 class=\"tp-postbox-details-heading\">Exploring the English Countryside</h4>\n<p>Lorem ligula eget dolor. Aenean massa. Cum sociis que penatibus et magnis dis parturient montes lorem,nascetur ridiculus mus. Donec quam felis, ultricies nec, pellentesque euro, pretium quis, sem. Nulla onsequat massa quis enim.</p>\n\n<div class=\"tp-postbox-details-list\">\n   <ul>\n      <li>Lorem ipsum dolor sit amet.</li>\n      <li>At vero eos et accusamus et iusto odio.</li>\n      <li>Excepteur sint occaecat cupidatat non proident.</li>\n   </ul>\n</div>\n<p>Rhoncus ut, imperdiet a, venenatis vitae, justo. Nullam dictum felis eu pede mollis pretium. Integer cidunt. Cras dapibus. Vivamus elementum semper nisi. Aenean vulputate eleifend tellus. Aenean leo ligula, porttitor eu, consequat vitae lorem.</p>\n','published',1,'Botble\\ACL\\Models\\User',0,'main/blog/post-8.jpg',2047,NULL,'2025-07-28 01:49:19','2025-07-28 01:49:19');

--
-- Table structure for table `posts_translations`
--

CREATE TABLE `posts_translations` (
  `lang_code` varchar(20) COLLATE utf8mb4_unicode_ci NOT NULL,
  `posts_id` bigint unsigned NOT NULL,
  `name` varchar(191) COLLATE utf8mb4_unicode_ci DEFAULT NULL,
  `description` varchar(400) COLLATE utf8mb4_unicode_ci DEFAULT NULL,
  `content` longtext COLLATE utf8mb4_unicode_ci,
  PRIMARY KEY (`lang_code`,`posts_id`)
) ENGINE=InnoDB DEFAULT CHARSET=utf8mb4 COLLATE=utf8mb4_unicode_ci;

--
-- Dumping data for table `posts_translations`
--


--
-- Table structure for table `push_notification_recipients`
--

CREATE TABLE `push_notification_recipients` (
  `id` bigint unsigned NOT NULL AUTO_INCREMENT,
  `push_notification_id` bigint unsigned NOT NULL,
  `user_type` varchar(50) COLLATE utf8mb4_unicode_ci NOT NULL,
  `user_id` bigint unsigned NOT NULL,
  `device_token` varchar(191) COLLATE utf8mb4_unicode_ci DEFAULT NULL,
  `platform` varchar(20) COLLATE utf8mb4_unicode_ci DEFAULT NULL,
  `status` varchar(20) COLLATE utf8mb4_unicode_ci NOT NULL DEFAULT 'sent',
  `sent_at` timestamp NULL DEFAULT NULL,
  `delivered_at` timestamp NULL DEFAULT NULL,
  `read_at` timestamp NULL DEFAULT NULL,
  `clicked_at` timestamp NULL DEFAULT NULL,
  `fcm_response` json DEFAULT NULL,
  `error_message` varchar(191) COLLATE utf8mb4_unicode_ci DEFAULT NULL,
  `created_at` timestamp NULL DEFAULT NULL,
  `updated_at` timestamp NULL DEFAULT NULL,
  PRIMARY KEY (`id`),
  KEY `pnr_notification_user_index` (`push_notification_id`,`user_type`,`user_id`),
  KEY `pnr_user_status_index` (`user_type`,`user_id`,`status`),
  KEY `pnr_user_read_index` (`user_type`,`user_id`,`read_at`),
  KEY `pnr_status_index` (`status`)
) ENGINE=InnoDB DEFAULT CHARSET=utf8mb4 COLLATE=utf8mb4_unicode_ci;

--
-- Dumping data for table `push_notification_recipients`
--


--
-- Table structure for table `push_notifications`
--

CREATE TABLE `push_notifications` (
  `id` bigint unsigned NOT NULL AUTO_INCREMENT,
  `title` varchar(191) COLLATE utf8mb4_unicode_ci NOT NULL,
  `message` text COLLATE utf8mb4_unicode_ci NOT NULL,
  `type` varchar(191) COLLATE utf8mb4_unicode_ci NOT NULL DEFAULT 'general',
  `target_type` varchar(191) COLLATE utf8mb4_unicode_ci DEFAULT NULL,
  `target_value` varchar(191) COLLATE utf8mb4_unicode_ci DEFAULT NULL,
  `action_url` varchar(191) COLLATE utf8mb4_unicode_ci DEFAULT NULL,
  `image_url` varchar(191) COLLATE utf8mb4_unicode_ci DEFAULT NULL,
  `data` json DEFAULT NULL,
  `status` varchar(191) COLLATE utf8mb4_unicode_ci NOT NULL DEFAULT 'sent',
  `sent_count` int NOT NULL DEFAULT '0',
  `failed_count` int NOT NULL DEFAULT '0',
  `delivered_count` int NOT NULL DEFAULT '0',
  `read_count` int NOT NULL DEFAULT '0',
  `scheduled_at` timestamp NULL DEFAULT NULL,
  `sent_at` timestamp NULL DEFAULT NULL,
  `created_by` bigint unsigned DEFAULT NULL,
  `created_at` timestamp NULL DEFAULT NULL,
  `updated_at` timestamp NULL DEFAULT NULL,
  PRIMARY KEY (`id`),
  KEY `push_notifications_type_created_at_index` (`type`,`created_at`),
  KEY `push_notifications_status_scheduled_at_index` (`status`,`scheduled_at`),
  KEY `push_notifications_created_by_index` (`created_by`)
) ENGINE=InnoDB DEFAULT CHARSET=utf8mb4 COLLATE=utf8mb4_unicode_ci;

--
-- Dumping data for table `push_notifications`
--


--
-- Table structure for table `request_logs`
--

CREATE TABLE `request_logs` (
  `id` bigint unsigned NOT NULL AUTO_INCREMENT,
  `status_code` int DEFAULT NULL,
  `url` varchar(191) COLLATE utf8mb4_unicode_ci DEFAULT NULL,
  `count` int unsigned NOT NULL DEFAULT '0',
  `user_id` varchar(191) COLLATE utf8mb4_unicode_ci DEFAULT NULL,
  `referrer` text COLLATE utf8mb4_unicode_ci,
  `created_at` timestamp NULL DEFAULT NULL,
  `updated_at` timestamp NULL DEFAULT NULL,
  PRIMARY KEY (`id`)
) ENGINE=InnoDB DEFAULT CHARSET=utf8mb4 COLLATE=utf8mb4_unicode_ci;

--
-- Dumping data for table `request_logs`
--


--
-- Table structure for table `revisions`
--

CREATE TABLE `revisions` (
  `id` bigint unsigned NOT NULL AUTO_INCREMENT,
  `revisionable_type` varchar(191) COLLATE utf8mb4_unicode_ci NOT NULL,
  `revisionable_id` bigint unsigned NOT NULL,
  `user_id` bigint unsigned DEFAULT NULL,
  `key` varchar(120) COLLATE utf8mb4_unicode_ci NOT NULL,
  `old_value` text COLLATE utf8mb4_unicode_ci,
  `new_value` text COLLATE utf8mb4_unicode_ci,
  `created_at` timestamp NULL DEFAULT NULL,
  `updated_at` timestamp NULL DEFAULT NULL,
  PRIMARY KEY (`id`),
  KEY `revisions_revisionable_id_revisionable_type_index` (`revisionable_id`,`revisionable_type`)
) ENGINE=InnoDB DEFAULT CHARSET=utf8mb4 COLLATE=utf8mb4_unicode_ci;

--
-- Dumping data for table `revisions`
--


--
-- Table structure for table `role_users`
--

CREATE TABLE `role_users` (
  `user_id` bigint unsigned NOT NULL,
  `role_id` bigint unsigned NOT NULL,
  `created_at` timestamp NULL DEFAULT NULL,
  `updated_at` timestamp NULL DEFAULT NULL,
  PRIMARY KEY (`user_id`,`role_id`),
  KEY `role_users_user_id_index` (`user_id`),
  KEY `role_users_role_id_index` (`role_id`)
) ENGINE=InnoDB DEFAULT CHARSET=utf8mb4 COLLATE=utf8mb4_unicode_ci;

--
-- Dumping data for table `role_users`
--


--
-- Table structure for table `roles`
--

CREATE TABLE `roles` (
  `id` bigint unsigned NOT NULL AUTO_INCREMENT,
  `slug` varchar(120) COLLATE utf8mb4_unicode_ci NOT NULL,
  `name` varchar(120) COLLATE utf8mb4_unicode_ci NOT NULL,
  `permissions` text COLLATE utf8mb4_unicode_ci,
  `description` varchar(400) COLLATE utf8mb4_unicode_ci DEFAULT NULL,
  `is_default` tinyint unsigned NOT NULL DEFAULT '0',
  `created_by` bigint unsigned NOT NULL,
  `updated_by` bigint unsigned NOT NULL,
  `created_at` timestamp NULL DEFAULT NULL,
  `updated_at` timestamp NULL DEFAULT NULL,
  PRIMARY KEY (`id`),
  UNIQUE KEY `roles_slug_unique` (`slug`),
  KEY `roles_created_by_index` (`created_by`),
  KEY `roles_updated_by_index` (`updated_by`)
) ENGINE=InnoDB AUTO_INCREMENT=2 DEFAULT CHARSET=utf8mb4 COLLATE=utf8mb4_unicode_ci;

--
-- Dumping data for table `roles`
--

INSERT INTO `roles` VALUES (1,'admin','Admin','{\"users.index\":true,\"users.create\":true,\"users.edit\":true,\"users.destroy\":true,\"roles.index\":true,\"roles.create\":true,\"roles.edit\":true,\"roles.destroy\":true,\"core.system\":true,\"core.cms\":true,\"core.manage.license\":true,\"systems.cronjob\":true,\"core.tools\":true,\"tools.data-synchronize\":true,\"media.index\":true,\"files.index\":true,\"files.create\":true,\"files.edit\":true,\"files.trash\":true,\"files.destroy\":true,\"folders.index\":true,\"folders.create\":true,\"folders.edit\":true,\"folders.trash\":true,\"folders.destroy\":true,\"settings.index\":true,\"settings.common\":true,\"settings.options\":true,\"settings.email\":true,\"settings.media\":true,\"settings.admin-appearance\":true,\"settings.cache\":true,\"settings.datatables\":true,\"settings.email.rules\":true,\"settings.others\":true,\"menus.index\":true,\"menus.create\":true,\"menus.edit\":true,\"menus.destroy\":true,\"optimize.settings\":true,\"pages.index\":true,\"pages.create\":true,\"pages.edit\":true,\"pages.destroy\":true,\"plugins.index\":true,\"plugins.edit\":true,\"plugins.remove\":true,\"plugins.marketplace\":true,\"sitemap.settings\":true,\"core.appearance\":true,\"theme.index\":true,\"theme.activate\":true,\"theme.remove\":true,\"theme.options\":true,\"theme.custom-css\":true,\"theme.custom-js\":true,\"theme.custom-html\":true,\"theme.robots-txt\":true,\"settings.website-tracking\":true,\"widgets.index\":true,\"ads.index\":true,\"ads.create\":true,\"ads.edit\":true,\"ads.destroy\":true,\"ads.settings\":true,\"analytics.general\":true,\"analytics.page\":true,\"analytics.browser\":true,\"analytics.referrer\":true,\"analytics.settings\":true,\"announcements.index\":true,\"announcements.create\":true,\"announcements.edit\":true,\"announcements.destroy\":true,\"announcements.settings\":true,\"audit-log.index\":true,\"audit-log.destroy\":true,\"backups.index\":true,\"backups.create\":true,\"backups.restore\":true,\"backups.destroy\":true,\"plugins.blog\":true,\"posts.index\":true,\"posts.create\":true,\"posts.edit\":true,\"posts.destroy\":true,\"categories.index\":true,\"categories.create\":true,\"categories.edit\":true,\"categories.destroy\":true,\"tags.index\":true,\"tags.create\":true,\"tags.edit\":true,\"tags.destroy\":true,\"blog.settings\":true,\"posts.export\":true,\"posts.import\":true,\"captcha.settings\":true,\"contacts.index\":true,\"contacts.edit\":true,\"contacts.destroy\":true,\"contact.custom-fields\":true,\"contact.settings\":true,\"plugins.ecommerce\":true,\"ecommerce.report.index\":true,\"products.index\":true,\"products.create\":true,\"products.edit\":true,\"products.destroy\":true,\"products.duplicate\":true,\"ecommerce.product-prices.index\":true,\"ecommerce.product-prices.edit\":true,\"ecommerce.product-inventory.index\":true,\"ecommerce.product-inventory.edit\":true,\"product-categories.index\":true,\"product-categories.create\":true,\"product-categories.edit\":true,\"product-categories.destroy\":true,\"product-tag.index\":true,\"product-tag.create\":true,\"product-tag.edit\":true,\"product-tag.destroy\":true,\"brands.index\":true,\"brands.create\":true,\"brands.edit\":true,\"brands.destroy\":true,\"product-collections.index\":true,\"product-collections.create\":true,\"product-collections.edit\":true,\"product-collections.destroy\":true,\"product-attribute-sets.index\":true,\"product-attribute-sets.create\":true,\"product-attribute-sets.edit\":true,\"product-attribute-sets.destroy\":true,\"product-attributes.index\":true,\"product-attributes.create\":true,\"product-attributes.edit\":true,\"product-attributes.destroy\":true,\"tax.index\":true,\"tax.create\":true,\"tax.edit\":true,\"tax.destroy\":true,\"reviews.index\":true,\"reviews.create\":true,\"reviews.destroy\":true,\"reviews.publish\":true,\"reviews.reply\":true,\"ecommerce.shipments.index\":true,\"ecommerce.shipments.create\":true,\"ecommerce.shipments.edit\":true,\"ecommerce.shipments.destroy\":true,\"orders.index\":true,\"orders.create\":true,\"orders.edit\":true,\"orders.destroy\":true,\"discounts.index\":true,\"discounts.create\":true,\"discounts.edit\":true,\"discounts.destroy\":true,\"customers.index\":true,\"customers.create\":true,\"customers.edit\":true,\"customers.destroy\":true,\"ecommerce.customers.import\":true,\"ecommerce.customers.export\":true,\"flash-sale.index\":true,\"flash-sale.create\":true,\"flash-sale.edit\":true,\"flash-sale.destroy\":true,\"product-label.index\":true,\"product-label.create\":true,\"product-label.edit\":true,\"product-label.destroy\":true,\"ecommerce.import.products.index\":true,\"ecommerce.export.products.index\":true,\"order_returns.index\":true,\"order_returns.edit\":true,\"order_returns.destroy\":true,\"global-option.index\":true,\"global-option.create\":true,\"global-option.edit\":true,\"global-option.destroy\":true,\"ecommerce.invoice.index\":true,\"ecommerce.invoice.edit\":true,\"ecommerce.invoice.destroy\":true,\"ecommerce.settings\":true,\"ecommerce.settings.general\":true,\"ecommerce.invoice-template.index\":true,\"ecommerce.settings.currencies\":true,\"ecommerce.settings.products\":true,\"ecommerce.settings.product-search\":true,\"ecommerce.settings.digital-products\":true,\"ecommerce.settings.store-locators\":true,\"ecommerce.settings.invoices\":true,\"ecommerce.settings.product-reviews\":true,\"ecommerce.settings.customers\":true,\"ecommerce.settings.shopping\":true,\"ecommerce.settings.taxes\":true,\"ecommerce.settings.shipping\":true,\"ecommerce.shipping-rule-items.index\":true,\"ecommerce.shipping-rule-items.create\":true,\"ecommerce.shipping-rule-items.edit\":true,\"ecommerce.shipping-rule-items.destroy\":true,\"ecommerce.shipping-rule-items.bulk-import\":true,\"ecommerce.settings.tracking\":true,\"ecommerce.settings.standard-and-format\":true,\"ecommerce.settings.checkout\":true,\"ecommerce.settings.return\":true,\"ecommerce.settings.flash-sale\":true,\"ecommerce.settings.product-specification\":true,\"product-categories.export\":true,\"product-categories.import\":true,\"orders.export\":true,\"ecommerce.product-specification.index\":true,\"ecommerce.specification-groups.index\":true,\"ecommerce.specification-groups.create\":true,\"ecommerce.specification-groups.edit\":true,\"ecommerce.specification-groups.destroy\":true,\"ecommerce.specification-attributes.index\":true,\"ecommerce.specification-attributes.create\":true,\"ecommerce.specification-attributes.edit\":true,\"ecommerce.specification-attributes.destroy\":true,\"ecommerce.specification-tables.index\":true,\"ecommerce.specification-tables.create\":true,\"ecommerce.specification-tables.edit\":true,\"ecommerce.specification-tables.destroy\":true,\"plugin.faq\":true,\"faq.index\":true,\"faq.create\":true,\"faq.edit\":true,\"faq.destroy\":true,\"faq_category.index\":true,\"faq_category.create\":true,\"faq_category.edit\":true,\"faq_category.destroy\":true,\"faqs.settings\":true,\"galleries.index\":true,\"galleries.create\":true,\"galleries.edit\":true,\"galleries.destroy\":true,\"languages.index\":true,\"languages.create\":true,\"languages.edit\":true,\"languages.destroy\":true,\"translations.import\":true,\"translations.export\":true,\"property-translations.import\":true,\"property-translations.export\":true,\"plugin.location\":true,\"country.index\":true,\"country.create\":true,\"country.edit\":true,\"country.destroy\":true,\"state.index\":true,\"state.create\":true,\"state.edit\":true,\"state.destroy\":true,\"city.index\":true,\"city.create\":true,\"city.edit\":true,\"city.destroy\":true,\"marketplace.index\":true,\"marketplace.store.index\":true,\"marketplace.store.create\":true,\"marketplace.store.edit\":true,\"marketplace.store.destroy\":true,\"marketplace.store.view\":true,\"marketplace.store.revenue.create\":true,\"marketplace.withdrawal.index\":true,\"marketplace.withdrawal.edit\":true,\"marketplace.withdrawal.destroy\":true,\"marketplace.withdrawal.invoice\":true,\"marketplace.vendors.index\":true,\"marketplace.unverified-vendors.index\":true,\"marketplace.vendors.control\":true,\"marketplace.unverified-vendors.edit\":true,\"marketplace.reports\":true,\"marketplace.settings\":true,\"marketplace.messages.index\":true,\"marketplace.messages.edit\":true,\"marketplace.messages.destroy\":true,\"newsletter.index\":true,\"newsletter.destroy\":true,\"newsletter.settings\":true,\"payment.index\":true,\"payments.settings\":true,\"payment.destroy\":true,\"payments.logs\":true,\"payments.logs.show\":true,\"payments.logs.destroy\":true,\"request-log.index\":true,\"request-log.destroy\":true,\"sale-popup.settings\":true,\"simple-slider.index\":true,\"simple-slider.create\":true,\"simple-slider.edit\":true,\"simple-slider.destroy\":true,\"simple-slider-item.index\":true,\"simple-slider-item.create\":true,\"simple-slider-item.edit\":true,\"simple-slider-item.destroy\":true,\"simple-slider.settings\":true,\"social-login.settings\":true,\"testimonial.index\":true,\"testimonial.create\":true,\"testimonial.edit\":true,\"testimonial.destroy\":true,\"plugins.translation\":true,\"translations.locales\":true,\"translations.theme-translations\":true,\"translations.index\":true,\"theme-translations.export\":true,\"other-translations.export\":true,\"theme-translations.import\":true,\"other-translations.import\":true,\"api.settings\":true,\"api.sanctum-token.index\":true,\"api.sanctum-token.create\":true,\"api.sanctum-token.destroy\":true}','Admin users role',1,1,1,'2025-07-28 01:49:07','2025-07-28 01:49:07');

--
-- Table structure for table `sessions`
--

CREATE TABLE `sessions` (
  `id` varchar(191) COLLATE utf8mb4_unicode_ci NOT NULL,
  `user_id` bigint unsigned DEFAULT NULL,
  `ip_address` varchar(45) COLLATE utf8mb4_unicode_ci DEFAULT NULL,
  `user_agent` text COLLATE utf8mb4_unicode_ci,
  `payload` longtext COLLATE utf8mb4_unicode_ci NOT NULL,
  `last_activity` int NOT NULL,
  PRIMARY KEY (`id`),
  KEY `sessions_user_id_index` (`user_id`),
  KEY `sessions_last_activity_index` (`last_activity`)
) ENGINE=InnoDB DEFAULT CHARSET=utf8mb4 COLLATE=utf8mb4_unicode_ci;

--
-- Dumping data for table `sessions`
--


--
-- Table structure for table `settings`
--

CREATE TABLE `settings` (
  `id` bigint unsigned NOT NULL AUTO_INCREMENT,
  `key` varchar(191) COLLATE utf8mb4_unicode_ci NOT NULL,
  `value` text COLLATE utf8mb4_unicode_ci,
  `created_at` timestamp NULL DEFAULT NULL,
  `updated_at` timestamp NULL DEFAULT NULL,
  PRIMARY KEY (`id`),
  UNIQUE KEY `settings_key_unique` (`key`)
) ENGINE=InnoDB AUTO_INCREMENT=97 DEFAULT CHARSET=utf8mb4 COLLATE=utf8mb4_unicode_ci;

--
-- Dumping data for table `settings`
--

INSERT INTO `settings` VALUES (1,'media_random_hash','9e866aa5557e41ef29f16f47fb6aa18e',NULL,'2025-07-28 01:49:35'),(2,'api_enabled','0',NULL,'2025-07-28 01:49:35'),(3,'activated_plugins','[\"language\",\"language-advanced\",\"ads\",\"analytics\",\"announcement\",\"audit-log\",\"backup\",\"blog\",\"captcha\",\"contact\",\"cookie-consent\",\"ecommerce\",\"faq\",\"gallery\",\"location\",\"marketplace\",\"mollie\",\"newsletter\",\"payment\",\"paypal\",\"paypal-payout\",\"paystack\",\"razorpay\",\"request-log\",\"sale-popup\",\"shippo\",\"simple-slider\",\"social-login\",\"sslcommerz\",\"stripe\",\"stripe-connect\",\"testimonial\",\"translation\"]',NULL,'2025-07-28 01:49:35'),(6,'theme','shofy-fashion',NULL,'2025-07-28 01:49:35'),(7,'show_admin_bar','1',NULL,'2025-07-28 01:49:35'),(8,'admin_favicon','main/general/favicon.png',NULL,'2025-07-28 01:49:35'),(9,'admin_logo','main/general/logo-white.png',NULL,'2025-07-28 01:49:35'),(10,'announcement_lazy_loading','1',NULL,'2025-07-28 01:49:35'),(11,'marketplace_requires_vendor_documentations_verification','0',NULL,'2025-07-28 01:49:35'),(12,'payment_cod_status','1',NULL,'2025-07-28 01:49:35'),(13,'payment_bank_transfer_status','1',NULL,'2025-07-28 01:49:35'),(14,'payment_cod_description','Please pay money directly to the postman, if you choose cash on delivery method (COD).',NULL,'2025-07-28 01:49:35'),(15,'payment_bank_transfer_description','Please send money to our bank account: ACB - 69270 213 19.',NULL,'2025-07-28 01:49:35'),(16,'payment_stripe_payment_type','stripe_checkout',NULL,'2025-07-28 01:49:35'),(17,'plugins_ecommerce_customer_new_order_status','0',NULL,'2025-07-28 01:49:35'),(18,'plugins_ecommerce_admin_new_order_status','0',NULL,'2025-07-28 01:49:35'),(19,'ecommerce_is_enabled_support_digital_products','1',NULL,'2025-07-28 01:49:35'),(20,'ecommerce_enable_license_codes_for_digital_products','1',NULL,'2025-07-28 01:49:35'),(21,'ecommerce_auto_complete_digital_orders_after_payment','1',NULL,'2025-07-28 01:49:35'),(22,'ecommerce_load_countries_states_cities_from_location_plugin','0',NULL,'2025-07-28 01:49:35'),(23,'ecommerce_product_sku_format','SF-2443-%s%s%s%s',NULL,'2025-07-28 01:49:35'),(24,'ecommerce_store_order_prefix','SF',NULL,'2025-07-28 01:49:35'),(25,'ecommerce_enable_product_specification','1',NULL,'2025-07-28 01:49:35'),(26,'payment_bank_transfer_display_bank_info_at_the_checkout_success_page','1',NULL,'2025-07-28 01:49:35'),(27,'payment_cod_logo','payments/cod.png',NULL,'2025-07-28 01:49:35'),(28,'payment_bank_transfer_logo','payments/bank-transfer.png',NULL,'2025-07-28 01:49:35'),(29,'payment_stripe_logo','payments/stripe.webp',NULL,'2025-07-28 01:49:35'),(30,'payment_paypal_logo','payments/paypal.png',NULL,'2025-07-28 01:49:35'),(31,'payment_mollie_logo','payments/mollie.png',NULL,'2025-07-28 01:49:35'),(32,'payment_paystack_logo','payments/paystack.png',NULL,'2025-07-28 01:49:35'),(33,'payment_razorpay_logo','payments/razorpay.png',NULL,'2025-07-28 01:49:35'),(34,'payment_sslcommerz_logo','payments/sslcommerz.png',NULL,'2025-07-28 01:49:35'),(35,'permalink-botble-blog-models-post','blog',NULL,'2025-07-28 01:49:35'),(36,'permalink-botble-blog-models-category','blog',NULL,'2025-07-28 01:49:35'),(37,'language_hide_default','1',NULL,'2025-07-28 01:49:35'),(38,'language_switcher_display','dropdown',NULL,'2025-07-28 01:49:35'),(39,'language_display','all',NULL,'2025-07-28 01:49:35'),(40,'language_hide_languages','[]',NULL,'2025-07-28 01:49:35'),(41,'ecommerce_store_name','Shofy',NULL,'2025-07-28 01:49:35'),(42,'ecommerce_store_phone','1800979769',NULL,'2025-07-28 01:49:35'),(43,'ecommerce_store_address','502 New Street',NULL,'2025-07-28 01:49:35'),(44,'ecommerce_store_state','Brighton VIC',NULL,'2025-07-28 01:49:35'),(45,'ecommerce_store_city','Brighton VIC',NULL,'2025-07-28 01:49:35'),(46,'ecommerce_store_country','AU',NULL,'2025-07-28 01:49:35'),(47,'announcement_max_width','1390',NULL,'2025-07-28 01:49:35'),(48,'announcement_text_color','#010f1c',NULL,'2025-07-28 01:49:35'),(49,'announcement_background_color','transparent',NULL,'2025-07-28 01:49:35'),(50,'announcement_placement','theme',NULL,'2025-07-28 01:49:35'),(51,'announcement_text_alignment','start',NULL,'2025-07-28 01:49:35'),(52,'announcement_dismissible','0',NULL,'2025-07-28 01:49:35'),(53,'simple_slider_using_assets','0',NULL,'2025-07-28 01:49:35'),(54,'theme-shofy-fashion-site_name','Shofy',NULL,NULL),(55,'theme-shofy-fashion-site_title','Shofy - Multipurpose eCommerce Laravel Script',NULL,NULL),(56,'theme-shofy-fashion-seo_description','Shofy is a powerful tool eCommerce Laravel script for creating a professional and visually appealing online store.',NULL,NULL),(57,'theme-shofy-fashion-copyright','© %Y All Rights Reserved.',NULL,NULL),(58,'theme-shofy-fashion-tp_primary_font','Jost',NULL,NULL),(59,'theme-shofy-fashion-primary_color','#821F40',NULL,NULL),(60,'theme-shofy-fashion-favicon','main/general/favicon.png',NULL,NULL),(61,'theme-shofy-fashion-logo','main/general/logo.png',NULL,NULL),(62,'theme-shofy-fashion-logo_light','main/general/logo-white.png',NULL,NULL),(63,'theme-shofy-fashion-header_style','2',NULL,NULL),(64,'theme-shofy-fashion-preloader_icon','main/general/preloader-icon.png',NULL,NULL),(65,'theme-shofy-fashion-address','502 New Street, Brighton VIC, Australia',NULL,NULL),(66,'theme-shofy-fashion-hotline','8 800 332 65-66',NULL,NULL),(67,'theme-shofy-fashion-email','contact@fartmart.co',NULL,NULL),(68,'theme-shofy-fashion-working_time','Mon - Fri: 07AM - 06PM',NULL,NULL),(69,'theme-shofy-fashion-homepage_id','1',NULL,NULL),(70,'theme-shofy-fashion-blog_page_id','5',NULL,NULL),(71,'theme-shofy-fashion-cookie_consent_message','Your experience on this site will be improved by allowing cookies ',NULL,NULL),(72,'theme-shofy-fashion-cookie_consent_learn_more_url','cookie-policy',NULL,NULL),(73,'theme-shofy-fashion-cookie_consent_learn_more_text','Cookie Policy',NULL,NULL),(74,'theme-shofy-fashion-number_of_products_per_page','24',NULL,NULL),(75,'theme-shofy-fashion-number_of_cross_sale_product','6',NULL,NULL),(76,'theme-shofy-fashion-ecommerce_products_page_layout','left_sidebar',NULL,NULL),(77,'theme-shofy-fashion-ecommerce_product_item_style','2',NULL,NULL),(78,'theme-shofy-fashion-404_page_image','main/general/404.png',NULL,NULL),(79,'theme-shofy-fashion-newsletter_popup_enable','1',NULL,NULL),(80,'theme-shofy-fashion-newsletter_popup_image','main/general/newsletter-popup.jpg',NULL,NULL),(81,'theme-shofy-fashion-newsletter_popup_title','Subscribe Now',NULL,NULL),(82,'theme-shofy-fashion-newsletter_popup_subtitle','Newsletter',NULL,NULL),(83,'theme-shofy-fashion-newsletter_popup_description','Subscribe to our newsletter and get 10% off your first purchase',NULL,NULL),(84,'theme-shofy-fashion-lazy_load_images','1',NULL,NULL),(85,'theme-shofy-fashion-lazy_load_placeholder_image','main/general/placeholder.png',NULL,NULL),(86,'theme-shofy-fashion-breadcrumb_background_image','main/general/breadcrumb.jpg',NULL,NULL),(87,'theme-shofy-fashion-section_title_shape_decorated','style-3',NULL,NULL),(88,'theme-shofy-fashion-social_links','[[{\"key\":\"name\",\"value\":\"Facebook\"},{\"key\":\"icon\",\"value\":\"ti ti-brand-facebook\"},{\"key\":\"url\",\"value\":\"https:\\/\\/www.facebook.com\"}],[{\"key\":\"name\",\"value\":\"X (Twitter)\"},{\"key\":\"icon\",\"value\":\"ti ti-brand-x\"},{\"key\":\"url\",\"value\":\"https:\\/\\/x.com\"}],[{\"key\":\"name\",\"value\":\"YouTube\"},{\"key\":\"icon\",\"value\":\"ti ti-brand-youtube\"},{\"key\":\"url\",\"value\":\"https:\\/\\/www.youtube.com\"}],[{\"key\":\"name\",\"value\":\"Instagram\"},{\"key\":\"icon\",\"value\":\"ti ti-brand-linkedin\"},{\"key\":\"url\",\"value\":\"https:\\/\\/www.linkedin.com\"}]]',NULL,NULL),(89,'theme-shofy-fashion-social_sharing','[[{\"key\":\"social\",\"value\":\"facebook\"},{\"key\":\"icon\",\"value\":\"ti ti-brand-facebook\"}],[{\"key\":\"social\",\"value\":\"x\"},{\"key\":\"icon\",\"value\":\"ti ti-brand-x\"}],[{\"key\":\"social\",\"value\":\"pinterest\"},{\"key\":\"icon\",\"value\":\"ti ti-brand-pinterest\"}],[{\"key\":\"social\",\"value\":\"linkedin\"},{\"key\":\"icon\",\"value\":\"ti ti-brand-linkedin\"}],[{\"key\":\"social\",\"value\":\"whatsapp\"},{\"key\":\"icon\",\"value\":\"ti ti-brand-whatsapp\"}],[{\"key\":\"social\",\"value\":\"email\"},{\"key\":\"icon\",\"value\":\"ti ti-mail\"}]]',NULL,NULL),(90,'theme-shofy-fashion-login_background','main/general/auth-banner.png',NULL,NULL),(91,'theme-shofy-fashion-register_background','main/general/auth-banner.png',NULL,NULL),(92,'theme-shofy-fashion-merchant_return_policy_url','return-policy',NULL,NULL),(93,'theme-shofy-fashion-merchant_return_applicable_country','US',NULL,NULL),(94,'theme-shofy-fashion-term_and_privacy_policy_url','privacy-policy',NULL,NULL),(95,'theme-shofy-fashion-header_main_background_color','#fff',NULL,NULL),(96,'theme-shofy-fashion-header_main_text_color','#010f1c',NULL,NULL);

--
-- Table structure for table `simple_slider_items`
--

CREATE TABLE `simple_slider_items` (
  `id` bigint unsigned NOT NULL AUTO_INCREMENT,
  `simple_slider_id` bigint unsigned NOT NULL,
  `title` varchar(191) COLLATE utf8mb4_unicode_ci DEFAULT NULL,
  `image` varchar(191) COLLATE utf8mb4_unicode_ci NOT NULL,
  `link` varchar(191) COLLATE utf8mb4_unicode_ci DEFAULT NULL,
  `description` text COLLATE utf8mb4_unicode_ci,
  `order` int unsigned NOT NULL DEFAULT '0',
  `created_at` timestamp NULL DEFAULT NULL,
  `updated_at` timestamp NULL DEFAULT NULL,
  PRIMARY KEY (`id`)
) ENGINE=InnoDB AUTO_INCREMENT=4 DEFAULT CHARSET=utf8mb4 COLLATE=utf8mb4_unicode_ci;

--
-- Dumping data for table `simple_slider_items`
--

INSERT INTO `simple_slider_items` VALUES (1,1,'The Clothing Collection','fashion/sliders/slider-1.png','/products','New Arrivals 2023',0,'2025-07-28 01:49:26','2025-07-28 01:49:26'),(2,1,'The Summer Collection','fashion/sliders/slider-2.png','/products','Best Selling 2023',1,'2025-07-28 01:49:26','2025-07-28 01:49:26'),(3,1,'Amazing New designs','fashion/sliders/slider-3.png','/products','Winter Has Arrived',2,'2025-07-28 01:49:26','2025-07-28 01:49:26');

--
-- Table structure for table `simple_sliders`
--

CREATE TABLE `simple_sliders` (
  `id` bigint unsigned NOT NULL AUTO_INCREMENT,
  `name` varchar(120) COLLATE utf8mb4_unicode_ci NOT NULL,
  `key` varchar(120) COLLATE utf8mb4_unicode_ci NOT NULL,
  `description` varchar(400) COLLATE utf8mb4_unicode_ci DEFAULT NULL,
  `status` varchar(60) COLLATE utf8mb4_unicode_ci NOT NULL DEFAULT 'published',
  `created_at` timestamp NULL DEFAULT NULL,
  `updated_at` timestamp NULL DEFAULT NULL,
  PRIMARY KEY (`id`)
) ENGINE=InnoDB AUTO_INCREMENT=2 DEFAULT CHARSET=utf8mb4 COLLATE=utf8mb4_unicode_ci;

--
-- Dumping data for table `simple_sliders`
--

INSERT INTO `simple_sliders` VALUES (1,'Home slider','home-slider','The main slider on homepage','published','2025-07-28 01:49:26','2025-07-28 01:49:26');

--
-- Table structure for table `slugs`
--

CREATE TABLE `slugs` (
  `id` bigint unsigned NOT NULL AUTO_INCREMENT,
  `key` varchar(191) COLLATE utf8mb4_unicode_ci NOT NULL,
  `reference_id` bigint unsigned NOT NULL,
  `reference_type` varchar(191) COLLATE utf8mb4_unicode_ci NOT NULL,
  `prefix` varchar(120) COLLATE utf8mb4_unicode_ci DEFAULT '',
  `created_at` timestamp NULL DEFAULT NULL,
  `updated_at` timestamp NULL DEFAULT NULL,
  PRIMARY KEY (`id`),
  KEY `slugs_reference_id_index` (`reference_id`),
  KEY `slugs_key_index` (`key`),
  KEY `slugs_prefix_index` (`prefix`),
  KEY `slugs_reference_index` (`reference_id`,`reference_type`)
) ENGINE=InnoDB AUTO_INCREMENT=184 DEFAULT CHARSET=utf8mb4 COLLATE=utf8mb4_unicode_ci;

--
-- Dumping data for table `slugs`
--

INSERT INTO `slugs` VALUES (1,'foodpound',1,'Botble\\Ecommerce\\Models\\Brand','brands','2025-07-28 01:49:08','2025-07-28 01:49:08'),(2,'itea-jsc',2,'Botble\\Ecommerce\\Models\\Brand','brands','2025-07-28 01:49:08','2025-07-28 01:49:08'),(3,'soda-brand',3,'Botble\\Ecommerce\\Models\\Brand','brands','2025-07-28 01:49:08','2025-07-28 01:49:08'),(4,'shofy',4,'Botble\\Ecommerce\\Models\\Brand','brands','2025-07-28 01:49:08','2025-07-28 01:49:08'),(5,'soda-brand',5,'Botble\\Ecommerce\\Models\\Brand','brands','2025-07-28 01:49:08','2025-07-28 01:49:08'),(6,'electronic',1,'Botble\\Ecommerce\\Models\\ProductTag','product-tags','2025-07-28 01:49:15','2025-07-28 01:49:15'),(7,'mobile',2,'Botble\\Ecommerce\\Models\\ProductTag','product-tags','2025-07-28 01:49:15','2025-07-28 01:49:15'),(8,'iphone',3,'Botble\\Ecommerce\\Models\\ProductTag','product-tags','2025-07-28 01:49:15','2025-07-28 01:49:15'),(9,'printer',4,'Botble\\Ecommerce\\Models\\ProductTag','product-tags','2025-07-28 01:49:15','2025-07-28 01:49:15'),(10,'office',5,'Botble\\Ecommerce\\Models\\ProductTag','product-tags','2025-07-28 01:49:15','2025-07-28 01:49:15'),(11,'it',6,'Botble\\Ecommerce\\Models\\ProductTag','product-tags','2025-07-28 01:49:15','2025-07-28 01:49:15'),(12,'crisp-bread-cake',1,'Botble\\Blog\\Models\\Category','blog','2025-07-28 01:49:18','2025-07-28 01:49:18'),(13,'fashion',2,'Botble\\Blog\\Models\\Category','blog','2025-07-28 01:49:18','2025-07-28 01:49:18'),(14,'electronic',3,'Botble\\Blog\\Models\\Category','blog','2025-07-28 01:49:18','2025-07-28 01:49:18'),(15,'commercial',4,'Botble\\Blog\\Models\\Category','blog','2025-07-28 01:49:18','2025-07-28 01:49:18'),(16,'organic-fruits',5,'Botble\\Blog\\Models\\Category','blog','2025-07-28 01:49:18','2025-07-28 01:49:18'),(17,'ecological',6,'Botble\\Blog\\Models\\Category','blog','2025-07-28 01:49:18','2025-07-28 01:49:18'),(18,'general',1,'Botble\\Blog\\Models\\Tag','tag','2025-07-28 01:49:18','2025-07-28 01:49:18'),(19,'design',2,'Botble\\Blog\\Models\\Tag','tag','2025-07-28 01:49:18','2025-07-28 01:49:18'),(20,'fashion',3,'Botble\\Blog\\Models\\Tag','tag','2025-07-28 01:49:18','2025-07-28 01:49:18'),(21,'branding',4,'Botble\\Blog\\Models\\Tag','tag','2025-07-28 01:49:18','2025-07-28 01:49:18'),(22,'modern',5,'Botble\\Blog\\Models\\Tag','tag','2025-07-28 01:49:18','2025-07-28 01:49:18'),(23,'nature',6,'Botble\\Blog\\Models\\Tag','tag','2025-07-28 01:49:18','2025-07-28 01:49:18'),(24,'vintage',7,'Botble\\Blog\\Models\\Tag','tag','2025-07-28 01:49:18','2025-07-28 01:49:18'),(25,'sunglasses',8,'Botble\\Blog\\Models\\Tag','tag','2025-07-28 01:49:18','2025-07-28 01:49:18'),(26,'4-expert-tips-on-how-to-choose-the-right-mens-wallet',1,'Botble\\Blog\\Models\\Post','blog','2025-07-28 01:49:18','2025-07-28 01:49:18'),(27,'sexy-clutches-how-to-buy-wear-a-designer-clutch-bag',2,'Botble\\Blog\\Models\\Post','blog','2025-07-28 01:49:18','2025-07-28 01:49:18'),(28,'the-top-2020-handbag-trends-to-know',3,'Botble\\Blog\\Models\\Post','blog','2025-07-28 01:49:18','2025-07-28 01:49:18'),(29,'how-to-match-the-color-of-your-handbag-with-an-outfit',4,'Botble\\Blog\\Models\\Post','blog','2025-07-28 01:49:18','2025-07-28 01:49:18'),(30,'how-to-care-for-leather-bags',5,'Botble\\Blog\\Models\\Post','blog','2025-07-28 01:49:18','2025-07-28 01:49:18'),(31,'were-crushing-hard-on-summers-10-biggest-bag-trends',6,'Botble\\Blog\\Models\\Post','blog','2025-07-28 01:49:18','2025-07-28 01:49:18'),(32,'essential-qualities-of-highly-successful-music',7,'Botble\\Blog\\Models\\Post','blog','2025-07-28 01:49:18','2025-07-28 01:49:18'),(33,'9-things-i-love-about-shaving-my-head',8,'Botble\\Blog\\Models\\Post','blog','2025-07-28 01:49:18','2025-07-28 01:49:18'),(34,'why-teamwork-really-makes-the-dream-work',9,'Botble\\Blog\\Models\\Post','blog','2025-07-28 01:49:18','2025-07-28 01:49:18'),(35,'the-world-caters-to-average-people',10,'Botble\\Blog\\Models\\Post','blog','2025-07-28 01:49:18','2025-07-28 01:49:18'),(36,'the-litigants-on-the-screen-are-not-actors',11,'Botble\\Blog\\Models\\Post','blog','2025-07-28 01:49:19','2025-07-28 01:49:19'),(37,'hiring-the-right-sales-team-at-the-right-time',12,'Botble\\Blog\\Models\\Post','blog','2025-07-28 01:49:19','2025-07-28 01:49:19'),(38,'fully-embrace-the-return-of-90s-fashion',13,'Botble\\Blog\\Models\\Post','blog','2025-07-28 01:49:19','2025-07-28 01:49:19'),(39,'exploring-the-english-countryside',14,'Botble\\Blog\\Models\\Post','blog','2025-07-28 01:49:19','2025-07-28 01:49:19'),(40,'heres-the-first-valentinos-new-makeup-collection',15,'Botble\\Blog\\Models\\Post','blog','2025-07-28 01:49:19','2025-07-28 01:49:19'),(41,'follow-your-own-design-process-whatever-gets',16,'Botble\\Blog\\Models\\Post','blog','2025-07-28 01:49:19','2025-07-28 01:49:19'),(42,'freelancer-days-2024-whats-new',17,'Botble\\Blog\\Models\\Post','blog','2025-07-28 01:49:19','2025-07-28 01:49:19'),(43,'quality-foods-requirments-for-every-human-bodys',18,'Botble\\Blog\\Models\\Post','blog','2025-07-28 01:49:19','2025-07-28 01:49:19'),(44,'gopro',1,'Botble\\Marketplace\\Models\\Store','stores','2025-07-28 01:49:25','2025-07-28 01:49:25'),(45,'global-office',2,'Botble\\Marketplace\\Models\\Store','stores','2025-07-28 01:49:25','2025-07-28 01:49:25'),(46,'young-shop',3,'Botble\\Marketplace\\Models\\Store','stores','2025-07-28 01:49:25','2025-07-28 01:49:25'),(47,'global-store',4,'Botble\\Marketplace\\Models\\Store','stores','2025-07-28 01:49:25','2025-07-28 01:49:25'),(48,'roberts-store',5,'Botble\\Marketplace\\Models\\Store','stores','2025-07-28 01:49:25','2025-07-28 01:49:25'),(49,'stouffer',6,'Botble\\Marketplace\\Models\\Store','stores','2025-07-28 01:49:25','2025-07-28 01:49:25'),(50,'starkist',7,'Botble\\Marketplace\\Models\\Store','stores','2025-07-28 01:49:25','2025-07-28 01:49:25'),(51,'old-el-paso',8,'Botble\\Marketplace\\Models\\Store','stores','2025-07-28 01:49:25','2025-07-28 01:49:25'),(52,'bags',1,'Botble\\Ecommerce\\Models\\ProductCategory','product-categories','2025-07-28 01:49:26','2025-07-28 01:49:26'),(53,'clothing',2,'Botble\\Ecommerce\\Models\\ProductCategory','product-categories','2025-07-28 01:49:26','2025-07-28 01:49:26'),(54,'mens-clothing',3,'Botble\\Ecommerce\\Models\\ProductCategory','product-categories','2025-07-28 01:49:26','2025-07-28 01:49:26'),(55,'t-shirts',4,'Botble\\Ecommerce\\Models\\ProductCategory','product-categories','2025-07-28 01:49:26','2025-07-28 01:49:26'),(56,'jeans',5,'Botble\\Ecommerce\\Models\\ProductCategory','product-categories','2025-07-28 01:49:26','2025-07-28 01:49:26'),(57,'suits',6,'Botble\\Ecommerce\\Models\\ProductCategory','product-categories','2025-07-28 01:49:26','2025-07-28 01:49:26'),(58,'womens-clothing',7,'Botble\\Ecommerce\\Models\\ProductCategory','product-categories','2025-07-28 01:49:26','2025-07-28 01:49:26'),(59,'dresses',8,'Botble\\Ecommerce\\Models\\ProductCategory','product-categories','2025-07-28 01:49:26','2025-07-28 01:49:26'),(60,'blouses',9,'Botble\\Ecommerce\\Models\\ProductCategory','product-categories','2025-07-28 01:49:27','2025-07-28 01:49:27'),(61,'pants',10,'Botble\\Ecommerce\\Models\\ProductCategory','product-categories','2025-07-28 01:49:27','2025-07-28 01:49:27'),(62,'footwear',11,'Botble\\Ecommerce\\Models\\ProductCategory','product-categories','2025-07-28 01:49:27','2025-07-28 01:49:27'),(63,'accessories',12,'Botble\\Ecommerce\\Models\\ProductCategory','product-categories','2025-07-28 01:49:27','2025-07-28 01:49:27'),(64,'hats',13,'Botble\\Ecommerce\\Models\\ProductCategory','product-categories','2025-07-28 01:49:27','2025-07-28 01:49:27'),(65,'scarves',14,'Botble\\Ecommerce\\Models\\ProductCategory','product-categories','2025-07-28 01:49:27','2025-07-28 01:49:27'),(66,'jewelry',15,'Botble\\Ecommerce\\Models\\ProductCategory','product-categories','2025-07-28 01:49:27','2025-07-28 01:49:27'),(67,'sportswear',16,'Botble\\Ecommerce\\Models\\ProductCategory','product-categories','2025-07-28 01:49:27','2025-07-28 01:49:27'),(68,'activewear',17,'Botble\\Ecommerce\\Models\\ProductCategory','product-categories','2025-07-28 01:49:27','2025-07-28 01:49:27'),(69,'running-shoes',18,'Botble\\Ecommerce\\Models\\ProductCategory','product-categories','2025-07-28 01:49:27','2025-07-28 01:49:27'),(70,'outerwear',19,'Botble\\Ecommerce\\Models\\ProductCategory','product-categories','2025-07-28 01:49:27','2025-07-28 01:49:27'),(71,'vintage-denim-jacket',1,'Botble\\Ecommerce\\Models\\Product','products','2025-07-28 01:49:28','2025-07-28 01:49:28'),(72,'floral-maxi-dress',2,'Botble\\Ecommerce\\Models\\Product','products','2025-07-28 01:49:28','2025-07-28 01:49:28'),(73,'leather-ankle-boots',3,'Botble\\Ecommerce\\Models\\Product','products','2025-07-28 01:49:28','2025-07-28 01:49:28'),(74,'knit-turtleneck-sweater-digital',4,'Botble\\Ecommerce\\Models\\Product','products','2025-07-28 01:49:28','2025-07-28 01:49:36'),(75,'classic-aviator-sunglasses',5,'Botble\\Ecommerce\\Models\\Product','products','2025-07-28 01:49:28','2025-07-28 01:49:28'),(76,'tailored-wool-blazer',6,'Botble\\Ecommerce\\Models\\Product','products','2025-07-28 01:49:28','2025-07-28 01:49:28'),(77,'bohemian-fringe-handbag',7,'Botble\\Ecommerce\\Models\\Product','products','2025-07-28 01:49:28','2025-07-28 01:49:28'),(78,'silk-scarf-with-geometric-print-digital',8,'Botble\\Ecommerce\\Models\\Product','products','2025-07-28 01:49:28','2025-07-28 01:49:36'),(79,'high-waisted-wide-leg-trousers',9,'Botble\\Ecommerce\\Models\\Product','products','2025-07-28 01:49:28','2025-07-28 01:49:28'),(80,'embroidered-boho-blouse',10,'Botble\\Ecommerce\\Models\\Product','products','2025-07-28 01:49:29','2025-07-28 01:49:29'),(81,'statement-chunky-necklace',11,'Botble\\Ecommerce\\Models\\Product','products','2025-07-28 01:49:29','2025-07-28 01:49:29'),(82,'chic-fedora-hat-digital',12,'Botble\\Ecommerce\\Models\\Product','products','2025-07-28 01:49:29','2025-07-28 01:49:36'),(83,'strappy-block-heel-sandals',13,'Botble\\Ecommerce\\Models\\Product','products','2025-07-28 01:49:29','2025-07-28 01:49:29'),(84,'velvet-evening-gown',14,'Botble\\Ecommerce\\Models\\Product','products','2025-07-28 01:49:29','2025-07-28 01:49:29'),(85,'quilted-crossbody-bag',15,'Botble\\Ecommerce\\Models\\Product','products','2025-07-28 01:49:29','2025-07-28 01:49:29'),(86,'distressed-skinny-jeans-digital',16,'Botble\\Ecommerce\\Models\\Product','products','2025-07-28 01:49:29','2025-07-28 01:49:36'),(87,'lace-up-combat-boots',17,'Botble\\Ecommerce\\Models\\Product','products','2025-07-28 01:49:29','2025-07-28 01:49:29'),(88,'cotton-striped-t-shirt-dress',18,'Botble\\Ecommerce\\Models\\Product','products','2025-07-28 01:49:29','2025-07-28 01:49:29'),(89,'printed-palazzo-pants',19,'Botble\\Ecommerce\\Models\\Product','products','2025-07-28 01:49:29','2025-07-28 01:49:29'),(90,'structured-satchel-bag-digital',20,'Botble\\Ecommerce\\Models\\Product','products','2025-07-28 01:49:29','2025-07-28 01:49:36'),(91,'off-shoulder-ruffle-top',21,'Botble\\Ecommerce\\Models\\Product','products','2025-07-28 01:49:29','2025-07-28 01:49:29'),(92,'suede-pointed-toe-pumps',22,'Botble\\Ecommerce\\Models\\Product','products','2025-07-28 01:49:29','2025-07-28 01:49:29'),(93,'cropped-cable-knit-sweater',23,'Botble\\Ecommerce\\Models\\Product','products','2025-07-28 01:49:29','2025-07-28 01:49:29'),(94,'athleisure-jogger-pants-digital',24,'Botble\\Ecommerce\\Models\\Product','products','2025-07-28 01:49:29','2025-07-28 01:49:36'),(95,'leopard-print-midi-skirt',25,'Botble\\Ecommerce\\Models\\Product','products','2025-07-28 01:49:29','2025-07-28 01:49:29'),(96,'retro-cat-eye-sunglasses',26,'Botble\\Ecommerce\\Models\\Product','products','2025-07-28 01:49:29','2025-07-28 01:49:29'),(97,'faux-fur-trimmed-coat',27,'Botble\\Ecommerce\\Models\\Product','products','2025-07-28 01:49:29','2025-07-28 01:49:29'),(98,'boho-fringed-kimono-digital',28,'Botble\\Ecommerce\\Models\\Product','products','2025-07-28 01:49:29','2025-07-28 01:49:36'),(99,'ruffled-wrap-dress',29,'Botble\\Ecommerce\\Models\\Product','products','2025-07-28 01:49:29','2025-07-28 01:49:29'),(100,'beaded-evening-clutch',30,'Botble\\Ecommerce\\Models\\Product','products','2025-07-28 01:49:29','2025-07-28 01:49:29'),(101,'wide-brim-floppy-hat',31,'Botble\\Ecommerce\\Models\\Product','products','2025-07-28 01:49:29','2025-07-28 01:49:29'),(102,'denim-overall-jumpsuit-digital',32,'Botble\\Ecommerce\\Models\\Product','products','2025-07-28 01:49:29','2025-07-28 01:49:36'),(103,'embellished-ballet-flats',33,'Botble\\Ecommerce\\Models\\Product','products','2025-07-28 01:49:29','2025-07-28 01:49:29'),(104,'pleated-midi-skirt',34,'Botble\\Ecommerce\\Models\\Product','products','2025-07-28 01:49:29','2025-07-28 01:49:29'),(105,'velour-tracksuit-set',35,'Botble\\Ecommerce\\Models\\Product','products','2025-07-28 01:49:29','2025-07-28 01:49:29'),(106,'geometric-patterned-cardigan-digital',36,'Botble\\Ecommerce\\Models\\Product','products','2025-07-28 01:49:29','2025-07-28 01:49:36'),(107,'buckle-detail-ankle-booties',37,'Botble\\Ecommerce\\Models\\Product','products','2025-07-28 01:49:29','2025-07-28 01:49:29'),(108,'embroidered-bomber-jacket',38,'Botble\\Ecommerce\\Models\\Product','products','2025-07-28 01:49:29','2025-07-28 01:49:29'),(109,'cowl-neck-knit-poncho',39,'Botble\\Ecommerce\\Models\\Product','products','2025-07-28 01:49:30','2025-07-28 01:49:30'),(110,'chunky-knit-infinity-scarf-digital',40,'Botble\\Ecommerce\\Models\\Product','products','2025-07-28 01:49:30','2025-07-28 01:49:36'),(111,'retro-high-top-sneakers',41,'Botble\\Ecommerce\\Models\\Product','products','2025-07-28 01:49:30','2025-07-28 01:49:30'),(112,'faux-leather-leggings',42,'Botble\\Ecommerce\\Models\\Product','products','2025-07-28 01:49:30','2025-07-28 01:49:30'),(113,'metallic-pleated-maxi-skirt',43,'Botble\\Ecommerce\\Models\\Product','products','2025-07-28 01:49:30','2025-07-28 01:49:30'),(114,'perfect',1,'Botble\\Gallery\\Models\\Gallery','galleries','2025-07-28 01:49:34','2025-07-28 01:49:34'),(115,'new-day',2,'Botble\\Gallery\\Models\\Gallery','galleries','2025-07-28 01:49:34','2025-07-28 01:49:34'),(116,'happy-day',3,'Botble\\Gallery\\Models\\Gallery','galleries','2025-07-28 01:49:34','2025-07-28 01:49:34'),(117,'nature',4,'Botble\\Gallery\\Models\\Gallery','galleries','2025-07-28 01:49:34','2025-07-28 01:49:34'),(118,'morning',5,'Botble\\Gallery\\Models\\Gallery','galleries','2025-07-28 01:49:34','2025-07-28 01:49:34'),(119,'home',1,'Botble\\Page\\Models\\Page','','2025-07-28 01:49:34','2025-07-28 01:49:34'),(120,'categories',2,'Botble\\Page\\Models\\Page','','2025-07-28 01:49:34','2025-07-28 01:49:34'),(121,'brands',3,'Botble\\Page\\Models\\Page','','2025-07-28 01:49:34','2025-07-28 01:49:34'),(122,'coupons',4,'Botble\\Page\\Models\\Page','','2025-07-28 01:49:34','2025-07-28 01:49:34'),(123,'blog',5,'Botble\\Page\\Models\\Page','','2025-07-28 01:49:34','2025-07-28 01:49:34'),(124,'contact',6,'Botble\\Page\\Models\\Page','','2025-07-28 01:49:34','2025-07-28 01:49:34'),(125,'faqs',7,'Botble\\Page\\Models\\Page','','2025-07-28 01:49:34','2025-07-28 01:49:34'),(126,'cookie-policy',8,'Botble\\Page\\Models\\Page','','2025-07-28 01:49:34','2025-07-28 01:49:34'),(127,'our-story',9,'Botble\\Page\\Models\\Page','','2025-07-28 01:49:34','2025-07-28 01:49:34'),(128,'careers',10,'Botble\\Page\\Models\\Page','','2025-07-28 01:49:34','2025-07-28 01:49:34'),(129,'shipping',11,'Botble\\Page\\Models\\Page','','2025-07-28 01:49:34','2025-07-28 01:49:34'),(130,'coming-soon',12,'Botble\\Page\\Models\\Page','','2025-07-28 01:49:34','2025-07-28 01:49:34'),(131,'return-policy',13,'Botble\\Page\\Models\\Page','','2025-07-28 01:49:34','2025-07-28 01:49:34'),(132,'leather-ankle-boots',44,'Botble\\Ecommerce\\Models\\Product','products','2025-07-28 01:49:36','2025-07-28 01:49:36'),(133,'leather-ankle-boots',45,'Botble\\Ecommerce\\Models\\Product','products','2025-07-28 01:49:36','2025-07-28 01:49:36'),(134,'leather-ankle-boots',46,'Botble\\Ecommerce\\Models\\Product','products','2025-07-28 01:49:36','2025-07-28 01:49:36'),(135,'knit-turtleneck-sweater-digital',47,'Botble\\Ecommerce\\Models\\Product','products','2025-07-28 01:49:36','2025-07-28 01:49:36'),(136,'knit-turtleneck-sweater-digital',48,'Botble\\Ecommerce\\Models\\Product','products','2025-07-28 01:49:36','2025-07-28 01:49:36'),(137,'classic-aviator-sunglasses',49,'Botble\\Ecommerce\\Models\\Product','products','2025-07-28 01:49:36','2025-07-28 01:49:36'),(138,'classic-aviator-sunglasses',50,'Botble\\Ecommerce\\Models\\Product','products','2025-07-28 01:49:36','2025-07-28 01:49:36'),(139,'classic-aviator-sunglasses',51,'Botble\\Ecommerce\\Models\\Product','products','2025-07-28 01:49:36','2025-07-28 01:49:36'),(140,'classic-aviator-sunglasses',52,'Botble\\Ecommerce\\Models\\Product','products','2025-07-28 01:49:36','2025-07-28 01:49:36'),(141,'tailored-wool-blazer',53,'Botble\\Ecommerce\\Models\\Product','products','2025-07-28 01:49:36','2025-07-28 01:49:36'),(142,'tailored-wool-blazer',54,'Botble\\Ecommerce\\Models\\Product','products','2025-07-28 01:49:36','2025-07-28 01:49:36'),(143,'tailored-wool-blazer',55,'Botble\\Ecommerce\\Models\\Product','products','2025-07-28 01:49:36','2025-07-28 01:49:36'),(144,'bohemian-fringe-handbag',56,'Botble\\Ecommerce\\Models\\Product','products','2025-07-28 01:49:36','2025-07-28 01:49:36'),(145,'high-waisted-wide-leg-trousers',57,'Botble\\Ecommerce\\Models\\Product','products','2025-07-28 01:49:36','2025-07-28 01:49:36'),(146,'high-waisted-wide-leg-trousers',58,'Botble\\Ecommerce\\Models\\Product','products','2025-07-28 01:49:36','2025-07-28 01:49:36'),(147,'statement-chunky-necklace',59,'Botble\\Ecommerce\\Models\\Product','products','2025-07-28 01:49:36','2025-07-28 01:49:36'),(148,'statement-chunky-necklace',60,'Botble\\Ecommerce\\Models\\Product','products','2025-07-28 01:49:36','2025-07-28 01:49:36'),(149,'chic-fedora-hat-digital',61,'Botble\\Ecommerce\\Models\\Product','products','2025-07-28 01:49:36','2025-07-28 01:49:36'),(150,'chic-fedora-hat-digital',62,'Botble\\Ecommerce\\Models\\Product','products','2025-07-28 01:49:36','2025-07-28 01:49:36'),(151,'strappy-block-heel-sandals',63,'Botble\\Ecommerce\\Models\\Product','products','2025-07-28 01:49:36','2025-07-28 01:49:36'),(152,'velvet-evening-gown',64,'Botble\\Ecommerce\\Models\\Product','products','2025-07-28 01:49:36','2025-07-28 01:49:36'),(153,'velvet-evening-gown',65,'Botble\\Ecommerce\\Models\\Product','products','2025-07-28 01:49:36','2025-07-28 01:49:36'),(154,'velvet-evening-gown',66,'Botble\\Ecommerce\\Models\\Product','products','2025-07-28 01:49:36','2025-07-28 01:49:36'),(155,'distressed-skinny-jeans-digital',67,'Botble\\Ecommerce\\Models\\Product','products','2025-07-28 01:49:36','2025-07-28 01:49:36'),(156,'distressed-skinny-jeans-digital',68,'Botble\\Ecommerce\\Models\\Product','products','2025-07-28 01:49:36','2025-07-28 01:49:36'),(157,'distressed-skinny-jeans-digital',69,'Botble\\Ecommerce\\Models\\Product','products','2025-07-28 01:49:36','2025-07-28 01:49:36'),(158,'cotton-striped-t-shirt-dress',70,'Botble\\Ecommerce\\Models\\Product','products','2025-07-28 01:49:36','2025-07-28 01:49:36'),(159,'cotton-striped-t-shirt-dress',71,'Botble\\Ecommerce\\Models\\Product','products','2025-07-28 01:49:36','2025-07-28 01:49:36'),(160,'cotton-striped-t-shirt-dress',72,'Botble\\Ecommerce\\Models\\Product','products','2025-07-28 01:49:36','2025-07-28 01:49:36'),(161,'printed-palazzo-pants',73,'Botble\\Ecommerce\\Models\\Product','products','2025-07-28 01:49:36','2025-07-28 01:49:36'),(162,'structured-satchel-bag-digital',74,'Botble\\Ecommerce\\Models\\Product','products','2025-07-28 01:49:36','2025-07-28 01:49:36'),(163,'structured-satchel-bag-digital',75,'Botble\\Ecommerce\\Models\\Product','products','2025-07-28 01:49:36','2025-07-28 01:49:36'),(164,'off-shoulder-ruffle-top',76,'Botble\\Ecommerce\\Models\\Product','products','2025-07-28 01:49:36','2025-07-28 01:49:36'),(165,'suede-pointed-toe-pumps',77,'Botble\\Ecommerce\\Models\\Product','products','2025-07-28 01:49:36','2025-07-28 01:49:36'),(166,'suede-pointed-toe-pumps',78,'Botble\\Ecommerce\\Models\\Product','products','2025-07-28 01:49:36','2025-07-28 01:49:36'),(167,'suede-pointed-toe-pumps',79,'Botble\\Ecommerce\\Models\\Product','products','2025-07-28 01:49:36','2025-07-28 01:49:36'),(168,'suede-pointed-toe-pumps',80,'Botble\\Ecommerce\\Models\\Product','products','2025-07-28 01:49:36','2025-07-28 01:49:36'),(169,'cropped-cable-knit-sweater',81,'Botble\\Ecommerce\\Models\\Product','products','2025-07-28 01:49:36','2025-07-28 01:49:36'),(170,'cropped-cable-knit-sweater',82,'Botble\\Ecommerce\\Models\\Product','products','2025-07-28 01:49:36','2025-07-28 01:49:36'),(171,'athleisure-jogger-pants-digital',83,'Botble\\Ecommerce\\Models\\Product','products','2025-07-28 01:49:36','2025-07-28 01:49:36'),(172,'athleisure-jogger-pants-digital',84,'Botble\\Ecommerce\\Models\\Product','products','2025-07-28 01:49:36','2025-07-28 01:49:36'),(173,'faux-fur-trimmed-coat',85,'Botble\\Ecommerce\\Models\\Product','products','2025-07-28 01:49:36','2025-07-28 01:49:36'),(174,'faux-fur-trimmed-coat',86,'Botble\\Ecommerce\\Models\\Product','products','2025-07-28 01:49:36','2025-07-28 01:49:36'),(175,'beaded-evening-clutch',87,'Botble\\Ecommerce\\Models\\Product','products','2025-07-28 01:49:36','2025-07-28 01:49:36'),(176,'beaded-evening-clutch',88,'Botble\\Ecommerce\\Models\\Product','products','2025-07-28 01:49:36','2025-07-28 01:49:36'),(177,'beaded-evening-clutch',89,'Botble\\Ecommerce\\Models\\Product','products','2025-07-28 01:49:36','2025-07-28 01:49:36'),(178,'wide-brim-floppy-hat',90,'Botble\\Ecommerce\\Models\\Product','products','2025-07-28 01:49:36','2025-07-28 01:49:36'),(179,'wide-brim-floppy-hat',91,'Botble\\Ecommerce\\Models\\Product','products','2025-07-28 01:49:36','2025-07-28 01:49:36'),(180,'wide-brim-floppy-hat',92,'Botble\\Ecommerce\\Models\\Product','products','2025-07-28 01:49:36','2025-07-28 01:49:36'),(181,'wide-brim-floppy-hat',93,'Botble\\Ecommerce\\Models\\Product','products','2025-07-28 01:49:36','2025-07-28 01:49:36'),(182,'metallic-pleated-maxi-skirt',94,'Botble\\Ecommerce\\Models\\Product','products','2025-07-28 01:49:36','2025-07-28 01:49:36'),(183,'metallic-pleated-maxi-skirt',95,'Botble\\Ecommerce\\Models\\Product','products','2025-07-28 01:49:36','2025-07-28 01:49:36');

--
-- Table structure for table `slugs_translations`
--

CREATE TABLE `slugs_translations` (
  `lang_code` varchar(20) COLLATE utf8mb4_unicode_ci NOT NULL,
  `slugs_id` bigint unsigned NOT NULL,
  `key` varchar(191) COLLATE utf8mb4_unicode_ci DEFAULT NULL,
  `prefix` varchar(120) COLLATE utf8mb4_unicode_ci DEFAULT '',
  PRIMARY KEY (`lang_code`,`slugs_id`)
) ENGINE=InnoDB DEFAULT CHARSET=utf8mb4 COLLATE=utf8mb4_unicode_ci;

--
-- Dumping data for table `slugs_translations`
--


--
-- Table structure for table `social_logins`
--

CREATE TABLE `social_logins` (
  `id` bigint unsigned NOT NULL AUTO_INCREMENT,
  `user_type` varchar(191) COLLATE utf8mb4_unicode_ci NOT NULL,
  `user_id` bigint unsigned NOT NULL,
  `provider` varchar(191) COLLATE utf8mb4_unicode_ci NOT NULL,
  `provider_id` varchar(191) COLLATE utf8mb4_unicode_ci NOT NULL,
  `token` text COLLATE utf8mb4_unicode_ci,
  `refresh_token` text COLLATE utf8mb4_unicode_ci,
  `token_expires_at` timestamp NULL DEFAULT NULL,
  `provider_data` json DEFAULT NULL,
  `created_at` timestamp NULL DEFAULT NULL,
  `updated_at` timestamp NULL DEFAULT NULL,
  PRIMARY KEY (`id`),
  UNIQUE KEY `social_logins_provider_provider_id_unique` (`provider`,`provider_id`),
  KEY `social_logins_user_type_user_id_index` (`user_type`,`user_id`),
  KEY `social_logins_user_id_user_type_index` (`user_id`,`user_type`)
) ENGINE=InnoDB DEFAULT CHARSET=utf8mb4 COLLATE=utf8mb4_unicode_ci;

--
-- Dumping data for table `social_logins`
--


--
-- Table structure for table `states`
--

CREATE TABLE `states` (
  `id` bigint unsigned NOT NULL AUTO_INCREMENT,
  `name` varchar(120) COLLATE utf8mb4_unicode_ci NOT NULL,
  `slug` varchar(120) COLLATE utf8mb4_unicode_ci DEFAULT NULL,
  `abbreviation` varchar(10) COLLATE utf8mb4_unicode_ci DEFAULT NULL,
  `country_id` bigint unsigned DEFAULT NULL,
  `order` tinyint NOT NULL DEFAULT '0',
  `image` varchar(191) COLLATE utf8mb4_unicode_ci DEFAULT NULL,
  `is_default` tinyint unsigned NOT NULL DEFAULT '0',
  `status` varchar(60) COLLATE utf8mb4_unicode_ci NOT NULL DEFAULT 'published',
  `created_at` timestamp NULL DEFAULT NULL,
  `updated_at` timestamp NULL DEFAULT NULL,
  PRIMARY KEY (`id`),
  UNIQUE KEY `states_slug_unique` (`slug`)
) ENGINE=InnoDB DEFAULT CHARSET=utf8mb4 COLLATE=utf8mb4_unicode_ci;

--
-- Dumping data for table `states`
--


--
-- Table structure for table `states_translations`
--

CREATE TABLE `states_translations` (
  `lang_code` varchar(20) COLLATE utf8mb4_unicode_ci NOT NULL,
  `states_id` bigint unsigned NOT NULL,
  `name` varchar(120) COLLATE utf8mb4_unicode_ci DEFAULT NULL,
  `slug` varchar(120) COLLATE utf8mb4_unicode_ci DEFAULT NULL,
  `abbreviation` varchar(10) COLLATE utf8mb4_unicode_ci DEFAULT NULL,
  PRIMARY KEY (`lang_code`,`states_id`)
) ENGINE=InnoDB DEFAULT CHARSET=utf8mb4 COLLATE=utf8mb4_unicode_ci;

--
-- Dumping data for table `states_translations`
--


--
-- Table structure for table `tags`
--

CREATE TABLE `tags` (
  `id` bigint unsigned NOT NULL AUTO_INCREMENT,
  `name` varchar(120) COLLATE utf8mb4_unicode_ci NOT NULL,
  `author_id` bigint unsigned DEFAULT NULL,
  `author_type` varchar(191) COLLATE utf8mb4_unicode_ci NOT NULL,
  `description` varchar(400) COLLATE utf8mb4_unicode_ci DEFAULT NULL,
  `status` varchar(60) COLLATE utf8mb4_unicode_ci NOT NULL DEFAULT 'published',
  `created_at` timestamp NULL DEFAULT NULL,
  `updated_at` timestamp NULL DEFAULT NULL,
  PRIMARY KEY (`id`)
) ENGINE=InnoDB AUTO_INCREMENT=9 DEFAULT CHARSET=utf8mb4 COLLATE=utf8mb4_unicode_ci;

--
-- Dumping data for table `tags`
--

INSERT INTO `tags` VALUES (1,'General',1,'Botble\\ACL\\Models\\User',NULL,'published','2025-07-28 01:49:18','2025-07-28 01:49:18'),(2,'Design',1,'Botble\\ACL\\Models\\User',NULL,'published','2025-07-28 01:49:18','2025-07-28 01:49:18'),(3,'Fashion',1,'Botble\\ACL\\Models\\User',NULL,'published','2025-07-28 01:49:18','2025-07-28 01:49:18'),(4,'Branding',1,'Botble\\ACL\\Models\\User',NULL,'published','2025-07-28 01:49:18','2025-07-28 01:49:18'),(5,'Modern',1,'Botble\\ACL\\Models\\User',NULL,'published','2025-07-28 01:49:18','2025-07-28 01:49:18'),(6,'Nature',1,'Botble\\ACL\\Models\\User',NULL,'published','2025-07-28 01:49:18','2025-07-28 01:49:18'),(7,'Vintage',1,'Botble\\ACL\\Models\\User',NULL,'published','2025-07-28 01:49:18','2025-07-28 01:49:18'),(8,'Sunglasses',1,'Botble\\ACL\\Models\\User',NULL,'published','2025-07-28 01:49:18','2025-07-28 01:49:18');

--
-- Table structure for table `tags_translations`
--

CREATE TABLE `tags_translations` (
  `lang_code` varchar(20) COLLATE utf8mb4_unicode_ci NOT NULL,
  `tags_id` bigint unsigned NOT NULL,
  `name` varchar(191) COLLATE utf8mb4_unicode_ci DEFAULT NULL,
  `description` varchar(400) COLLATE utf8mb4_unicode_ci DEFAULT NULL,
  PRIMARY KEY (`lang_code`,`tags_id`)
) ENGINE=InnoDB DEFAULT CHARSET=utf8mb4 COLLATE=utf8mb4_unicode_ci;

--
-- Dumping data for table `tags_translations`
--


--
-- Table structure for table `testimonials`
--

CREATE TABLE `testimonials` (
  `id` bigint unsigned NOT NULL AUTO_INCREMENT,
  `name` varchar(120) COLLATE utf8mb4_unicode_ci NOT NULL,
  `content` text COLLATE utf8mb4_unicode_ci NOT NULL,
  `image` varchar(191) COLLATE utf8mb4_unicode_ci DEFAULT NULL,
  `company` varchar(120) COLLATE utf8mb4_unicode_ci DEFAULT NULL,
  `status` varchar(60) COLLATE utf8mb4_unicode_ci NOT NULL DEFAULT 'published',
  `created_at` timestamp NULL DEFAULT NULL,
  `updated_at` timestamp NULL DEFAULT NULL,
  PRIMARY KEY (`id`)
) ENGINE=InnoDB AUTO_INCREMENT=5 DEFAULT CHARSET=utf8mb4 COLLATE=utf8mb4_unicode_ci;

--
-- Dumping data for table `testimonials`
--

INSERT INTO `testimonials` VALUES (1,'James Dopli','Thanks for all your efforts and teamwork over the last several months!  Thank you so much','main/users/8.jpg','Developer','published','2025-07-28 01:49:25','2025-07-28 01:49:25'),(2,'Theodore Handle','How you use the city or town name is up to you. All results may be freely used in any work.','main/users/10.jpg','CO Founder','published','2025-07-28 01:49:25','2025-07-28 01:49:25'),(3,'Shahnewaz Sakil','Very happy with our choice to take our daughter to Brave care. The entire team was great! Thank you!','main/users/10.jpg','UI/UX Designer','published','2025-07-28 01:49:25','2025-07-28 01:49:25'),(4,'Albert Flores','Wedding day savior! 5 stars. Their bridal collection is a game-changer. Made me feel like a star.','main/users/3.jpg','Bank of America','published','2025-07-28 01:49:25','2025-07-28 01:49:25');

--
-- Table structure for table `testimonials_translations`
--

CREATE TABLE `testimonials_translations` (
  `lang_code` varchar(20) COLLATE utf8mb4_unicode_ci NOT NULL,
  `testimonials_id` bigint unsigned NOT NULL,
  `name` varchar(191) COLLATE utf8mb4_unicode_ci DEFAULT NULL,
  `content` text COLLATE utf8mb4_unicode_ci,
  `company` varchar(120) COLLATE utf8mb4_unicode_ci DEFAULT NULL,
  PRIMARY KEY (`lang_code`,`testimonials_id`)
) ENGINE=InnoDB DEFAULT CHARSET=utf8mb4 COLLATE=utf8mb4_unicode_ci;

--
-- Dumping data for table `testimonials_translations`
--


--
-- Table structure for table `user_meta`
--

CREATE TABLE `user_meta` (
  `id` bigint unsigned NOT NULL AUTO_INCREMENT,
  `key` varchar(120) COLLATE utf8mb4_unicode_ci DEFAULT NULL,
  `value` text COLLATE utf8mb4_unicode_ci,
  `user_id` bigint unsigned NOT NULL,
  `created_at` timestamp NULL DEFAULT NULL,
  `updated_at` timestamp NULL DEFAULT NULL,
  PRIMARY KEY (`id`),
  KEY `user_meta_user_id_index` (`user_id`)
) ENGINE=InnoDB DEFAULT CHARSET=utf8mb4 COLLATE=utf8mb4_unicode_ci;

--
-- Dumping data for table `user_meta`
--


--
-- Table structure for table `user_settings`
--

CREATE TABLE `user_settings` (
  `id` bigint unsigned NOT NULL AUTO_INCREMENT,
  `user_type` varchar(191) COLLATE utf8mb4_unicode_ci NOT NULL,
  `user_id` bigint unsigned NOT NULL,
  `key` varchar(191) COLLATE utf8mb4_unicode_ci NOT NULL,
  `value` json NOT NULL,
  `created_at` timestamp NULL DEFAULT NULL,
  `updated_at` timestamp NULL DEFAULT NULL,
  PRIMARY KEY (`id`),
  UNIQUE KEY `user_settings_user_type_user_id_key_unique` (`user_type`,`user_id`,`key`),
  KEY `user_settings_user_type_user_id_index` (`user_type`,`user_id`),
  KEY `user_settings_key_index` (`key`)
) ENGINE=InnoDB DEFAULT CHARSET=utf8mb4 COLLATE=utf8mb4_unicode_ci;

--
-- Dumping data for table `user_settings`
--


--
-- Table structure for table `users`
--

CREATE TABLE `users` (
  `id` bigint unsigned NOT NULL AUTO_INCREMENT,
  `email` varchar(191) COLLATE utf8mb4_unicode_ci NOT NULL,
  `phone` varchar(20) COLLATE utf8mb4_unicode_ci DEFAULT NULL,
  `email_verified_at` timestamp NULL DEFAULT NULL,
  `password` varchar(120) COLLATE utf8mb4_unicode_ci DEFAULT NULL,
  `remember_token` varchar(100) COLLATE utf8mb4_unicode_ci DEFAULT NULL,
  `created_at` timestamp NULL DEFAULT NULL,
  `updated_at` timestamp NULL DEFAULT NULL,
  `first_name` varchar(120) COLLATE utf8mb4_unicode_ci DEFAULT NULL,
  `last_name` varchar(120) COLLATE utf8mb4_unicode_ci DEFAULT NULL,
  `username` varchar(60) COLLATE utf8mb4_unicode_ci DEFAULT NULL,
  `avatar_id` bigint unsigned DEFAULT NULL,
  `super_user` tinyint(1) NOT NULL DEFAULT '0',
  `manage_supers` tinyint(1) NOT NULL DEFAULT '0',
  `permissions` text COLLATE utf8mb4_unicode_ci,
  `last_login` timestamp NULL DEFAULT NULL,
  PRIMARY KEY (`id`),
  UNIQUE KEY `users_email_unique` (`email`),
  UNIQUE KEY `users_username_unique` (`username`)
) ENGINE=InnoDB AUTO_INCREMENT=2 DEFAULT CHARSET=utf8mb4 COLLATE=utf8mb4_unicode_ci;

--
-- Dumping data for table `users`
--

INSERT INTO `users` VALUES (1,'calista63@harber.com',NULL,NULL,'$2y$12$XV0/BH9sTJHa4pVd7..G3.DOkUPEkgJQB5RsZmuxGGQDmMXVLbigq',NULL,'2025-07-28 01:49:07','2025-07-28 01:49:07','Brad','Gleason','admin',NULL,1,1,NULL,NULL);

--
-- Table structure for table `widgets`
--

CREATE TABLE `widgets` (
  `id` bigint unsigned NOT NULL AUTO_INCREMENT,
  `widget_id` varchar(120) COLLATE utf8mb4_unicode_ci NOT NULL,
  `sidebar_id` varchar(120) COLLATE utf8mb4_unicode_ci NOT NULL,
  `theme` varchar(120) COLLATE utf8mb4_unicode_ci NOT NULL,
  `position` tinyint unsigned NOT NULL DEFAULT '0',
  `data` text COLLATE utf8mb4_unicode_ci,
  `created_at` timestamp NULL DEFAULT NULL,
  `updated_at` timestamp NULL DEFAULT NULL,
  PRIMARY KEY (`id`)
) ENGINE=InnoDB AUTO_INCREMENT=20 DEFAULT CHARSET=utf8mb4 COLLATE=utf8mb4_unicode_ci;

--
-- Dumping data for table `widgets`
--

INSERT INTO `widgets` VALUES (1,'SiteInfoWidget','footer_primary_sidebar','shofy-fashion',1,'{\"id\":\"SiteInfoWidget\",\"logo\":\"main\\/general\\/logo.png\",\"logo_height\":50,\"about\":\"Shofy is a powerful tool eCommerce Laravel script for creating a professional and visually appealing online store.\",\"show_social_links\":true}','2025-07-28 01:49:35','2025-07-28 01:49:35'),(2,'CustomMenuWidget','footer_primary_sidebar','shofy-fashion',2,'{\"id\":\"CustomMenuWidget\",\"name\":\"My Account\",\"menu_id\":\"my-account\"}','2025-07-28 01:49:35','2025-07-28 01:49:35'),(3,'CustomMenuWidget','footer_primary_sidebar','shofy-fashion',3,'{\"id\":\"CustomMenuWidget\",\"name\":\"Information\",\"menu_id\":\"information\"}','2025-07-28 01:49:35','2025-07-28 01:49:35'),(4,'SiteContactWidget','footer_primary_sidebar','shofy-fashion',4,'{\"id\":\"SiteContactWidget\",\"name\":\"Talk To Us\",\"phone_label\":\"Got Questions? Call us\",\"phone\":\"+670 413 90 762\",\"email\":\"support@shofy.com\",\"address\":\"79 Sleepy Hollow St. Jamaica, New York 1432\"}','2025-07-28 01:49:35','2025-07-28 01:49:35'),(5,'ProductCategoriesWidget','footer_primary_sidebar','shofy-fashion',5,'{\"id\":\"ProductCategoriesWidget\",\"name\":\"Health & Beauty\",\"categories\":[5,6,7,8,10,11,12]}','2025-07-28 01:49:35','2025-07-28 01:49:35'),(6,'ProductCategoriesWidget','footer_primary_sidebar','shofy-fashion',7,'{\"id\":\"ProductCategoriesWidget\",\"name\":\"Electronics\",\"style\":\"simple-text\",\"categories\":[3,4,15,18,19,20]}','2025-07-28 01:49:35','2025-07-28 01:49:35'),(7,'ProductCategoriesWidget','footer_primary_sidebar','shofy-fashion',8,'{\"id\":\"ProductCategoriesWidget\",\"name\":\"Sweet Treats\",\"categories\":[11,12,13,14,15,16,17]}','2025-07-28 01:49:35','2025-07-28 01:49:35'),(8,'ProductCategoriesWidget','footer_primary_sidebar','shofy-fashion',9,'{\"id\":\"ProductCategoriesWidget\",\"name\":\"Fashion\",\"categories\":[1,2,3,4,5,6,7,8]}','2025-07-28 01:49:35','2025-07-28 01:49:35'),(9,'NewsletterWidget','footer_top_sidebar','shofy-fashion',1,'{\"id\":\"NewsletterWidget\",\"title\":\"Subscribe our Newsletter\",\"subtitle\":\"Sale 20% off all store\"}','2025-07-28 01:49:35','2025-07-28 01:49:35'),(10,'SiteCopyrightWidget','footer_bottom_sidebar','shofy-fashion',1,'{\"id\":\"SiteCopyrightWidget\",\"content\":\"\\u00a9 %y% All rights Reserved.\"}','2025-07-28 01:49:35','2025-07-28 01:49:35'),(11,'SiteAcceptedPaymentsWidget','footer_bottom_sidebar','shofy-fashion',2,'{\"id\":\"SiteAcceptedPaymentsWidget\",\"name\":\"Accepted Payments\",\"image\":\"main\\/general\\/footer-pay.png\",\"url\":\"#\"}','2025-07-28 01:49:35','2025-07-28 01:49:35'),(12,'BlogSearchWidget','blog_sidebar','shofy-fashion',1,'{\"id\":\"BlogSearchWidget\"}','2025-07-28 01:49:35','2025-07-28 01:49:35'),(13,'BlogAboutMeWidget','blog_sidebar','shofy-fashion',2,'{\"id\":\"BlogAboutMeWidget\",\"name\":\"About Me\",\"author_url\":\"\\/blog\",\"author_avatar\":\"main\\/users\\/7.jpg\",\"author_name\":\"Ravi O\'Leigh\",\"author_role\":\"Photographer & Blogger\",\"author_description\":\"Lorem ligula eget dolor. Aenean massa. Cum sociis que penatibus magnis dis parturient\",\"author_signature\":\"main\\/general\\/signature.png\"}','2025-07-28 01:49:35','2025-07-28 01:49:35'),(14,'BlogPostsWidget','blog_sidebar','shofy-fashion',3,'{\"id\":\"BlogPostsWidget\",\"name\":\"Latest Posts\",\"limit\":3}','2025-07-28 01:49:35','2025-07-28 01:49:35'),(15,'BlogCategoriesWidget','blog_sidebar','shofy-fashion',4,'{\"id\":\"BlogCategoriesWidget\",\"name\":\"Categories\",\"number_display\":6}','2025-07-28 01:49:35','2025-07-28 01:49:35'),(16,'BlogTagsWidget','blog_sidebar','shofy-fashion',5,'{\"id\":\"BlogTagsWidget\",\"name\":\"Popular Tags\",\"number_display\":6}','2025-07-28 01:49:35','2025-07-28 01:49:35'),(17,'ProductDetailInfoWidget','product_details_sidebar','shofy-fashion',1,'{\"id\":\"ProductDetailInfoWidget\",\"messages\":[[{\"key\":\"message\",\"value\":\"30 days easy returns\"}],[{\"key\":\"message\",\"value\":\"Order yours before 2.30pm for same day dispatch\"}]],\"description\":\"Guaranteed safe & secure checkout\",\"image\":\"main\\/general\\/footer-pay.png\"}','2025-07-28 01:49:35','2025-07-28 01:49:35'),(18,'EcommerceBrands','products_listing_top_sidebar','shofy-fashion',1,'{\"id\":\"EcommerceBrands\",\"brand_ids\":[1,2,3,4,5]}','2025-07-28 01:49:35','2025-07-28 01:49:35'),(19,'ProductCategoriesWidget','products_listing_top_sidebar','shofy-fashion',2,'{\"id\":\"ProductCategoriesWidget\",\"categories\":[1,2,7,11,18,19],\"style\":\"grid\",\"display_children\":true}','2025-07-28 01:49:35','2025-07-28 01:49:35');


