--
-- Host: 127.0.0.1    Database: shofy
-- ------------------------------------------------------


--
-- Table structure for table `activations`
--

CREATE TABLE `activations` (
  `id` bigint unsigned NOT NULL AUTO_INCREMENT,
  `user_id` bigint unsigned NOT NULL,
  `code` varchar(120) COLLATE utf8mb4_unicode_ci NOT NULL,
  `completed` tinyint(1) NOT NULL DEFAULT '0',
  `completed_at` timestamp NULL DEFAULT NULL,
  `created_at` timestamp NULL DEFAULT NULL,
  `updated_at` timestamp NULL DEFAULT NULL,
  PRIMARY KEY (`id`),
  KEY `activations_user_id_index` (`user_id`)
) ENGINE=InnoDB AUTO_INCREMENT=2 DEFAULT CHARSET=utf8mb4 COLLATE=utf8mb4_unicode_ci;

--
-- Dumping data for table `activations`
--

INSERT INTO `activations` VALUES (1,1,'imysATGEyW74WpAHfALXWFTY5172nAwT',1,'2025-07-28 01:50:22','2025-07-28 01:50:22','2025-07-28 01:50:22');

--
-- Table structure for table `admin_notifications`
--

CREATE TABLE `admin_notifications` (
  `id` bigint unsigned NOT NULL AUTO_INCREMENT,
  `title` varchar(191) COLLATE utf8mb4_unicode_ci NOT NULL,
  `action_label` varchar(191) COLLATE utf8mb4_unicode_ci DEFAULT NULL,
  `action_url` varchar(191) COLLATE utf8mb4_unicode_ci DEFAULT NULL,
  `description` varchar(400) COLLATE utf8mb4_unicode_ci DEFAULT NULL,
  `read_at` timestamp NULL DEFAULT NULL,
  `created_at` timestamp NULL DEFAULT NULL,
  `updated_at` timestamp NULL DEFAULT NULL,
  `permission` varchar(191) COLLATE utf8mb4_unicode_ci DEFAULT NULL,
  PRIMARY KEY (`id`)
) ENGINE=InnoDB DEFAULT CHARSET=utf8mb4 COLLATE=utf8mb4_unicode_ci;

--
-- Dumping data for table `admin_notifications`
--


--
-- Table structure for table `ads`
--

CREATE TABLE `ads` (
  `id` bigint unsigned NOT NULL AUTO_INCREMENT,
  `name` varchar(191) COLLATE utf8mb4_unicode_ci NOT NULL,
  `expired_at` datetime DEFAULT NULL,
  `location` varchar(120) COLLATE utf8mb4_unicode_ci DEFAULT NULL,
  `key` varchar(120) COLLATE utf8mb4_unicode_ci NOT NULL,
  `image` varchar(191) COLLATE utf8mb4_unicode_ci DEFAULT NULL,
  `url` varchar(191) COLLATE utf8mb4_unicode_ci DEFAULT NULL,
  `clicked` bigint NOT NULL DEFAULT '0',
  `order` int DEFAULT '0',
  `status` varchar(60) COLLATE utf8mb4_unicode_ci NOT NULL DEFAULT 'published',
  `created_at` timestamp NULL DEFAULT NULL,
  `updated_at` timestamp NULL DEFAULT NULL,
  `open_in_new_tab` tinyint(1) NOT NULL DEFAULT '1',
  `tablet_image` varchar(191) COLLATE utf8mb4_unicode_ci DEFAULT NULL,
  `mobile_image` varchar(191) COLLATE utf8mb4_unicode_ci DEFAULT NULL,
  `ads_type` varchar(191) COLLATE utf8mb4_unicode_ci DEFAULT NULL,
  `google_adsense_slot_id` varchar(191) COLLATE utf8mb4_unicode_ci DEFAULT NULL,
  PRIMARY KEY (`id`),
  UNIQUE KEY `ads_key_unique` (`key`)
) ENGINE=InnoDB AUTO_INCREMENT=5 DEFAULT CHARSET=utf8mb4 COLLATE=utf8mb4_unicode_ci;

--
-- Dumping data for table `ads`
--

INSERT INTO `ads` VALUES (1,'Ads 1','2030-07-28 00:00:00','not_set','UROL9F9ZZVAA','main/banners/1.jpg','/products',0,1,'published','2025-07-28 01:50:40','2025-07-28 01:50:40',1,NULL,NULL,'custom_ad',NULL),(2,'Ads 2','2030-07-28 00:00:00','not_set','B30VDBKO7SBF','main/banners/2.jpg','/products',0,2,'published','2025-07-28 01:50:40','2025-07-28 01:50:40',1,NULL,NULL,'custom_ad',NULL),(3,'Ads 3','2030-07-28 00:00:00','not_set','L1WDL8YGZUOR','grocery/banners/1.jpg','/products',0,3,'published','2025-07-28 01:50:40','2025-07-28 01:50:40',1,NULL,NULL,'custom_ad',NULL),(4,'Ads 4','2030-07-28 00:00:00','not_set','GA3K1VZWNMPF','grocery/banners/2.png','/products',0,4,'published','2025-07-28 01:50:40','2025-07-28 01:50:40',1,NULL,NULL,'custom_ad',NULL);

--
-- Table structure for table `ads_translations`
--

CREATE TABLE `ads_translations` (
  `lang_code` varchar(191) COLLATE utf8mb4_unicode_ci NOT NULL,
  `ads_id` bigint unsigned NOT NULL,
  `name` varchar(191) COLLATE utf8mb4_unicode_ci DEFAULT NULL,
  `image` varchar(191) COLLATE utf8mb4_unicode_ci DEFAULT NULL,
  `url` varchar(191) COLLATE utf8mb4_unicode_ci DEFAULT NULL,
  `tablet_image` varchar(191) COLLATE utf8mb4_unicode_ci DEFAULT NULL,
  `mobile_image` varchar(191) COLLATE utf8mb4_unicode_ci DEFAULT NULL,
  PRIMARY KEY (`lang_code`,`ads_id`)
) ENGINE=InnoDB DEFAULT CHARSET=utf8mb4 COLLATE=utf8mb4_unicode_ci;

--
-- Dumping data for table `ads_translations`
--


--
-- Table structure for table `announcements`
--

CREATE TABLE `announcements` (
  `id` bigint unsigned NOT NULL AUTO_INCREMENT,
  `name` varchar(191) COLLATE utf8mb4_unicode_ci NOT NULL,
  `content` text COLLATE utf8mb4_unicode_ci NOT NULL,
  `has_action` tinyint(1) NOT NULL DEFAULT '0',
  `action_label` varchar(60) COLLATE utf8mb4_unicode_ci DEFAULT NULL,
  `action_url` varchar(400) COLLATE utf8mb4_unicode_ci DEFAULT NULL,
  `action_open_new_tab` tinyint(1) NOT NULL DEFAULT '0',
  `dismissible` tinyint(1) NOT NULL DEFAULT '0',
  `start_date` datetime DEFAULT NULL,
  `end_date` datetime DEFAULT NULL,
  `is_active` tinyint(1) NOT NULL DEFAULT '1',
  `created_at` timestamp NULL DEFAULT NULL,
  `updated_at` timestamp NULL DEFAULT NULL,
  PRIMARY KEY (`id`)
) ENGINE=InnoDB AUTO_INCREMENT=4 DEFAULT CHARSET=utf8mb4 COLLATE=utf8mb4_unicode_ci;

--
-- Dumping data for table `announcements`
--

INSERT INTO `announcements` VALUES (1,'Announcement 1','🍇 Fresh arrivals just in! Shop now for quality groceries and elevate your meals!',0,NULL,NULL,0,1,'2025-07-28 08:50:35',NULL,1,'2025-07-28 01:50:35','2025-07-28 01:50:35'),(2,'Announcement 2','🚀 Explore new flavors hassle-free. Enjoy free delivery on orders over $50!',0,NULL,NULL,0,1,'2025-07-28 08:50:35',NULL,1,'2025-07-28 01:50:35','2025-07-28 01:50:35'),(3,'Announcement 3','🌽 Quality guaranteed! Hassle-free returns within 30 days for your peace of mind.',0,NULL,NULL,0,1,'2025-07-28 08:50:35',NULL,1,'2025-07-28 01:50:35','2025-07-28 01:50:35');

--
-- Table structure for table `announcements_translations`
--

CREATE TABLE `announcements_translations` (
  `lang_code` varchar(191) COLLATE utf8mb4_unicode_ci NOT NULL,
  `announcements_id` bigint unsigned NOT NULL,
  `content` text COLLATE utf8mb4_unicode_ci,
  `action_label` varchar(60) COLLATE utf8mb4_unicode_ci DEFAULT NULL,
  PRIMARY KEY (`lang_code`,`announcements_id`)
) ENGINE=InnoDB DEFAULT CHARSET=utf8mb4 COLLATE=utf8mb4_unicode_ci;

--
-- Dumping data for table `announcements_translations`
--


--
-- Table structure for table `audit_histories`
--

CREATE TABLE `audit_histories` (
  `id` bigint unsigned NOT NULL AUTO_INCREMENT,
  `user_id` bigint unsigned NOT NULL,
  `user_type` varchar(191) COLLATE utf8mb4_unicode_ci DEFAULT 'Botble\\ACL\\Models\\User',
  `module` varchar(60) COLLATE utf8mb4_unicode_ci NOT NULL,
  `request` longtext COLLATE utf8mb4_unicode_ci,
  `action` varchar(120) COLLATE utf8mb4_unicode_ci NOT NULL,
  `user_agent` text COLLATE utf8mb4_unicode_ci,
  `ip_address` varchar(45) COLLATE utf8mb4_unicode_ci DEFAULT NULL,
  `actor_id` bigint unsigned NOT NULL,
  `actor_type` varchar(191) COLLATE utf8mb4_unicode_ci DEFAULT 'Botble\\ACL\\Models\\User',
  `reference_id` bigint unsigned NOT NULL,
  `reference_name` varchar(191) COLLATE utf8mb4_unicode_ci NOT NULL,
  `type` varchar(20) COLLATE utf8mb4_unicode_ci NOT NULL,
  `created_at` timestamp NULL DEFAULT NULL,
  `updated_at` timestamp NULL DEFAULT NULL,
  PRIMARY KEY (`id`),
  KEY `audit_histories_user_id_index` (`user_id`),
  KEY `audit_histories_module_index` (`module`)
) ENGINE=InnoDB DEFAULT CHARSET=utf8mb4 COLLATE=utf8mb4_unicode_ci;

--
-- Dumping data for table `audit_histories`
--


--
-- Table structure for table `cache`
--

CREATE TABLE `cache` (
  `key` varchar(191) COLLATE utf8mb4_unicode_ci NOT NULL,
  `value` mediumtext COLLATE utf8mb4_unicode_ci NOT NULL,
  `expiration` int NOT NULL,
  PRIMARY KEY (`key`)
) ENGINE=InnoDB DEFAULT CHARSET=utf8mb4 COLLATE=utf8mb4_unicode_ci;

--
-- Dumping data for table `cache`
--


--
-- Table structure for table `cache_locks`
--

CREATE TABLE `cache_locks` (
  `key` varchar(191) COLLATE utf8mb4_unicode_ci NOT NULL,
  `owner` varchar(191) COLLATE utf8mb4_unicode_ci NOT NULL,
  `expiration` int NOT NULL,
  PRIMARY KEY (`key`)
) ENGINE=InnoDB DEFAULT CHARSET=utf8mb4 COLLATE=utf8mb4_unicode_ci;

--
-- Dumping data for table `cache_locks`
--


--
-- Table structure for table `categories`
--

CREATE TABLE `categories` (
  `id` bigint unsigned NOT NULL AUTO_INCREMENT,
  `name` varchar(120) COLLATE utf8mb4_unicode_ci NOT NULL,
  `parent_id` bigint unsigned NOT NULL DEFAULT '0',
  `description` varchar(400) COLLATE utf8mb4_unicode_ci DEFAULT NULL,
  `status` varchar(60) COLLATE utf8mb4_unicode_ci NOT NULL DEFAULT 'published',
  `author_id` bigint unsigned DEFAULT NULL,
  `author_type` varchar(191) COLLATE utf8mb4_unicode_ci NOT NULL DEFAULT 'Botble\\ACL\\Models\\User',
  `icon` varchar(60) COLLATE utf8mb4_unicode_ci DEFAULT NULL,
  `order` int unsigned NOT NULL DEFAULT '0',
  `is_featured` tinyint NOT NULL DEFAULT '0',
  `is_default` tinyint unsigned NOT NULL DEFAULT '0',
  `created_at` timestamp NULL DEFAULT NULL,
  `updated_at` timestamp NULL DEFAULT NULL,
  PRIMARY KEY (`id`),
  KEY `categories_parent_id_index` (`parent_id`),
  KEY `categories_status_index` (`status`),
  KEY `categories_created_at_index` (`created_at`)
) ENGINE=InnoDB AUTO_INCREMENT=7 DEFAULT CHARSET=utf8mb4 COLLATE=utf8mb4_unicode_ci;

--
-- Dumping data for table `categories`
--

INSERT INTO `categories` VALUES (1,'Crisp Bread &amp; Cake',0,'Tempora aliquam quae modi molestias et excepturi quisquam tempora. Exercitationem asperiores magnam omnis quae culpa est. Dolores magni quae ut occaecati facere sit eius.','published',1,'Botble\\ACL\\Models\\User',NULL,0,0,0,'2025-07-28 01:50:29','2025-07-28 01:50:29'),(2,'Fashion',0,'Pariatur exercitationem nihil deleniti harum sit. Aut tempora eum explicabo omnis et ut laboriosam. Incidunt voluptas a eum. Dolorem nemo ullam non quia. Architecto molestiae est harum.','published',1,'Botble\\ACL\\Models\\User',NULL,0,1,0,'2025-07-28 01:50:29','2025-07-28 01:50:29'),(3,'Electronic',0,'Rerum nobis quae itaque ut. Assumenda voluptas commodi aut provident a. Corrupti incidunt doloremque perspiciatis unde a aperiam voluptas. Aspernatur ipsa esse aliquam iste doloribus.','published',1,'Botble\\ACL\\Models\\User',NULL,0,1,0,'2025-07-28 01:50:29','2025-07-28 01:50:29'),(4,'Commercial',0,'Aut provident cupiditate sed architecto ut sunt ducimus. Ut animi modi eos facere id sint. Est eligendi expedita eaque dolorem. Praesentium et suscipit ducimus voluptas quo consequatur.','published',1,'Botble\\ACL\\Models\\User',NULL,0,1,0,'2025-07-28 01:50:29','2025-07-28 01:50:29'),(5,'Organic Fruits',0,'Est voluptatem aut doloremque et tempora voluptas. Nemo aut omnis voluptatum ipsam fugit amet eos. Quidem corrupti incidunt cupiditate occaecati autem quas. Qui ratione totam neque sunt.','published',1,'Botble\\ACL\\Models\\User',NULL,0,1,0,'2025-07-28 01:50:29','2025-07-28 01:50:29'),(6,'Ecological',0,'Placeat illo a est rerum. Architecto ut officiis aut minus quae. Sequi mollitia magni laborum.','published',1,'Botble\\ACL\\Models\\User',NULL,0,1,0,'2025-07-28 01:50:29','2025-07-28 01:50:29');

--
-- Table structure for table `categories_translations`
--

CREATE TABLE `categories_translations` (
  `lang_code` varchar(20) COLLATE utf8mb4_unicode_ci NOT NULL,
  `categories_id` bigint unsigned NOT NULL,
  `name` varchar(191) COLLATE utf8mb4_unicode_ci DEFAULT NULL,
  `description` varchar(400) COLLATE utf8mb4_unicode_ci DEFAULT NULL,
  PRIMARY KEY (`lang_code`,`categories_id`)
) ENGINE=InnoDB DEFAULT CHARSET=utf8mb4 COLLATE=utf8mb4_unicode_ci;

--
-- Dumping data for table `categories_translations`
--


--
-- Table structure for table `cities`
--

CREATE TABLE `cities` (
  `id` bigint unsigned NOT NULL AUTO_INCREMENT,
  `name` varchar(120) COLLATE utf8mb4_unicode_ci NOT NULL,
  `slug` varchar(120) COLLATE utf8mb4_unicode_ci DEFAULT NULL,
  `state_id` bigint unsigned DEFAULT NULL,
  `country_id` bigint unsigned DEFAULT NULL,
  `record_id` varchar(40) COLLATE utf8mb4_unicode_ci DEFAULT NULL,
  `order` tinyint NOT NULL DEFAULT '0',
  `image` varchar(191) COLLATE utf8mb4_unicode_ci DEFAULT NULL,
  `is_default` tinyint unsigned NOT NULL DEFAULT '0',
  `status` varchar(60) COLLATE utf8mb4_unicode_ci NOT NULL DEFAULT 'published',
  `created_at` timestamp NULL DEFAULT NULL,
  `updated_at` timestamp NULL DEFAULT NULL,
  `zip_code` varchar(20) COLLATE utf8mb4_unicode_ci DEFAULT NULL,
  PRIMARY KEY (`id`),
  UNIQUE KEY `cities_slug_unique` (`slug`)
) ENGINE=InnoDB DEFAULT CHARSET=utf8mb4 COLLATE=utf8mb4_unicode_ci;

--
-- Dumping data for table `cities`
--


--
-- Table structure for table `cities_translations`
--

CREATE TABLE `cities_translations` (
  `lang_code` varchar(20) COLLATE utf8mb4_unicode_ci NOT NULL,
  `cities_id` bigint unsigned NOT NULL,
  `name` varchar(120) COLLATE utf8mb4_unicode_ci DEFAULT NULL,
  `slug` varchar(120) COLLATE utf8mb4_unicode_ci DEFAULT NULL,
  PRIMARY KEY (`lang_code`,`cities_id`)
) ENGINE=InnoDB DEFAULT CHARSET=utf8mb4 COLLATE=utf8mb4_unicode_ci;

--
-- Dumping data for table `cities_translations`
--


--
-- Table structure for table `contact_custom_field_options`
--

CREATE TABLE `contact_custom_field_options` (
  `id` bigint unsigned NOT NULL AUTO_INCREMENT,
  `custom_field_id` bigint unsigned NOT NULL,
  `label` varchar(191) COLLATE utf8mb4_unicode_ci DEFAULT NULL,
  `value` varchar(191) COLLATE utf8mb4_unicode_ci NOT NULL,
  `order` int NOT NULL DEFAULT '999',
  `created_at` timestamp NULL DEFAULT NULL,
  `updated_at` timestamp NULL DEFAULT NULL,
  PRIMARY KEY (`id`)
) ENGINE=InnoDB DEFAULT CHARSET=utf8mb4 COLLATE=utf8mb4_unicode_ci;

--
-- Dumping data for table `contact_custom_field_options`
--


--
-- Table structure for table `contact_custom_field_options_translations`
--

CREATE TABLE `contact_custom_field_options_translations` (
  `contact_custom_field_options_id` bigint unsigned NOT NULL,
  `lang_code` varchar(191) COLLATE utf8mb4_unicode_ci NOT NULL,
  `label` varchar(191) COLLATE utf8mb4_unicode_ci DEFAULT NULL,
  `value` varchar(191) COLLATE utf8mb4_unicode_ci DEFAULT NULL,
  PRIMARY KEY (`lang_code`,`contact_custom_field_options_id`)
) ENGINE=InnoDB DEFAULT CHARSET=utf8mb4 COLLATE=utf8mb4_unicode_ci;

--
-- Dumping data for table `contact_custom_field_options_translations`
--


--
-- Table structure for table `contact_custom_fields`
--

CREATE TABLE `contact_custom_fields` (
  `id` bigint unsigned NOT NULL AUTO_INCREMENT,
  `type` varchar(191) COLLATE utf8mb4_unicode_ci NOT NULL,
  `required` tinyint(1) NOT NULL DEFAULT '0',
  `name` varchar(191) COLLATE utf8mb4_unicode_ci NOT NULL,
  `placeholder` varchar(191) COLLATE utf8mb4_unicode_ci DEFAULT NULL,
  `order` int NOT NULL DEFAULT '999',
  `status` varchar(191) COLLATE utf8mb4_unicode_ci NOT NULL DEFAULT 'published',
  `created_at` timestamp NULL DEFAULT NULL,
  `updated_at` timestamp NULL DEFAULT NULL,
  PRIMARY KEY (`id`)
) ENGINE=InnoDB DEFAULT CHARSET=utf8mb4 COLLATE=utf8mb4_unicode_ci;

--
-- Dumping data for table `contact_custom_fields`
--


--
-- Table structure for table `contact_custom_fields_translations`
--

CREATE TABLE `contact_custom_fields_translations` (
  `contact_custom_fields_id` bigint unsigned NOT NULL,
  `lang_code` varchar(191) COLLATE utf8mb4_unicode_ci NOT NULL,
  `name` varchar(191) COLLATE utf8mb4_unicode_ci DEFAULT NULL,
  `placeholder` varchar(191) COLLATE utf8mb4_unicode_ci DEFAULT NULL,
  PRIMARY KEY (`lang_code`,`contact_custom_fields_id`)
) ENGINE=InnoDB DEFAULT CHARSET=utf8mb4 COLLATE=utf8mb4_unicode_ci;

--
-- Dumping data for table `contact_custom_fields_translations`
--


--
-- Table structure for table `contact_replies`
--

CREATE TABLE `contact_replies` (
  `id` bigint unsigned NOT NULL AUTO_INCREMENT,
  `message` longtext COLLATE utf8mb4_unicode_ci NOT NULL,
  `contact_id` bigint unsigned NOT NULL,
  `created_at` timestamp NULL DEFAULT NULL,
  `updated_at` timestamp NULL DEFAULT NULL,
  PRIMARY KEY (`id`)
) ENGINE=InnoDB DEFAULT CHARSET=utf8mb4 COLLATE=utf8mb4_unicode_ci;

--
-- Dumping data for table `contact_replies`
--


--
-- Table structure for table `contacts`
--

CREATE TABLE `contacts` (
  `id` bigint unsigned NOT NULL AUTO_INCREMENT,
  `name` varchar(60) COLLATE utf8mb4_unicode_ci NOT NULL,
  `email` varchar(60) COLLATE utf8mb4_unicode_ci DEFAULT NULL,
  `phone` varchar(60) COLLATE utf8mb4_unicode_ci DEFAULT NULL,
  `address` varchar(120) COLLATE utf8mb4_unicode_ci DEFAULT NULL,
  `subject` varchar(120) COLLATE utf8mb4_unicode_ci DEFAULT NULL,
  `content` longtext COLLATE utf8mb4_unicode_ci NOT NULL,
  `custom_fields` text COLLATE utf8mb4_unicode_ci,
  `status` varchar(60) COLLATE utf8mb4_unicode_ci NOT NULL DEFAULT 'unread',
  `created_at` timestamp NULL DEFAULT NULL,
  `updated_at` timestamp NULL DEFAULT NULL,
  PRIMARY KEY (`id`)
) ENGINE=InnoDB AUTO_INCREMENT=11 DEFAULT CHARSET=utf8mb4 COLLATE=utf8mb4_unicode_ci;

--
-- Dumping data for table `contacts`
--

INSERT INTO `contacts` VALUES (1,'Henriette Hahn','dkeebler@example.com','434-729-8927','7999 Sharon Fork\nBaumbachton, AL 83918-5877','Perspiciatis beatae sit excepturi culpa enim.','Numquam quaerat eius aut et sapiente adipisci et exercitationem. Dolor error repellendus commodi occaecati autem mollitia voluptas. Est voluptates delectus maiores omnis. Vitae consequatur aut fuga voluptatum. Veniam velit est deserunt voluptas enim inventore animi. Vitae harum delectus dolore quis occaecati repudiandae. Repellat eveniet eos dicta ut voluptatibus tenetur perspiciatis.',NULL,'read','2025-07-28 01:50:27','2025-07-28 01:50:27'),(2,'Dr. Davion Padberg','quitzon.marilie@example.org','+13609290353','1671 Mann Prairie\nBuckridgeborough, AK 65685','Quae facere adipisci enim dolor ea alias.','Aliquam beatae aut fuga. Aut reiciendis eveniet dolor quis qui sunt. Voluptatem dicta omnis a doloribus consequatur. Rerum id quasi voluptate nihil voluptatem ut aut non. Repellendus dolor vel dolorem error. Quae vel voluptatem laborum accusantium voluptas. Recusandae illo ea architecto quia natus consequuntur ipsa. Autem est sint placeat qui non optio quod.',NULL,'read','2025-07-28 01:50:27','2025-07-28 01:50:27'),(3,'Leta Gleichner','liza.erdman@example.com','+1.660.992.4788','77036 Ines Way\nKyleberg, TN 56184-6309','Dolor ipsum quia dolorem qui quas reprehenderit.','Quibusdam dolore ut quibusdam velit asperiores blanditiis. Necessitatibus et doloremque alias quaerat dignissimos quidem corrupti. Nesciunt est cum dolores quis. Consequatur voluptates modi rerum et at. Quia omnis aspernatur quis amet labore dolore. Deleniti sapiente qui quidem. Animi inventore perferendis eum quia ut. Autem enim id fuga eaque placeat qui. Ullam debitis voluptate molestias voluptatibus voluptatum.',NULL,'unread','2025-07-28 01:50:27','2025-07-28 01:50:27'),(4,'Mrs. Ellen Ritchie DDS','smarks@example.org','+1-351-514-1747','89531 Hilpert Ridge Apt. 249\nEmoryborough, MI 64003-8067','Voluptatem quo qui voluptate ex nulla quis.','Eligendi consequatur est saepe assumenda eligendi consequatur quis. Sint quibusdam sunt nobis fuga ut. Velit dolorem laborum veniam blanditiis blanditiis reiciendis. Rerum expedita eum magni suscipit sint. Est quidem pariatur illum quas et dolorem. Ipsum atque iure quia nemo. Nostrum ut ut eum dolores sit. Fugiat sit sint maiores repudiandae magni aperiam. Officia omnis est et sunt cumque consequatur labore. Et in tempora magni iure voluptatem. Occaecati cum ratione hic quasi optio qui.',NULL,'read','2025-07-28 01:50:27','2025-07-28 01:50:27'),(5,'Mrs. Mallie Murazik Sr.','syble89@example.net','(385) 213-9190','347 Dandre Ford Suite 124\nSouth Curtmouth, OR 28824','Deleniti molestias est aliquam maiores.','Laborum culpa aut accusamus nulla incidunt facere ex. Quia natus voluptas magni numquam et beatae delectus. Quaerat architecto corporis fuga omnis sequi vero voluptatem. Non porro earum nesciunt fugit illo dolores sed. Optio quia quia voluptates voluptates. A aspernatur repellendus et ratione deleniti maxime. Nobis iusto in est totam numquam eaque impedit assumenda. Aut reprehenderit et sint voluptatibus. Et veniam nihil necessitatibus et ullam dolorum. Quia sint rem eum porro.',NULL,'unread','2025-07-28 01:50:27','2025-07-28 01:50:27'),(6,'Rylee Sauer','angelina.renner@example.net','1-364-785-6127','518 Helena Wells\nLake Raulfurt, PA 84928-8168','Et quae optio est. Qui ea numquam fugiat ex.','Quia quidem enim accusamus. Recusandae laboriosam eligendi et vitae id. Dolor quia ratione quaerat praesentium. Aut quam laudantium eos minima voluptatem. Veritatis animi id aut necessitatibus. Necessitatibus repellendus repellat culpa voluptas quo earum nihil. Perspiciatis ullam et adipisci nulla et ut voluptas. Ut quibusdam sint qui et. Fugit ipsam beatae consequuntur odio voluptatem. Sed distinctio minus hic quo incidunt delectus quidem. Soluta debitis consequatur quae praesentium eum.',NULL,'read','2025-07-28 01:50:27','2025-07-28 01:50:27'),(7,'Dr. Mozelle Wilkinson','bode.jamison@example.net','1-757-634-7658','347 Kautzer Mission Apt. 639\nWest Ceasar, NY 77169','Non quam fugiat et repudiandae tempore et.','Et aut ut pariatur magni excepturi fugit molestias. Qui quaerat ut ut impedit molestias qui. Velit dolorem incidunt voluptas et rerum animi. Voluptatem molestiae aliquam perferendis et iure. Neque ut et eum consequatur. Quis est dolorem ut minima id eaque ut. Quo reprehenderit sunt ipsam vel fugiat maxime. Ea ex voluptas voluptatem a. Sit est aspernatur necessitatibus harum. Autem cum earum iusto tempora explicabo cumque voluptas. Esse nemo doloremque similique rem nihil et minima cupiditate.',NULL,'unread','2025-07-28 01:50:27','2025-07-28 01:50:27'),(8,'Tyshawn Gottlieb','bgrant@example.net','+1-339-881-8602','7290 Cummings Island Suite 454\nLeoville, MT 54297-0026','Voluptas quia accusantium ut.','Deserunt sit eum eum quos. Deleniti et nisi dicta fugiat distinctio inventore modi. Amet nihil inventore sit voluptate fugiat eveniet. Ipsam sed veniam dignissimos. Placeat fugiat sint omnis error in rerum veritatis. Est ipsa et et quisquam corporis fuga. Molestias exercitationem quam tempora officiis deserunt. Labore dolores ab iste explicabo.',NULL,'unread','2025-07-28 01:50:27','2025-07-28 01:50:27'),(9,'Mortimer Wehner','nadia.blanda@example.com','(229) 668-2547','145 Weimann Ports Suite 559\nTaraview, NM 75876-9941','Laudantium enim illum omnis nobis dolor.','Porro tenetur architecto ut eligendi numquam ab sunt fugit. Sed est aut maxime cupiditate consequatur totam voluptates. Et ab dicta odit nisi. Dolor necessitatibus veniam id itaque. Accusamus nobis sequi vitae vitae sunt consequatur nihil. Temporibus voluptatem ut et aliquam sed. Et laudantium eos quas at soluta nobis. Eos tempora quam quibusdam dolore. Est occaecati similique quam in et et incidunt. Amet alias est voluptatum voluptate.',NULL,'read','2025-07-28 01:50:27','2025-07-28 01:50:27'),(10,'Ms. Carolina Conn','cierra84@example.net','984-264-4928','932 Fredrick Common Apt. 828\nNew Mitchel, UT 69212','Natus ut ea amet iste provident eum ut.','Nesciunt et non voluptate ut. Est ullam dolores quia laudantium fugiat eligendi soluta. Magni ullam qui voluptas deleniti. Adipisci iusto veritatis aut. Ut ipsam non neque impedit architecto. Earum sint sit quia eligendi tempora nostrum consequatur. Facilis hic omnis ducimus ut necessitatibus. Adipisci et et laboriosam ducimus. Rerum atque doloribus at possimus. Aut voluptatem voluptatem veritatis. Beatae voluptas quaerat modi et aut iste. Quia quia ut quibusdam qui quasi vel laboriosam.',NULL,'unread','2025-07-28 01:50:27','2025-07-28 01:50:27');

--
-- Table structure for table `countries`
--

CREATE TABLE `countries` (
  `id` bigint unsigned NOT NULL AUTO_INCREMENT,
  `name` varchar(120) COLLATE utf8mb4_unicode_ci NOT NULL,
  `nationality` varchar(120) COLLATE utf8mb4_unicode_ci DEFAULT NULL,
  `order` tinyint NOT NULL DEFAULT '0',
  `image` varchar(191) COLLATE utf8mb4_unicode_ci DEFAULT NULL,
  `is_default` tinyint unsigned NOT NULL DEFAULT '0',
  `status` varchar(60) COLLATE utf8mb4_unicode_ci NOT NULL DEFAULT 'published',
  `created_at` timestamp NULL DEFAULT NULL,
  `updated_at` timestamp NULL DEFAULT NULL,
  `code` varchar(10) COLLATE utf8mb4_unicode_ci DEFAULT NULL,
  PRIMARY KEY (`id`)
) ENGINE=InnoDB DEFAULT CHARSET=utf8mb4 COLLATE=utf8mb4_unicode_ci;

--
-- Dumping data for table `countries`
--


--
-- Table structure for table `countries_translations`
--

CREATE TABLE `countries_translations` (
  `lang_code` varchar(20) COLLATE utf8mb4_unicode_ci NOT NULL,
  `countries_id` bigint unsigned NOT NULL,
  `name` varchar(120) COLLATE utf8mb4_unicode_ci DEFAULT NULL,
  `nationality` varchar(120) COLLATE utf8mb4_unicode_ci DEFAULT NULL,
  PRIMARY KEY (`lang_code`,`countries_id`)
) ENGINE=InnoDB DEFAULT CHARSET=utf8mb4 COLLATE=utf8mb4_unicode_ci;

--
-- Dumping data for table `countries_translations`
--


--
-- Table structure for table `dashboard_widget_settings`
--

CREATE TABLE `dashboard_widget_settings` (
  `id` bigint unsigned NOT NULL AUTO_INCREMENT,
  `settings` text COLLATE utf8mb4_unicode_ci,
  `user_id` bigint unsigned NOT NULL,
  `widget_id` bigint unsigned NOT NULL,
  `order` tinyint unsigned NOT NULL DEFAULT '0',
  `status` tinyint unsigned NOT NULL DEFAULT '1',
  `created_at` timestamp NULL DEFAULT NULL,
  `updated_at` timestamp NULL DEFAULT NULL,
  PRIMARY KEY (`id`),
  KEY `dashboard_widget_settings_user_id_index` (`user_id`),
  KEY `dashboard_widget_settings_widget_id_index` (`widget_id`)
) ENGINE=InnoDB DEFAULT CHARSET=utf8mb4 COLLATE=utf8mb4_unicode_ci;

--
-- Dumping data for table `dashboard_widget_settings`
--


--
-- Table structure for table `dashboard_widgets`
--

CREATE TABLE `dashboard_widgets` (
  `id` bigint unsigned NOT NULL AUTO_INCREMENT,
  `name` varchar(120) COLLATE utf8mb4_unicode_ci NOT NULL,
  `created_at` timestamp NULL DEFAULT NULL,
  `updated_at` timestamp NULL DEFAULT NULL,
  PRIMARY KEY (`id`)
) ENGINE=InnoDB DEFAULT CHARSET=utf8mb4 COLLATE=utf8mb4_unicode_ci;

--
-- Dumping data for table `dashboard_widgets`
--


--
-- Table structure for table `device_tokens`
--

CREATE TABLE `device_tokens` (
  `id` bigint unsigned NOT NULL AUTO_INCREMENT,
  `token` varchar(191) COLLATE utf8mb4_unicode_ci NOT NULL,
  `platform` varchar(191) COLLATE utf8mb4_unicode_ci DEFAULT NULL,
  `app_version` varchar(191) COLLATE utf8mb4_unicode_ci DEFAULT NULL,
  `device_id` varchar(191) COLLATE utf8mb4_unicode_ci DEFAULT NULL,
  `user_type` varchar(191) COLLATE utf8mb4_unicode_ci DEFAULT NULL,
  `user_id` bigint unsigned DEFAULT NULL,
  `is_active` tinyint(1) NOT NULL DEFAULT '1',
  `last_used_at` timestamp NULL DEFAULT NULL,
  `created_at` timestamp NULL DEFAULT NULL,
  `updated_at` timestamp NULL DEFAULT NULL,
  PRIMARY KEY (`id`),
  UNIQUE KEY `device_tokens_token_unique` (`token`),
  KEY `device_tokens_user_type_user_id_index` (`user_type`,`user_id`),
  KEY `device_tokens_platform_is_active_index` (`platform`,`is_active`),
  KEY `device_tokens_is_active_index` (`is_active`)
) ENGINE=InnoDB DEFAULT CHARSET=utf8mb4 COLLATE=utf8mb4_unicode_ci;

--
-- Dumping data for table `device_tokens`
--


--
-- Table structure for table `ec_abandoned_carts`
--

CREATE TABLE `ec_abandoned_carts` (
  `id` bigint unsigned NOT NULL AUTO_INCREMENT,
  `customer_id` bigint unsigned DEFAULT NULL,
  `session_id` varchar(191) COLLATE utf8mb4_unicode_ci DEFAULT NULL,
  `cart_data` json NOT NULL,
  `total_amount` decimal(15,2) NOT NULL DEFAULT '0.00',
  `items_count` int NOT NULL DEFAULT '0',
  `email` varchar(191) COLLATE utf8mb4_unicode_ci DEFAULT NULL,
  `phone` varchar(191) COLLATE utf8mb4_unicode_ci DEFAULT NULL,
  `customer_name` varchar(191) COLLATE utf8mb4_unicode_ci DEFAULT NULL,
  `abandoned_at` timestamp NULL DEFAULT NULL,
  `reminder_sent_at` timestamp NULL DEFAULT NULL,
  `reminders_sent` int NOT NULL DEFAULT '0',
  `is_recovered` tinyint(1) NOT NULL DEFAULT '0',
  `recovered_at` timestamp NULL DEFAULT NULL,
  `recovered_order_id` bigint unsigned DEFAULT NULL,
  `created_at` timestamp NULL DEFAULT NULL,
  `updated_at` timestamp NULL DEFAULT NULL,
  PRIMARY KEY (`id`),
  KEY `ec_abandoned_carts_abandoned_at_is_recovered_index` (`abandoned_at`,`is_recovered`),
  KEY `ec_abandoned_carts_created_at_is_recovered_index` (`created_at`,`is_recovered`),
  KEY `ec_abandoned_carts_customer_id_index` (`customer_id`),
  KEY `ec_abandoned_carts_session_id_index` (`session_id`),
  KEY `ec_abandoned_carts_email_index` (`email`),
  KEY `ec_abandoned_carts_recovered_order_id_index` (`recovered_order_id`)
) ENGINE=InnoDB DEFAULT CHARSET=utf8mb4 COLLATE=utf8mb4_unicode_ci;

--
-- Dumping data for table `ec_abandoned_carts`
--


--
-- Table structure for table `ec_brands`
--

CREATE TABLE `ec_brands` (
  `id` bigint unsigned NOT NULL AUTO_INCREMENT,
  `name` varchar(191) COLLATE utf8mb4_unicode_ci NOT NULL,
  `description` mediumtext COLLATE utf8mb4_unicode_ci,
  `website` varchar(191) COLLATE utf8mb4_unicode_ci DEFAULT NULL,
  `logo` varchar(191) COLLATE utf8mb4_unicode_ci DEFAULT NULL,
  `status` varchar(60) COLLATE utf8mb4_unicode_ci NOT NULL DEFAULT 'published',
  `order` tinyint unsigned NOT NULL DEFAULT '0',
  `is_featured` tinyint unsigned NOT NULL DEFAULT '0',
  `created_at` timestamp NULL DEFAULT NULL,
  `updated_at` timestamp NULL DEFAULT NULL,
  PRIMARY KEY (`id`)
) ENGINE=InnoDB AUTO_INCREMENT=6 DEFAULT CHARSET=utf8mb4 COLLATE=utf8mb4_unicode_ci;

--
-- Dumping data for table `ec_brands`
--

INSERT INTO `ec_brands` VALUES (1,'FoodPound','New Snacks Release',NULL,'main/brands/1.png','published',0,1,'2025-07-28 01:50:22','2025-07-28 01:50:22'),(2,'iTea JSC','Happy Tea 100% Organic. From $29.9',NULL,'main/brands/2.png','published',1,1,'2025-07-28 01:50:22','2025-07-28 01:50:22'),(3,'Soda Brand','Fresh Meat Sausage. BUY 2 GET 1!',NULL,'main/brands/3.png','published',2,1,'2025-07-28 01:50:22','2025-07-28 01:50:22'),(4,'Shofy','Fresh Meat Sausage. BUY 2 GET 1!',NULL,'main/brands/4.png','published',3,1,'2025-07-28 01:50:22','2025-07-28 01:50:22'),(5,'Soda Brand','Fresh Meat Sausage. BUY 2 GET 1!',NULL,'main/brands/5.png','published',4,1,'2025-07-28 01:50:22','2025-07-28 01:50:22');

--
-- Table structure for table `ec_brands_translations`
--

CREATE TABLE `ec_brands_translations` (
  `lang_code` varchar(191) COLLATE utf8mb4_unicode_ci NOT NULL,
  `ec_brands_id` bigint unsigned NOT NULL,
  `name` varchar(191) COLLATE utf8mb4_unicode_ci DEFAULT NULL,
  `description` mediumtext COLLATE utf8mb4_unicode_ci,
  PRIMARY KEY (`lang_code`,`ec_brands_id`)
) ENGINE=InnoDB DEFAULT CHARSET=utf8mb4 COLLATE=utf8mb4_unicode_ci;

--
-- Dumping data for table `ec_brands_translations`
--


--
-- Table structure for table `ec_cart`
--

CREATE TABLE `ec_cart` (
  `identifier` varchar(60) COLLATE utf8mb4_unicode_ci NOT NULL,
  `instance` varchar(60) COLLATE utf8mb4_unicode_ci NOT NULL,
  `content` longtext COLLATE utf8mb4_unicode_ci NOT NULL,
  `created_at` timestamp NULL DEFAULT NULL,
  `updated_at` timestamp NULL DEFAULT NULL,
  PRIMARY KEY (`identifier`,`instance`)
) ENGINE=InnoDB DEFAULT CHARSET=utf8mb4 COLLATE=utf8mb4_unicode_ci;

--
-- Dumping data for table `ec_cart`
--


--
-- Table structure for table `ec_currencies`
--

CREATE TABLE `ec_currencies` (
  `id` bigint unsigned NOT NULL AUTO_INCREMENT,
  `title` varchar(191) COLLATE utf8mb4_unicode_ci NOT NULL,
  `symbol` varchar(10) COLLATE utf8mb4_unicode_ci NOT NULL,
  `is_prefix_symbol` tinyint unsigned NOT NULL DEFAULT '0',
  `decimals` tinyint unsigned DEFAULT '0',
  `order` int unsigned DEFAULT '0',
  `is_default` tinyint NOT NULL DEFAULT '0',
  `exchange_rate` double NOT NULL DEFAULT '1',
  `created_at` timestamp NULL DEFAULT NULL,
  `updated_at` timestamp NULL DEFAULT NULL,
  PRIMARY KEY (`id`)
) ENGINE=InnoDB AUTO_INCREMENT=5 DEFAULT CHARSET=utf8mb4 COLLATE=utf8mb4_unicode_ci;

--
-- Dumping data for table `ec_currencies`
--

INSERT INTO `ec_currencies` VALUES (1,'USD','$',1,2,0,1,1,'2025-07-28 01:50:22','2025-07-28 01:50:22'),(2,'EUR','€',0,2,1,0,0.84,'2025-07-28 01:50:22','2025-07-28 01:50:22'),(3,'VND','₫',0,0,2,0,23203,'2025-07-28 01:50:22','2025-07-28 01:50:22'),(4,'NGN','₦',1,2,2,0,895.52,'2025-07-28 01:50:22','2025-07-28 01:50:22');

--
-- Table structure for table `ec_customer_addresses`
--

CREATE TABLE `ec_customer_addresses` (
  `id` bigint unsigned NOT NULL AUTO_INCREMENT,
  `name` varchar(191) COLLATE utf8mb4_unicode_ci NOT NULL,
  `email` varchar(60) COLLATE utf8mb4_unicode_ci DEFAULT NULL,
  `phone` varchar(20) COLLATE utf8mb4_unicode_ci DEFAULT NULL,
  `country` varchar(120) COLLATE utf8mb4_unicode_ci DEFAULT NULL,
  `state` varchar(120) COLLATE utf8mb4_unicode_ci DEFAULT NULL,
  `city` varchar(120) COLLATE utf8mb4_unicode_ci DEFAULT NULL,
  `address` varchar(191) COLLATE utf8mb4_unicode_ci DEFAULT NULL,
  `customer_id` bigint unsigned NOT NULL,
  `is_default` tinyint unsigned NOT NULL DEFAULT '0',
  `created_at` timestamp NULL DEFAULT NULL,
  `updated_at` timestamp NULL DEFAULT NULL,
  `zip_code` varchar(20) COLLATE utf8mb4_unicode_ci DEFAULT NULL,
  PRIMARY KEY (`id`)
) ENGINE=InnoDB AUTO_INCREMENT=13 DEFAULT CHARSET=utf8mb4 COLLATE=utf8mb4_unicode_ci;

--
-- Dumping data for table `ec_customer_addresses`
--

INSERT INTO `ec_customer_addresses` VALUES (1,'Lisandro Kihn','customer@botble.com','+19209186876','PE','Connecticut','South Johnnychester','19355 Amanda Manor',1,1,'2025-07-28 01:50:24','2025-07-28 01:50:24','46721'),(2,'Lisandro Kihn','customer@botble.com','+12812040680','DK','Illinois','East Daisha','47763 Gaylord Ridges Apt. 224',1,0,'2025-07-28 01:50:24','2025-07-28 01:50:24','76917'),(3,'Dr. Johathan Douglas Sr.','vendor@botble.com','+16607960568','NF','Michigan','Juanitamouth','53129 Jackson Vista',2,1,'2025-07-28 01:50:24','2025-07-28 01:50:24','14729'),(4,'Dr. Johathan Douglas Sr.','vendor@botble.com','+17077786806','ZM','Idaho','West Shealand','3012 McLaughlin Club Apt. 304',2,0,'2025-07-28 01:50:24','2025-07-28 01:50:24','21083-8811'),(5,'Otha Kilback','turner.ramon@example.org','+13519071412','SB','Arkansas','Dereckville','101 Hackett Orchard Suite 335',3,1,'2025-07-28 01:50:24','2025-07-28 01:50:24','26349-0881'),(6,'Mireille Eichmann V','maymie89@example.com','+13018100238','TM','Connecticut','Adamsburgh','4638 Rodriguez Fields Apt. 052',4,1,'2025-07-28 01:50:25','2025-07-28 01:50:25','93328-9379'),(7,'Dr. Hattie Kihn','btowne@example.org','+12535101234','BN','Illinois','South Vida','12220 Dickens Rapids',5,1,'2025-07-28 01:50:25','2025-07-28 01:50:25','67425'),(8,'Mallie Mohr','emmett.heidenreich@example.com','+13038263921','GS','Kansas','New Jadynstad','71001 Beryl Rapid Apt. 354',6,1,'2025-07-28 01:50:25','2025-07-28 01:50:25','39777'),(9,'Greyson Parker','brenna21@example.org','+12629867367','IQ','Colorado','Sterlingshire','64825 Jayda Ramp Apt. 973',7,1,'2025-07-28 01:50:26','2025-07-28 01:50:26','85595-7256'),(10,'Mr. Fermin Kunde MD','zlesch@example.com','+16265187513','AF','Kentucky','Raynortown','271 Vincenza Centers',8,1,'2025-07-28 01:50:26','2025-07-28 01:50:26','45989-4606'),(11,'Dr. Merle Spencer','deckow.lee@example.com','+17346199597','PS','Kentucky','North Samsonmouth','927 Littel Tunnel',9,1,'2025-07-28 01:50:26','2025-07-28 01:50:26','01472'),(12,'Carole Purdy','reece.mraz@example.net','+19543988987','FO','Missouri','East Timothy','522 Anderson Neck Apt. 831',10,1,'2025-07-28 01:50:27','2025-07-28 01:50:27','42360');

--
-- Table structure for table `ec_customer_deletion_requests`
--

CREATE TABLE `ec_customer_deletion_requests` (
  `id` bigint unsigned NOT NULL AUTO_INCREMENT,
  `customer_id` bigint unsigned NOT NULL,
  `customer_name` varchar(191) COLLATE utf8mb4_unicode_ci DEFAULT NULL,
  `customer_phone` varchar(191) COLLATE utf8mb4_unicode_ci DEFAULT NULL,
  `customer_email` varchar(191) COLLATE utf8mb4_unicode_ci DEFAULT NULL,
  `token` varchar(191) COLLATE utf8mb4_unicode_ci NOT NULL,
  `status` varchar(50) COLLATE utf8mb4_unicode_ci NOT NULL DEFAULT 'waiting_for_confirmation',
  `reason` text COLLATE utf8mb4_unicode_ci,
  `confirmed_at` datetime DEFAULT NULL,
  `created_at` timestamp NULL DEFAULT NULL,
  `updated_at` timestamp NULL DEFAULT NULL,
  PRIMARY KEY (`id`),
  UNIQUE KEY `ec_customer_deletion_requests_token_unique` (`token`)
) ENGINE=InnoDB DEFAULT CHARSET=utf8mb4 COLLATE=utf8mb4_unicode_ci;

--
-- Dumping data for table `ec_customer_deletion_requests`
--


--
-- Table structure for table `ec_customer_password_resets`
--

CREATE TABLE `ec_customer_password_resets` (
  `email` varchar(191) COLLATE utf8mb4_unicode_ci NOT NULL,
  `token` varchar(191) COLLATE utf8mb4_unicode_ci NOT NULL,
  `created_at` timestamp NULL DEFAULT NULL,
  KEY `ec_customer_password_resets_email_index` (`email`),
  KEY `ec_customer_password_resets_token_index` (`token`)
) ENGINE=InnoDB DEFAULT CHARSET=utf8mb4 COLLATE=utf8mb4_unicode_ci;

--
-- Dumping data for table `ec_customer_password_resets`
--


--
-- Table structure for table `ec_customer_recently_viewed_products`
--

CREATE TABLE `ec_customer_recently_viewed_products` (
  `id` bigint unsigned NOT NULL AUTO_INCREMENT,
  `customer_id` bigint unsigned NOT NULL,
  `product_id` bigint unsigned NOT NULL,
  PRIMARY KEY (`id`)
) ENGINE=InnoDB DEFAULT CHARSET=utf8mb4 COLLATE=utf8mb4_unicode_ci;

--
-- Dumping data for table `ec_customer_recently_viewed_products`
--


--
-- Table structure for table `ec_customer_used_coupons`
--

CREATE TABLE `ec_customer_used_coupons` (
  `discount_id` bigint unsigned NOT NULL,
  `customer_id` bigint unsigned NOT NULL,
  PRIMARY KEY (`discount_id`,`customer_id`)
) ENGINE=InnoDB DEFAULT CHARSET=utf8mb4 COLLATE=utf8mb4_unicode_ci;

--
-- Dumping data for table `ec_customer_used_coupons`
--


--
-- Table structure for table `ec_customers`
--

CREATE TABLE `ec_customers` (
  `id` bigint unsigned NOT NULL AUTO_INCREMENT,
  `name` varchar(191) COLLATE utf8mb4_unicode_ci NOT NULL,
  `email` varchar(191) COLLATE utf8mb4_unicode_ci DEFAULT NULL,
  `password` varchar(191) COLLATE utf8mb4_unicode_ci NOT NULL,
  `avatar` varchar(191) COLLATE utf8mb4_unicode_ci DEFAULT NULL,
  `dob` date DEFAULT NULL,
  `phone` varchar(20) COLLATE utf8mb4_unicode_ci DEFAULT NULL,
  `remember_token` varchar(100) COLLATE utf8mb4_unicode_ci DEFAULT NULL,
  `created_at` timestamp NULL DEFAULT NULL,
  `updated_at` timestamp NULL DEFAULT NULL,
  `confirmed_at` datetime DEFAULT NULL,
  `email_verify_token` varchar(120) COLLATE utf8mb4_unicode_ci DEFAULT NULL,
  `is_vendor` tinyint(1) NOT NULL DEFAULT '0',
  `vendor_verified_at` datetime DEFAULT NULL,
  `status` varchar(60) COLLATE utf8mb4_unicode_ci NOT NULL DEFAULT 'activated',
  `block_reason` varchar(400) COLLATE utf8mb4_unicode_ci DEFAULT NULL,
  `private_notes` text COLLATE utf8mb4_unicode_ci,
  `stripe_account_id` varchar(191) COLLATE utf8mb4_unicode_ci DEFAULT NULL,
  `stripe_account_active` tinyint(1) NOT NULL DEFAULT '0',
  PRIMARY KEY (`id`)
) ENGINE=InnoDB AUTO_INCREMENT=11 DEFAULT CHARSET=utf8mb4 COLLATE=utf8mb4_unicode_ci;

--
-- Dumping data for table `ec_customers`
--

INSERT INTO `ec_customers` VALUES (1,'Lisandro Kihn','customer@botble.com','$2y$12$ss2Q3Y1bpX0SGfZQj1LWre2k.qYZ0dmF7mZXbqFAgcDCkI6dUPhsK','main/customers/1.jpg','1975-06-29','+18303779036',NULL,'2025-07-28 01:50:24','2025-07-28 01:50:24','1975-06-29 08:50:23',NULL,0,NULL,'activated',NULL,NULL,NULL,0),(2,'Dr. Johathan Douglas Sr.','vendor@botble.com','$2y$12$cspEsEC74wpSE7Hg8dxWQ.CtnRkV9aJ0qxn9DGkSuu.aiAkaJciiu','main/customers/4.jpg','1940-06-03','+16784129241',NULL,'2025-07-28 01:50:24','2025-07-28 01:50:32','1940-06-03 08:50:23',NULL,1,'2025-07-28 08:50:32','activated',NULL,NULL,NULL,0),(3,'Otha Kilback','turner.ramon@example.org','$2y$12$tdIUEoGL.yx2NGebEyRGqOGXv7HoEYWZpFU3/SoqriAs85dMwWrWC','main/customers/1.jpg','1901-05-14','+17179823951',NULL,'2025-07-28 01:50:24','2025-07-28 01:50:33','1901-05-14 08:50:23',NULL,1,'2025-07-28 08:50:32','activated',NULL,NULL,NULL,0),(4,'Mireille Eichmann V','maymie89@example.com','$2y$12$NcIAPbs.bc3uCnQgZ1WOXu7UdNHPX0wo.qLchipsvJH5hU27G2KjS','main/customers/2.jpg','1863-04-19','+19204455276',NULL,'2025-07-28 01:50:25','2025-07-28 01:50:33','1863-04-19 08:50:23',NULL,1,'2025-07-28 08:50:32','activated',NULL,NULL,NULL,0),(5,'Dr. Hattie Kihn','btowne@example.org','$2y$12$GFxXTk4Fv3cLU2XQe/lKveZTz6iLj.12bQcGvtVOHPhZPqzj7L8WG','main/customers/3.jpg','1816-04-11','+18286010185',NULL,'2025-07-28 01:50:25','2025-07-28 01:50:33','1816-04-11 08:50:23',NULL,1,'2025-07-28 08:50:32','activated',NULL,NULL,NULL,0),(6,'Mallie Mohr','emmett.heidenreich@example.com','$2y$12$03Thqhoza8oMNohkIhDdHeDFZgNGcxa6CAAryUoajXNoIKiHXu9vu','main/customers/4.jpg','1787-03-19','+15032480624',NULL,'2025-07-28 01:50:25','2025-07-28 01:50:34','1787-03-19 08:50:23',NULL,1,'2025-07-28 08:50:32','activated',NULL,NULL,NULL,0),(7,'Greyson Parker','brenna21@example.org','$2y$12$HjzAoM2r3xSAdVyxeRsogeuEBD6FkHfEP88pkH7psQ5ns7H1FWsd.','main/customers/5.jpg','1748-03-04','+13089343262',NULL,'2025-07-28 01:50:26','2025-07-28 01:50:34','1748-03-04 08:50:23',NULL,1,'2025-07-28 08:50:32','activated',NULL,NULL,NULL,0),(8,'Mr. Fermin Kunde MD','zlesch@example.com','$2y$12$RNQa9l4J/V55RGEUtOfgOOyROTwk5XN6dqOj1s1SZnk57Ll6IjDUy','main/customers/6.jpg','1725-02-05','+19414094215',NULL,'2025-07-28 01:50:26','2025-07-28 01:50:34','1725-02-05 08:50:23',NULL,1,'2025-07-28 08:50:32','activated',NULL,NULL,NULL,0),(9,'Dr. Merle Spencer','deckow.lee@example.com','$2y$12$4EKHcUk3Wr5hr/nfAFIgeuTYvkh3n/a/OtqTPEUQ.xt4nR15r/kTC','main/customers/7.jpg','1676-01-24','+19859356984',NULL,'2025-07-28 01:50:26','2025-07-28 01:50:35','1676-01-24 08:50:23',NULL,0,NULL,'activated',NULL,NULL,NULL,0),(10,'Carole Purdy','reece.mraz@example.net','$2y$12$TwyznSGFFGmDHQgRfy/rZ.LQCH5wFcbKan3rbPE29YYzuXcPVLY0C','main/customers/8.jpg','1637-12-30','+14142481031',NULL,'2025-07-28 01:50:27','2025-07-28 01:50:35','1637-12-30 08:50:23',NULL,0,NULL,'activated',NULL,NULL,NULL,0);

--
-- Table structure for table `ec_discount_customers`
--

CREATE TABLE `ec_discount_customers` (
  `discount_id` bigint unsigned NOT NULL,
  `customer_id` bigint unsigned NOT NULL,
  PRIMARY KEY (`discount_id`,`customer_id`)
) ENGINE=InnoDB DEFAULT CHARSET=utf8mb4 COLLATE=utf8mb4_unicode_ci;

--
-- Dumping data for table `ec_discount_customers`
--


--
-- Table structure for table `ec_discount_product_categories`
--

CREATE TABLE `ec_discount_product_categories` (
  `discount_id` bigint unsigned NOT NULL,
  `product_category_id` bigint unsigned NOT NULL,
  PRIMARY KEY (`discount_id`,`product_category_id`)
) ENGINE=InnoDB DEFAULT CHARSET=utf8mb4 COLLATE=utf8mb4_unicode_ci;

--
-- Dumping data for table `ec_discount_product_categories`
--


--
-- Table structure for table `ec_discount_product_collections`
--

CREATE TABLE `ec_discount_product_collections` (
  `discount_id` bigint unsigned NOT NULL,
  `product_collection_id` bigint unsigned NOT NULL,
  PRIMARY KEY (`discount_id`,`product_collection_id`)
) ENGINE=InnoDB DEFAULT CHARSET=utf8mb4 COLLATE=utf8mb4_unicode_ci;

--
-- Dumping data for table `ec_discount_product_collections`
--


--
-- Table structure for table `ec_discount_products`
--

CREATE TABLE `ec_discount_products` (
  `discount_id` bigint unsigned NOT NULL,
  `product_id` bigint unsigned NOT NULL,
  PRIMARY KEY (`discount_id`,`product_id`)
) ENGINE=InnoDB DEFAULT CHARSET=utf8mb4 COLLATE=utf8mb4_unicode_ci;

--
-- Dumping data for table `ec_discount_products`
--


--
-- Table structure for table `ec_discounts`
--

CREATE TABLE `ec_discounts` (
  `id` bigint unsigned NOT NULL AUTO_INCREMENT,
  `title` varchar(120) COLLATE utf8mb4_unicode_ci DEFAULT NULL,
  `code` varchar(20) COLLATE utf8mb4_unicode_ci DEFAULT NULL,
  `start_date` datetime DEFAULT NULL,
  `end_date` datetime DEFAULT NULL,
  `quantity` int DEFAULT NULL,
  `total_used` int unsigned NOT NULL DEFAULT '0',
  `value` double DEFAULT NULL,
  `type` varchar(60) COLLATE utf8mb4_unicode_ci DEFAULT 'coupon',
  `can_use_with_promotion` tinyint(1) NOT NULL DEFAULT '0',
  `can_use_with_flash_sale` tinyint(1) NOT NULL DEFAULT '0',
  `discount_on` varchar(20) COLLATE utf8mb4_unicode_ci DEFAULT NULL,
  `product_quantity` int unsigned DEFAULT NULL,
  `type_option` varchar(100) COLLATE utf8mb4_unicode_ci NOT NULL DEFAULT 'amount',
  `target` varchar(100) COLLATE utf8mb4_unicode_ci NOT NULL DEFAULT 'all-orders',
  `min_order_price` decimal(15,2) DEFAULT NULL,
  `apply_via_url` tinyint(1) NOT NULL DEFAULT '0',
  `display_at_checkout` tinyint(1) NOT NULL DEFAULT '0',
  `created_at` timestamp NULL DEFAULT NULL,
  `updated_at` timestamp NULL DEFAULT NULL,
  `store_id` bigint unsigned DEFAULT NULL,
  `description` varchar(400) COLLATE utf8mb4_unicode_ci DEFAULT NULL,
  PRIMARY KEY (`id`),
  UNIQUE KEY `ec_discounts_code_unique` (`code`)
) ENGINE=InnoDB AUTO_INCREMENT=11 DEFAULT CHARSET=utf8mb4 COLLATE=utf8mb4_unicode_ci;

--
-- Dumping data for table `ec_discounts`
--

INSERT INTO `ec_discounts` VALUES (1,'Discount 1','1BUGTHKRRXNV','2025-07-27 08:50:29',NULL,NULL,0,611,'coupon',0,0,NULL,NULL,'same-price','all-orders',NULL,0,1,'2025-07-28 01:50:29','2025-07-28 01:50:29',NULL,NULL),(2,'Discount 2','UQEW4XOPOVPB','2025-07-27 08:50:29',NULL,NULL,0,115,'coupon',0,0,NULL,NULL,'shipping','all-orders',NULL,0,1,'2025-07-28 01:50:29','2025-07-28 01:50:29',NULL,NULL),(3,'Discount 3','WTUWKVXFD5NU','2025-07-27 08:50:29','2025-08-13 08:50:29',NULL,0,352,'coupon',0,0,NULL,NULL,'same-price','all-orders',NULL,0,1,'2025-07-28 01:50:29','2025-07-28 01:50:29',NULL,NULL),(4,'Discount 4','BDNTID1KO9CX','2025-07-27 08:50:29','2025-08-15 08:50:29',NULL,0,797,'coupon',0,0,NULL,NULL,'shipping','all-orders',NULL,0,1,'2025-07-28 01:50:30','2025-07-28 01:50:30',NULL,NULL),(5,'Discount 5','U5LZDWYBOGP4','2025-07-27 08:50:29',NULL,NULL,0,651,'coupon',0,0,NULL,NULL,'shipping','all-orders',NULL,0,1,'2025-07-28 01:50:30','2025-07-28 01:50:30',NULL,NULL),(6,'Discount 6','FPWIYSWIJWJF','2025-07-27 08:50:29',NULL,NULL,0,32,'coupon',0,0,NULL,NULL,'percentage','all-orders',NULL,0,1,'2025-07-28 01:50:30','2025-07-28 01:50:30',NULL,NULL),(7,'Discount 7','U3E8FGAKWXGS','2025-07-27 08:50:29','2025-08-10 08:50:29',NULL,0,119,'coupon',0,0,NULL,NULL,'shipping','all-orders',NULL,0,1,'2025-07-28 01:50:30','2025-07-28 01:50:30',NULL,NULL),(8,'Discount 8','0DDUVT8VCPG8','2025-07-27 08:50:29',NULL,NULL,0,59,'coupon',0,0,NULL,NULL,'percentage','all-orders',NULL,0,1,'2025-07-28 01:50:30','2025-07-28 01:50:30',NULL,NULL),(9,'Discount 9','QXWKGCQE4RLX','2025-07-27 08:50:29','2025-08-04 08:50:29',NULL,0,43,'coupon',0,0,NULL,NULL,'percentage','all-orders',NULL,0,1,'2025-07-28 01:50:30','2025-07-28 01:50:30',NULL,NULL),(10,'Discount 10','VOF0YBIPO5XB','2025-07-27 08:50:29',NULL,NULL,0,82,'coupon',0,0,NULL,NULL,'shipping','all-orders',NULL,0,1,'2025-07-28 01:50:30','2025-07-28 01:50:30',NULL,NULL);

--
-- Table structure for table `ec_flash_sale_products`
--

CREATE TABLE `ec_flash_sale_products` (
  `flash_sale_id` bigint unsigned NOT NULL,
  `product_id` bigint unsigned NOT NULL,
  `price` double unsigned DEFAULT NULL,
  `quantity` int unsigned DEFAULT NULL,
  `sold` int unsigned NOT NULL DEFAULT '0'
) ENGINE=InnoDB DEFAULT CHARSET=utf8mb4 COLLATE=utf8mb4_unicode_ci;

--
-- Dumping data for table `ec_flash_sale_products`
--

INSERT INTO `ec_flash_sale_products` VALUES (1,1,118.86,13,2),(1,2,173.04,11,1),(1,3,165.24,8,4),(1,4,419.44,16,4),(1,5,630,20,4),(1,6,311.71,8,3),(1,7,152.55,17,3),(1,8,1087.282,19,5),(1,9,503.04,18,1),(1,10,881.28,11,3);

--
-- Table structure for table `ec_flash_sales`
--

CREATE TABLE `ec_flash_sales` (
  `id` bigint unsigned NOT NULL AUTO_INCREMENT,
  `name` varchar(191) COLLATE utf8mb4_unicode_ci NOT NULL,
  `end_date` datetime NOT NULL,
  `status` varchar(60) COLLATE utf8mb4_unicode_ci NOT NULL DEFAULT 'published',
  `created_at` timestamp NULL DEFAULT NULL,
  `updated_at` timestamp NULL DEFAULT NULL,
  PRIMARY KEY (`id`)
) ENGINE=InnoDB AUTO_INCREMENT=2 DEFAULT CHARSET=utf8mb4 COLLATE=utf8mb4_unicode_ci;

--
-- Dumping data for table `ec_flash_sales`
--

INSERT INTO `ec_flash_sales` VALUES (1,'Winter Sale','2025-11-13 00:00:00','published','2025-07-28 01:50:40','2025-07-28 01:50:40');

--
-- Table structure for table `ec_flash_sales_translations`
--

CREATE TABLE `ec_flash_sales_translations` (
  `lang_code` varchar(191) COLLATE utf8mb4_unicode_ci NOT NULL,
  `ec_flash_sales_id` bigint unsigned NOT NULL,
  `name` varchar(191) COLLATE utf8mb4_unicode_ci DEFAULT NULL,
  PRIMARY KEY (`lang_code`,`ec_flash_sales_id`)
) ENGINE=InnoDB DEFAULT CHARSET=utf8mb4 COLLATE=utf8mb4_unicode_ci;

--
-- Dumping data for table `ec_flash_sales_translations`
--


--
-- Table structure for table `ec_global_option_value`
--

CREATE TABLE `ec_global_option_value` (
  `id` bigint unsigned NOT NULL AUTO_INCREMENT,
  `option_id` bigint unsigned NOT NULL COMMENT 'option id',
  `option_value` tinytext COLLATE utf8mb4_unicode_ci COMMENT 'option value',
  `affect_price` double DEFAULT NULL COMMENT 'value of price of this option affect',
  `order` int NOT NULL DEFAULT '9999',
  `affect_type` tinyint NOT NULL DEFAULT '0' COMMENT '0. fixed 1. percent',
  `created_at` timestamp NULL DEFAULT NULL,
  `updated_at` timestamp NULL DEFAULT NULL,
  PRIMARY KEY (`id`)
) ENGINE=InnoDB AUTO_INCREMENT=13 DEFAULT CHARSET=utf8mb4 COLLATE=utf8mb4_unicode_ci;

--
-- Dumping data for table `ec_global_option_value`
--

INSERT INTO `ec_global_option_value` VALUES (1,1,'1 Year',0,9999,0,'2025-07-28 01:50:30','2025-07-28 01:50:30'),(2,1,'2 Year',10,9999,0,'2025-07-28 01:50:30','2025-07-28 01:50:30'),(3,1,'3 Year',20,9999,0,'2025-07-28 01:50:30','2025-07-28 01:50:30'),(4,2,'4GB',0,9999,0,'2025-07-28 01:50:30','2025-07-28 01:50:30'),(5,2,'8GB',10,9999,0,'2025-07-28 01:50:30','2025-07-28 01:50:30'),(6,2,'16GB',20,9999,0,'2025-07-28 01:50:30','2025-07-28 01:50:30'),(7,3,'Core i5',0,9999,0,'2025-07-28 01:50:30','2025-07-28 01:50:30'),(8,3,'Core i7',10,9999,0,'2025-07-28 01:50:30','2025-07-28 01:50:30'),(9,3,'Core i9',20,9999,0,'2025-07-28 01:50:30','2025-07-28 01:50:30'),(10,4,'128GB',0,9999,0,'2025-07-28 01:50:30','2025-07-28 01:50:30'),(11,4,'256GB',10,9999,0,'2025-07-28 01:50:30','2025-07-28 01:50:30'),(12,4,'512GB',20,9999,0,'2025-07-28 01:50:30','2025-07-28 01:50:30');

--
-- Table structure for table `ec_global_option_value_translations`
--

CREATE TABLE `ec_global_option_value_translations` (
  `lang_code` varchar(191) COLLATE utf8mb4_unicode_ci NOT NULL,
  `ec_global_option_value_id` bigint unsigned NOT NULL,
  `option_value` varchar(191) COLLATE utf8mb4_unicode_ci DEFAULT NULL,
  PRIMARY KEY (`lang_code`,`ec_global_option_value_id`)
) ENGINE=InnoDB DEFAULT CHARSET=utf8mb4 COLLATE=utf8mb4_unicode_ci;

--
-- Dumping data for table `ec_global_option_value_translations`
--


--
-- Table structure for table `ec_global_options`
--

CREATE TABLE `ec_global_options` (
  `id` bigint unsigned NOT NULL AUTO_INCREMENT,
  `name` varchar(191) COLLATE utf8mb4_unicode_ci NOT NULL COMMENT 'Name of options',
  `option_type` varchar(191) COLLATE utf8mb4_unicode_ci NOT NULL COMMENT 'option type',
  `required` tinyint(1) NOT NULL DEFAULT '0' COMMENT 'Checked if this option is required',
  `created_at` timestamp NULL DEFAULT NULL,
  `updated_at` timestamp NULL DEFAULT NULL,
  PRIMARY KEY (`id`)
) ENGINE=InnoDB AUTO_INCREMENT=5 DEFAULT CHARSET=utf8mb4 COLLATE=utf8mb4_unicode_ci;

--
-- Dumping data for table `ec_global_options`
--

INSERT INTO `ec_global_options` VALUES (1,'Warranty','Botble\\Ecommerce\\Option\\OptionType\\RadioButton',1,'2025-07-28 01:50:30','2025-07-28 01:50:30'),(2,'RAM','Botble\\Ecommerce\\Option\\OptionType\\RadioButton',1,'2025-07-28 01:50:30','2025-07-28 01:50:30'),(3,'CPU','Botble\\Ecommerce\\Option\\OptionType\\RadioButton',1,'2025-07-28 01:50:30','2025-07-28 01:50:30'),(4,'HDD','Botble\\Ecommerce\\Option\\OptionType\\Dropdown',0,'2025-07-28 01:50:30','2025-07-28 01:50:30');

--
-- Table structure for table `ec_global_options_translations`
--

CREATE TABLE `ec_global_options_translations` (
  `lang_code` varchar(191) COLLATE utf8mb4_unicode_ci NOT NULL,
  `ec_global_options_id` bigint unsigned NOT NULL,
  `name` varchar(191) COLLATE utf8mb4_unicode_ci DEFAULT NULL,
  PRIMARY KEY (`lang_code`,`ec_global_options_id`)
) ENGINE=InnoDB DEFAULT CHARSET=utf8mb4 COLLATE=utf8mb4_unicode_ci;

--
-- Dumping data for table `ec_global_options_translations`
--


--
-- Table structure for table `ec_grouped_products`
--

CREATE TABLE `ec_grouped_products` (
  `id` bigint unsigned NOT NULL AUTO_INCREMENT,
  `parent_product_id` bigint unsigned NOT NULL,
  `product_id` bigint unsigned NOT NULL,
  `fixed_qty` int NOT NULL DEFAULT '1',
  PRIMARY KEY (`id`)
) ENGINE=InnoDB DEFAULT CHARSET=utf8mb4 COLLATE=utf8mb4_unicode_ci;

--
-- Dumping data for table `ec_grouped_products`
--


--
-- Table structure for table `ec_invoice_items`
--

CREATE TABLE `ec_invoice_items` (
  `id` bigint unsigned NOT NULL AUTO_INCREMENT,
  `invoice_id` bigint unsigned NOT NULL,
  `reference_type` varchar(191) COLLATE utf8mb4_unicode_ci NOT NULL,
  `reference_id` bigint unsigned NOT NULL,
  `name` varchar(191) COLLATE utf8mb4_unicode_ci NOT NULL,
  `description` varchar(400) COLLATE utf8mb4_unicode_ci DEFAULT NULL,
  `image` varchar(191) COLLATE utf8mb4_unicode_ci DEFAULT NULL,
  `qty` int unsigned NOT NULL,
  `price` decimal(15,2) NOT NULL DEFAULT '0.00',
  `sub_total` decimal(15,2) unsigned NOT NULL,
  `tax_amount` decimal(15,2) unsigned NOT NULL DEFAULT '0.00',
  `discount_amount` decimal(15,2) unsigned NOT NULL DEFAULT '0.00',
  `amount` decimal(15,2) unsigned NOT NULL,
  `options` text COLLATE utf8mb4_unicode_ci,
  `created_at` timestamp NULL DEFAULT NULL,
  `updated_at` timestamp NULL DEFAULT NULL,
  PRIMARY KEY (`id`),
  KEY `ec_invoice_items_reference_type_reference_id_index` (`reference_type`,`reference_id`)
) ENGINE=InnoDB DEFAULT CHARSET=utf8mb4 COLLATE=utf8mb4_unicode_ci;

--
-- Dumping data for table `ec_invoice_items`
--


--
-- Table structure for table `ec_invoices`
--

CREATE TABLE `ec_invoices` (
  `id` bigint unsigned NOT NULL AUTO_INCREMENT,
  `reference_type` varchar(191) COLLATE utf8mb4_unicode_ci NOT NULL,
  `reference_id` bigint unsigned NOT NULL,
  `code` varchar(191) COLLATE utf8mb4_unicode_ci NOT NULL,
  `customer_name` varchar(191) COLLATE utf8mb4_unicode_ci DEFAULT NULL,
  `company_name` varchar(191) COLLATE utf8mb4_unicode_ci DEFAULT NULL,
  `company_logo` varchar(191) COLLATE utf8mb4_unicode_ci DEFAULT NULL,
  `customer_email` varchar(191) COLLATE utf8mb4_unicode_ci DEFAULT NULL,
  `customer_phone` varchar(191) COLLATE utf8mb4_unicode_ci DEFAULT NULL,
  `customer_address` varchar(191) COLLATE utf8mb4_unicode_ci DEFAULT NULL,
  `customer_country` varchar(191) COLLATE utf8mb4_unicode_ci DEFAULT NULL,
  `customer_state` varchar(191) COLLATE utf8mb4_unicode_ci DEFAULT NULL,
  `customer_city` varchar(191) COLLATE utf8mb4_unicode_ci DEFAULT NULL,
  `customer_zip_code` varchar(191) COLLATE utf8mb4_unicode_ci DEFAULT NULL,
  `customer_address_line` varchar(191) COLLATE utf8mb4_unicode_ci DEFAULT NULL,
  `customer_tax_id` varchar(191) COLLATE utf8mb4_unicode_ci DEFAULT NULL,
  `sub_total` decimal(15,2) unsigned NOT NULL,
  `tax_amount` decimal(15,2) DEFAULT '0.00',
  `shipping_amount` decimal(15,2) unsigned NOT NULL DEFAULT '0.00',
  `payment_fee` decimal(15,2) DEFAULT '0.00',
  `discount_amount` decimal(15,2) unsigned NOT NULL DEFAULT '0.00',
  `shipping_option` varchar(60) COLLATE utf8mb4_unicode_ci DEFAULT NULL,
  `shipping_method` varchar(60) COLLATE utf8mb4_unicode_ci NOT NULL DEFAULT 'default',
  `coupon_code` varchar(120) COLLATE utf8mb4_unicode_ci DEFAULT NULL,
  `discount_description` varchar(191) COLLATE utf8mb4_unicode_ci DEFAULT NULL,
  `amount` decimal(15,2) unsigned NOT NULL,
  `description` text COLLATE utf8mb4_unicode_ci,
  `payment_id` bigint unsigned DEFAULT NULL,
  `status` varchar(191) COLLATE utf8mb4_unicode_ci NOT NULL DEFAULT 'pending',
  `paid_at` timestamp NULL DEFAULT NULL,
  `created_at` timestamp NULL DEFAULT NULL,
  `updated_at` timestamp NULL DEFAULT NULL,
  PRIMARY KEY (`id`),
  UNIQUE KEY `ec_invoices_code_unique` (`code`),
  KEY `ec_invoices_reference_type_reference_id_index` (`reference_type`,`reference_id`),
  KEY `ec_invoices_payment_id_index` (`payment_id`),
  KEY `ec_invoices_status_index` (`status`)
) ENGINE=InnoDB DEFAULT CHARSET=utf8mb4 COLLATE=utf8mb4_unicode_ci;

--
-- Dumping data for table `ec_invoices`
--


--
-- Table structure for table `ec_option_value`
--

CREATE TABLE `ec_option_value` (
  `id` bigint unsigned NOT NULL AUTO_INCREMENT,
  `option_id` bigint unsigned NOT NULL COMMENT 'option id',
  `option_value` tinytext COLLATE utf8mb4_unicode_ci COMMENT 'option value',
  `affect_price` double DEFAULT NULL COMMENT 'value of price of this option affect',
  `order` int NOT NULL DEFAULT '9999',
  `affect_type` tinyint NOT NULL DEFAULT '0' COMMENT '0. fixed 1. percent',
  `created_at` timestamp NULL DEFAULT NULL,
  `updated_at` timestamp NULL DEFAULT NULL,
  PRIMARY KEY (`id`)
) ENGINE=InnoDB DEFAULT CHARSET=utf8mb4 COLLATE=utf8mb4_unicode_ci;

--
-- Dumping data for table `ec_option_value`
--


--
-- Table structure for table `ec_option_value_translations`
--

CREATE TABLE `ec_option_value_translations` (
  `lang_code` varchar(191) COLLATE utf8mb4_unicode_ci NOT NULL,
  `ec_option_value_id` bigint unsigned NOT NULL,
  `option_value` varchar(191) COLLATE utf8mb4_unicode_ci DEFAULT NULL,
  PRIMARY KEY (`lang_code`,`ec_option_value_id`)
) ENGINE=InnoDB DEFAULT CHARSET=utf8mb4 COLLATE=utf8mb4_unicode_ci;

--
-- Dumping data for table `ec_option_value_translations`
--


--
-- Table structure for table `ec_options`
--

CREATE TABLE `ec_options` (
  `id` bigint unsigned NOT NULL AUTO_INCREMENT,
  `name` varchar(191) COLLATE utf8mb4_unicode_ci NOT NULL COMMENT 'Name of options',
  `option_type` varchar(191) COLLATE utf8mb4_unicode_ci DEFAULT NULL COMMENT 'option type',
  `product_id` bigint unsigned NOT NULL DEFAULT '0',
  `order` int NOT NULL DEFAULT '9999',
  `required` tinyint(1) NOT NULL DEFAULT '0' COMMENT 'Checked if this option is required',
  `created_at` timestamp NULL DEFAULT NULL,
  `updated_at` timestamp NULL DEFAULT NULL,
  PRIMARY KEY (`id`)
) ENGINE=InnoDB DEFAULT CHARSET=utf8mb4 COLLATE=utf8mb4_unicode_ci;

--
-- Dumping data for table `ec_options`
--


--
-- Table structure for table `ec_options_translations`
--

CREATE TABLE `ec_options_translations` (
  `lang_code` varchar(191) COLLATE utf8mb4_unicode_ci NOT NULL,
  `ec_options_id` bigint unsigned NOT NULL,
  `name` varchar(191) COLLATE utf8mb4_unicode_ci DEFAULT NULL,
  PRIMARY KEY (`lang_code`,`ec_options_id`)
) ENGINE=InnoDB DEFAULT CHARSET=utf8mb4 COLLATE=utf8mb4_unicode_ci;

--
-- Dumping data for table `ec_options_translations`
--


--
-- Table structure for table `ec_order_addresses`
--

CREATE TABLE `ec_order_addresses` (
  `id` bigint unsigned NOT NULL AUTO_INCREMENT,
  `name` varchar(191) COLLATE utf8mb4_unicode_ci NOT NULL,
  `phone` varchar(20) COLLATE utf8mb4_unicode_ci DEFAULT NULL,
  `email` varchar(191) COLLATE utf8mb4_unicode_ci DEFAULT NULL,
  `country` varchar(120) COLLATE utf8mb4_unicode_ci DEFAULT NULL,
  `state` varchar(120) COLLATE utf8mb4_unicode_ci DEFAULT NULL,
  `city` varchar(120) COLLATE utf8mb4_unicode_ci DEFAULT NULL,
  `address` varchar(191) COLLATE utf8mb4_unicode_ci DEFAULT NULL,
  `order_id` bigint unsigned NOT NULL,
  `zip_code` varchar(20) COLLATE utf8mb4_unicode_ci DEFAULT NULL,
  `type` varchar(60) COLLATE utf8mb4_unicode_ci NOT NULL DEFAULT 'shipping_address',
  PRIMARY KEY (`id`)
) ENGINE=InnoDB DEFAULT CHARSET=utf8mb4 COLLATE=utf8mb4_unicode_ci;

--
-- Dumping data for table `ec_order_addresses`
--


--
-- Table structure for table `ec_order_histories`
--

CREATE TABLE `ec_order_histories` (
  `id` bigint unsigned NOT NULL AUTO_INCREMENT,
  `action` varchar(120) COLLATE utf8mb4_unicode_ci NOT NULL,
  `description` varchar(400) COLLATE utf8mb4_unicode_ci DEFAULT NULL,
  `user_id` bigint unsigned DEFAULT NULL,
  `order_id` bigint unsigned NOT NULL,
  `extras` text COLLATE utf8mb4_unicode_ci,
  `created_at` timestamp NULL DEFAULT NULL,
  `updated_at` timestamp NULL DEFAULT NULL,
  PRIMARY KEY (`id`)
) ENGINE=InnoDB DEFAULT CHARSET=utf8mb4 COLLATE=utf8mb4_unicode_ci;

--
-- Dumping data for table `ec_order_histories`
--


--
-- Table structure for table `ec_order_product`
--

CREATE TABLE `ec_order_product` (
  `id` bigint unsigned NOT NULL AUTO_INCREMENT,
  `order_id` bigint unsigned NOT NULL,
  `qty` int NOT NULL,
  `price` decimal(15,2) NOT NULL,
  `tax_amount` decimal(15,2) DEFAULT '0.00',
  `options` text COLLATE utf8mb4_unicode_ci,
  `product_options` text COLLATE utf8mb4_unicode_ci COMMENT 'product option data',
  `product_id` bigint unsigned DEFAULT NULL,
  `product_name` varchar(191) COLLATE utf8mb4_unicode_ci NOT NULL,
  `product_image` varchar(191) COLLATE utf8mb4_unicode_ci DEFAULT NULL,
  `weight` double DEFAULT '0',
  `restock_quantity` int unsigned DEFAULT '0',
  `created_at` timestamp NULL DEFAULT NULL,
  `updated_at` timestamp NULL DEFAULT NULL,
  `product_type` varchar(60) COLLATE utf8mb4_unicode_ci NOT NULL DEFAULT 'physical',
  `times_downloaded` int NOT NULL DEFAULT '0',
  `license_code` text COLLATE utf8mb4_unicode_ci,
  `downloaded_at` timestamp NULL DEFAULT NULL,
  PRIMARY KEY (`id`)
) ENGINE=InnoDB DEFAULT CHARSET=utf8mb4 COLLATE=utf8mb4_unicode_ci;

--
-- Dumping data for table `ec_order_product`
--


--
-- Table structure for table `ec_order_referrals`
--

CREATE TABLE `ec_order_referrals` (
  `id` bigint unsigned NOT NULL AUTO_INCREMENT,
  `ip` varchar(39) COLLATE utf8mb4_unicode_ci DEFAULT NULL,
  `landing_domain` varchar(191) COLLATE utf8mb4_unicode_ci DEFAULT NULL,
  `landing_page` varchar(191) COLLATE utf8mb4_unicode_ci DEFAULT NULL,
  `landing_params` varchar(191) COLLATE utf8mb4_unicode_ci DEFAULT NULL,
  `referral` varchar(191) COLLATE utf8mb4_unicode_ci DEFAULT NULL,
  `gclid` varchar(191) COLLATE utf8mb4_unicode_ci DEFAULT NULL,
  `fclid` varchar(191) COLLATE utf8mb4_unicode_ci DEFAULT NULL,
  `utm_source` varchar(191) COLLATE utf8mb4_unicode_ci DEFAULT NULL,
  `utm_campaign` varchar(191) COLLATE utf8mb4_unicode_ci DEFAULT NULL,
  `utm_medium` varchar(191) COLLATE utf8mb4_unicode_ci DEFAULT NULL,
  `utm_term` varchar(191) COLLATE utf8mb4_unicode_ci DEFAULT NULL,
  `utm_content` varchar(191) COLLATE utf8mb4_unicode_ci DEFAULT NULL,
  `referrer_url` text COLLATE utf8mb4_unicode_ci,
  `referrer_domain` varchar(191) COLLATE utf8mb4_unicode_ci DEFAULT NULL,
  `order_id` bigint unsigned DEFAULT NULL,
  `created_at` timestamp NULL DEFAULT NULL,
  `updated_at` timestamp NULL DEFAULT NULL,
  PRIMARY KEY (`id`),
  KEY `ec_order_referrals_order_id_index` (`order_id`)
) ENGINE=InnoDB DEFAULT CHARSET=utf8mb4 COLLATE=utf8mb4_unicode_ci;

--
-- Dumping data for table `ec_order_referrals`
--


--
-- Table structure for table `ec_order_return_histories`
--

CREATE TABLE `ec_order_return_histories` (
  `id` bigint unsigned NOT NULL AUTO_INCREMENT,
  `user_id` bigint unsigned DEFAULT NULL,
  `order_return_id` bigint unsigned NOT NULL,
  `action` varchar(191) COLLATE utf8mb4_unicode_ci NOT NULL,
  `description` varchar(400) COLLATE utf8mb4_unicode_ci DEFAULT NULL,
  `reason` varchar(191) COLLATE utf8mb4_unicode_ci DEFAULT NULL,
  `created_at` timestamp NULL DEFAULT NULL,
  `updated_at` timestamp NULL DEFAULT NULL,
  PRIMARY KEY (`id`)
) ENGINE=InnoDB DEFAULT CHARSET=utf8mb4 COLLATE=utf8mb4_unicode_ci;

--
-- Dumping data for table `ec_order_return_histories`
--


--
-- Table structure for table `ec_order_return_items`
--

CREATE TABLE `ec_order_return_items` (
  `id` bigint unsigned NOT NULL AUTO_INCREMENT,
  `order_return_id` bigint unsigned NOT NULL COMMENT 'Order return id',
  `order_product_id` bigint unsigned NOT NULL COMMENT 'Order product id',
  `product_id` bigint unsigned NOT NULL COMMENT 'Product id',
  `product_name` varchar(191) COLLATE utf8mb4_unicode_ci NOT NULL,
  `product_image` varchar(191) COLLATE utf8mb4_unicode_ci DEFAULT NULL,
  `qty` int NOT NULL COMMENT 'Quantity return',
  `price` decimal(15,2) NOT NULL COMMENT 'Price Product',
  `reason` text COLLATE utf8mb4_unicode_ci,
  `created_at` timestamp NULL DEFAULT NULL,
  `updated_at` timestamp NULL DEFAULT NULL,
  `refund_amount` decimal(12,2) DEFAULT '0.00',
  PRIMARY KEY (`id`)
) ENGINE=InnoDB DEFAULT CHARSET=utf8mb4 COLLATE=utf8mb4_unicode_ci;

--
-- Dumping data for table `ec_order_return_items`
--


--
-- Table structure for table `ec_order_returns`
--

CREATE TABLE `ec_order_returns` (
  `id` bigint unsigned NOT NULL AUTO_INCREMENT,
  `code` varchar(191) COLLATE utf8mb4_unicode_ci DEFAULT NULL,
  `order_id` bigint unsigned NOT NULL COMMENT 'Order ID',
  `store_id` bigint unsigned DEFAULT NULL COMMENT 'Store ID',
  `user_id` bigint unsigned NOT NULL COMMENT 'Customer ID',
  `reason` text COLLATE utf8mb4_unicode_ci COMMENT 'Reason return order',
  `order_status` varchar(191) COLLATE utf8mb4_unicode_ci DEFAULT NULL COMMENT 'Order current status',
  `return_status` varchar(191) COLLATE utf8mb4_unicode_ci NOT NULL COMMENT 'Return status',
  `created_at` timestamp NULL DEFAULT NULL,
  `updated_at` timestamp NULL DEFAULT NULL,
  PRIMARY KEY (`id`),
  UNIQUE KEY `ec_order_returns_code_unique` (`code`)
) ENGINE=InnoDB DEFAULT CHARSET=utf8mb4 COLLATE=utf8mb4_unicode_ci;

--
-- Dumping data for table `ec_order_returns`
--


--
-- Table structure for table `ec_order_tax_information`
--

CREATE TABLE `ec_order_tax_information` (
  `id` bigint unsigned NOT NULL AUTO_INCREMENT,
  `order_id` bigint unsigned NOT NULL,
  `company_name` varchar(120) COLLATE utf8mb4_unicode_ci NOT NULL,
  `company_address` varchar(191) COLLATE utf8mb4_unicode_ci NOT NULL,
  `company_tax_code` varchar(20) COLLATE utf8mb4_unicode_ci NOT NULL,
  `company_email` varchar(60) COLLATE utf8mb4_unicode_ci NOT NULL,
  `created_at` timestamp NULL DEFAULT NULL,
  `updated_at` timestamp NULL DEFAULT NULL,
  PRIMARY KEY (`id`),
  KEY `ec_order_tax_information_order_id_index` (`order_id`)
) ENGINE=InnoDB DEFAULT CHARSET=utf8mb4 COLLATE=utf8mb4_unicode_ci;

--
-- Dumping data for table `ec_order_tax_information`
--


--
-- Table structure for table `ec_orders`
--

CREATE TABLE `ec_orders` (
  `id` bigint unsigned NOT NULL AUTO_INCREMENT,
  `code` varchar(191) COLLATE utf8mb4_unicode_ci DEFAULT NULL,
  `user_id` bigint unsigned DEFAULT NULL,
  `shipping_option` varchar(60) COLLATE utf8mb4_unicode_ci DEFAULT NULL,
  `shipping_method` varchar(60) COLLATE utf8mb4_unicode_ci NOT NULL DEFAULT 'default',
  `status` varchar(120) COLLATE utf8mb4_unicode_ci NOT NULL DEFAULT 'pending',
  `amount` decimal(15,2) NOT NULL,
  `tax_amount` decimal(15,2) DEFAULT '0.00',
  `shipping_amount` decimal(15,2) DEFAULT NULL,
  `payment_fee` decimal(15,2) DEFAULT '0.00',
  `description` text COLLATE utf8mb4_unicode_ci,
  `coupon_code` varchar(120) COLLATE utf8mb4_unicode_ci DEFAULT NULL,
  `discount_amount` decimal(15,2) DEFAULT NULL,
  `sub_total` decimal(15,2) NOT NULL,
  `is_confirmed` tinyint(1) NOT NULL DEFAULT '0',
  `discount_description` varchar(191) COLLATE utf8mb4_unicode_ci DEFAULT NULL,
  `is_finished` tinyint(1) DEFAULT '0',
  `cancellation_reason` varchar(191) COLLATE utf8mb4_unicode_ci DEFAULT NULL,
  `cancellation_reason_description` varchar(191) COLLATE utf8mb4_unicode_ci DEFAULT NULL,
  `completed_at` timestamp NULL DEFAULT NULL,
  `token` varchar(120) COLLATE utf8mb4_unicode_ci DEFAULT NULL,
  `payment_id` bigint unsigned DEFAULT NULL,
  `created_at` timestamp NULL DEFAULT NULL,
  `updated_at` timestamp NULL DEFAULT NULL,
  `store_id` bigint unsigned DEFAULT NULL,
  `proof_file` varchar(191) COLLATE utf8mb4_unicode_ci DEFAULT NULL,
  `private_notes` text COLLATE utf8mb4_unicode_ci,
  PRIMARY KEY (`id`),
  UNIQUE KEY `ec_orders_code_unique` (`code`),
  KEY `ec_orders_user_id_status_created_at_index` (`user_id`,`status`,`created_at`)
) ENGINE=InnoDB DEFAULT CHARSET=utf8mb4 COLLATE=utf8mb4_unicode_ci;

--
-- Dumping data for table `ec_orders`
--


--
-- Table structure for table `ec_product_attribute_sets`
--

CREATE TABLE `ec_product_attribute_sets` (
  `id` bigint unsigned NOT NULL AUTO_INCREMENT,
  `title` varchar(120) COLLATE utf8mb4_unicode_ci NOT NULL,
  `slug` varchar(120) COLLATE utf8mb4_unicode_ci DEFAULT NULL,
  `display_layout` varchar(191) COLLATE utf8mb4_unicode_ci NOT NULL DEFAULT 'dropdown',
  `is_searchable` tinyint unsigned NOT NULL DEFAULT '1',
  `is_comparable` tinyint unsigned NOT NULL DEFAULT '1',
  `is_use_in_product_listing` tinyint unsigned NOT NULL DEFAULT '0',
  `status` varchar(60) COLLATE utf8mb4_unicode_ci NOT NULL DEFAULT 'published',
  `order` tinyint unsigned NOT NULL DEFAULT '0',
  `created_at` timestamp NULL DEFAULT NULL,
  `updated_at` timestamp NULL DEFAULT NULL,
  `use_image_from_product_variation` tinyint unsigned NOT NULL DEFAULT '0',
  PRIMARY KEY (`id`)
) ENGINE=InnoDB AUTO_INCREMENT=5 DEFAULT CHARSET=utf8mb4 COLLATE=utf8mb4_unicode_ci;

--
-- Dumping data for table `ec_product_attribute_sets`
--

INSERT INTO `ec_product_attribute_sets` VALUES (1,'Color','color','visual',1,1,1,'published',0,'2025-07-28 01:50:22','2025-07-28 01:50:22',0),(2,'Size','size','text',1,1,1,'published',1,'2025-07-28 01:50:22','2025-07-28 01:50:22',0),(3,'Weight','weight','text',1,1,1,'published',0,'2025-07-28 01:50:22','2025-07-28 01:50:22',0),(4,'Boxes','boxes','text',1,1,1,'published',1,'2025-07-28 01:50:22','2025-07-28 01:50:22',0);

--
-- Table structure for table `ec_product_attribute_sets_translations`
--

CREATE TABLE `ec_product_attribute_sets_translations` (
  `lang_code` varchar(191) COLLATE utf8mb4_unicode_ci NOT NULL,
  `ec_product_attribute_sets_id` bigint unsigned NOT NULL,
  `title` varchar(191) COLLATE utf8mb4_unicode_ci DEFAULT NULL,
  PRIMARY KEY (`lang_code`,`ec_product_attribute_sets_id`)
) ENGINE=InnoDB DEFAULT CHARSET=utf8mb4 COLLATE=utf8mb4_unicode_ci;

--
-- Dumping data for table `ec_product_attribute_sets_translations`
--


--
-- Table structure for table `ec_product_attributes`
--

CREATE TABLE `ec_product_attributes` (
  `id` bigint unsigned NOT NULL AUTO_INCREMENT,
  `attribute_set_id` bigint unsigned NOT NULL,
  `title` varchar(120) COLLATE utf8mb4_unicode_ci NOT NULL,
  `slug` varchar(120) COLLATE utf8mb4_unicode_ci DEFAULT NULL,
  `color` varchar(120) COLLATE utf8mb4_unicode_ci DEFAULT NULL,
  `image` varchar(191) COLLATE utf8mb4_unicode_ci DEFAULT NULL,
  `is_default` tinyint unsigned NOT NULL DEFAULT '0',
  `order` tinyint unsigned NOT NULL DEFAULT '0',
  `created_at` timestamp NULL DEFAULT NULL,
  `updated_at` timestamp NULL DEFAULT NULL,
  PRIMARY KEY (`id`),
  KEY `attribute_set_status_index` (`attribute_set_id`)
) ENGINE=InnoDB AUTO_INCREMENT=21 DEFAULT CHARSET=utf8mb4 COLLATE=utf8mb4_unicode_ci;

--
-- Dumping data for table `ec_product_attributes`
--

INSERT INTO `ec_product_attributes` VALUES (1,1,'Green','green','#5FB7D4',NULL,1,1,'2025-07-28 01:50:22','2025-07-28 01:50:22'),(2,1,'Blue','blue','#333333',NULL,0,2,'2025-07-28 01:50:22','2025-07-28 01:50:22'),(3,1,'Red','red','#DA323F',NULL,0,3,'2025-07-28 01:50:22','2025-07-28 01:50:22'),(4,1,'Black','black','#2F366C',NULL,0,4,'2025-07-28 01:50:22','2025-07-28 01:50:22'),(5,1,'Brown','brown','#87554B',NULL,0,5,'2025-07-28 01:50:22','2025-07-28 01:50:22'),(6,2,'S','s',NULL,NULL,1,1,'2025-07-28 01:50:22','2025-07-28 01:50:22'),(7,2,'M','m',NULL,NULL,0,2,'2025-07-28 01:50:22','2025-07-28 01:50:22'),(8,2,'L','l',NULL,NULL,0,3,'2025-07-28 01:50:22','2025-07-28 01:50:22'),(9,2,'XL','xl',NULL,NULL,0,4,'2025-07-28 01:50:22','2025-07-28 01:50:22'),(10,2,'XXL','xxl',NULL,NULL,0,5,'2025-07-28 01:50:22','2025-07-28 01:50:22'),(11,3,'1KG','1kg',NULL,NULL,1,1,'2025-07-28 01:50:22','2025-07-28 01:50:22'),(12,3,'2KG','2kg',NULL,NULL,0,2,'2025-07-28 01:50:22','2025-07-28 01:50:22'),(13,3,'3KG','3kg',NULL,NULL,0,3,'2025-07-28 01:50:22','2025-07-28 01:50:22'),(14,3,'4KG','4kg',NULL,NULL,0,4,'2025-07-28 01:50:22','2025-07-28 01:50:22'),(15,3,'5KG','5kg',NULL,NULL,0,5,'2025-07-28 01:50:22','2025-07-28 01:50:22'),(16,4,'1 Box','1-box',NULL,NULL,1,1,'2025-07-28 01:50:22','2025-07-28 01:50:22'),(17,4,'2 Boxes','2-boxes',NULL,NULL,0,2,'2025-07-28 01:50:22','2025-07-28 01:50:22'),(18,4,'3 Boxes','3-boxes',NULL,NULL,0,3,'2025-07-28 01:50:22','2025-07-28 01:50:22'),(19,4,'4 Boxes','4-boxes',NULL,NULL,0,4,'2025-07-28 01:50:22','2025-07-28 01:50:22'),(20,4,'5 Boxes','5-boxes',NULL,NULL,0,5,'2025-07-28 01:50:22','2025-07-28 01:50:22');

--
-- Table structure for table `ec_product_attributes_translations`
--

CREATE TABLE `ec_product_attributes_translations` (
  `lang_code` varchar(191) COLLATE utf8mb4_unicode_ci NOT NULL,
  `ec_product_attributes_id` bigint unsigned NOT NULL,
  `title` varchar(191) COLLATE utf8mb4_unicode_ci DEFAULT NULL,
  PRIMARY KEY (`lang_code`,`ec_product_attributes_id`)
) ENGINE=InnoDB DEFAULT CHARSET=utf8mb4 COLLATE=utf8mb4_unicode_ci;

--
-- Dumping data for table `ec_product_attributes_translations`
--


--
-- Table structure for table `ec_product_categories`
--

CREATE TABLE `ec_product_categories` (
  `id` bigint unsigned NOT NULL AUTO_INCREMENT,
  `name` varchar(191) COLLATE utf8mb4_unicode_ci NOT NULL,
  `parent_id` bigint unsigned NOT NULL DEFAULT '0',
  `description` mediumtext COLLATE utf8mb4_unicode_ci,
  `status` varchar(60) COLLATE utf8mb4_unicode_ci NOT NULL DEFAULT 'published',
  `order` int unsigned NOT NULL DEFAULT '0',
  `image` varchar(191) COLLATE utf8mb4_unicode_ci DEFAULT NULL,
  `is_featured` tinyint unsigned NOT NULL DEFAULT '0',
  `created_at` timestamp NULL DEFAULT NULL,
  `updated_at` timestamp NULL DEFAULT NULL,
  `icon` varchar(191) COLLATE utf8mb4_unicode_ci DEFAULT NULL,
  `icon_image` varchar(191) COLLATE utf8mb4_unicode_ci DEFAULT NULL,
  PRIMARY KEY (`id`),
  KEY `ec_product_categories_parent_id_status_created_at_index` (`parent_id`,`status`,`created_at`),
  KEY `ec_product_categories_parent_id_status_index` (`parent_id`,`status`)
) ENGINE=InnoDB AUTO_INCREMENT=21 DEFAULT CHARSET=utf8mb4 COLLATE=utf8mb4_unicode_ci;

--
-- Dumping data for table `ec_product_categories`
--

INSERT INTO `ec_product_categories` VALUES (1,'Frozen Food',0,NULL,'published',0,'grocery/product-categories/1.jpg',1,'2025-07-28 01:50:36','2025-07-28 01:50:36',NULL,NULL),(2,'Baby Food',1,NULL,'published',0,NULL,0,'2025-07-28 01:50:36','2025-07-28 01:50:36',NULL,NULL),(3,'Strawberry',1,NULL,'published',1,NULL,0,'2025-07-28 01:50:36','2025-07-28 01:50:36',NULL,NULL),(4,'Ice Cream',1,NULL,'published',2,NULL,0,'2025-07-28 01:50:36','2025-07-28 01:50:36',NULL,NULL),(5,'Meat & Seafood',0,NULL,'published',1,'grocery/product-categories/2.jpg',1,'2025-07-28 01:50:36','2025-07-28 01:50:36',NULL,NULL),(6,'Chicken',5,NULL,'published',0,NULL,0,'2025-07-28 01:50:36','2025-07-28 01:50:36',NULL,NULL),(7,'Fish',5,NULL,'published',1,NULL,0,'2025-07-28 01:50:36','2025-07-28 01:50:36',NULL,NULL),(8,'Beef',5,NULL,'published',2,NULL,0,'2025-07-28 01:50:36','2025-07-28 01:50:36',NULL,NULL),(9,'Milk & Dairy',0,NULL,'published',2,'grocery/product-categories/3.jpg',1,'2025-07-28 01:50:36','2025-07-28 01:50:36',NULL,NULL),(10,'Milk',9,NULL,'published',0,NULL,0,'2025-07-28 01:50:36','2025-07-28 01:50:36',NULL,NULL),(11,'Cheese',9,NULL,'published',1,NULL,0,'2025-07-28 01:50:36','2025-07-28 01:50:36',NULL,NULL),(12,'Yogurt',9,NULL,'published',2,NULL,0,'2025-07-28 01:50:36','2025-07-28 01:50:36',NULL,NULL),(13,'Beverages',0,NULL,'published',3,'grocery/product-categories/4.jpg',1,'2025-07-28 01:50:36','2025-07-28 01:50:36',NULL,NULL),(14,'Vegetables',0,NULL,'published',4,'grocery/product-categories/5.jpg',1,'2025-07-28 01:50:36','2025-07-28 01:50:36',NULL,NULL),(15,'Carrot',14,NULL,'published',0,NULL,0,'2025-07-28 01:50:36','2025-07-28 01:50:36',NULL,NULL),(16,'Tomato',14,NULL,'published',1,NULL,0,'2025-07-28 01:50:36','2025-07-28 01:50:36',NULL,NULL),(17,'Potato',14,NULL,'published',2,NULL,0,'2025-07-28 01:50:36','2025-07-28 01:50:36',NULL,NULL),(18,'Fruits',0,NULL,'published',5,'grocery/product-categories/6.jpg',1,'2025-07-28 01:50:36','2025-07-28 01:50:36',NULL,NULL),(19,'Banana',18,NULL,'published',0,NULL,0,'2025-07-28 01:50:36','2025-07-28 01:50:36',NULL,NULL),(20,'Mango',18,NULL,'published',1,NULL,0,'2025-07-28 01:50:36','2025-07-28 01:50:36',NULL,NULL);

--
-- Table structure for table `ec_product_categories_translations`
--

CREATE TABLE `ec_product_categories_translations` (
  `lang_code` varchar(191) COLLATE utf8mb4_unicode_ci NOT NULL,
  `ec_product_categories_id` bigint unsigned NOT NULL,
  `name` varchar(191) COLLATE utf8mb4_unicode_ci DEFAULT NULL,
  `description` mediumtext COLLATE utf8mb4_unicode_ci,
  PRIMARY KEY (`lang_code`,`ec_product_categories_id`)
) ENGINE=InnoDB DEFAULT CHARSET=utf8mb4 COLLATE=utf8mb4_unicode_ci;

--
-- Dumping data for table `ec_product_categories_translations`
--


--
-- Table structure for table `ec_product_categorizables`
--

CREATE TABLE `ec_product_categorizables` (
  `category_id` bigint unsigned NOT NULL,
  `reference_id` bigint unsigned NOT NULL,
  `reference_type` varchar(120) COLLATE utf8mb4_unicode_ci NOT NULL,
  PRIMARY KEY (`category_id`,`reference_id`,`reference_type`),
  KEY `ec_product_categorizables_category_id_index` (`category_id`),
  KEY `ec_product_categorizables_reference_id_index` (`reference_id`),
  KEY `ec_product_categorizables_reference_type_index` (`reference_type`)
) ENGINE=InnoDB DEFAULT CHARSET=utf8mb4 COLLATE=utf8mb4_unicode_ci;

--
-- Dumping data for table `ec_product_categorizables`
--


--
-- Table structure for table `ec_product_category_product`
--

CREATE TABLE `ec_product_category_product` (
  `category_id` bigint unsigned NOT NULL,
  `product_id` bigint unsigned NOT NULL,
  PRIMARY KEY (`product_id`,`category_id`),
  KEY `ec_product_category_product_category_id_index` (`category_id`),
  KEY `ec_product_category_product_product_id_index` (`product_id`)
) ENGINE=InnoDB DEFAULT CHARSET=utf8mb4 COLLATE=utf8mb4_unicode_ci;

--
-- Dumping data for table `ec_product_category_product`
--

INSERT INTO `ec_product_category_product` VALUES (1,3),(1,7),(1,9),(1,12),(1,15),(1,16),(1,19),(1,22),(1,26),(1,27),(2,4),(2,8),(2,26),(2,27),(2,28),(2,30),(3,3),(3,7),(3,9),(3,15),(3,20),(3,24),(3,27),(4,7),(4,13),(4,14),(4,21),(5,11),(5,13),(5,25),(5,30),(6,16),(6,17),(6,22),(6,30),(7,2),(7,12),(7,15),(7,18),(7,19),(7,23),(7,29),(8,1),(8,2),(8,11),(8,17),(8,23),(8,28),(9,10),(9,14),(9,17),(9,19),(9,22),(10,1),(10,3),(10,4),(10,5),(10,29),(11,1),(11,4),(11,5),(11,12),(11,18),(11,24),(11,25),(11,29),(12,9),(12,11),(12,17),(12,23),(12,24),(12,27),(13,6),(13,8),(13,10),(13,18),(13,25),(14,20),(14,25),(14,26),(15,6),(15,7),(15,8),(15,12),(15,13),(15,19),(15,21),(15,22),(16,2),(16,5),(16,6),(16,10),(16,11),(16,13),(16,21),(16,26),(17,5),(17,6),(17,10),(17,14),(17,15),(17,20),(17,28),(17,29),(18,1),(18,4),(18,28),(18,30),(19,2),(19,8),(19,16),(19,21),(19,23),(19,24),(20,3),(20,9),(20,14),(20,16),(20,18),(20,20);

--
-- Table structure for table `ec_product_collection_products`
--

CREATE TABLE `ec_product_collection_products` (
  `product_collection_id` bigint unsigned NOT NULL,
  `product_id` bigint unsigned NOT NULL,
  PRIMARY KEY (`product_id`,`product_collection_id`),
  KEY `ec_product_collection_products_product_collection_id_index` (`product_collection_id`),
  KEY `ec_product_collection_products_product_id_index` (`product_id`)
) ENGINE=InnoDB DEFAULT CHARSET=utf8mb4 COLLATE=utf8mb4_unicode_ci;

--
-- Dumping data for table `ec_product_collection_products`
--

INSERT INTO `ec_product_collection_products` VALUES (1,5),(1,8),(1,9),(1,14),(1,17),(1,23),(1,28),(1,30),(2,4),(2,10),(2,11),(2,13),(2,15),(2,16),(2,18),(2,22),(2,26),(2,27),(3,2),(3,6),(3,21),(3,24),(3,25),(3,29),(4,1),(4,3),(4,7),(4,12),(4,19),(4,20);

--
-- Table structure for table `ec_product_collections`
--

CREATE TABLE `ec_product_collections` (
  `id` bigint unsigned NOT NULL AUTO_INCREMENT,
  `name` varchar(191) COLLATE utf8mb4_unicode_ci NOT NULL,
  `slug` varchar(191) COLLATE utf8mb4_unicode_ci NOT NULL,
  `description` varchar(400) COLLATE utf8mb4_unicode_ci DEFAULT NULL,
  `image` varchar(191) COLLATE utf8mb4_unicode_ci DEFAULT NULL,
  `status` varchar(60) COLLATE utf8mb4_unicode_ci NOT NULL DEFAULT 'published',
  `created_at` timestamp NULL DEFAULT NULL,
  `updated_at` timestamp NULL DEFAULT NULL,
  `is_featured` tinyint unsigned NOT NULL DEFAULT '0',
  PRIMARY KEY (`id`)
) ENGINE=InnoDB AUTO_INCREMENT=5 DEFAULT CHARSET=utf8mb4 COLLATE=utf8mb4_unicode_ci;

--
-- Dumping data for table `ec_product_collections`
--

INSERT INTO `ec_product_collections` VALUES (1,'Weekly Gadget Spotlight','weekly-gadget-spotlight',NULL,NULL,'published','2025-07-28 01:50:36','2025-07-28 01:50:36',0),(2,'Electronics Trendsetters','electronics-trendsetters',NULL,NULL,'published','2025-07-28 01:50:36','2025-07-28 01:50:36',0),(3,'Digital Workspace Gear','digital-workspace-gear',NULL,NULL,'published','2025-07-28 01:50:36','2025-07-28 01:50:36',0),(4,'Cutting-Edge Tech Showcase','cutting-edge-tech-showcase',NULL,NULL,'published','2025-07-28 01:50:36','2025-07-28 01:50:36',0);

--
-- Table structure for table `ec_product_collections_translations`
--

CREATE TABLE `ec_product_collections_translations` (
  `lang_code` varchar(191) COLLATE utf8mb4_unicode_ci NOT NULL,
  `ec_product_collections_id` bigint unsigned NOT NULL,
  `name` varchar(191) COLLATE utf8mb4_unicode_ci DEFAULT NULL,
  `description` varchar(400) COLLATE utf8mb4_unicode_ci DEFAULT NULL,
  PRIMARY KEY (`lang_code`,`ec_product_collections_id`)
) ENGINE=InnoDB DEFAULT CHARSET=utf8mb4 COLLATE=utf8mb4_unicode_ci;

--
-- Dumping data for table `ec_product_collections_translations`
--


--
-- Table structure for table `ec_product_cross_sale_relations`
--

CREATE TABLE `ec_product_cross_sale_relations` (
  `from_product_id` bigint unsigned NOT NULL,
  `to_product_id` bigint unsigned NOT NULL,
  `is_variant` tinyint(1) NOT NULL DEFAULT '0',
  `price` decimal(15,2) DEFAULT '0.00',
  `price_type` varchar(191) COLLATE utf8mb4_unicode_ci NOT NULL DEFAULT 'fixed',
  `apply_to_all_variations` tinyint(1) NOT NULL DEFAULT '1',
  PRIMARY KEY (`from_product_id`,`to_product_id`),
  KEY `ec_product_cross_sale_relations_from_product_id_index` (`from_product_id`),
  KEY `ec_product_cross_sale_relations_to_product_id_index` (`to_product_id`)
) ENGINE=InnoDB DEFAULT CHARSET=utf8mb4 COLLATE=utf8mb4_unicode_ci;

--
-- Dumping data for table `ec_product_cross_sale_relations`
--

INSERT INTO `ec_product_cross_sale_relations` VALUES (1,2,0,0.00,'fixed',1),(1,4,0,0.00,'fixed',1),(1,11,0,0.00,'fixed',1),(1,14,0,0.00,'fixed',1),(1,16,0,0.00,'fixed',1),(1,18,0,0.00,'fixed',1),(1,30,0,0.00,'fixed',1),(2,14,0,0.00,'fixed',1),(2,16,0,0.00,'fixed',1),(2,19,0,0.00,'fixed',1),(2,21,0,0.00,'fixed',1),(2,22,0,0.00,'fixed',1),(2,29,0,0.00,'fixed',1),(3,9,0,0.00,'fixed',1),(3,13,0,0.00,'fixed',1),(3,16,0,0.00,'fixed',1),(3,20,0,0.00,'fixed',1),(3,23,0,0.00,'fixed',1),(3,24,0,0.00,'fixed',1),(3,26,0,0.00,'fixed',1),(4,3,0,0.00,'fixed',1),(4,5,0,0.00,'fixed',1),(4,12,0,0.00,'fixed',1),(4,17,0,0.00,'fixed',1),(4,24,0,0.00,'fixed',1),(4,29,0,0.00,'fixed',1),(4,30,0,0.00,'fixed',1),(5,9,0,0.00,'fixed',1),(5,12,0,0.00,'fixed',1),(5,16,0,0.00,'fixed',1),(5,20,0,0.00,'fixed',1),(5,22,0,0.00,'fixed',1),(5,25,0,0.00,'fixed',1),(6,1,0,0.00,'fixed',1),(6,10,0,0.00,'fixed',1),(6,12,0,0.00,'fixed',1),(6,13,0,0.00,'fixed',1),(6,15,0,0.00,'fixed',1),(6,18,0,0.00,'fixed',1),(7,2,0,0.00,'fixed',1),(7,6,0,0.00,'fixed',1),(7,9,0,0.00,'fixed',1),(7,11,0,0.00,'fixed',1),(7,12,0,0.00,'fixed',1),(7,13,0,0.00,'fixed',1),(7,28,0,0.00,'fixed',1),(8,4,0,0.00,'fixed',1),(8,13,0,0.00,'fixed',1),(8,20,0,0.00,'fixed',1),(8,25,0,0.00,'fixed',1),(8,26,0,0.00,'fixed',1),(8,28,0,0.00,'fixed',1),(8,29,0,0.00,'fixed',1),(9,5,0,0.00,'fixed',1),(9,11,0,0.00,'fixed',1),(9,12,0,0.00,'fixed',1),(9,15,0,0.00,'fixed',1),(9,17,0,0.00,'fixed',1),(9,21,0,0.00,'fixed',1),(10,1,0,0.00,'fixed',1),(10,4,0,0.00,'fixed',1),(10,14,0,0.00,'fixed',1),(10,16,0,0.00,'fixed',1),(10,17,0,0.00,'fixed',1),(10,25,0,0.00,'fixed',1),(11,7,0,0.00,'fixed',1),(11,13,0,0.00,'fixed',1),(11,16,0,0.00,'fixed',1),(11,23,0,0.00,'fixed',1),(11,26,0,0.00,'fixed',1),(11,27,0,0.00,'fixed',1),(11,28,0,0.00,'fixed',1),(12,2,0,0.00,'fixed',1),(12,4,0,0.00,'fixed',1),(12,14,0,0.00,'fixed',1),(12,29,0,0.00,'fixed',1),(12,30,0,0.00,'fixed',1),(13,3,0,0.00,'fixed',1),(13,5,0,0.00,'fixed',1),(13,14,0,0.00,'fixed',1),(13,18,0,0.00,'fixed',1),(13,22,0,0.00,'fixed',1),(13,27,0,0.00,'fixed',1),(13,29,0,0.00,'fixed',1),(14,2,0,0.00,'fixed',1),(14,3,0,0.00,'fixed',1),(14,12,0,0.00,'fixed',1),(14,17,0,0.00,'fixed',1),(14,23,0,0.00,'fixed',1),(14,27,0,0.00,'fixed',1),(15,6,0,0.00,'fixed',1),(15,12,0,0.00,'fixed',1),(15,17,0,0.00,'fixed',1),(15,18,0,0.00,'fixed',1),(15,21,0,0.00,'fixed',1),(15,26,0,0.00,'fixed',1),(16,8,0,0.00,'fixed',1),(16,14,0,0.00,'fixed',1),(16,19,0,0.00,'fixed',1),(16,26,0,0.00,'fixed',1),(16,28,0,0.00,'fixed',1),(16,30,0,0.00,'fixed',1),(17,7,0,0.00,'fixed',1),(17,9,0,0.00,'fixed',1),(17,15,0,0.00,'fixed',1),(17,19,0,0.00,'fixed',1),(17,21,0,0.00,'fixed',1),(17,25,0,0.00,'fixed',1),(17,26,0,0.00,'fixed',1),(18,8,0,0.00,'fixed',1),(18,9,0,0.00,'fixed',1),(18,10,0,0.00,'fixed',1),(18,22,0,0.00,'fixed',1),(18,23,0,0.00,'fixed',1),(18,27,0,0.00,'fixed',1),(19,4,0,0.00,'fixed',1),(19,6,0,0.00,'fixed',1),(19,15,0,0.00,'fixed',1),(19,18,0,0.00,'fixed',1),(19,20,0,0.00,'fixed',1),(19,26,0,0.00,'fixed',1),(20,5,0,0.00,'fixed',1),(20,7,0,0.00,'fixed',1),(20,13,0,0.00,'fixed',1),(20,16,0,0.00,'fixed',1),(20,17,0,0.00,'fixed',1),(20,21,0,0.00,'fixed',1),(20,30,0,0.00,'fixed',1),(21,1,0,0.00,'fixed',1),(21,4,0,0.00,'fixed',1),(21,6,0,0.00,'fixed',1),(21,9,0,0.00,'fixed',1),(21,12,0,0.00,'fixed',1),(21,22,0,0.00,'fixed',1),(21,25,0,0.00,'fixed',1),(22,13,0,0.00,'fixed',1),(22,17,0,0.00,'fixed',1),(22,19,0,0.00,'fixed',1),(22,20,0,0.00,'fixed',1),(22,25,0,0.00,'fixed',1),(22,29,0,0.00,'fixed',1),(23,10,0,0.00,'fixed',1),(23,12,0,0.00,'fixed',1),(23,14,0,0.00,'fixed',1),(23,15,0,0.00,'fixed',1),(23,20,0,0.00,'fixed',1),(23,22,0,0.00,'fixed',1),(23,30,0,0.00,'fixed',1),(24,1,0,0.00,'fixed',1),(24,3,0,0.00,'fixed',1),(24,9,0,0.00,'fixed',1),(24,13,0,0.00,'fixed',1),(24,14,0,0.00,'fixed',1),(24,26,0,0.00,'fixed',1),(25,5,0,0.00,'fixed',1),(25,10,0,0.00,'fixed',1),(25,13,0,0.00,'fixed',1),(25,18,0,0.00,'fixed',1),(25,26,0,0.00,'fixed',1),(25,27,0,0.00,'fixed',1),(25,28,0,0.00,'fixed',1),(26,2,0,0.00,'fixed',1),(26,10,0,0.00,'fixed',1),(26,12,0,0.00,'fixed',1),(26,21,0,0.00,'fixed',1),(26,22,0,0.00,'fixed',1),(26,24,0,0.00,'fixed',1),(26,27,0,0.00,'fixed',1),(27,1,0,0.00,'fixed',1),(27,5,0,0.00,'fixed',1),(27,9,0,0.00,'fixed',1),(27,10,0,0.00,'fixed',1),(27,14,0,0.00,'fixed',1),(27,19,0,0.00,'fixed',1),(27,29,0,0.00,'fixed',1),(28,1,0,0.00,'fixed',1),(28,2,0,0.00,'fixed',1),(28,8,0,0.00,'fixed',1),(28,9,0,0.00,'fixed',1),(28,19,0,0.00,'fixed',1),(28,23,0,0.00,'fixed',1),(29,4,0,0.00,'fixed',1),(29,10,0,0.00,'fixed',1),(29,12,0,0.00,'fixed',1),(29,15,0,0.00,'fixed',1),(29,16,0,0.00,'fixed',1),(29,19,0,0.00,'fixed',1),(29,26,0,0.00,'fixed',1),(30,6,0,0.00,'fixed',1),(30,8,0,0.00,'fixed',1),(30,10,0,0.00,'fixed',1),(30,24,0,0.00,'fixed',1),(30,25,0,0.00,'fixed',1),(30,27,0,0.00,'fixed',1);

--
-- Table structure for table `ec_product_files`
--

CREATE TABLE `ec_product_files` (
  `id` bigint unsigned NOT NULL AUTO_INCREMENT,
  `product_id` bigint unsigned DEFAULT NULL,
  `url` varchar(400) COLLATE utf8mb4_unicode_ci DEFAULT NULL,
  `extras` mediumtext COLLATE utf8mb4_unicode_ci,
  `created_at` timestamp NULL DEFAULT NULL,
  `updated_at` timestamp NULL DEFAULT NULL,
  PRIMARY KEY (`id`),
  KEY `ec_product_files_product_id_index` (`product_id`)
) ENGINE=InnoDB AUTO_INCREMENT=27 DEFAULT CHARSET=utf8mb4 COLLATE=utf8mb4_unicode_ci;

--
-- Dumping data for table `ec_product_files`
--

INSERT INTO `ec_product_files` VALUES (1,4,'ecommerce/digital-product-files/product-13.jpg','{\"filename\":\"product-13.jpg\",\"url\":\"ecommerce\\/digital-product-files\\/product-13.jpg\",\"mime_type\":\"image\\/jpeg\",\"size\":9803,\"modified\":\"2025-07-28 08:50:38\",\"name\":\"product-13\",\"extension\":\"jpg\"}','2025-07-28 01:50:38','2025-07-28 01:50:38'),(2,4,'ecommerce/digital-product-files/product-10.jpg','{\"filename\":\"product-10.jpg\",\"url\":\"ecommerce\\/digital-product-files\\/product-10.jpg\",\"mime_type\":\"image\\/jpeg\",\"size\":9803,\"modified\":\"2025-07-28 08:50:38\",\"name\":\"product-10\",\"extension\":\"jpg\"}','2025-07-28 01:50:38','2025-07-28 01:50:38'),(3,8,'ecommerce/digital-product-files/product-10.jpg','{\"filename\":\"product-10.jpg\",\"url\":\"ecommerce\\/digital-product-files\\/product-10.jpg\",\"mime_type\":\"image\\/jpeg\",\"size\":9803,\"modified\":\"2025-07-28 08:50:38\",\"name\":\"product-10\",\"extension\":\"jpg\"}','2025-07-28 01:50:38','2025-07-28 01:50:38'),(4,8,'ecommerce/digital-product-files/product-12.jpg','{\"filename\":\"product-12.jpg\",\"url\":\"ecommerce\\/digital-product-files\\/product-12.jpg\",\"mime_type\":\"image\\/jpeg\",\"size\":9803,\"modified\":\"2025-07-28 08:50:38\",\"name\":\"product-12\",\"extension\":\"jpg\"}','2025-07-28 01:50:38','2025-07-28 01:50:38'),(5,12,'ecommerce/digital-product-files/product-14.jpg','{\"filename\":\"product-14.jpg\",\"url\":\"ecommerce\\/digital-product-files\\/product-14.jpg\",\"mime_type\":\"image\\/jpeg\",\"size\":9803,\"modified\":\"2025-07-28 08:50:38\",\"name\":\"product-14\",\"extension\":\"jpg\"}','2025-07-28 01:50:38','2025-07-28 01:50:38'),(6,12,'ecommerce/digital-product-files/product-4.jpg','{\"filename\":\"product-4.jpg\",\"url\":\"ecommerce\\/digital-product-files\\/product-4.jpg\",\"mime_type\":\"image\\/jpeg\",\"size\":9803,\"modified\":\"2025-07-28 08:50:38\",\"name\":\"product-4\",\"extension\":\"jpg\"}','2025-07-28 01:50:38','2025-07-28 01:50:38'),(7,16,'ecommerce/digital-product-files/product-details-desc-3.jpg','{\"filename\":\"product-details-desc-3.jpg\",\"url\":\"ecommerce\\/digital-product-files\\/product-details-desc-3.jpg\",\"mime_type\":\"image\\/jpeg\",\"size\":9803,\"modified\":\"2025-07-28 08:50:38\",\"name\":\"product-details-desc-3\",\"extension\":\"jpg\"}','2025-07-28 01:50:38','2025-07-28 01:50:38'),(8,16,'ecommerce/digital-product-files/product-10.jpg','{\"filename\":\"product-10.jpg\",\"url\":\"ecommerce\\/digital-product-files\\/product-10.jpg\",\"mime_type\":\"image\\/jpeg\",\"size\":9803,\"modified\":\"2025-07-28 08:50:38\",\"name\":\"product-10\",\"extension\":\"jpg\"}','2025-07-28 01:50:38','2025-07-28 01:50:38'),(9,20,'ecommerce/digital-product-files/product-details-desc-1.jpg','{\"filename\":\"product-details-desc-1.jpg\",\"url\":\"ecommerce\\/digital-product-files\\/product-details-desc-1.jpg\",\"mime_type\":\"image\\/jpeg\",\"size\":9803,\"modified\":\"2025-07-28 08:50:38\",\"name\":\"product-details-desc-1\",\"extension\":\"jpg\"}','2025-07-28 01:50:38','2025-07-28 01:50:38'),(10,20,'ecommerce/digital-product-files/product-details-desc-3.jpg','{\"filename\":\"product-details-desc-3.jpg\",\"url\":\"ecommerce\\/digital-product-files\\/product-details-desc-3.jpg\",\"mime_type\":\"image\\/jpeg\",\"size\":9803,\"modified\":\"2025-07-28 08:50:38\",\"name\":\"product-details-desc-3\",\"extension\":\"jpg\"}','2025-07-28 01:50:38','2025-07-28 01:50:38'),(11,24,'ecommerce/digital-product-files/product-20.jpg','{\"filename\":\"product-20.jpg\",\"url\":\"ecommerce\\/digital-product-files\\/product-20.jpg\",\"mime_type\":\"image\\/jpeg\",\"size\":9803,\"modified\":\"2025-07-28 08:50:38\",\"name\":\"product-20\",\"extension\":\"jpg\"}','2025-07-28 01:50:38','2025-07-28 01:50:38'),(12,24,'ecommerce/digital-product-files/product-1.jpg','{\"filename\":\"product-1.jpg\",\"url\":\"ecommerce\\/digital-product-files\\/product-1.jpg\",\"mime_type\":\"image\\/jpeg\",\"size\":9803,\"modified\":\"2025-07-28 08:50:38\",\"name\":\"product-1\",\"extension\":\"jpg\"}','2025-07-28 01:50:38','2025-07-28 01:50:38'),(13,28,'ecommerce/digital-product-files/product-details-desc-2.jpg','{\"filename\":\"product-details-desc-2.jpg\",\"url\":\"ecommerce\\/digital-product-files\\/product-details-desc-2.jpg\",\"mime_type\":\"image\\/jpeg\",\"size\":9803,\"modified\":\"2025-07-28 08:50:38\",\"name\":\"product-details-desc-2\",\"extension\":\"jpg\"}','2025-07-28 01:50:38','2025-07-28 01:50:38'),(14,28,'ecommerce/digital-product-files/product-details-desc-3.jpg','{\"filename\":\"product-details-desc-3.jpg\",\"url\":\"ecommerce\\/digital-product-files\\/product-details-desc-3.jpg\",\"mime_type\":\"image\\/jpeg\",\"size\":9803,\"modified\":\"2025-07-28 08:50:38\",\"name\":\"product-details-desc-3\",\"extension\":\"jpg\"}','2025-07-28 01:50:38','2025-07-28 01:50:38'),(15,38,'ecommerce/digital-product-files/product-12.jpg','{\"filename\":\"product-12.jpg\",\"url\":\"ecommerce\\/digital-product-files\\/product-12.jpg\",\"mime_type\":\"image\\/jpeg\",\"size\":9803,\"modified\":\"2025-07-28 08:50:38\",\"name\":\"product-12\",\"extension\":\"jpg\"}','2025-07-28 01:50:38','2025-07-28 01:50:38'),(16,39,'ecommerce/digital-product-files/product-11.jpg','{\"filename\":\"product-11.jpg\",\"url\":\"ecommerce\\/digital-product-files\\/product-11.jpg\",\"mime_type\":\"image\\/jpeg\",\"size\":9803,\"modified\":\"2025-07-28 08:50:38\",\"name\":\"product-11\",\"extension\":\"jpg\"}','2025-07-28 01:50:38','2025-07-28 01:50:38'),(17,43,'ecommerce/digital-product-files/product-4.jpg','{\"filename\":\"product-4.jpg\",\"url\":\"ecommerce\\/digital-product-files\\/product-4.jpg\",\"mime_type\":\"image\\/jpeg\",\"size\":9803,\"modified\":\"2025-07-28 08:50:38\",\"name\":\"product-4\",\"extension\":\"jpg\"}','2025-07-28 01:50:38','2025-07-28 01:50:38'),(18,44,'ecommerce/digital-product-files/product-3.jpg','{\"filename\":\"product-3.jpg\",\"url\":\"ecommerce\\/digital-product-files\\/product-3.jpg\",\"mime_type\":\"image\\/jpeg\",\"size\":9803,\"modified\":\"2025-07-28 08:50:38\",\"name\":\"product-3\",\"extension\":\"jpg\"}','2025-07-28 01:50:38','2025-07-28 01:50:38'),(19,45,'ecommerce/digital-product-files/product-10.jpg','{\"filename\":\"product-10.jpg\",\"url\":\"ecommerce\\/digital-product-files\\/product-10.jpg\",\"mime_type\":\"image\\/jpeg\",\"size\":9803,\"modified\":\"2025-07-28 08:50:38\",\"name\":\"product-10\",\"extension\":\"jpg\"}','2025-07-28 01:50:38','2025-07-28 01:50:38'),(20,49,'ecommerce/digital-product-files/product-details-desc-3.jpg','{\"filename\":\"product-details-desc-3.jpg\",\"url\":\"ecommerce\\/digital-product-files\\/product-details-desc-3.jpg\",\"mime_type\":\"image\\/jpeg\",\"size\":9803,\"modified\":\"2025-07-28 08:50:38\",\"name\":\"product-details-desc-3\",\"extension\":\"jpg\"}','2025-07-28 01:50:38','2025-07-28 01:50:38'),(21,50,'ecommerce/digital-product-files/product-15.jpg','{\"filename\":\"product-15.jpg\",\"url\":\"ecommerce\\/digital-product-files\\/product-15.jpg\",\"mime_type\":\"image\\/jpeg\",\"size\":9803,\"modified\":\"2025-07-28 08:50:38\",\"name\":\"product-15\",\"extension\":\"jpg\"}','2025-07-28 01:50:38','2025-07-28 01:50:38'),(22,51,'ecommerce/digital-product-files/product-6.jpg','{\"filename\":\"product-6.jpg\",\"url\":\"ecommerce\\/digital-product-files\\/product-6.jpg\",\"mime_type\":\"image\\/jpeg\",\"size\":9803,\"modified\":\"2025-07-28 08:50:38\",\"name\":\"product-6\",\"extension\":\"jpg\"}','2025-07-28 01:50:38','2025-07-28 01:50:38'),(23,55,'ecommerce/digital-product-files/product-1.jpg','{\"filename\":\"product-1.jpg\",\"url\":\"ecommerce\\/digital-product-files\\/product-1.jpg\",\"mime_type\":\"image\\/jpeg\",\"size\":9803,\"modified\":\"2025-07-28 08:50:38\",\"name\":\"product-1\",\"extension\":\"jpg\"}','2025-07-28 01:50:38','2025-07-28 01:50:38'),(24,56,'ecommerce/digital-product-files/product-10.jpg','{\"filename\":\"product-10.jpg\",\"url\":\"ecommerce\\/digital-product-files\\/product-10.jpg\",\"mime_type\":\"image\\/jpeg\",\"size\":9803,\"modified\":\"2025-07-28 08:50:38\",\"name\":\"product-10\",\"extension\":\"jpg\"}','2025-07-28 01:50:38','2025-07-28 01:50:38'),(25,57,'ecommerce/digital-product-files/product-20.jpg','{\"filename\":\"product-20.jpg\",\"url\":\"ecommerce\\/digital-product-files\\/product-20.jpg\",\"mime_type\":\"image\\/jpeg\",\"size\":9803,\"modified\":\"2025-07-28 08:50:38\",\"name\":\"product-20\",\"extension\":\"jpg\"}','2025-07-28 01:50:38','2025-07-28 01:50:38'),(26,58,'ecommerce/digital-product-files/product-20.jpg','{\"filename\":\"product-20.jpg\",\"url\":\"ecommerce\\/digital-product-files\\/product-20.jpg\",\"mime_type\":\"image\\/jpeg\",\"size\":9803,\"modified\":\"2025-07-28 08:50:38\",\"name\":\"product-20\",\"extension\":\"jpg\"}','2025-07-28 01:50:38','2025-07-28 01:50:38');

--
-- Table structure for table `ec_product_label_products`
--

CREATE TABLE `ec_product_label_products` (
  `product_label_id` bigint unsigned NOT NULL,
  `product_id` bigint unsigned NOT NULL,
  PRIMARY KEY (`product_label_id`,`product_id`),
  KEY `ec_product_label_products_product_label_id_index` (`product_label_id`),
  KEY `ec_product_label_products_product_id_index` (`product_id`)
) ENGINE=InnoDB DEFAULT CHARSET=utf8mb4 COLLATE=utf8mb4_unicode_ci;

--
-- Dumping data for table `ec_product_label_products`
--

INSERT INTO `ec_product_label_products` VALUES (1,3),(2,9),(2,12),(2,18),(2,27),(3,6),(3,15),(3,21),(3,24),(3,30);

--
-- Table structure for table `ec_product_labels`
--

CREATE TABLE `ec_product_labels` (
  `id` bigint unsigned NOT NULL AUTO_INCREMENT,
  `name` varchar(191) COLLATE utf8mb4_unicode_ci NOT NULL,
  `color` varchar(120) COLLATE utf8mb4_unicode_ci DEFAULT NULL,
  `status` varchar(60) COLLATE utf8mb4_unicode_ci NOT NULL DEFAULT 'published',
  `created_at` timestamp NULL DEFAULT NULL,
  `updated_at` timestamp NULL DEFAULT NULL,
  `text_color` varchar(120) COLLATE utf8mb4_unicode_ci DEFAULT NULL,
  PRIMARY KEY (`id`)
) ENGINE=InnoDB AUTO_INCREMENT=4 DEFAULT CHARSET=utf8mb4 COLLATE=utf8mb4_unicode_ci;

--
-- Dumping data for table `ec_product_labels`
--

INSERT INTO `ec_product_labels` VALUES (1,'Hot','#AC2200','published','2025-07-28 01:50:22','2025-07-28 01:50:22',NULL),(2,'New','#006554','published','2025-07-28 01:50:22','2025-07-28 01:50:22',NULL),(3,'Sale','#9A3B00','published','2025-07-28 01:50:22','2025-07-28 01:50:22',NULL);

--
-- Table structure for table `ec_product_labels_translations`
--

CREATE TABLE `ec_product_labels_translations` (
  `lang_code` varchar(191) COLLATE utf8mb4_unicode_ci NOT NULL,
  `ec_product_labels_id` bigint unsigned NOT NULL,
  `name` varchar(191) COLLATE utf8mb4_unicode_ci DEFAULT NULL,
  `description` varchar(400) COLLATE utf8mb4_unicode_ci DEFAULT NULL,
  PRIMARY KEY (`lang_code`,`ec_product_labels_id`)
) ENGINE=InnoDB DEFAULT CHARSET=utf8mb4 COLLATE=utf8mb4_unicode_ci;

--
-- Dumping data for table `ec_product_labels_translations`
--


--
-- Table structure for table `ec_product_license_codes`
--

CREATE TABLE `ec_product_license_codes` (
  `id` bigint unsigned NOT NULL AUTO_INCREMENT,
  `product_id` bigint unsigned NOT NULL,
  `license_code` text COLLATE utf8mb4_unicode_ci NOT NULL,
  `status` varchar(60) COLLATE utf8mb4_unicode_ci NOT NULL DEFAULT 'available',
  `assigned_order_product_id` bigint unsigned DEFAULT NULL,
  `assigned_at` timestamp NULL DEFAULT NULL,
  `created_at` timestamp NULL DEFAULT NULL,
  `updated_at` timestamp NULL DEFAULT NULL,
  PRIMARY KEY (`id`),
  KEY `ec_product_license_codes_product_id_status_index` (`product_id`,`status`)
) ENGINE=InnoDB DEFAULT CHARSET=utf8mb4 COLLATE=utf8mb4_unicode_ci;

--
-- Dumping data for table `ec_product_license_codes`
--


--
-- Table structure for table `ec_product_related_relations`
--

CREATE TABLE `ec_product_related_relations` (
  `from_product_id` bigint unsigned NOT NULL,
  `to_product_id` bigint unsigned NOT NULL,
  PRIMARY KEY (`from_product_id`,`to_product_id`),
  KEY `ec_product_related_relations_from_product_id_index` (`from_product_id`),
  KEY `ec_product_related_relations_to_product_id_index` (`to_product_id`)
) ENGINE=InnoDB DEFAULT CHARSET=utf8mb4 COLLATE=utf8mb4_unicode_ci;

--
-- Dumping data for table `ec_product_related_relations`
--


--
-- Table structure for table `ec_product_specification_attribute`
--

CREATE TABLE `ec_product_specification_attribute` (
  `product_id` bigint unsigned NOT NULL,
  `attribute_id` bigint unsigned NOT NULL,
  `value` text COLLATE utf8mb4_unicode_ci,
  `hidden` tinyint(1) NOT NULL DEFAULT '0',
  `order` tinyint NOT NULL DEFAULT '0',
  PRIMARY KEY (`product_id`,`attribute_id`)
) ENGINE=InnoDB DEFAULT CHARSET=utf8mb4 COLLATE=utf8mb4_unicode_ci;

--
-- Dumping data for table `ec_product_specification_attribute`
--

INSERT INTO `ec_product_specification_attribute` VALUES (1,1,'22.93 cm',0,0),(1,2,'38.9 cm',0,0),(1,3,'98.05 cm',0,0),(1,4,'2.78 cm',0,0),(1,5,'32.36 cm',0,0),(2,1,'19.21 cm',0,0),(2,2,'14.75 cm',0,0),(2,3,'30.19 cm',0,0),(2,4,'75.84 cm',0,0),(2,5,'60.91 cm',0,0),(3,6,'16.03 cm',0,0),(3,7,'20.25 cm',0,0),(3,8,'2560x1440',0,0),(4,1,'97.38 cm',0,0),(4,2,'73.78 cm',0,0),(4,3,'17.93 cm',0,0),(4,4,'64.4 cm',0,0),(4,5,'26 cm',0,0),(5,1,'50.8 cm',0,0),(5,2,'83.77 cm',0,0),(5,3,'93.6 cm',0,0),(5,4,'15.43 cm',0,0),(5,5,'6.67 cm',0,0),(6,1,'21.96 cm',0,0),(6,2,'48.74 cm',0,0),(6,3,'68.49 cm',0,0),(6,4,'45.33 cm',0,0),(6,5,'86.41 cm',0,0),(7,6,'76.71 cm',0,0),(7,7,'57.78 cm',0,0),(7,8,'2560x1440',0,0),(8,6,'34.47 cm',0,0),(8,7,'98.32 cm',0,0),(8,8,'1920x1080',0,0),(9,1,'80.54 cm',0,0),(9,2,'72.26 cm',0,0),(9,3,'71.9 cm',0,0),(9,4,'74.9 cm',0,0),(9,5,'34.51 cm',0,0),(10,1,'59.5 cm',0,0),(10,2,'60.42 cm',0,0),(10,3,'64.55 cm',0,0),(10,4,'51.05 cm',0,0),(10,5,'61.56 cm',0,0),(11,6,'43.46 cm',0,0),(11,7,'59.82 cm',0,0),(11,8,'1920x1080',0,0),(12,1,'57.42 cm',0,0),(12,2,'83.13 cm',0,0),(12,3,'21.67 cm',0,0),(12,4,'70.2 cm',0,0),(12,5,'89.66 cm',0,0),(13,6,'27.1 cm',0,0),(13,7,'98.96 cm',0,0),(13,8,'2560x1440',0,0),(14,1,'65.09 cm',0,0),(14,2,'65.89 cm',0,0),(14,3,'57.71 cm',0,0),(14,4,'10.8 cm',0,0),(14,5,'17.5 cm',0,0),(15,6,'12.73 cm',0,0),(15,7,'37.55 cm',0,0),(15,8,'1920x1080',0,0),(16,6,'28.8 cm',0,0),(16,7,'53.52 cm',0,0),(16,8,'1920x1080',0,0),(17,1,'45.05 cm',0,0),(17,2,'53.86 cm',0,0),(17,3,'79.75 cm',0,0),(17,4,'35.49 cm',0,0),(17,5,'62.54 cm',0,0),(18,1,'68.27 cm',0,0),(18,2,'90.12 cm',0,0),(18,3,'88.39 cm',0,0),(18,4,'69.24 cm',0,0),(18,5,'5.79 cm',0,0),(19,6,'30.21 cm',0,0),(19,7,'41.11 cm',0,0),(19,8,'1920x1080',0,0),(20,1,'39.31 cm',0,0),(20,2,'87.7 cm',0,0),(20,3,'29.12 cm',0,0),(20,4,'98.04 cm',0,0),(20,5,'25.32 cm',0,0),(21,1,'16.26 cm',0,0),(21,2,'15.03 cm',0,0),(21,3,'24.71 cm',0,0),(21,4,'81.33 cm',0,0),(21,5,'1.47 cm',0,0),(22,1,'90.65 cm',0,0),(22,2,'23.12 cm',0,0),(22,3,'41.19 cm',0,0),(22,4,'54.74 cm',0,0),(22,5,'74.03 cm',0,0),(23,6,'41.83 cm',0,0),(23,7,'50.17 cm',0,0),(23,8,'3840x2160',0,0),(24,1,'55.8 cm',0,0),(24,2,'69.09 cm',0,0),(24,3,'13.92 cm',0,0),(24,4,'68.32 cm',0,0),(24,5,'29.41 cm',0,0),(25,1,'13.39 cm',0,0),(25,2,'80.67 cm',0,0),(25,3,'79.45 cm',0,0),(25,4,'70.67 cm',0,0),(25,5,'77.36 cm',0,0),(26,1,'75.18 cm',0,0),(26,2,'3.86 cm',0,0),(26,3,'37.25 cm',0,0),(26,4,'15.86 cm',0,0),(26,5,'44.75 cm',0,0),(27,6,'63.31 cm',0,0),(27,7,'34.69 cm',0,0),(27,8,'1920x1080',0,0),(28,6,'4.03 cm',0,0),(28,7,'77.4 cm',0,0),(28,8,'2560x1440',0,0),(29,6,'20.09 cm',0,0),(29,7,'56.65 cm',0,0),(29,8,'2560x1440',0,0),(30,1,'6.59 cm',0,0),(30,2,'85.93 cm',0,0),(30,3,'9.07 cm',0,0),(30,4,'44.68 cm',0,0),(30,5,'32.74 cm',0,0);

--
-- Table structure for table `ec_product_tag_product`
--

CREATE TABLE `ec_product_tag_product` (
  `product_id` bigint unsigned NOT NULL,
  `tag_id` bigint unsigned NOT NULL,
  PRIMARY KEY (`product_id`,`tag_id`),
  KEY `ec_product_tag_product_product_id_index` (`product_id`),
  KEY `ec_product_tag_product_tag_id_index` (`tag_id`)
) ENGINE=InnoDB DEFAULT CHARSET=utf8mb4 COLLATE=utf8mb4_unicode_ci;

--
-- Dumping data for table `ec_product_tag_product`
--

INSERT INTO `ec_product_tag_product` VALUES (1,1),(1,3),(1,6),(2,1),(2,2),(2,6),(3,2),(3,5),(3,6),(4,2),(4,4),(4,6),(5,2),(5,5),(5,6),(6,1),(6,3),(6,6),(7,2),(7,5),(7,6),(8,1),(8,3),(8,6),(9,3),(9,5),(9,6),(10,2),(10,3),(10,6),(11,1),(11,2),(11,3),(12,1),(12,5),(12,6),(13,1),(13,2),(13,3),(14,1),(14,3),(14,6),(15,1),(15,2),(15,6),(16,3),(16,4),(16,5),(17,1),(17,3),(17,4),(18,4),(18,5),(18,6),(19,1),(19,3),(19,4),(20,4),(20,5),(20,6),(21,1),(21,4),(21,6),(22,2),(22,3),(22,4),(23,1),(23,2),(23,3),(24,1),(24,3),(24,5),(25,1),(25,3),(25,4),(26,2),(26,3),(26,5),(27,1),(27,3),(27,6),(28,2),(28,3),(28,4),(29,2),(29,3),(29,4),(30,1),(30,4),(30,6);

--
-- Table structure for table `ec_product_tags`
--

CREATE TABLE `ec_product_tags` (
  `id` bigint unsigned NOT NULL AUTO_INCREMENT,
  `name` varchar(120) COLLATE utf8mb4_unicode_ci NOT NULL,
  `description` varchar(400) COLLATE utf8mb4_unicode_ci DEFAULT NULL,
  `status` varchar(60) COLLATE utf8mb4_unicode_ci NOT NULL DEFAULT 'published',
  `created_at` timestamp NULL DEFAULT NULL,
  `updated_at` timestamp NULL DEFAULT NULL,
  PRIMARY KEY (`id`)
) ENGINE=InnoDB AUTO_INCREMENT=7 DEFAULT CHARSET=utf8mb4 COLLATE=utf8mb4_unicode_ci;

--
-- Dumping data for table `ec_product_tags`
--

INSERT INTO `ec_product_tags` VALUES (1,'Electronic',NULL,'published','2025-07-28 01:50:27','2025-07-28 01:50:27'),(2,'Mobile',NULL,'published','2025-07-28 01:50:27','2025-07-28 01:50:27'),(3,'Iphone',NULL,'published','2025-07-28 01:50:27','2025-07-28 01:50:27'),(4,'Printer',NULL,'published','2025-07-28 01:50:27','2025-07-28 01:50:27'),(5,'Office',NULL,'published','2025-07-28 01:50:27','2025-07-28 01:50:27'),(6,'IT',NULL,'published','2025-07-28 01:50:27','2025-07-28 01:50:27');

--
-- Table structure for table `ec_product_tags_translations`
--

CREATE TABLE `ec_product_tags_translations` (
  `lang_code` varchar(191) COLLATE utf8mb4_unicode_ci NOT NULL,
  `ec_product_tags_id` bigint unsigned NOT NULL,
  `name` varchar(191) COLLATE utf8mb4_unicode_ci DEFAULT NULL,
  PRIMARY KEY (`lang_code`,`ec_product_tags_id`)
) ENGINE=InnoDB DEFAULT CHARSET=utf8mb4 COLLATE=utf8mb4_unicode_ci;

--
-- Dumping data for table `ec_product_tags_translations`
--


--
-- Table structure for table `ec_product_up_sale_relations`
--

CREATE TABLE `ec_product_up_sale_relations` (
  `from_product_id` bigint unsigned NOT NULL,
  `to_product_id` bigint unsigned NOT NULL,
  PRIMARY KEY (`from_product_id`,`to_product_id`),
  KEY `ec_product_up_sale_relations_from_product_id_index` (`from_product_id`),
  KEY `ec_product_up_sale_relations_to_product_id_index` (`to_product_id`)
) ENGINE=InnoDB DEFAULT CHARSET=utf8mb4 COLLATE=utf8mb4_unicode_ci;

--
-- Dumping data for table `ec_product_up_sale_relations`
--


--
-- Table structure for table `ec_product_variation_items`
--

CREATE TABLE `ec_product_variation_items` (
  `id` bigint unsigned NOT NULL AUTO_INCREMENT,
  `attribute_id` bigint unsigned NOT NULL,
  `variation_id` bigint unsigned NOT NULL,
  PRIMARY KEY (`id`),
  UNIQUE KEY `ec_product_variation_items_attribute_id_variation_id_unique` (`attribute_id`,`variation_id`),
  KEY `attribute_variation_index` (`attribute_id`,`variation_id`)
) ENGINE=InnoDB AUTO_INCREMENT=63 DEFAULT CHARSET=utf8mb4 COLLATE=utf8mb4_unicode_ci;

--
-- Dumping data for table `ec_product_variation_items`
--

INSERT INTO `ec_product_variation_items` VALUES (5,1,3),(11,1,6),(13,1,7),(29,1,15),(27,2,14),(17,3,9),(25,3,13),(33,3,17),(1,5,1),(3,5,2),(7,5,4),(9,5,5),(15,5,8),(19,5,10),(21,5,11),(23,5,12),(31,5,16),(12,6,6),(28,6,14),(4,7,2),(14,7,7),(30,7,15),(32,7,16),(10,8,5),(24,8,12),(6,9,3),(16,9,8),(18,9,9),(20,9,10),(34,9,17),(2,10,1),(8,10,4),(22,10,11),(26,10,13),(37,11,19),(39,11,20),(47,11,24),(61,11,31),(53,12,27),(59,12,30),(43,13,22),(41,14,21),(51,14,26),(55,14,28),(35,15,18),(45,15,23),(49,15,25),(57,15,29),(36,16,18),(46,16,23),(56,16,28),(60,16,30),(62,16,31),(50,17,25),(52,17,26),(40,18,20),(44,18,22),(58,18,29),(38,20,19),(42,20,21),(48,20,24),(54,20,27);

--
-- Table structure for table `ec_product_variations`
--

CREATE TABLE `ec_product_variations` (
  `id` bigint unsigned NOT NULL AUTO_INCREMENT,
  `product_id` bigint unsigned DEFAULT NULL,
  `configurable_product_id` bigint unsigned NOT NULL,
  `is_default` tinyint NOT NULL DEFAULT '0',
  PRIMARY KEY (`id`),
  UNIQUE KEY `ec_product_variations_product_id_configurable_product_id_unique` (`product_id`,`configurable_product_id`),
  KEY `configurable_product_index` (`product_id`,`configurable_product_id`)
) ENGINE=InnoDB AUTO_INCREMENT=32 DEFAULT CHARSET=utf8mb4 COLLATE=utf8mb4_unicode_ci;

--
-- Dumping data for table `ec_product_variations`
--

INSERT INTO `ec_product_variations` VALUES (1,31,2,1),(2,32,3,1),(3,33,3,0),(4,34,3,0),(5,35,3,0),(6,36,5,1),(7,37,5,0),(8,38,8,1),(9,39,8,0),(10,40,10,1),(11,41,10,0),(12,42,10,0),(13,43,12,1),(14,44,12,0),(15,45,12,0),(16,46,14,1),(17,47,14,0),(18,48,18,1),(19,49,20,1),(20,50,20,0),(21,51,20,0),(22,52,23,1),(23,53,23,0),(24,54,23,0),(25,55,24,1),(26,56,24,0),(27,57,24,0),(28,58,24,0),(29,59,25,1),(30,60,25,0),(31,61,25,0);

--
-- Table structure for table `ec_product_views`
--

CREATE TABLE `ec_product_views` (
  `id` bigint unsigned NOT NULL AUTO_INCREMENT,
  `product_id` bigint unsigned NOT NULL,
  `views` int NOT NULL DEFAULT '1',
  `date` date NOT NULL DEFAULT '2025-07-28',
  PRIMARY KEY (`id`),
  UNIQUE KEY `ec_product_views_product_id_date_unique` (`product_id`,`date`),
  KEY `ec_product_views_product_id_index` (`product_id`)
) ENGINE=InnoDB DEFAULT CHARSET=utf8mb4 COLLATE=utf8mb4_unicode_ci;

--
-- Dumping data for table `ec_product_views`
--


--
-- Table structure for table `ec_product_with_attribute_set`
--

CREATE TABLE `ec_product_with_attribute_set` (
  `attribute_set_id` bigint unsigned NOT NULL,
  `product_id` bigint unsigned NOT NULL,
  `order` tinyint unsigned NOT NULL DEFAULT '0',
  PRIMARY KEY (`product_id`,`attribute_set_id`)
) ENGINE=InnoDB DEFAULT CHARSET=utf8mb4 COLLATE=utf8mb4_unicode_ci;

--
-- Dumping data for table `ec_product_with_attribute_set`
--

INSERT INTO `ec_product_with_attribute_set` VALUES (1,2,0),(2,2,0),(1,3,0),(2,3,0),(1,5,0),(2,5,0),(1,8,0),(2,8,0),(1,10,0),(2,10,0),(1,12,0),(2,12,0),(1,14,0),(2,14,0),(3,18,0),(4,18,0),(3,20,0),(4,20,0),(3,23,0),(4,23,0),(3,24,0),(4,24,0),(3,25,0),(4,25,0);

--
-- Table structure for table `ec_products`
--

CREATE TABLE `ec_products` (
  `id` bigint unsigned NOT NULL AUTO_INCREMENT,
  `name` varchar(191) COLLATE utf8mb4_unicode_ci NOT NULL,
  `description` text COLLATE utf8mb4_unicode_ci,
  `content` longtext COLLATE utf8mb4_unicode_ci,
  `status` varchar(60) COLLATE utf8mb4_unicode_ci NOT NULL DEFAULT 'published',
  `images` text COLLATE utf8mb4_unicode_ci,
  `video_media` text COLLATE utf8mb4_unicode_ci,
  `sku` varchar(191) COLLATE utf8mb4_unicode_ci DEFAULT NULL,
  `order` int unsigned NOT NULL DEFAULT '0',
  `quantity` int unsigned DEFAULT NULL,
  `allow_checkout_when_out_of_stock` tinyint unsigned NOT NULL DEFAULT '0',
  `with_storehouse_management` tinyint unsigned NOT NULL DEFAULT '0',
  `stock_status` varchar(191) COLLATE utf8mb4_unicode_ci DEFAULT 'in_stock',
  `is_featured` tinyint unsigned NOT NULL DEFAULT '0',
  `brand_id` bigint unsigned DEFAULT NULL,
  `is_variation` tinyint NOT NULL DEFAULT '0',
  `sale_type` tinyint NOT NULL DEFAULT '0',
  `price` double unsigned DEFAULT NULL,
  `sale_price` double unsigned DEFAULT NULL,
  `start_date` timestamp NULL DEFAULT NULL,
  `end_date` timestamp NULL DEFAULT NULL,
  `length` double DEFAULT NULL,
  `wide` double DEFAULT NULL,
  `height` double DEFAULT NULL,
  `weight` double DEFAULT NULL,
  `tax_id` bigint unsigned DEFAULT NULL,
  `views` bigint NOT NULL DEFAULT '0',
  `created_at` timestamp NULL DEFAULT NULL,
  `updated_at` timestamp NULL DEFAULT NULL,
  `store_id` bigint unsigned DEFAULT NULL,
  `created_by_id` bigint unsigned DEFAULT '0',
  `created_by_type` varchar(191) COLLATE utf8mb4_unicode_ci NOT NULL DEFAULT 'Botble\\ACL\\Models\\User',
  `approved_by` bigint unsigned DEFAULT '0',
  `image` varchar(191) COLLATE utf8mb4_unicode_ci DEFAULT NULL,
  `product_type` varchar(60) COLLATE utf8mb4_unicode_ci DEFAULT 'physical',
  `barcode` varchar(150) COLLATE utf8mb4_unicode_ci DEFAULT NULL,
  `cost_per_item` double DEFAULT NULL,
  `generate_license_code` tinyint(1) NOT NULL DEFAULT '0',
  `license_code_type` enum('auto_generate','pick_from_list') COLLATE utf8mb4_unicode_ci NOT NULL DEFAULT 'auto_generate',
  `minimum_order_quantity` int unsigned DEFAULT '0',
  `maximum_order_quantity` int unsigned DEFAULT '0',
  `notify_attachment_updated` tinyint(1) NOT NULL DEFAULT '0',
  `specification_table_id` bigint unsigned DEFAULT NULL,
  PRIMARY KEY (`id`),
  KEY `ec_products_brand_id_status_is_variation_created_at_index` (`brand_id`,`status`,`is_variation`,`created_at`),
  KEY `sale_type_index` (`sale_type`),
  KEY `start_date_index` (`start_date`),
  KEY `end_date_index` (`end_date`),
  KEY `sale_price_index` (`sale_price`),
  KEY `is_variation_index` (`is_variation`),
  KEY `ec_products_sku_index` (`sku`)
) ENGINE=InnoDB AUTO_INCREMENT=62 DEFAULT CHARSET=utf8mb4 COLLATE=utf8mb4_unicode_ci;

--
-- Dumping data for table `ec_products`
--

INSERT INTO `ec_products` VALUES (1,'Organic Apples','Quinoa flour, a gluten-free alternative for baking.','<div class=\"row justify-content-center\">\n    <div class=\"col-xl-10\">\n        <div class=\"tp-product-details-desc-item pb-105\">\n            <div class=\"row\">\n                <div class=\"col-lg-6\">\n                    <div class=\"pt-25\">\n                        <span>Organic Avocado</span>\n                        <h3 class=\"tp-product-details-desc-title\">Freshness You Can Taste</h3>\n                        <p>\n                            Indulge in the rich, creamy texture and vibrant flavor of our organic avocados. Sourced from sustainable farms, each avocado is handpicked to ensure peak ripeness and quality. Whether sliced on toast or mashed into guacamole, our avocados are the perfect addition to any meal.\n                        </p>\n                    </div>\n                    <div>\n                        <h3 class=\"tp-product-details-desc-title\">Nutrient-Rich Goodness</h3>\n                        <p>\n                            Packed with essential vitamins and minerals, our organic avocados are not only delicious but also incredibly nutritious. High in heart-healthy fats and fiber, they\'re an excellent choice for grocerytaining a balanced diet. Add them to salads, smoothies, or sandwiches for a nutritious boost.\n                        </p>\n                    </div>\n                </div>\n                <div class=\"col-lg-6\">\n                    <div class=\"tp-product-details-desc-thumb\">\n                        <img src=\"/storage/grocery/products/product-1.jpg\" alt=\"Organic Avocado\">\n                    </div>\n                </div>\n            </div>\n        </div>\n        <div class=\"tp-product-details-desc-item pb-75\">\n            <div class=\"row\">\n                <div class=\"col-lg-7\">\n                    <div class=\"tp-product-details-desc-thumb\">\n                        <img src=\"/storage/grocery/products/product-2.jpg\" alt=\"Sliced Avocado\">\n                    </div>\n                </div>\n\n                <div class=\"col-lg-5 order-first order-lg-last\">\n                    <div class=\"des-content-2 pl-40\">\n                        <h3 class=\"tp-product-details-desc-title\">\n                            Convenient Packaging\n                        </h3>\n                        <p>\n                            Our organic avocados come carefully packaged to preserve their freshness. Each avocado is nestled in eco-friendly padding to prevent bruising during transit. Rest assured that when you open your package, you\'ll find perfectly ripe avocados ready to enjoy.\n                        </p>\n                    </div>\n                </div>\n            </div>\n        </div>\n        <div class=\"tp-product-details-desc-item\">\n            <div class=\"row\">\n                <div class=\"col-xl-12\">\n                    <div class=\"tp-product-details-desc-banner text-center m-img\">\n                        <h3 class=\"tp-product-details-desc-banner-title tp-product-details-desc-title\">Grown with Care</h3>\n                        <img src=\"/storage/grocery/products/product-3.jpg\" alt=\"Avocado Farm\">\n                    </div>\n                </div>\n            </div>\n        </div>\n    </div>\n</div>\n','published','[\"main\\/products\\/product-details-desc-3.jpg\",\"main\\/products\\/product-6.jpg\",\"main\\/products\\/product-details-desc-1.jpg\",\"main\\/products\\/product-16.jpg\",\"main\\/products\\/product-11.jpg\",\"main\\/products\\/product-15.jpg\",\"main\\/products\\/product-9.jpg\"]','[]','WA-117',0,10,0,1,'in_stock',1,3,0,0,1387,283,NULL,NULL,13,20,19,575,NULL,56201,'2025-07-28 01:50:37','2025-07-28 01:50:38',4,0,'Botble\\ACL\\Models\\User',0,NULL,'physical','5506789027788',NULL,0,'auto_generate',0,0,0,1),(2,'Whole Grain Bread','Whole pineapple for a tropical and refreshing treat.','<div class=\"row justify-content-center\">\n    <div class=\"col-xl-10\">\n        <div class=\"tp-product-details-desc-item pb-105\">\n            <div class=\"row\">\n                <div class=\"col-lg-6\">\n                    <div class=\"pt-25\">\n                        <span>Organic Avocado</span>\n                        <h3 class=\"tp-product-details-desc-title\">Freshness You Can Taste</h3>\n                        <p>\n                            Indulge in the rich, creamy texture and vibrant flavor of our organic avocados. Sourced from sustainable farms, each avocado is handpicked to ensure peak ripeness and quality. Whether sliced on toast or mashed into guacamole, our avocados are the perfect addition to any meal.\n                        </p>\n                    </div>\n                    <div>\n                        <h3 class=\"tp-product-details-desc-title\">Nutrient-Rich Goodness</h3>\n                        <p>\n                            Packed with essential vitamins and minerals, our organic avocados are not only delicious but also incredibly nutritious. High in heart-healthy fats and fiber, they\'re an excellent choice for grocerytaining a balanced diet. Add them to salads, smoothies, or sandwiches for a nutritious boost.\n                        </p>\n                    </div>\n                </div>\n                <div class=\"col-lg-6\">\n                    <div class=\"tp-product-details-desc-thumb\">\n                        <img src=\"/storage/grocery/products/product-1.jpg\" alt=\"Organic Avocado\">\n                    </div>\n                </div>\n            </div>\n        </div>\n        <div class=\"tp-product-details-desc-item pb-75\">\n            <div class=\"row\">\n                <div class=\"col-lg-7\">\n                    <div class=\"tp-product-details-desc-thumb\">\n                        <img src=\"/storage/grocery/products/product-2.jpg\" alt=\"Sliced Avocado\">\n                    </div>\n                </div>\n\n                <div class=\"col-lg-5 order-first order-lg-last\">\n                    <div class=\"des-content-2 pl-40\">\n                        <h3 class=\"tp-product-details-desc-title\">\n                            Convenient Packaging\n                        </h3>\n                        <p>\n                            Our organic avocados come carefully packaged to preserve their freshness. Each avocado is nestled in eco-friendly padding to prevent bruising during transit. Rest assured that when you open your package, you\'ll find perfectly ripe avocados ready to enjoy.\n                        </p>\n                    </div>\n                </div>\n            </div>\n        </div>\n        <div class=\"tp-product-details-desc-item\">\n            <div class=\"row\">\n                <div class=\"col-xl-12\">\n                    <div class=\"tp-product-details-desc-banner text-center m-img\">\n                        <h3 class=\"tp-product-details-desc-banner-title tp-product-details-desc-title\">Grown with Care</h3>\n                        <img src=\"/storage/grocery/products/product-3.jpg\" alt=\"Avocado Farm\">\n                    </div>\n                </div>\n            </div>\n        </div>\n    </div>\n</div>\n','published','[\"main\\/products\\/product-13.jpg\",\"main\\/products\\/product-2.jpg\",\"main\\/products\\/product-1.jpg\",\"main\\/products\\/product-6.jpg\",\"main\\/products\\/product-11.jpg\"]','[[{\"key\":\"file\",\"value\":null},{\"key\":\"url\",\"value\":\"https:\\/\\/www.youtube.com\\/watch?v=6JYIGclVQdw\"},{\"key\":\"thumbnail\",\"value\":\"main\\/video\\/2.jpg\"}]]','NQ-193-A1',0,15,0,1,'in_stock',1,3,0,0,309,NULL,NULL,NULL,16,12,11,607,NULL,82971,'2025-07-28 01:50:37','2025-07-28 01:50:38',8,0,'Botble\\ACL\\Models\\User',0,NULL,'physical','5348643715666',NULL,0,'auto_generate',0,0,0,1),(3,'Free-Range Eggs','Whole wheat pasta, a healthier alternative with a nutty flavor.','<div class=\"row justify-content-center\">\n    <div class=\"col-xl-10\">\n        <div class=\"tp-product-details-desc-item pb-105\">\n            <div class=\"row\">\n                <div class=\"col-lg-6\">\n                    <div class=\"pt-25\">\n                        <span>Organic Avocado</span>\n                        <h3 class=\"tp-product-details-desc-title\">Freshness You Can Taste</h3>\n                        <p>\n                            Indulge in the rich, creamy texture and vibrant flavor of our organic avocados. Sourced from sustainable farms, each avocado is handpicked to ensure peak ripeness and quality. Whether sliced on toast or mashed into guacamole, our avocados are the perfect addition to any meal.\n                        </p>\n                    </div>\n                    <div>\n                        <h3 class=\"tp-product-details-desc-title\">Nutrient-Rich Goodness</h3>\n                        <p>\n                            Packed with essential vitamins and minerals, our organic avocados are not only delicious but also incredibly nutritious. High in heart-healthy fats and fiber, they\'re an excellent choice for grocerytaining a balanced diet. Add them to salads, smoothies, or sandwiches for a nutritious boost.\n                        </p>\n                    </div>\n                </div>\n                <div class=\"col-lg-6\">\n                    <div class=\"tp-product-details-desc-thumb\">\n                        <img src=\"/storage/grocery/products/product-1.jpg\" alt=\"Organic Avocado\">\n                    </div>\n                </div>\n            </div>\n        </div>\n        <div class=\"tp-product-details-desc-item pb-75\">\n            <div class=\"row\">\n                <div class=\"col-lg-7\">\n                    <div class=\"tp-product-details-desc-thumb\">\n                        <img src=\"/storage/grocery/products/product-2.jpg\" alt=\"Sliced Avocado\">\n                    </div>\n                </div>\n\n                <div class=\"col-lg-5 order-first order-lg-last\">\n                    <div class=\"des-content-2 pl-40\">\n                        <h3 class=\"tp-product-details-desc-title\">\n                            Convenient Packaging\n                        </h3>\n                        <p>\n                            Our organic avocados come carefully packaged to preserve their freshness. Each avocado is nestled in eco-friendly padding to prevent bruising during transit. Rest assured that when you open your package, you\'ll find perfectly ripe avocados ready to enjoy.\n                        </p>\n                    </div>\n                </div>\n            </div>\n        </div>\n        <div class=\"tp-product-details-desc-item\">\n            <div class=\"row\">\n                <div class=\"col-xl-12\">\n                    <div class=\"tp-product-details-desc-banner text-center m-img\">\n                        <h3 class=\"tp-product-details-desc-banner-title tp-product-details-desc-title\">Grown with Care</h3>\n                        <img src=\"/storage/grocery/products/product-3.jpg\" alt=\"Avocado Farm\">\n                    </div>\n                </div>\n            </div>\n        </div>\n    </div>\n</div>\n','published','[\"main\\/products\\/product-details-desc-3.jpg\",\"main\\/products\\/product-details-desc-1.jpg\",\"main\\/products\\/product-16.jpg\",\"main\\/products\\/product-4.jpg\",\"main\\/products\\/product-15.jpg\",\"main\\/products\\/product-details-desc-2.jpg\"]','[[{\"key\":\"file\",\"value\":\"main\\/video\\/video-1.mp4\"},{\"key\":\"url\",\"value\":null},{\"key\":\"thumbnail\",\"value\":\"main\\/video\\/1.jpg\"}]]','GC-144-A1',0,10,0,1,'in_stock',1,2,0,0,324,NULL,NULL,NULL,18,14,15,631,NULL,106505,'2025-07-28 01:50:37','2025-07-28 01:50:38',1,0,'Botble\\ACL\\Models\\User',0,NULL,'physical','1270543284093',NULL,0,'auto_generate',0,0,0,2),(4,'Fresh Salmon Fillet (Digital)','Sweet and juicy organic strawberries for a delightful treat.','<div class=\"row justify-content-center\">\n    <div class=\"col-xl-10\">\n        <div class=\"tp-product-details-desc-item pb-105\">\n            <div class=\"row\">\n                <div class=\"col-lg-6\">\n                    <div class=\"pt-25\">\n                        <span>Organic Avocado</span>\n                        <h3 class=\"tp-product-details-desc-title\">Freshness You Can Taste</h3>\n                        <p>\n                            Indulge in the rich, creamy texture and vibrant flavor of our organic avocados. Sourced from sustainable farms, each avocado is handpicked to ensure peak ripeness and quality. Whether sliced on toast or mashed into guacamole, our avocados are the perfect addition to any meal.\n                        </p>\n                    </div>\n                    <div>\n                        <h3 class=\"tp-product-details-desc-title\">Nutrient-Rich Goodness</h3>\n                        <p>\n                            Packed with essential vitamins and minerals, our organic avocados are not only delicious but also incredibly nutritious. High in heart-healthy fats and fiber, they\'re an excellent choice for grocerytaining a balanced diet. Add them to salads, smoothies, or sandwiches for a nutritious boost.\n                        </p>\n                    </div>\n                </div>\n                <div class=\"col-lg-6\">\n                    <div class=\"tp-product-details-desc-thumb\">\n                        <img src=\"/storage/grocery/products/product-1.jpg\" alt=\"Organic Avocado\">\n                    </div>\n                </div>\n            </div>\n        </div>\n        <div class=\"tp-product-details-desc-item pb-75\">\n            <div class=\"row\">\n                <div class=\"col-lg-7\">\n                    <div class=\"tp-product-details-desc-thumb\">\n                        <img src=\"/storage/grocery/products/product-2.jpg\" alt=\"Sliced Avocado\">\n                    </div>\n                </div>\n\n                <div class=\"col-lg-5 order-first order-lg-last\">\n                    <div class=\"des-content-2 pl-40\">\n                        <h3 class=\"tp-product-details-desc-title\">\n                            Convenient Packaging\n                        </h3>\n                        <p>\n                            Our organic avocados come carefully packaged to preserve their freshness. Each avocado is nestled in eco-friendly padding to prevent bruising during transit. Rest assured that when you open your package, you\'ll find perfectly ripe avocados ready to enjoy.\n                        </p>\n                    </div>\n                </div>\n            </div>\n        </div>\n        <div class=\"tp-product-details-desc-item\">\n            <div class=\"row\">\n                <div class=\"col-xl-12\">\n                    <div class=\"tp-product-details-desc-banner text-center m-img\">\n                        <h3 class=\"tp-product-details-desc-banner-title tp-product-details-desc-title\">Grown with Care</h3>\n                        <img src=\"/storage/grocery/products/product-3.jpg\" alt=\"Avocado Farm\">\n                    </div>\n                </div>\n            </div>\n        </div>\n    </div>\n</div>\n','published','[\"main\\/products\\/product-13.jpg\",\"main\\/products\\/product-10.jpg\",\"main\\/products\\/product-2.jpg\"]','[]','OE-136',0,12,0,1,'in_stock',0,3,0,0,1140,856,NULL,NULL,12,17,11,736,NULL,69833,'2025-07-28 01:50:37','2025-07-28 01:50:38',7,0,'Botble\\ACL\\Models\\User',0,NULL,'digital','6530849253939',NULL,0,'auto_generate',0,0,0,1),(5,'Organic Spinach','Green tea bags for a soothing and antioxidant-rich beverage.','<div class=\"row justify-content-center\">\n    <div class=\"col-xl-10\">\n        <div class=\"tp-product-details-desc-item pb-105\">\n            <div class=\"row\">\n                <div class=\"col-lg-6\">\n                    <div class=\"pt-25\">\n                        <span>Organic Avocado</span>\n                        <h3 class=\"tp-product-details-desc-title\">Freshness You Can Taste</h3>\n                        <p>\n                            Indulge in the rich, creamy texture and vibrant flavor of our organic avocados. Sourced from sustainable farms, each avocado is handpicked to ensure peak ripeness and quality. Whether sliced on toast or mashed into guacamole, our avocados are the perfect addition to any meal.\n                        </p>\n                    </div>\n                    <div>\n                        <h3 class=\"tp-product-details-desc-title\">Nutrient-Rich Goodness</h3>\n                        <p>\n                            Packed with essential vitamins and minerals, our organic avocados are not only delicious but also incredibly nutritious. High in heart-healthy fats and fiber, they\'re an excellent choice for grocerytaining a balanced diet. Add them to salads, smoothies, or sandwiches for a nutritious boost.\n                        </p>\n                    </div>\n                </div>\n                <div class=\"col-lg-6\">\n                    <div class=\"tp-product-details-desc-thumb\">\n                        <img src=\"/storage/grocery/products/product-1.jpg\" alt=\"Organic Avocado\">\n                    </div>\n                </div>\n            </div>\n        </div>\n        <div class=\"tp-product-details-desc-item pb-75\">\n            <div class=\"row\">\n                <div class=\"col-lg-7\">\n                    <div class=\"tp-product-details-desc-thumb\">\n                        <img src=\"/storage/grocery/products/product-2.jpg\" alt=\"Sliced Avocado\">\n                    </div>\n                </div>\n\n                <div class=\"col-lg-5 order-first order-lg-last\">\n                    <div class=\"des-content-2 pl-40\">\n                        <h3 class=\"tp-product-details-desc-title\">\n                            Convenient Packaging\n                        </h3>\n                        <p>\n                            Our organic avocados come carefully packaged to preserve their freshness. Each avocado is nestled in eco-friendly padding to prevent bruising during transit. Rest assured that when you open your package, you\'ll find perfectly ripe avocados ready to enjoy.\n                        </p>\n                    </div>\n                </div>\n            </div>\n        </div>\n        <div class=\"tp-product-details-desc-item\">\n            <div class=\"row\">\n                <div class=\"col-xl-12\">\n                    <div class=\"tp-product-details-desc-banner text-center m-img\">\n                        <h3 class=\"tp-product-details-desc-banner-title tp-product-details-desc-title\">Grown with Care</h3>\n                        <img src=\"/storage/grocery/products/product-3.jpg\" alt=\"Avocado Farm\">\n                    </div>\n                </div>\n            </div>\n        </div>\n    </div>\n</div>\n','published','[\"main\\/products\\/product-5.jpg\",\"main\\/products\\/product-16.jpg\",\"main\\/products\\/product-15.jpg\"]','[]','N8-101-A1',0,16,0,1,'in_stock',0,4,0,0,1125,NULL,NULL,NULL,17,19,13,632,NULL,77325,'2025-07-28 01:50:37','2025-07-28 01:50:38',7,0,'Botble\\ACL\\Models\\User',0,NULL,'physical','6826356185628',NULL,0,'auto_generate',0,0,0,1),(6,'Grass-Fed Ground Beef','Balsamic salad dressing to enhance the flavor of your salads.','<div class=\"row justify-content-center\">\n    <div class=\"col-xl-10\">\n        <div class=\"tp-product-details-desc-item pb-105\">\n            <div class=\"row\">\n                <div class=\"col-lg-6\">\n                    <div class=\"pt-25\">\n                        <span>Organic Avocado</span>\n                        <h3 class=\"tp-product-details-desc-title\">Freshness You Can Taste</h3>\n                        <p>\n                            Indulge in the rich, creamy texture and vibrant flavor of our organic avocados. Sourced from sustainable farms, each avocado is handpicked to ensure peak ripeness and quality. Whether sliced on toast or mashed into guacamole, our avocados are the perfect addition to any meal.\n                        </p>\n                    </div>\n                    <div>\n                        <h3 class=\"tp-product-details-desc-title\">Nutrient-Rich Goodness</h3>\n                        <p>\n                            Packed with essential vitamins and minerals, our organic avocados are not only delicious but also incredibly nutritious. High in heart-healthy fats and fiber, they\'re an excellent choice for grocerytaining a balanced diet. Add them to salads, smoothies, or sandwiches for a nutritious boost.\n                        </p>\n                    </div>\n                </div>\n                <div class=\"col-lg-6\">\n                    <div class=\"tp-product-details-desc-thumb\">\n                        <img src=\"/storage/grocery/products/product-1.jpg\" alt=\"Organic Avocado\">\n                    </div>\n                </div>\n            </div>\n        </div>\n        <div class=\"tp-product-details-desc-item pb-75\">\n            <div class=\"row\">\n                <div class=\"col-lg-7\">\n                    <div class=\"tp-product-details-desc-thumb\">\n                        <img src=\"/storage/grocery/products/product-2.jpg\" alt=\"Sliced Avocado\">\n                    </div>\n                </div>\n\n                <div class=\"col-lg-5 order-first order-lg-last\">\n                    <div class=\"des-content-2 pl-40\">\n                        <h3 class=\"tp-product-details-desc-title\">\n                            Convenient Packaging\n                        </h3>\n                        <p>\n                            Our organic avocados come carefully packaged to preserve their freshness. Each avocado is nestled in eco-friendly padding to prevent bruising during transit. Rest assured that when you open your package, you\'ll find perfectly ripe avocados ready to enjoy.\n                        </p>\n                    </div>\n                </div>\n            </div>\n        </div>\n        <div class=\"tp-product-details-desc-item\">\n            <div class=\"row\">\n                <div class=\"col-xl-12\">\n                    <div class=\"tp-product-details-desc-banner text-center m-img\">\n                        <h3 class=\"tp-product-details-desc-banner-title tp-product-details-desc-title\">Grown with Care</h3>\n                        <img src=\"/storage/grocery/products/product-3.jpg\" alt=\"Avocado Farm\">\n                    </div>\n                </div>\n            </div>\n        </div>\n    </div>\n</div>\n','published','[\"main\\/products\\/product-details-desc-2.jpg\",\"main\\/products\\/product-10.jpg\",\"main\\/products\\/product-1.jpg\",\"main\\/products\\/product-12.jpg\",\"main\\/products\\/product-18.jpg\",\"main\\/products\\/product-11.jpg\"]','[[{\"key\":\"file\",\"value\":\"main\\/video\\/video-2.mp4\"},{\"key\":\"url\",\"value\":null},{\"key\":\"thumbnail\",\"value\":\"main\\/video\\/2.jpg\"}]]','HH-154',0,12,0,1,'in_stock',0,5,0,0,471,427,NULL,NULL,16,14,18,503,NULL,147554,'2025-07-28 01:50:37','2025-07-28 01:50:38',5,0,'Botble\\ACL\\Models\\User',0,NULL,'physical','3282960392693',NULL,0,'auto_generate',0,0,0,1),(7,'Almond Milk','Green tea bags for a soothing and antioxidant-rich beverage.','<div class=\"row justify-content-center\">\n    <div class=\"col-xl-10\">\n        <div class=\"tp-product-details-desc-item pb-105\">\n            <div class=\"row\">\n                <div class=\"col-lg-6\">\n                    <div class=\"pt-25\">\n                        <span>Organic Avocado</span>\n                        <h3 class=\"tp-product-details-desc-title\">Freshness You Can Taste</h3>\n                        <p>\n                            Indulge in the rich, creamy texture and vibrant flavor of our organic avocados. Sourced from sustainable farms, each avocado is handpicked to ensure peak ripeness and quality. Whether sliced on toast or mashed into guacamole, our avocados are the perfect addition to any meal.\n                        </p>\n                    </div>\n                    <div>\n                        <h3 class=\"tp-product-details-desc-title\">Nutrient-Rich Goodness</h3>\n                        <p>\n                            Packed with essential vitamins and minerals, our organic avocados are not only delicious but also incredibly nutritious. High in heart-healthy fats and fiber, they\'re an excellent choice for grocerytaining a balanced diet. Add them to salads, smoothies, or sandwiches for a nutritious boost.\n                        </p>\n                    </div>\n                </div>\n                <div class=\"col-lg-6\">\n                    <div class=\"tp-product-details-desc-thumb\">\n                        <img src=\"/storage/grocery/products/product-1.jpg\" alt=\"Organic Avocado\">\n                    </div>\n                </div>\n            </div>\n        </div>\n        <div class=\"tp-product-details-desc-item pb-75\">\n            <div class=\"row\">\n                <div class=\"col-lg-7\">\n                    <div class=\"tp-product-details-desc-thumb\">\n                        <img src=\"/storage/grocery/products/product-2.jpg\" alt=\"Sliced Avocado\">\n                    </div>\n                </div>\n\n                <div class=\"col-lg-5 order-first order-lg-last\">\n                    <div class=\"des-content-2 pl-40\">\n                        <h3 class=\"tp-product-details-desc-title\">\n                            Convenient Packaging\n                        </h3>\n                        <p>\n                            Our organic avocados come carefully packaged to preserve their freshness. Each avocado is nestled in eco-friendly padding to prevent bruising during transit. Rest assured that when you open your package, you\'ll find perfectly ripe avocados ready to enjoy.\n                        </p>\n                    </div>\n                </div>\n            </div>\n        </div>\n        <div class=\"tp-product-details-desc-item\">\n            <div class=\"row\">\n                <div class=\"col-xl-12\">\n                    <div class=\"tp-product-details-desc-banner text-center m-img\">\n                        <h3 class=\"tp-product-details-desc-banner-title tp-product-details-desc-title\">Grown with Care</h3>\n                        <img src=\"/storage/grocery/products/product-3.jpg\" alt=\"Avocado Farm\">\n                    </div>\n                </div>\n            </div>\n        </div>\n    </div>\n</div>\n','published','[\"main\\/products\\/product-1.jpg\",\"main\\/products\\/product-20.jpg\",\"main\\/products\\/product-18.jpg\",\"main\\/products\\/product-19.jpg\"]','[[{\"key\":\"file\",\"value\":null},{\"key\":\"url\",\"value\":\"https:\\/\\/www.youtube.com\\/watch?v=6JYIGclVQdw\"},{\"key\":\"thumbnail\",\"value\":\"main\\/video\\/1.jpg\"}]]','YP-190',0,10,0,1,'in_stock',0,1,0,0,758,339,NULL,NULL,14,13,13,686,NULL,131289,'2025-07-28 01:50:37','2025-07-28 01:50:38',6,0,'Botble\\ACL\\Models\\User',0,NULL,'physical','4291281988019',NULL,0,'auto_generate',0,0,0,2),(8,'Quinoa (Digital)','Cottage cheese, a protein-rich and versatile dairy product.','<div class=\"row justify-content-center\">\n    <div class=\"col-xl-10\">\n        <div class=\"tp-product-details-desc-item pb-105\">\n            <div class=\"row\">\n                <div class=\"col-lg-6\">\n                    <div class=\"pt-25\">\n                        <span>Organic Avocado</span>\n                        <h3 class=\"tp-product-details-desc-title\">Freshness You Can Taste</h3>\n                        <p>\n                            Indulge in the rich, creamy texture and vibrant flavor of our organic avocados. Sourced from sustainable farms, each avocado is handpicked to ensure peak ripeness and quality. Whether sliced on toast or mashed into guacamole, our avocados are the perfect addition to any meal.\n                        </p>\n                    </div>\n                    <div>\n                        <h3 class=\"tp-product-details-desc-title\">Nutrient-Rich Goodness</h3>\n                        <p>\n                            Packed with essential vitamins and minerals, our organic avocados are not only delicious but also incredibly nutritious. High in heart-healthy fats and fiber, they\'re an excellent choice for grocerytaining a balanced diet. Add them to salads, smoothies, or sandwiches for a nutritious boost.\n                        </p>\n                    </div>\n                </div>\n                <div class=\"col-lg-6\">\n                    <div class=\"tp-product-details-desc-thumb\">\n                        <img src=\"/storage/grocery/products/product-1.jpg\" alt=\"Organic Avocado\">\n                    </div>\n                </div>\n            </div>\n        </div>\n        <div class=\"tp-product-details-desc-item pb-75\">\n            <div class=\"row\">\n                <div class=\"col-lg-7\">\n                    <div class=\"tp-product-details-desc-thumb\">\n                        <img src=\"/storage/grocery/products/product-2.jpg\" alt=\"Sliced Avocado\">\n                    </div>\n                </div>\n\n                <div class=\"col-lg-5 order-first order-lg-last\">\n                    <div class=\"des-content-2 pl-40\">\n                        <h3 class=\"tp-product-details-desc-title\">\n                            Convenient Packaging\n                        </h3>\n                        <p>\n                            Our organic avocados come carefully packaged to preserve their freshness. Each avocado is nestled in eco-friendly padding to prevent bruising during transit. Rest assured that when you open your package, you\'ll find perfectly ripe avocados ready to enjoy.\n                        </p>\n                    </div>\n                </div>\n            </div>\n        </div>\n        <div class=\"tp-product-details-desc-item\">\n            <div class=\"row\">\n                <div class=\"col-xl-12\">\n                    <div class=\"tp-product-details-desc-banner text-center m-img\">\n                        <h3 class=\"tp-product-details-desc-banner-title tp-product-details-desc-title\">Grown with Care</h3>\n                        <img src=\"/storage/grocery/products/product-3.jpg\" alt=\"Avocado Farm\">\n                    </div>\n                </div>\n            </div>\n        </div>\n    </div>\n</div>\n','published','[\"main\\/products\\/product-10.jpg\",\"main\\/products\\/product-12.jpg\",\"main\\/products\\/product-11.jpg\"]','[[{\"key\":\"file\",\"value\":null},{\"key\":\"url\",\"value\":\"https:\\/\\/www.youtube.com\\/watch?v=6JYIGclVQdw\"},{\"key\":\"thumbnail\",\"value\":\"main\\/video\\/2.jpg\"}]]','S7-138-A1',0,16,0,1,'in_stock',0,3,0,0,2099,1553.26,NULL,NULL,12,19,20,610,NULL,121014,'2025-07-28 01:50:37','2025-07-28 01:50:38',5,0,'Botble\\ACL\\Models\\User',0,NULL,'digital','3718336541308',NULL,0,'auto_generate',0,0,0,2),(9,'Avocado','Creamy almond butter for a tasty and nutritious spread.','<div class=\"row justify-content-center\">\n    <div class=\"col-xl-10\">\n        <div class=\"tp-product-details-desc-item pb-105\">\n            <div class=\"row\">\n                <div class=\"col-lg-6\">\n                    <div class=\"pt-25\">\n                        <span>Organic Avocado</span>\n                        <h3 class=\"tp-product-details-desc-title\">Freshness You Can Taste</h3>\n                        <p>\n                            Indulge in the rich, creamy texture and vibrant flavor of our organic avocados. Sourced from sustainable farms, each avocado is handpicked to ensure peak ripeness and quality. Whether sliced on toast or mashed into guacamole, our avocados are the perfect addition to any meal.\n                        </p>\n                    </div>\n                    <div>\n                        <h3 class=\"tp-product-details-desc-title\">Nutrient-Rich Goodness</h3>\n                        <p>\n                            Packed with essential vitamins and minerals, our organic avocados are not only delicious but also incredibly nutritious. High in heart-healthy fats and fiber, they\'re an excellent choice for grocerytaining a balanced diet. Add them to salads, smoothies, or sandwiches for a nutritious boost.\n                        </p>\n                    </div>\n                </div>\n                <div class=\"col-lg-6\">\n                    <div class=\"tp-product-details-desc-thumb\">\n                        <img src=\"/storage/grocery/products/product-1.jpg\" alt=\"Organic Avocado\">\n                    </div>\n                </div>\n            </div>\n        </div>\n        <div class=\"tp-product-details-desc-item pb-75\">\n            <div class=\"row\">\n                <div class=\"col-lg-7\">\n                    <div class=\"tp-product-details-desc-thumb\">\n                        <img src=\"/storage/grocery/products/product-2.jpg\" alt=\"Sliced Avocado\">\n                    </div>\n                </div>\n\n                <div class=\"col-lg-5 order-first order-lg-last\">\n                    <div class=\"des-content-2 pl-40\">\n                        <h3 class=\"tp-product-details-desc-title\">\n                            Convenient Packaging\n                        </h3>\n                        <p>\n                            Our organic avocados come carefully packaged to preserve their freshness. Each avocado is nestled in eco-friendly padding to prevent bruising during transit. Rest assured that when you open your package, you\'ll find perfectly ripe avocados ready to enjoy.\n                        </p>\n                    </div>\n                </div>\n            </div>\n        </div>\n        <div class=\"tp-product-details-desc-item\">\n            <div class=\"row\">\n                <div class=\"col-xl-12\">\n                    <div class=\"tp-product-details-desc-banner text-center m-img\">\n                        <h3 class=\"tp-product-details-desc-banner-title tp-product-details-desc-title\">Grown with Care</h3>\n                        <img src=\"/storage/grocery/products/product-3.jpg\" alt=\"Avocado Farm\">\n                    </div>\n                </div>\n            </div>\n        </div>\n    </div>\n</div>\n','published','[\"main\\/products\\/product-3.jpg\",\"main\\/products\\/product-19.jpg\",\"main\\/products\\/product-details-desc-2.jpg\",\"main\\/products\\/product-6.jpg\",\"main\\/products\\/product-12.jpg\",\"main\\/products\\/product-2.jpg\",\"main\\/products\\/product-10.jpg\"]','[[{\"key\":\"file\",\"value\":null},{\"key\":\"url\",\"value\":\"https:\\/\\/www.youtube.com\\/watch?v=6JYIGclVQdw\"},{\"key\":\"thumbnail\",\"value\":\"main\\/video\\/2.jpg\"}]]','0O-113',0,19,0,1,'in_stock',1,4,0,0,1918,786,NULL,NULL,12,13,10,822,NULL,87010,'2025-07-28 01:50:37','2025-07-28 01:50:38',1,0,'Botble\\ACL\\Models\\User',0,NULL,'physical','0125730953881',NULL,0,'auto_generate',0,0,0,1),(10,'Greek Yogurt','A mix of nuts for a tasty and energy-boosting trail mix.','<div class=\"row justify-content-center\">\n    <div class=\"col-xl-10\">\n        <div class=\"tp-product-details-desc-item pb-105\">\n            <div class=\"row\">\n                <div class=\"col-lg-6\">\n                    <div class=\"pt-25\">\n                        <span>Organic Avocado</span>\n                        <h3 class=\"tp-product-details-desc-title\">Freshness You Can Taste</h3>\n                        <p>\n                            Indulge in the rich, creamy texture and vibrant flavor of our organic avocados. Sourced from sustainable farms, each avocado is handpicked to ensure peak ripeness and quality. Whether sliced on toast or mashed into guacamole, our avocados are the perfect addition to any meal.\n                        </p>\n                    </div>\n                    <div>\n                        <h3 class=\"tp-product-details-desc-title\">Nutrient-Rich Goodness</h3>\n                        <p>\n                            Packed with essential vitamins and minerals, our organic avocados are not only delicious but also incredibly nutritious. High in heart-healthy fats and fiber, they\'re an excellent choice for grocerytaining a balanced diet. Add them to salads, smoothies, or sandwiches for a nutritious boost.\n                        </p>\n                    </div>\n                </div>\n                <div class=\"col-lg-6\">\n                    <div class=\"tp-product-details-desc-thumb\">\n                        <img src=\"/storage/grocery/products/product-1.jpg\" alt=\"Organic Avocado\">\n                    </div>\n                </div>\n            </div>\n        </div>\n        <div class=\"tp-product-details-desc-item pb-75\">\n            <div class=\"row\">\n                <div class=\"col-lg-7\">\n                    <div class=\"tp-product-details-desc-thumb\">\n                        <img src=\"/storage/grocery/products/product-2.jpg\" alt=\"Sliced Avocado\">\n                    </div>\n                </div>\n\n                <div class=\"col-lg-5 order-first order-lg-last\">\n                    <div class=\"des-content-2 pl-40\">\n                        <h3 class=\"tp-product-details-desc-title\">\n                            Convenient Packaging\n                        </h3>\n                        <p>\n                            Our organic avocados come carefully packaged to preserve their freshness. Each avocado is nestled in eco-friendly padding to prevent bruising during transit. Rest assured that when you open your package, you\'ll find perfectly ripe avocados ready to enjoy.\n                        </p>\n                    </div>\n                </div>\n            </div>\n        </div>\n        <div class=\"tp-product-details-desc-item\">\n            <div class=\"row\">\n                <div class=\"col-xl-12\">\n                    <div class=\"tp-product-details-desc-banner text-center m-img\">\n                        <h3 class=\"tp-product-details-desc-banner-title tp-product-details-desc-title\">Grown with Care</h3>\n                        <img src=\"/storage/grocery/products/product-3.jpg\" alt=\"Avocado Farm\">\n                    </div>\n                </div>\n            </div>\n        </div>\n    </div>\n</div>\n','published','[\"main\\/products\\/product-4.jpg\",\"main\\/products\\/product-19.jpg\",\"main\\/products\\/product-7.jpg\"]','[]','1F-119-A1',0,13,0,1,'in_stock',0,3,0,0,1728,NULL,NULL,NULL,13,13,11,683,NULL,68993,'2025-07-28 01:50:37','2025-07-28 01:50:38',7,0,'Botble\\ACL\\Models\\User',0,NULL,'physical','7581441354844',NULL,0,'auto_generate',0,0,0,1),(11,'Sweet Potatoes','Organic baby kale, a nutrient-packed green for salads and smoothies.','<div class=\"row justify-content-center\">\n    <div class=\"col-xl-10\">\n        <div class=\"tp-product-details-desc-item pb-105\">\n            <div class=\"row\">\n                <div class=\"col-lg-6\">\n                    <div class=\"pt-25\">\n                        <span>Organic Avocado</span>\n                        <h3 class=\"tp-product-details-desc-title\">Freshness You Can Taste</h3>\n                        <p>\n                            Indulge in the rich, creamy texture and vibrant flavor of our organic avocados. Sourced from sustainable farms, each avocado is handpicked to ensure peak ripeness and quality. Whether sliced on toast or mashed into guacamole, our avocados are the perfect addition to any meal.\n                        </p>\n                    </div>\n                    <div>\n                        <h3 class=\"tp-product-details-desc-title\">Nutrient-Rich Goodness</h3>\n                        <p>\n                            Packed with essential vitamins and minerals, our organic avocados are not only delicious but also incredibly nutritious. High in heart-healthy fats and fiber, they\'re an excellent choice for grocerytaining a balanced diet. Add them to salads, smoothies, or sandwiches for a nutritious boost.\n                        </p>\n                    </div>\n                </div>\n                <div class=\"col-lg-6\">\n                    <div class=\"tp-product-details-desc-thumb\">\n                        <img src=\"/storage/grocery/products/product-1.jpg\" alt=\"Organic Avocado\">\n                    </div>\n                </div>\n            </div>\n        </div>\n        <div class=\"tp-product-details-desc-item pb-75\">\n            <div class=\"row\">\n                <div class=\"col-lg-7\">\n                    <div class=\"tp-product-details-desc-thumb\">\n                        <img src=\"/storage/grocery/products/product-2.jpg\" alt=\"Sliced Avocado\">\n                    </div>\n                </div>\n\n                <div class=\"col-lg-5 order-first order-lg-last\">\n                    <div class=\"des-content-2 pl-40\">\n                        <h3 class=\"tp-product-details-desc-title\">\n                            Convenient Packaging\n                        </h3>\n                        <p>\n                            Our organic avocados come carefully packaged to preserve their freshness. Each avocado is nestled in eco-friendly padding to prevent bruising during transit. Rest assured that when you open your package, you\'ll find perfectly ripe avocados ready to enjoy.\n                        </p>\n                    </div>\n                </div>\n            </div>\n        </div>\n        <div class=\"tp-product-details-desc-item\">\n            <div class=\"row\">\n                <div class=\"col-xl-12\">\n                    <div class=\"tp-product-details-desc-banner text-center m-img\">\n                        <h3 class=\"tp-product-details-desc-banner-title tp-product-details-desc-title\">Grown with Care</h3>\n                        <img src=\"/storage/grocery/products/product-3.jpg\" alt=\"Avocado Farm\">\n                    </div>\n                </div>\n            </div>\n        </div>\n    </div>\n</div>\n','published','[\"main\\/products\\/product-4.jpg\",\"main\\/products\\/product-19.jpg\",\"main\\/products\\/product-15.jpg\",\"main\\/products\\/product-14.jpg\",\"main\\/products\\/product-6.jpg\",\"main\\/products\\/product-16.jpg\",\"main\\/products\\/product-8.jpg\"]','[[{\"key\":\"file\",\"value\":\"main\\/video\\/video-1.mp4\"},{\"key\":\"url\",\"value\":null},{\"key\":\"thumbnail\",\"value\":\"main\\/video\\/1.jpg\"}]]','V1-195',0,12,0,1,'in_stock',0,1,0,0,1437,915,NULL,NULL,17,12,17,602,NULL,91621,'2025-07-28 01:50:37','2025-07-28 01:50:38',5,0,'Botble\\ACL\\Models\\User',0,NULL,'physical','9247450436084',NULL,0,'auto_generate',0,0,0,2),(12,'Organic Cherry Tomatoes (Digital)','Whole wheat pasta, a healthier alternative with a nutty flavor.','<div class=\"row justify-content-center\">\n    <div class=\"col-xl-10\">\n        <div class=\"tp-product-details-desc-item pb-105\">\n            <div class=\"row\">\n                <div class=\"col-lg-6\">\n                    <div class=\"pt-25\">\n                        <span>Organic Avocado</span>\n                        <h3 class=\"tp-product-details-desc-title\">Freshness You Can Taste</h3>\n                        <p>\n                            Indulge in the rich, creamy texture and vibrant flavor of our organic avocados. Sourced from sustainable farms, each avocado is handpicked to ensure peak ripeness and quality. Whether sliced on toast or mashed into guacamole, our avocados are the perfect addition to any meal.\n                        </p>\n                    </div>\n                    <div>\n                        <h3 class=\"tp-product-details-desc-title\">Nutrient-Rich Goodness</h3>\n                        <p>\n                            Packed with essential vitamins and minerals, our organic avocados are not only delicious but also incredibly nutritious. High in heart-healthy fats and fiber, they\'re an excellent choice for grocerytaining a balanced diet. Add them to salads, smoothies, or sandwiches for a nutritious boost.\n                        </p>\n                    </div>\n                </div>\n                <div class=\"col-lg-6\">\n                    <div class=\"tp-product-details-desc-thumb\">\n                        <img src=\"/storage/grocery/products/product-1.jpg\" alt=\"Organic Avocado\">\n                    </div>\n                </div>\n            </div>\n        </div>\n        <div class=\"tp-product-details-desc-item pb-75\">\n            <div class=\"row\">\n                <div class=\"col-lg-7\">\n                    <div class=\"tp-product-details-desc-thumb\">\n                        <img src=\"/storage/grocery/products/product-2.jpg\" alt=\"Sliced Avocado\">\n                    </div>\n                </div>\n\n                <div class=\"col-lg-5 order-first order-lg-last\">\n                    <div class=\"des-content-2 pl-40\">\n                        <h3 class=\"tp-product-details-desc-title\">\n                            Convenient Packaging\n                        </h3>\n                        <p>\n                            Our organic avocados come carefully packaged to preserve their freshness. Each avocado is nestled in eco-friendly padding to prevent bruising during transit. Rest assured that when you open your package, you\'ll find perfectly ripe avocados ready to enjoy.\n                        </p>\n                    </div>\n                </div>\n            </div>\n        </div>\n        <div class=\"tp-product-details-desc-item\">\n            <div class=\"row\">\n                <div class=\"col-xl-12\">\n                    <div class=\"tp-product-details-desc-banner text-center m-img\">\n                        <h3 class=\"tp-product-details-desc-banner-title tp-product-details-desc-title\">Grown with Care</h3>\n                        <img src=\"/storage/grocery/products/product-3.jpg\" alt=\"Avocado Farm\">\n                    </div>\n                </div>\n            </div>\n        </div>\n    </div>\n</div>\n','published','[\"main\\/products\\/product-14.jpg\",\"main\\/products\\/product-4.jpg\",\"main\\/products\\/product-3.jpg\",\"main\\/products\\/product-10.jpg\",\"main\\/products\\/product-details-desc-1.jpg\"]','[[{\"key\":\"file\",\"value\":\"main\\/video\\/video-2.mp4\"},{\"key\":\"url\",\"value\":null},{\"key\":\"thumbnail\",\"value\":\"main\\/video\\/2.jpg\"}]]','XL-165-A1',0,10,0,1,'in_stock',1,3,0,0,1821,1638.9,NULL,NULL,18,18,20,772,NULL,46364,'2025-07-28 01:50:37','2025-07-28 01:50:38',6,0,'Botble\\ACL\\Models\\User',0,NULL,'digital','0240138175311',NULL,0,'auto_generate',0,0,0,1),(13,'Honeycrisp Apples','Balsamic salad dressing to enhance the flavor of your salads.','<div class=\"row justify-content-center\">\n    <div class=\"col-xl-10\">\n        <div class=\"tp-product-details-desc-item pb-105\">\n            <div class=\"row\">\n                <div class=\"col-lg-6\">\n                    <div class=\"pt-25\">\n                        <span>Organic Avocado</span>\n                        <h3 class=\"tp-product-details-desc-title\">Freshness You Can Taste</h3>\n                        <p>\n                            Indulge in the rich, creamy texture and vibrant flavor of our organic avocados. Sourced from sustainable farms, each avocado is handpicked to ensure peak ripeness and quality. Whether sliced on toast or mashed into guacamole, our avocados are the perfect addition to any meal.\n                        </p>\n                    </div>\n                    <div>\n                        <h3 class=\"tp-product-details-desc-title\">Nutrient-Rich Goodness</h3>\n                        <p>\n                            Packed with essential vitamins and minerals, our organic avocados are not only delicious but also incredibly nutritious. High in heart-healthy fats and fiber, they\'re an excellent choice for grocerytaining a balanced diet. Add them to salads, smoothies, or sandwiches for a nutritious boost.\n                        </p>\n                    </div>\n                </div>\n                <div class=\"col-lg-6\">\n                    <div class=\"tp-product-details-desc-thumb\">\n                        <img src=\"/storage/grocery/products/product-1.jpg\" alt=\"Organic Avocado\">\n                    </div>\n                </div>\n            </div>\n        </div>\n        <div class=\"tp-product-details-desc-item pb-75\">\n            <div class=\"row\">\n                <div class=\"col-lg-7\">\n                    <div class=\"tp-product-details-desc-thumb\">\n                        <img src=\"/storage/grocery/products/product-2.jpg\" alt=\"Sliced Avocado\">\n                    </div>\n                </div>\n\n                <div class=\"col-lg-5 order-first order-lg-last\">\n                    <div class=\"des-content-2 pl-40\">\n                        <h3 class=\"tp-product-details-desc-title\">\n                            Convenient Packaging\n                        </h3>\n                        <p>\n                            Our organic avocados come carefully packaged to preserve their freshness. Each avocado is nestled in eco-friendly padding to prevent bruising during transit. Rest assured that when you open your package, you\'ll find perfectly ripe avocados ready to enjoy.\n                        </p>\n                    </div>\n                </div>\n            </div>\n        </div>\n        <div class=\"tp-product-details-desc-item\">\n            <div class=\"row\">\n                <div class=\"col-xl-12\">\n                    <div class=\"tp-product-details-desc-banner text-center m-img\">\n                        <h3 class=\"tp-product-details-desc-banner-title tp-product-details-desc-title\">Grown with Care</h3>\n                        <img src=\"/storage/grocery/products/product-3.jpg\" alt=\"Avocado Farm\">\n                    </div>\n                </div>\n            </div>\n        </div>\n    </div>\n</div>\n','published','[\"main\\/products\\/product-details-desc-2.jpg\",\"main\\/products\\/product-10.jpg\",\"main\\/products\\/product-4.jpg\",\"main\\/products\\/product-2.jpg\",\"main\\/products\\/product-18.jpg\",\"main\\/products\\/product-9.jpg\"]','[]','SY-123',0,15,0,1,'in_stock',0,2,0,0,1076,129,NULL,NULL,20,13,19,841,NULL,55146,'2025-07-28 01:50:37','2025-07-28 01:50:38',1,0,'Botble\\ACL\\Models\\User',0,NULL,'physical','0631449436541',NULL,0,'auto_generate',0,0,0,2),(14,'Brown Rice','Quinoa flour, a gluten-free alternative for baking.','<div class=\"row justify-content-center\">\n    <div class=\"col-xl-10\">\n        <div class=\"tp-product-details-desc-item pb-105\">\n            <div class=\"row\">\n                <div class=\"col-lg-6\">\n                    <div class=\"pt-25\">\n                        <span>Organic Avocado</span>\n                        <h3 class=\"tp-product-details-desc-title\">Freshness You Can Taste</h3>\n                        <p>\n                            Indulge in the rich, creamy texture and vibrant flavor of our organic avocados. Sourced from sustainable farms, each avocado is handpicked to ensure peak ripeness and quality. Whether sliced on toast or mashed into guacamole, our avocados are the perfect addition to any meal.\n                        </p>\n                    </div>\n                    <div>\n                        <h3 class=\"tp-product-details-desc-title\">Nutrient-Rich Goodness</h3>\n                        <p>\n                            Packed with essential vitamins and minerals, our organic avocados are not only delicious but also incredibly nutritious. High in heart-healthy fats and fiber, they\'re an excellent choice for grocerytaining a balanced diet. Add them to salads, smoothies, or sandwiches for a nutritious boost.\n                        </p>\n                    </div>\n                </div>\n                <div class=\"col-lg-6\">\n                    <div class=\"tp-product-details-desc-thumb\">\n                        <img src=\"/storage/grocery/products/product-1.jpg\" alt=\"Organic Avocado\">\n                    </div>\n                </div>\n            </div>\n        </div>\n        <div class=\"tp-product-details-desc-item pb-75\">\n            <div class=\"row\">\n                <div class=\"col-lg-7\">\n                    <div class=\"tp-product-details-desc-thumb\">\n                        <img src=\"/storage/grocery/products/product-2.jpg\" alt=\"Sliced Avocado\">\n                    </div>\n                </div>\n\n                <div class=\"col-lg-5 order-first order-lg-last\">\n                    <div class=\"des-content-2 pl-40\">\n                        <h3 class=\"tp-product-details-desc-title\">\n                            Convenient Packaging\n                        </h3>\n                        <p>\n                            Our organic avocados come carefully packaged to preserve their freshness. Each avocado is nestled in eco-friendly padding to prevent bruising during transit. Rest assured that when you open your package, you\'ll find perfectly ripe avocados ready to enjoy.\n                        </p>\n                    </div>\n                </div>\n            </div>\n        </div>\n        <div class=\"tp-product-details-desc-item\">\n            <div class=\"row\">\n                <div class=\"col-xl-12\">\n                    <div class=\"tp-product-details-desc-banner text-center m-img\">\n                        <h3 class=\"tp-product-details-desc-banner-title tp-product-details-desc-title\">Grown with Care</h3>\n                        <img src=\"/storage/grocery/products/product-3.jpg\" alt=\"Avocado Farm\">\n                    </div>\n                </div>\n            </div>\n        </div>\n    </div>\n</div>\n','published','[\"main\\/products\\/product-18.jpg\",\"main\\/products\\/product-12.jpg\",\"main\\/products\\/product-details-desc-1.jpg\",\"main\\/products\\/product-17.jpg\",\"main\\/products\\/product-11.jpg\",\"main\\/products\\/product-13.jpg\"]','[[{\"key\":\"file\",\"value\":\"main\\/video\\/video-2.mp4\"},{\"key\":\"url\",\"value\":null},{\"key\":\"thumbnail\",\"value\":\"main\\/video\\/2.jpg\"}]]','3P-149-A1',0,13,0,1,'in_stock',0,1,0,0,1143,NULL,NULL,NULL,14,19,16,712,NULL,77091,'2025-07-28 01:50:37','2025-07-28 01:50:38',5,0,'Botble\\ACL\\Models\\User',0,NULL,'physical','6764503231357',NULL,0,'auto_generate',0,0,0,1),(15,'Organic Chicken Breast','Balsamic salad dressing to enhance the flavor of your salads.','<div class=\"row justify-content-center\">\n    <div class=\"col-xl-10\">\n        <div class=\"tp-product-details-desc-item pb-105\">\n            <div class=\"row\">\n                <div class=\"col-lg-6\">\n                    <div class=\"pt-25\">\n                        <span>Organic Avocado</span>\n                        <h3 class=\"tp-product-details-desc-title\">Freshness You Can Taste</h3>\n                        <p>\n                            Indulge in the rich, creamy texture and vibrant flavor of our organic avocados. Sourced from sustainable farms, each avocado is handpicked to ensure peak ripeness and quality. Whether sliced on toast or mashed into guacamole, our avocados are the perfect addition to any meal.\n                        </p>\n                    </div>\n                    <div>\n                        <h3 class=\"tp-product-details-desc-title\">Nutrient-Rich Goodness</h3>\n                        <p>\n                            Packed with essential vitamins and minerals, our organic avocados are not only delicious but also incredibly nutritious. High in heart-healthy fats and fiber, they\'re an excellent choice for grocerytaining a balanced diet. Add them to salads, smoothies, or sandwiches for a nutritious boost.\n                        </p>\n                    </div>\n                </div>\n                <div class=\"col-lg-6\">\n                    <div class=\"tp-product-details-desc-thumb\">\n                        <img src=\"/storage/grocery/products/product-1.jpg\" alt=\"Organic Avocado\">\n                    </div>\n                </div>\n            </div>\n        </div>\n        <div class=\"tp-product-details-desc-item pb-75\">\n            <div class=\"row\">\n                <div class=\"col-lg-7\">\n                    <div class=\"tp-product-details-desc-thumb\">\n                        <img src=\"/storage/grocery/products/product-2.jpg\" alt=\"Sliced Avocado\">\n                    </div>\n                </div>\n\n                <div class=\"col-lg-5 order-first order-lg-last\">\n                    <div class=\"des-content-2 pl-40\">\n                        <h3 class=\"tp-product-details-desc-title\">\n                            Convenient Packaging\n                        </h3>\n                        <p>\n                            Our organic avocados come carefully packaged to preserve their freshness. Each avocado is nestled in eco-friendly padding to prevent bruising during transit. Rest assured that when you open your package, you\'ll find perfectly ripe avocados ready to enjoy.\n                        </p>\n                    </div>\n                </div>\n            </div>\n        </div>\n        <div class=\"tp-product-details-desc-item\">\n            <div class=\"row\">\n                <div class=\"col-xl-12\">\n                    <div class=\"tp-product-details-desc-banner text-center m-img\">\n                        <h3 class=\"tp-product-details-desc-banner-title tp-product-details-desc-title\">Grown with Care</h3>\n                        <img src=\"/storage/grocery/products/product-3.jpg\" alt=\"Avocado Farm\">\n                    </div>\n                </div>\n            </div>\n        </div>\n    </div>\n</div>\n','published','[\"main\\/products\\/product-17.jpg\",\"main\\/products\\/product-5.jpg\",\"main\\/products\\/product-details-desc-3.jpg\"]','[[{\"key\":\"file\",\"value\":null},{\"key\":\"url\",\"value\":\"https:\\/\\/www.youtube.com\\/watch?v=6JYIGclVQdw\"},{\"key\":\"thumbnail\",\"value\":\"main\\/video\\/1.jpg\"}]]','A1-108',0,14,0,1,'in_stock',1,4,0,0,1024,352,NULL,NULL,16,14,16,697,NULL,199504,'2025-07-28 01:50:37','2025-07-28 01:50:38',7,0,'Botble\\ACL\\Models\\User',0,NULL,'physical','9294968989175',NULL,0,'auto_generate',0,0,0,2),(16,'Extra Virgin Olive Oil (Digital)','Sweet corn, a delicious and versatile vegetable.','<div class=\"row justify-content-center\">\n    <div class=\"col-xl-10\">\n        <div class=\"tp-product-details-desc-item pb-105\">\n            <div class=\"row\">\n                <div class=\"col-lg-6\">\n                    <div class=\"pt-25\">\n                        <span>Organic Avocado</span>\n                        <h3 class=\"tp-product-details-desc-title\">Freshness You Can Taste</h3>\n                        <p>\n                            Indulge in the rich, creamy texture and vibrant flavor of our organic avocados. Sourced from sustainable farms, each avocado is handpicked to ensure peak ripeness and quality. Whether sliced on toast or mashed into guacamole, our avocados are the perfect addition to any meal.\n                        </p>\n                    </div>\n                    <div>\n                        <h3 class=\"tp-product-details-desc-title\">Nutrient-Rich Goodness</h3>\n                        <p>\n                            Packed with essential vitamins and minerals, our organic avocados are not only delicious but also incredibly nutritious. High in heart-healthy fats and fiber, they\'re an excellent choice for grocerytaining a balanced diet. Add them to salads, smoothies, or sandwiches for a nutritious boost.\n                        </p>\n                    </div>\n                </div>\n                <div class=\"col-lg-6\">\n                    <div class=\"tp-product-details-desc-thumb\">\n                        <img src=\"/storage/grocery/products/product-1.jpg\" alt=\"Organic Avocado\">\n                    </div>\n                </div>\n            </div>\n        </div>\n        <div class=\"tp-product-details-desc-item pb-75\">\n            <div class=\"row\">\n                <div class=\"col-lg-7\">\n                    <div class=\"tp-product-details-desc-thumb\">\n                        <img src=\"/storage/grocery/products/product-2.jpg\" alt=\"Sliced Avocado\">\n                    </div>\n                </div>\n\n                <div class=\"col-lg-5 order-first order-lg-last\">\n                    <div class=\"des-content-2 pl-40\">\n                        <h3 class=\"tp-product-details-desc-title\">\n                            Convenient Packaging\n                        </h3>\n                        <p>\n                            Our organic avocados come carefully packaged to preserve their freshness. Each avocado is nestled in eco-friendly padding to prevent bruising during transit. Rest assured that when you open your package, you\'ll find perfectly ripe avocados ready to enjoy.\n                        </p>\n                    </div>\n                </div>\n            </div>\n        </div>\n        <div class=\"tp-product-details-desc-item\">\n            <div class=\"row\">\n                <div class=\"col-xl-12\">\n                    <div class=\"tp-product-details-desc-banner text-center m-img\">\n                        <h3 class=\"tp-product-details-desc-banner-title tp-product-details-desc-title\">Grown with Care</h3>\n                        <img src=\"/storage/grocery/products/product-3.jpg\" alt=\"Avocado Farm\">\n                    </div>\n                </div>\n            </div>\n        </div>\n    </div>\n</div>\n','published','[\"main\\/products\\/product-details-desc-3.jpg\",\"main\\/products\\/product-10.jpg\",\"main\\/products\\/product-4.jpg\"]','[[{\"key\":\"file\",\"value\":\"main\\/video\\/video-1.mp4\"},{\"key\":\"url\",\"value\":null},{\"key\":\"thumbnail\",\"value\":\"main\\/video\\/1.jpg\"}]]','R7-147',0,13,0,1,'in_stock',1,4,0,0,567,119,NULL,NULL,10,17,13,514,NULL,199284,'2025-07-28 01:50:37','2025-07-28 01:50:38',3,0,'Botble\\ACL\\Models\\User',0,NULL,'digital','2069454948243',NULL,0,'auto_generate',0,0,0,2),(17,'Cucumber','Sweet corn, a delicious and versatile vegetable.','<div class=\"row justify-content-center\">\n    <div class=\"col-xl-10\">\n        <div class=\"tp-product-details-desc-item pb-105\">\n            <div class=\"row\">\n                <div class=\"col-lg-6\">\n                    <div class=\"pt-25\">\n                        <span>Organic Avocado</span>\n                        <h3 class=\"tp-product-details-desc-title\">Freshness You Can Taste</h3>\n                        <p>\n                            Indulge in the rich, creamy texture and vibrant flavor of our organic avocados. Sourced from sustainable farms, each avocado is handpicked to ensure peak ripeness and quality. Whether sliced on toast or mashed into guacamole, our avocados are the perfect addition to any meal.\n                        </p>\n                    </div>\n                    <div>\n                        <h3 class=\"tp-product-details-desc-title\">Nutrient-Rich Goodness</h3>\n                        <p>\n                            Packed with essential vitamins and minerals, our organic avocados are not only delicious but also incredibly nutritious. High in heart-healthy fats and fiber, they\'re an excellent choice for grocerytaining a balanced diet. Add them to salads, smoothies, or sandwiches for a nutritious boost.\n                        </p>\n                    </div>\n                </div>\n                <div class=\"col-lg-6\">\n                    <div class=\"tp-product-details-desc-thumb\">\n                        <img src=\"/storage/grocery/products/product-1.jpg\" alt=\"Organic Avocado\">\n                    </div>\n                </div>\n            </div>\n        </div>\n        <div class=\"tp-product-details-desc-item pb-75\">\n            <div class=\"row\">\n                <div class=\"col-lg-7\">\n                    <div class=\"tp-product-details-desc-thumb\">\n                        <img src=\"/storage/grocery/products/product-2.jpg\" alt=\"Sliced Avocado\">\n                    </div>\n                </div>\n\n                <div class=\"col-lg-5 order-first order-lg-last\">\n                    <div class=\"des-content-2 pl-40\">\n                        <h3 class=\"tp-product-details-desc-title\">\n                            Convenient Packaging\n                        </h3>\n                        <p>\n                            Our organic avocados come carefully packaged to preserve their freshness. Each avocado is nestled in eco-friendly padding to prevent bruising during transit. Rest assured that when you open your package, you\'ll find perfectly ripe avocados ready to enjoy.\n                        </p>\n                    </div>\n                </div>\n            </div>\n        </div>\n        <div class=\"tp-product-details-desc-item\">\n            <div class=\"row\">\n                <div class=\"col-xl-12\">\n                    <div class=\"tp-product-details-desc-banner text-center m-img\">\n                        <h3 class=\"tp-product-details-desc-banner-title tp-product-details-desc-title\">Grown with Care</h3>\n                        <img src=\"/storage/grocery/products/product-3.jpg\" alt=\"Avocado Farm\">\n                    </div>\n                </div>\n            </div>\n        </div>\n    </div>\n</div>\n','published','[\"main\\/products\\/product-17.jpg\",\"main\\/products\\/product-details-desc-2.jpg\",\"main\\/products\\/product-1.jpg\",\"main\\/products\\/product-8.jpg\",\"main\\/products\\/product-11.jpg\",\"main\\/products\\/product-4.jpg\"]','[]','V0-135',0,19,0,1,'in_stock',0,5,0,0,1925,1917,NULL,NULL,13,20,12,682,NULL,154409,'2025-07-28 01:50:37','2025-07-28 01:50:38',1,0,'Botble\\ACL\\Models\\User',0,NULL,'physical','9182864279707',NULL,0,'auto_generate',0,0,0,1),(18,'Black Beans','Balsamic salad dressing to enhance the flavor of your salads.','<div class=\"row justify-content-center\">\n    <div class=\"col-xl-10\">\n        <div class=\"tp-product-details-desc-item pb-105\">\n            <div class=\"row\">\n                <div class=\"col-lg-6\">\n                    <div class=\"pt-25\">\n                        <span>Organic Avocado</span>\n                        <h3 class=\"tp-product-details-desc-title\">Freshness You Can Taste</h3>\n                        <p>\n                            Indulge in the rich, creamy texture and vibrant flavor of our organic avocados. Sourced from sustainable farms, each avocado is handpicked to ensure peak ripeness and quality. Whether sliced on toast or mashed into guacamole, our avocados are the perfect addition to any meal.\n                        </p>\n                    </div>\n                    <div>\n                        <h3 class=\"tp-product-details-desc-title\">Nutrient-Rich Goodness</h3>\n                        <p>\n                            Packed with essential vitamins and minerals, our organic avocados are not only delicious but also incredibly nutritious. High in heart-healthy fats and fiber, they\'re an excellent choice for grocerytaining a balanced diet. Add them to salads, smoothies, or sandwiches for a nutritious boost.\n                        </p>\n                    </div>\n                </div>\n                <div class=\"col-lg-6\">\n                    <div class=\"tp-product-details-desc-thumb\">\n                        <img src=\"/storage/grocery/products/product-1.jpg\" alt=\"Organic Avocado\">\n                    </div>\n                </div>\n            </div>\n        </div>\n        <div class=\"tp-product-details-desc-item pb-75\">\n            <div class=\"row\">\n                <div class=\"col-lg-7\">\n                    <div class=\"tp-product-details-desc-thumb\">\n                        <img src=\"/storage/grocery/products/product-2.jpg\" alt=\"Sliced Avocado\">\n                    </div>\n                </div>\n\n                <div class=\"col-lg-5 order-first order-lg-last\">\n                    <div class=\"des-content-2 pl-40\">\n                        <h3 class=\"tp-product-details-desc-title\">\n                            Convenient Packaging\n                        </h3>\n                        <p>\n                            Our organic avocados come carefully packaged to preserve their freshness. Each avocado is nestled in eco-friendly padding to prevent bruising during transit. Rest assured that when you open your package, you\'ll find perfectly ripe avocados ready to enjoy.\n                        </p>\n                    </div>\n                </div>\n            </div>\n        </div>\n        <div class=\"tp-product-details-desc-item\">\n            <div class=\"row\">\n                <div class=\"col-xl-12\">\n                    <div class=\"tp-product-details-desc-banner text-center m-img\">\n                        <h3 class=\"tp-product-details-desc-banner-title tp-product-details-desc-title\">Grown with Care</h3>\n                        <img src=\"/storage/grocery/products/product-3.jpg\" alt=\"Avocado Farm\">\n                    </div>\n                </div>\n            </div>\n        </div>\n    </div>\n</div>\n','published','[\"main\\/products\\/product-8.jpg\",\"main\\/products\\/product-20.jpg\",\"main\\/products\\/product-12.jpg\"]','[[{\"key\":\"file\",\"value\":\"main\\/video\\/video-1.mp4\"},{\"key\":\"url\",\"value\":null},{\"key\":\"thumbnail\",\"value\":\"main\\/video\\/1.jpg\"}]]','JU-173-A1',0,18,0,1,'in_stock',1,1,0,0,1128,NULL,NULL,NULL,17,11,15,840,NULL,136015,'2025-07-28 01:50:37','2025-07-28 01:50:38',2,0,'Botble\\ACL\\Models\\User',0,NULL,'physical','1271805822893',NULL,0,'auto_generate',0,0,0,1),(19,'Chia Seeds','Fresh and crisp organic apples for a healthy snack or delicious recipes.','<div class=\"row justify-content-center\">\n    <div class=\"col-xl-10\">\n        <div class=\"tp-product-details-desc-item pb-105\">\n            <div class=\"row\">\n                <div class=\"col-lg-6\">\n                    <div class=\"pt-25\">\n                        <span>Organic Avocado</span>\n                        <h3 class=\"tp-product-details-desc-title\">Freshness You Can Taste</h3>\n                        <p>\n                            Indulge in the rich, creamy texture and vibrant flavor of our organic avocados. Sourced from sustainable farms, each avocado is handpicked to ensure peak ripeness and quality. Whether sliced on toast or mashed into guacamole, our avocados are the perfect addition to any meal.\n                        </p>\n                    </div>\n                    <div>\n                        <h3 class=\"tp-product-details-desc-title\">Nutrient-Rich Goodness</h3>\n                        <p>\n                            Packed with essential vitamins and minerals, our organic avocados are not only delicious but also incredibly nutritious. High in heart-healthy fats and fiber, they\'re an excellent choice for grocerytaining a balanced diet. Add them to salads, smoothies, or sandwiches for a nutritious boost.\n                        </p>\n                    </div>\n                </div>\n                <div class=\"col-lg-6\">\n                    <div class=\"tp-product-details-desc-thumb\">\n                        <img src=\"/storage/grocery/products/product-1.jpg\" alt=\"Organic Avocado\">\n                    </div>\n                </div>\n            </div>\n        </div>\n        <div class=\"tp-product-details-desc-item pb-75\">\n            <div class=\"row\">\n                <div class=\"col-lg-7\">\n                    <div class=\"tp-product-details-desc-thumb\">\n                        <img src=\"/storage/grocery/products/product-2.jpg\" alt=\"Sliced Avocado\">\n                    </div>\n                </div>\n\n                <div class=\"col-lg-5 order-first order-lg-last\">\n                    <div class=\"des-content-2 pl-40\">\n                        <h3 class=\"tp-product-details-desc-title\">\n                            Convenient Packaging\n                        </h3>\n                        <p>\n                            Our organic avocados come carefully packaged to preserve their freshness. Each avocado is nestled in eco-friendly padding to prevent bruising during transit. Rest assured that when you open your package, you\'ll find perfectly ripe avocados ready to enjoy.\n                        </p>\n                    </div>\n                </div>\n            </div>\n        </div>\n        <div class=\"tp-product-details-desc-item\">\n            <div class=\"row\">\n                <div class=\"col-xl-12\">\n                    <div class=\"tp-product-details-desc-banner text-center m-img\">\n                        <h3 class=\"tp-product-details-desc-banner-title tp-product-details-desc-title\">Grown with Care</h3>\n                        <img src=\"/storage/grocery/products/product-3.jpg\" alt=\"Avocado Farm\">\n                    </div>\n                </div>\n            </div>\n        </div>\n    </div>\n</div>\n','published','[\"main\\/products\\/product-17.jpg\",\"main\\/products\\/product-details-desc-3.jpg\",\"main\\/products\\/product-14.jpg\",\"main\\/products\\/product-20.jpg\"]','[[{\"key\":\"file\",\"value\":null},{\"key\":\"url\",\"value\":\"https:\\/\\/www.youtube.com\\/watch?v=6JYIGclVQdw\"},{\"key\":\"thumbnail\",\"value\":\"main\\/video\\/1.jpg\"}]]','O6-177',0,14,0,1,'in_stock',0,2,0,0,2416,456,NULL,NULL,10,17,14,533,NULL,100752,'2025-07-28 01:50:37','2025-07-28 01:50:38',4,0,'Botble\\ACL\\Models\\User',0,NULL,'physical','3808276682947',NULL,0,'auto_generate',0,0,0,2),(20,'Whole Wheat Pasta (Digital)','Balsamic salad dressing to enhance the flavor of your salads.','<div class=\"row justify-content-center\">\n    <div class=\"col-xl-10\">\n        <div class=\"tp-product-details-desc-item pb-105\">\n            <div class=\"row\">\n                <div class=\"col-lg-6\">\n                    <div class=\"pt-25\">\n                        <span>Organic Avocado</span>\n                        <h3 class=\"tp-product-details-desc-title\">Freshness You Can Taste</h3>\n                        <p>\n                            Indulge in the rich, creamy texture and vibrant flavor of our organic avocados. Sourced from sustainable farms, each avocado is handpicked to ensure peak ripeness and quality. Whether sliced on toast or mashed into guacamole, our avocados are the perfect addition to any meal.\n                        </p>\n                    </div>\n                    <div>\n                        <h3 class=\"tp-product-details-desc-title\">Nutrient-Rich Goodness</h3>\n                        <p>\n                            Packed with essential vitamins and minerals, our organic avocados are not only delicious but also incredibly nutritious. High in heart-healthy fats and fiber, they\'re an excellent choice for grocerytaining a balanced diet. Add them to salads, smoothies, or sandwiches for a nutritious boost.\n                        </p>\n                    </div>\n                </div>\n                <div class=\"col-lg-6\">\n                    <div class=\"tp-product-details-desc-thumb\">\n                        <img src=\"/storage/grocery/products/product-1.jpg\" alt=\"Organic Avocado\">\n                    </div>\n                </div>\n            </div>\n        </div>\n        <div class=\"tp-product-details-desc-item pb-75\">\n            <div class=\"row\">\n                <div class=\"col-lg-7\">\n                    <div class=\"tp-product-details-desc-thumb\">\n                        <img src=\"/storage/grocery/products/product-2.jpg\" alt=\"Sliced Avocado\">\n                    </div>\n                </div>\n\n                <div class=\"col-lg-5 order-first order-lg-last\">\n                    <div class=\"des-content-2 pl-40\">\n                        <h3 class=\"tp-product-details-desc-title\">\n                            Convenient Packaging\n                        </h3>\n                        <p>\n                            Our organic avocados come carefully packaged to preserve their freshness. Each avocado is nestled in eco-friendly padding to prevent bruising during transit. Rest assured that when you open your package, you\'ll find perfectly ripe avocados ready to enjoy.\n                        </p>\n                    </div>\n                </div>\n            </div>\n        </div>\n        <div class=\"tp-product-details-desc-item\">\n            <div class=\"row\">\n                <div class=\"col-xl-12\">\n                    <div class=\"tp-product-details-desc-banner text-center m-img\">\n                        <h3 class=\"tp-product-details-desc-banner-title tp-product-details-desc-title\">Grown with Care</h3>\n                        <img src=\"/storage/grocery/products/product-3.jpg\" alt=\"Avocado Farm\">\n                    </div>\n                </div>\n            </div>\n        </div>\n    </div>\n</div>\n','published','[\"main\\/products\\/product-details-desc-1.jpg\",\"main\\/products\\/product-details-desc-3.jpg\",\"main\\/products\\/product-15.jpg\",\"main\\/products\\/product-6.jpg\",\"main\\/products\\/product-12.jpg\"]','[]','UD-197-A1',0,20,0,1,'in_stock',0,5,0,0,831,747.9,NULL,NULL,20,10,19,829,NULL,11983,'2025-07-28 01:50:37','2025-07-28 01:50:38',6,0,'Botble\\ACL\\Models\\User',0,NULL,'digital','5940366133118',NULL,0,'auto_generate',0,0,0,1),(21,'Mixed Nuts','Whole pineapple for a tropical and refreshing treat.','<div class=\"row justify-content-center\">\n    <div class=\"col-xl-10\">\n        <div class=\"tp-product-details-desc-item pb-105\">\n            <div class=\"row\">\n                <div class=\"col-lg-6\">\n                    <div class=\"pt-25\">\n                        <span>Organic Avocado</span>\n                        <h3 class=\"tp-product-details-desc-title\">Freshness You Can Taste</h3>\n                        <p>\n                            Indulge in the rich, creamy texture and vibrant flavor of our organic avocados. Sourced from sustainable farms, each avocado is handpicked to ensure peak ripeness and quality. Whether sliced on toast or mashed into guacamole, our avocados are the perfect addition to any meal.\n                        </p>\n                    </div>\n                    <div>\n                        <h3 class=\"tp-product-details-desc-title\">Nutrient-Rich Goodness</h3>\n                        <p>\n                            Packed with essential vitamins and minerals, our organic avocados are not only delicious but also incredibly nutritious. High in heart-healthy fats and fiber, they\'re an excellent choice for grocerytaining a balanced diet. Add them to salads, smoothies, or sandwiches for a nutritious boost.\n                        </p>\n                    </div>\n                </div>\n                <div class=\"col-lg-6\">\n                    <div class=\"tp-product-details-desc-thumb\">\n                        <img src=\"/storage/grocery/products/product-1.jpg\" alt=\"Organic Avocado\">\n                    </div>\n                </div>\n            </div>\n        </div>\n        <div class=\"tp-product-details-desc-item pb-75\">\n            <div class=\"row\">\n                <div class=\"col-lg-7\">\n                    <div class=\"tp-product-details-desc-thumb\">\n                        <img src=\"/storage/grocery/products/product-2.jpg\" alt=\"Sliced Avocado\">\n                    </div>\n                </div>\n\n                <div class=\"col-lg-5 order-first order-lg-last\">\n                    <div class=\"des-content-2 pl-40\">\n                        <h3 class=\"tp-product-details-desc-title\">\n                            Convenient Packaging\n                        </h3>\n                        <p>\n                            Our organic avocados come carefully packaged to preserve their freshness. Each avocado is nestled in eco-friendly padding to prevent bruising during transit. Rest assured that when you open your package, you\'ll find perfectly ripe avocados ready to enjoy.\n                        </p>\n                    </div>\n                </div>\n            </div>\n        </div>\n        <div class=\"tp-product-details-desc-item\">\n            <div class=\"row\">\n                <div class=\"col-xl-12\">\n                    <div class=\"tp-product-details-desc-banner text-center m-img\">\n                        <h3 class=\"tp-product-details-desc-banner-title tp-product-details-desc-title\">Grown with Care</h3>\n                        <img src=\"/storage/grocery/products/product-3.jpg\" alt=\"Avocado Farm\">\n                    </div>\n                </div>\n            </div>\n        </div>\n    </div>\n</div>\n','published','[\"main\\/products\\/product-details-desc-3.jpg\",\"main\\/products\\/product-13.jpg\",\"main\\/products\\/product-11.jpg\",\"main\\/products\\/product-6.jpg\",\"main\\/products\\/product-20.jpg\",\"main\\/products\\/product-3.jpg\",\"main\\/products\\/product-details-desc-2.jpg\",\"main\\/products\\/product-19.jpg\"]','[[{\"key\":\"file\",\"value\":null},{\"key\":\"url\",\"value\":\"https:\\/\\/www.youtube.com\\/watch?v=6JYIGclVQdw\"},{\"key\":\"thumbnail\",\"value\":\"main\\/video\\/2.jpg\"}]]','ZQ-189',0,16,0,1,'in_stock',0,2,0,0,1842,358,NULL,NULL,14,13,18,824,NULL,100056,'2025-07-28 01:50:37','2025-07-28 01:50:38',3,0,'Botble\\ACL\\Models\\User',0,NULL,'physical','2343994226864',NULL,0,'auto_generate',0,0,0,1),(22,'Green Tea Bags','Fresh and crisp organic apples for a healthy snack or delicious recipes.','<div class=\"row justify-content-center\">\n    <div class=\"col-xl-10\">\n        <div class=\"tp-product-details-desc-item pb-105\">\n            <div class=\"row\">\n                <div class=\"col-lg-6\">\n                    <div class=\"pt-25\">\n                        <span>Organic Avocado</span>\n                        <h3 class=\"tp-product-details-desc-title\">Freshness You Can Taste</h3>\n                        <p>\n                            Indulge in the rich, creamy texture and vibrant flavor of our organic avocados. Sourced from sustainable farms, each avocado is handpicked to ensure peak ripeness and quality. Whether sliced on toast or mashed into guacamole, our avocados are the perfect addition to any meal.\n                        </p>\n                    </div>\n                    <div>\n                        <h3 class=\"tp-product-details-desc-title\">Nutrient-Rich Goodness</h3>\n                        <p>\n                            Packed with essential vitamins and minerals, our organic avocados are not only delicious but also incredibly nutritious. High in heart-healthy fats and fiber, they\'re an excellent choice for grocerytaining a balanced diet. Add them to salads, smoothies, or sandwiches for a nutritious boost.\n                        </p>\n                    </div>\n                </div>\n                <div class=\"col-lg-6\">\n                    <div class=\"tp-product-details-desc-thumb\">\n                        <img src=\"/storage/grocery/products/product-1.jpg\" alt=\"Organic Avocado\">\n                    </div>\n                </div>\n            </div>\n        </div>\n        <div class=\"tp-product-details-desc-item pb-75\">\n            <div class=\"row\">\n                <div class=\"col-lg-7\">\n                    <div class=\"tp-product-details-desc-thumb\">\n                        <img src=\"/storage/grocery/products/product-2.jpg\" alt=\"Sliced Avocado\">\n                    </div>\n                </div>\n\n                <div class=\"col-lg-5 order-first order-lg-last\">\n                    <div class=\"des-content-2 pl-40\">\n                        <h3 class=\"tp-product-details-desc-title\">\n                            Convenient Packaging\n                        </h3>\n                        <p>\n                            Our organic avocados come carefully packaged to preserve their freshness. Each avocado is nestled in eco-friendly padding to prevent bruising during transit. Rest assured that when you open your package, you\'ll find perfectly ripe avocados ready to enjoy.\n                        </p>\n                    </div>\n                </div>\n            </div>\n        </div>\n        <div class=\"tp-product-details-desc-item\">\n            <div class=\"row\">\n                <div class=\"col-xl-12\">\n                    <div class=\"tp-product-details-desc-banner text-center m-img\">\n                        <h3 class=\"tp-product-details-desc-banner-title tp-product-details-desc-title\">Grown with Care</h3>\n                        <img src=\"/storage/grocery/products/product-3.jpg\" alt=\"Avocado Farm\">\n                    </div>\n                </div>\n            </div>\n        </div>\n    </div>\n</div>\n','published','[\"main\\/products\\/product-12.jpg\",\"main\\/products\\/product-details-desc-1.jpg\",\"main\\/products\\/product-14.jpg\",\"main\\/products\\/product-17.jpg\",\"main\\/products\\/product-2.jpg\",\"main\\/products\\/product-8.jpg\",\"main\\/products\\/product-10.jpg\"]','[]','14-142',0,17,0,1,'in_stock',0,1,0,0,635,63,NULL,NULL,17,10,13,527,NULL,139370,'2025-07-28 01:50:37','2025-07-28 01:50:38',4,0,'Botble\\ACL\\Models\\User',0,NULL,'physical','2316250011276',NULL,0,'auto_generate',0,0,0,1),(23,'Organic Strawberries','A mix of nuts for a tasty and energy-boosting trail mix.','<div class=\"row justify-content-center\">\n    <div class=\"col-xl-10\">\n        <div class=\"tp-product-details-desc-item pb-105\">\n            <div class=\"row\">\n                <div class=\"col-lg-6\">\n                    <div class=\"pt-25\">\n                        <span>Organic Avocado</span>\n                        <h3 class=\"tp-product-details-desc-title\">Freshness You Can Taste</h3>\n                        <p>\n                            Indulge in the rich, creamy texture and vibrant flavor of our organic avocados. Sourced from sustainable farms, each avocado is handpicked to ensure peak ripeness and quality. Whether sliced on toast or mashed into guacamole, our avocados are the perfect addition to any meal.\n                        </p>\n                    </div>\n                    <div>\n                        <h3 class=\"tp-product-details-desc-title\">Nutrient-Rich Goodness</h3>\n                        <p>\n                            Packed with essential vitamins and minerals, our organic avocados are not only delicious but also incredibly nutritious. High in heart-healthy fats and fiber, they\'re an excellent choice for grocerytaining a balanced diet. Add them to salads, smoothies, or sandwiches for a nutritious boost.\n                        </p>\n                    </div>\n                </div>\n                <div class=\"col-lg-6\">\n                    <div class=\"tp-product-details-desc-thumb\">\n                        <img src=\"/storage/grocery/products/product-1.jpg\" alt=\"Organic Avocado\">\n                    </div>\n                </div>\n            </div>\n        </div>\n        <div class=\"tp-product-details-desc-item pb-75\">\n            <div class=\"row\">\n                <div class=\"col-lg-7\">\n                    <div class=\"tp-product-details-desc-thumb\">\n                        <img src=\"/storage/grocery/products/product-2.jpg\" alt=\"Sliced Avocado\">\n                    </div>\n                </div>\n\n                <div class=\"col-lg-5 order-first order-lg-last\">\n                    <div class=\"des-content-2 pl-40\">\n                        <h3 class=\"tp-product-details-desc-title\">\n                            Convenient Packaging\n                        </h3>\n                        <p>\n                            Our organic avocados come carefully packaged to preserve their freshness. Each avocado is nestled in eco-friendly padding to prevent bruising during transit. Rest assured that when you open your package, you\'ll find perfectly ripe avocados ready to enjoy.\n                        </p>\n                    </div>\n                </div>\n            </div>\n        </div>\n        <div class=\"tp-product-details-desc-item\">\n            <div class=\"row\">\n                <div class=\"col-xl-12\">\n                    <div class=\"tp-product-details-desc-banner text-center m-img\">\n                        <h3 class=\"tp-product-details-desc-banner-title tp-product-details-desc-title\">Grown with Care</h3>\n                        <img src=\"/storage/grocery/products/product-3.jpg\" alt=\"Avocado Farm\">\n                    </div>\n                </div>\n            </div>\n        </div>\n    </div>\n</div>\n','published','[\"main\\/products\\/product-19.jpg\",\"main\\/products\\/product-7.jpg\",\"main\\/products\\/product-6.jpg\",\"main\\/products\\/product-15.jpg\",\"main\\/products\\/product-17.jpg\"]','[]','KF-140-A1',0,20,0,1,'in_stock',0,5,0,0,849,NULL,NULL,NULL,10,19,17,877,NULL,189491,'2025-07-28 01:50:37','2025-07-28 01:50:38',4,0,'Botble\\ACL\\Models\\User',0,NULL,'physical','9477072573595',NULL,0,'auto_generate',0,0,0,2),(24,'Quinoa Flour (Digital)','Quinoa flour, a gluten-free alternative for baking.','<div class=\"row justify-content-center\">\n    <div class=\"col-xl-10\">\n        <div class=\"tp-product-details-desc-item pb-105\">\n            <div class=\"row\">\n                <div class=\"col-lg-6\">\n                    <div class=\"pt-25\">\n                        <span>Organic Avocado</span>\n                        <h3 class=\"tp-product-details-desc-title\">Freshness You Can Taste</h3>\n                        <p>\n                            Indulge in the rich, creamy texture and vibrant flavor of our organic avocados. Sourced from sustainable farms, each avocado is handpicked to ensure peak ripeness and quality. Whether sliced on toast or mashed into guacamole, our avocados are the perfect addition to any meal.\n                        </p>\n                    </div>\n                    <div>\n                        <h3 class=\"tp-product-details-desc-title\">Nutrient-Rich Goodness</h3>\n                        <p>\n                            Packed with essential vitamins and minerals, our organic avocados are not only delicious but also incredibly nutritious. High in heart-healthy fats and fiber, they\'re an excellent choice for grocerytaining a balanced diet. Add them to salads, smoothies, or sandwiches for a nutritious boost.\n                        </p>\n                    </div>\n                </div>\n                <div class=\"col-lg-6\">\n                    <div class=\"tp-product-details-desc-thumb\">\n                        <img src=\"/storage/grocery/products/product-1.jpg\" alt=\"Organic Avocado\">\n                    </div>\n                </div>\n            </div>\n        </div>\n        <div class=\"tp-product-details-desc-item pb-75\">\n            <div class=\"row\">\n                <div class=\"col-lg-7\">\n                    <div class=\"tp-product-details-desc-thumb\">\n                        <img src=\"/storage/grocery/products/product-2.jpg\" alt=\"Sliced Avocado\">\n                    </div>\n                </div>\n\n                <div class=\"col-lg-5 order-first order-lg-last\">\n                    <div class=\"des-content-2 pl-40\">\n                        <h3 class=\"tp-product-details-desc-title\">\n                            Convenient Packaging\n                        </h3>\n                        <p>\n                            Our organic avocados come carefully packaged to preserve their freshness. Each avocado is nestled in eco-friendly padding to prevent bruising during transit. Rest assured that when you open your package, you\'ll find perfectly ripe avocados ready to enjoy.\n                        </p>\n                    </div>\n                </div>\n            </div>\n        </div>\n        <div class=\"tp-product-details-desc-item\">\n            <div class=\"row\">\n                <div class=\"col-xl-12\">\n                    <div class=\"tp-product-details-desc-banner text-center m-img\">\n                        <h3 class=\"tp-product-details-desc-banner-title tp-product-details-desc-title\">Grown with Care</h3>\n                        <img src=\"/storage/grocery/products/product-3.jpg\" alt=\"Avocado Farm\">\n                    </div>\n                </div>\n            </div>\n        </div>\n    </div>\n</div>\n','published','[\"main\\/products\\/product-20.jpg\",\"main\\/products\\/product-1.jpg\",\"main\\/products\\/product-10.jpg\"]','[[{\"key\":\"file\",\"value\":\"main\\/video\\/video-1.mp4\"},{\"key\":\"url\",\"value\":null},{\"key\":\"thumbnail\",\"value\":\"main\\/video\\/1.jpg\"}]]','S1-135-A1',0,20,0,1,'in_stock',0,2,0,0,2320,2018.4,NULL,NULL,11,17,18,899,NULL,63423,'2025-07-28 01:50:37','2025-07-28 01:50:38',1,0,'Botble\\ACL\\Models\\User',0,NULL,'digital','2741234584598',NULL,0,'auto_generate',0,0,0,1),(25,'Organic Baby Kale','Cottage cheese, a protein-rich and versatile dairy product.','<div class=\"row justify-content-center\">\n    <div class=\"col-xl-10\">\n        <div class=\"tp-product-details-desc-item pb-105\">\n            <div class=\"row\">\n                <div class=\"col-lg-6\">\n                    <div class=\"pt-25\">\n                        <span>Organic Avocado</span>\n                        <h3 class=\"tp-product-details-desc-title\">Freshness You Can Taste</h3>\n                        <p>\n                            Indulge in the rich, creamy texture and vibrant flavor of our organic avocados. Sourced from sustainable farms, each avocado is handpicked to ensure peak ripeness and quality. Whether sliced on toast or mashed into guacamole, our avocados are the perfect addition to any meal.\n                        </p>\n                    </div>\n                    <div>\n                        <h3 class=\"tp-product-details-desc-title\">Nutrient-Rich Goodness</h3>\n                        <p>\n                            Packed with essential vitamins and minerals, our organic avocados are not only delicious but also incredibly nutritious. High in heart-healthy fats and fiber, they\'re an excellent choice for grocerytaining a balanced diet. Add them to salads, smoothies, or sandwiches for a nutritious boost.\n                        </p>\n                    </div>\n                </div>\n                <div class=\"col-lg-6\">\n                    <div class=\"tp-product-details-desc-thumb\">\n                        <img src=\"/storage/grocery/products/product-1.jpg\" alt=\"Organic Avocado\">\n                    </div>\n                </div>\n            </div>\n        </div>\n        <div class=\"tp-product-details-desc-item pb-75\">\n            <div class=\"row\">\n                <div class=\"col-lg-7\">\n                    <div class=\"tp-product-details-desc-thumb\">\n                        <img src=\"/storage/grocery/products/product-2.jpg\" alt=\"Sliced Avocado\">\n                    </div>\n                </div>\n\n                <div class=\"col-lg-5 order-first order-lg-last\">\n                    <div class=\"des-content-2 pl-40\">\n                        <h3 class=\"tp-product-details-desc-title\">\n                            Convenient Packaging\n                        </h3>\n                        <p>\n                            Our organic avocados come carefully packaged to preserve their freshness. Each avocado is nestled in eco-friendly padding to prevent bruising during transit. Rest assured that when you open your package, you\'ll find perfectly ripe avocados ready to enjoy.\n                        </p>\n                    </div>\n                </div>\n            </div>\n        </div>\n        <div class=\"tp-product-details-desc-item\">\n            <div class=\"row\">\n                <div class=\"col-xl-12\">\n                    <div class=\"tp-product-details-desc-banner text-center m-img\">\n                        <h3 class=\"tp-product-details-desc-banner-title tp-product-details-desc-title\">Grown with Care</h3>\n                        <img src=\"/storage/grocery/products/product-3.jpg\" alt=\"Avocado Farm\">\n                    </div>\n                </div>\n            </div>\n        </div>\n    </div>\n</div>\n','published','[\"main\\/products\\/product-details-desc-2.jpg\",\"main\\/products\\/product-15.jpg\",\"main\\/products\\/product-6.jpg\",\"main\\/products\\/product-9.jpg\",\"main\\/products\\/product-details-desc-1.jpg\",\"main\\/products\\/product-12.jpg\",\"main\\/products\\/product-13.jpg\",\"main\\/products\\/product-7.jpg\"]','[[{\"key\":\"file\",\"value\":\"main\\/video\\/video-1.mp4\"},{\"key\":\"url\",\"value\":null},{\"key\":\"thumbnail\",\"value\":\"main\\/video\\/1.jpg\"}]]','HI-190-A1',0,13,0,1,'in_stock',1,2,0,0,2169,NULL,NULL,NULL,20,18,10,795,NULL,40714,'2025-07-28 01:50:37','2025-07-28 01:50:38',3,0,'Botble\\ACL\\Models\\User',0,NULL,'physical','4053203063071',NULL,0,'auto_generate',0,0,0,1),(26,'Salad Dressing','Creamy almond butter for a tasty and nutritious spread.','<div class=\"row justify-content-center\">\n    <div class=\"col-xl-10\">\n        <div class=\"tp-product-details-desc-item pb-105\">\n            <div class=\"row\">\n                <div class=\"col-lg-6\">\n                    <div class=\"pt-25\">\n                        <span>Organic Avocado</span>\n                        <h3 class=\"tp-product-details-desc-title\">Freshness You Can Taste</h3>\n                        <p>\n                            Indulge in the rich, creamy texture and vibrant flavor of our organic avocados. Sourced from sustainable farms, each avocado is handpicked to ensure peak ripeness and quality. Whether sliced on toast or mashed into guacamole, our avocados are the perfect addition to any meal.\n                        </p>\n                    </div>\n                    <div>\n                        <h3 class=\"tp-product-details-desc-title\">Nutrient-Rich Goodness</h3>\n                        <p>\n                            Packed with essential vitamins and minerals, our organic avocados are not only delicious but also incredibly nutritious. High in heart-healthy fats and fiber, they\'re an excellent choice for grocerytaining a balanced diet. Add them to salads, smoothies, or sandwiches for a nutritious boost.\n                        </p>\n                    </div>\n                </div>\n                <div class=\"col-lg-6\">\n                    <div class=\"tp-product-details-desc-thumb\">\n                        <img src=\"/storage/grocery/products/product-1.jpg\" alt=\"Organic Avocado\">\n                    </div>\n                </div>\n            </div>\n        </div>\n        <div class=\"tp-product-details-desc-item pb-75\">\n            <div class=\"row\">\n                <div class=\"col-lg-7\">\n                    <div class=\"tp-product-details-desc-thumb\">\n                        <img src=\"/storage/grocery/products/product-2.jpg\" alt=\"Sliced Avocado\">\n                    </div>\n                </div>\n\n                <div class=\"col-lg-5 order-first order-lg-last\">\n                    <div class=\"des-content-2 pl-40\">\n                        <h3 class=\"tp-product-details-desc-title\">\n                            Convenient Packaging\n                        </h3>\n                        <p>\n                            Our organic avocados come carefully packaged to preserve their freshness. Each avocado is nestled in eco-friendly padding to prevent bruising during transit. Rest assured that when you open your package, you\'ll find perfectly ripe avocados ready to enjoy.\n                        </p>\n                    </div>\n                </div>\n            </div>\n        </div>\n        <div class=\"tp-product-details-desc-item\">\n            <div class=\"row\">\n                <div class=\"col-xl-12\">\n                    <div class=\"tp-product-details-desc-banner text-center m-img\">\n                        <h3 class=\"tp-product-details-desc-banner-title tp-product-details-desc-title\">Grown with Care</h3>\n                        <img src=\"/storage/grocery/products/product-3.jpg\" alt=\"Avocado Farm\">\n                    </div>\n                </div>\n            </div>\n        </div>\n    </div>\n</div>\n','published','[\"main\\/products\\/product-13.jpg\",\"main\\/products\\/product-10.jpg\",\"main\\/products\\/product-16.jpg\",\"main\\/products\\/product-2.jpg\",\"main\\/products\\/product-details-desc-2.jpg\",\"main\\/products\\/product-3.jpg\",\"main\\/products\\/product-14.jpg\",\"main\\/products\\/product-4.jpg\"]','[]','VW-173',0,14,0,1,'in_stock',0,5,0,0,614,147,NULL,NULL,10,20,13,628,NULL,93184,'2025-07-28 01:50:37','2025-07-28 01:50:38',4,0,'Botble\\ACL\\Models\\User',0,NULL,'physical','1399217892171',NULL,0,'auto_generate',0,0,0,1),(27,'Sweet Corn','Sweet corn, a delicious and versatile vegetable.','<div class=\"row justify-content-center\">\n    <div class=\"col-xl-10\">\n        <div class=\"tp-product-details-desc-item pb-105\">\n            <div class=\"row\">\n                <div class=\"col-lg-6\">\n                    <div class=\"pt-25\">\n                        <span>Organic Avocado</span>\n                        <h3 class=\"tp-product-details-desc-title\">Freshness You Can Taste</h3>\n                        <p>\n                            Indulge in the rich, creamy texture and vibrant flavor of our organic avocados. Sourced from sustainable farms, each avocado is handpicked to ensure peak ripeness and quality. Whether sliced on toast or mashed into guacamole, our avocados are the perfect addition to any meal.\n                        </p>\n                    </div>\n                    <div>\n                        <h3 class=\"tp-product-details-desc-title\">Nutrient-Rich Goodness</h3>\n                        <p>\n                            Packed with essential vitamins and minerals, our organic avocados are not only delicious but also incredibly nutritious. High in heart-healthy fats and fiber, they\'re an excellent choice for grocerytaining a balanced diet. Add them to salads, smoothies, or sandwiches for a nutritious boost.\n                        </p>\n                    </div>\n                </div>\n                <div class=\"col-lg-6\">\n                    <div class=\"tp-product-details-desc-thumb\">\n                        <img src=\"/storage/grocery/products/product-1.jpg\" alt=\"Organic Avocado\">\n                    </div>\n                </div>\n            </div>\n        </div>\n        <div class=\"tp-product-details-desc-item pb-75\">\n            <div class=\"row\">\n                <div class=\"col-lg-7\">\n                    <div class=\"tp-product-details-desc-thumb\">\n                        <img src=\"/storage/grocery/products/product-2.jpg\" alt=\"Sliced Avocado\">\n                    </div>\n                </div>\n\n                <div class=\"col-lg-5 order-first order-lg-last\">\n                    <div class=\"des-content-2 pl-40\">\n                        <h3 class=\"tp-product-details-desc-title\">\n                            Convenient Packaging\n                        </h3>\n                        <p>\n                            Our organic avocados come carefully packaged to preserve their freshness. Each avocado is nestled in eco-friendly padding to prevent bruising during transit. Rest assured that when you open your package, you\'ll find perfectly ripe avocados ready to enjoy.\n                        </p>\n                    </div>\n                </div>\n            </div>\n        </div>\n        <div class=\"tp-product-details-desc-item\">\n            <div class=\"row\">\n                <div class=\"col-xl-12\">\n                    <div class=\"tp-product-details-desc-banner text-center m-img\">\n                        <h3 class=\"tp-product-details-desc-banner-title tp-product-details-desc-title\">Grown with Care</h3>\n                        <img src=\"/storage/grocery/products/product-3.jpg\" alt=\"Avocado Farm\">\n                    </div>\n                </div>\n            </div>\n        </div>\n    </div>\n</div>\n','published','[\"main\\/products\\/product-19.jpg\",\"main\\/products\\/product-12.jpg\",\"main\\/products\\/product-20.jpg\"]','[[{\"key\":\"file\",\"value\":null},{\"key\":\"url\",\"value\":\"https:\\/\\/www.youtube.com\\/watch?v=6JYIGclVQdw\"},{\"key\":\"thumbnail\",\"value\":\"main\\/video\\/1.jpg\"}]]','X0-112',0,19,0,1,'in_stock',1,2,0,0,1295,825,NULL,NULL,10,11,13,743,NULL,150446,'2025-07-28 01:50:37','2025-07-28 01:50:38',7,0,'Botble\\ACL\\Models\\User',0,NULL,'physical','6433472535796',NULL,0,'auto_generate',0,0,0,2),(28,'Almond Butter (Digital)','Green tea bags for a soothing and antioxidant-rich beverage.','<div class=\"row justify-content-center\">\n    <div class=\"col-xl-10\">\n        <div class=\"tp-product-details-desc-item pb-105\">\n            <div class=\"row\">\n                <div class=\"col-lg-6\">\n                    <div class=\"pt-25\">\n                        <span>Organic Avocado</span>\n                        <h3 class=\"tp-product-details-desc-title\">Freshness You Can Taste</h3>\n                        <p>\n                            Indulge in the rich, creamy texture and vibrant flavor of our organic avocados. Sourced from sustainable farms, each avocado is handpicked to ensure peak ripeness and quality. Whether sliced on toast or mashed into guacamole, our avocados are the perfect addition to any meal.\n                        </p>\n                    </div>\n                    <div>\n                        <h3 class=\"tp-product-details-desc-title\">Nutrient-Rich Goodness</h3>\n                        <p>\n                            Packed with essential vitamins and minerals, our organic avocados are not only delicious but also incredibly nutritious. High in heart-healthy fats and fiber, they\'re an excellent choice for grocerytaining a balanced diet. Add them to salads, smoothies, or sandwiches for a nutritious boost.\n                        </p>\n                    </div>\n                </div>\n                <div class=\"col-lg-6\">\n                    <div class=\"tp-product-details-desc-thumb\">\n                        <img src=\"/storage/grocery/products/product-1.jpg\" alt=\"Organic Avocado\">\n                    </div>\n                </div>\n            </div>\n        </div>\n        <div class=\"tp-product-details-desc-item pb-75\">\n            <div class=\"row\">\n                <div class=\"col-lg-7\">\n                    <div class=\"tp-product-details-desc-thumb\">\n                        <img src=\"/storage/grocery/products/product-2.jpg\" alt=\"Sliced Avocado\">\n                    </div>\n                </div>\n\n                <div class=\"col-lg-5 order-first order-lg-last\">\n                    <div class=\"des-content-2 pl-40\">\n                        <h3 class=\"tp-product-details-desc-title\">\n                            Convenient Packaging\n                        </h3>\n                        <p>\n                            Our organic avocados come carefully packaged to preserve their freshness. Each avocado is nestled in eco-friendly padding to prevent bruising during transit. Rest assured that when you open your package, you\'ll find perfectly ripe avocados ready to enjoy.\n                        </p>\n                    </div>\n                </div>\n            </div>\n        </div>\n        <div class=\"tp-product-details-desc-item\">\n            <div class=\"row\">\n                <div class=\"col-xl-12\">\n                    <div class=\"tp-product-details-desc-banner text-center m-img\">\n                        <h3 class=\"tp-product-details-desc-banner-title tp-product-details-desc-title\">Grown with Care</h3>\n                        <img src=\"/storage/grocery/products/product-3.jpg\" alt=\"Avocado Farm\">\n                    </div>\n                </div>\n            </div>\n        </div>\n    </div>\n</div>\n','published','[\"main\\/products\\/product-details-desc-2.jpg\",\"main\\/products\\/product-details-desc-3.jpg\",\"main\\/products\\/product-5.jpg\"]','[[{\"key\":\"file\",\"value\":null},{\"key\":\"url\",\"value\":\"https:\\/\\/www.youtube.com\\/watch?v=6JYIGclVQdw\"},{\"key\":\"thumbnail\",\"value\":\"main\\/video\\/1.jpg\"}]]','QE-128',0,17,0,1,'in_stock',1,5,0,0,1890,321,NULL,NULL,13,13,18,776,NULL,118325,'2025-07-28 01:50:37','2025-07-28 01:50:38',8,0,'Botble\\ACL\\Models\\User',0,NULL,'digital','0801055220586',NULL,0,'auto_generate',0,0,0,2),(29,'Whole Pineapple','Organic baby kale, a nutrient-packed green for salads and smoothies.','<div class=\"row justify-content-center\">\n    <div class=\"col-xl-10\">\n        <div class=\"tp-product-details-desc-item pb-105\">\n            <div class=\"row\">\n                <div class=\"col-lg-6\">\n                    <div class=\"pt-25\">\n                        <span>Organic Avocado</span>\n                        <h3 class=\"tp-product-details-desc-title\">Freshness You Can Taste</h3>\n                        <p>\n                            Indulge in the rich, creamy texture and vibrant flavor of our organic avocados. Sourced from sustainable farms, each avocado is handpicked to ensure peak ripeness and quality. Whether sliced on toast or mashed into guacamole, our avocados are the perfect addition to any meal.\n                        </p>\n                    </div>\n                    <div>\n                        <h3 class=\"tp-product-details-desc-title\">Nutrient-Rich Goodness</h3>\n                        <p>\n                            Packed with essential vitamins and minerals, our organic avocados are not only delicious but also incredibly nutritious. High in heart-healthy fats and fiber, they\'re an excellent choice for grocerytaining a balanced diet. Add them to salads, smoothies, or sandwiches for a nutritious boost.\n                        </p>\n                    </div>\n                </div>\n                <div class=\"col-lg-6\">\n                    <div class=\"tp-product-details-desc-thumb\">\n                        <img src=\"/storage/grocery/products/product-1.jpg\" alt=\"Organic Avocado\">\n                    </div>\n                </div>\n            </div>\n        </div>\n        <div class=\"tp-product-details-desc-item pb-75\">\n            <div class=\"row\">\n                <div class=\"col-lg-7\">\n                    <div class=\"tp-product-details-desc-thumb\">\n                        <img src=\"/storage/grocery/products/product-2.jpg\" alt=\"Sliced Avocado\">\n                    </div>\n                </div>\n\n                <div class=\"col-lg-5 order-first order-lg-last\">\n                    <div class=\"des-content-2 pl-40\">\n                        <h3 class=\"tp-product-details-desc-title\">\n                            Convenient Packaging\n                        </h3>\n                        <p>\n                            Our organic avocados come carefully packaged to preserve their freshness. Each avocado is nestled in eco-friendly padding to prevent bruising during transit. Rest assured that when you open your package, you\'ll find perfectly ripe avocados ready to enjoy.\n                        </p>\n                    </div>\n                </div>\n            </div>\n        </div>\n        <div class=\"tp-product-details-desc-item\">\n            <div class=\"row\">\n                <div class=\"col-xl-12\">\n                    <div class=\"tp-product-details-desc-banner text-center m-img\">\n                        <h3 class=\"tp-product-details-desc-banner-title tp-product-details-desc-title\">Grown with Care</h3>\n                        <img src=\"/storage/grocery/products/product-3.jpg\" alt=\"Avocado Farm\">\n                    </div>\n                </div>\n            </div>\n        </div>\n    </div>\n</div>\n','published','[\"main\\/products\\/product-1.jpg\",\"main\\/products\\/product-9.jpg\",\"main\\/products\\/product-10.jpg\",\"main\\/products\\/product-19.jpg\",\"main\\/products\\/product-12.jpg\",\"main\\/products\\/product-7.jpg\",\"main\\/products\\/product-3.jpg\",\"main\\/products\\/product-17.jpg\"]','[[{\"key\":\"file\",\"value\":null},{\"key\":\"url\",\"value\":\"https:\\/\\/www.youtube.com\\/watch?v=6JYIGclVQdw\"},{\"key\":\"thumbnail\",\"value\":\"main\\/video\\/1.jpg\"}]]','JQ-138',0,12,0,1,'in_stock',0,5,0,0,910,776,NULL,NULL,19,18,14,881,NULL,131956,'2025-07-28 01:50:37','2025-07-28 01:50:38',2,0,'Botble\\ACL\\Models\\User',0,NULL,'physical','7471731015497',NULL,0,'auto_generate',0,0,0,2),(30,'Cottage Cheese','Creamy almond butter for a tasty and nutritious spread.','<div class=\"row justify-content-center\">\n    <div class=\"col-xl-10\">\n        <div class=\"tp-product-details-desc-item pb-105\">\n            <div class=\"row\">\n                <div class=\"col-lg-6\">\n                    <div class=\"pt-25\">\n                        <span>Organic Avocado</span>\n                        <h3 class=\"tp-product-details-desc-title\">Freshness You Can Taste</h3>\n                        <p>\n                            Indulge in the rich, creamy texture and vibrant flavor of our organic avocados. Sourced from sustainable farms, each avocado is handpicked to ensure peak ripeness and quality. Whether sliced on toast or mashed into guacamole, our avocados are the perfect addition to any meal.\n                        </p>\n                    </div>\n                    <div>\n                        <h3 class=\"tp-product-details-desc-title\">Nutrient-Rich Goodness</h3>\n                        <p>\n                            Packed with essential vitamins and minerals, our organic avocados are not only delicious but also incredibly nutritious. High in heart-healthy fats and fiber, they\'re an excellent choice for grocerytaining a balanced diet. Add them to salads, smoothies, or sandwiches for a nutritious boost.\n                        </p>\n                    </div>\n                </div>\n                <div class=\"col-lg-6\">\n                    <div class=\"tp-product-details-desc-thumb\">\n                        <img src=\"/storage/grocery/products/product-1.jpg\" alt=\"Organic Avocado\">\n                    </div>\n                </div>\n            </div>\n        </div>\n        <div class=\"tp-product-details-desc-item pb-75\">\n            <div class=\"row\">\n                <div class=\"col-lg-7\">\n                    <div class=\"tp-product-details-desc-thumb\">\n                        <img src=\"/storage/grocery/products/product-2.jpg\" alt=\"Sliced Avocado\">\n                    </div>\n                </div>\n\n                <div class=\"col-lg-5 order-first order-lg-last\">\n                    <div class=\"des-content-2 pl-40\">\n                        <h3 class=\"tp-product-details-desc-title\">\n                            Convenient Packaging\n                        </h3>\n                        <p>\n                            Our organic avocados come carefully packaged to preserve their freshness. Each avocado is nestled in eco-friendly padding to prevent bruising during transit. Rest assured that when you open your package, you\'ll find perfectly ripe avocados ready to enjoy.\n                        </p>\n                    </div>\n                </div>\n            </div>\n        </div>\n        <div class=\"tp-product-details-desc-item\">\n            <div class=\"row\">\n                <div class=\"col-xl-12\">\n                    <div class=\"tp-product-details-desc-banner text-center m-img\">\n                        <h3 class=\"tp-product-details-desc-banner-title tp-product-details-desc-title\">Grown with Care</h3>\n                        <img src=\"/storage/grocery/products/product-3.jpg\" alt=\"Avocado Farm\">\n                    </div>\n                </div>\n            </div>\n        </div>\n    </div>\n</div>\n','published','[\"main\\/products\\/product-8.jpg\",\"main\\/products\\/product-17.jpg\",\"main\\/products\\/product-16.jpg\"]','[[{\"key\":\"file\",\"value\":null},{\"key\":\"url\",\"value\":\"https:\\/\\/www.youtube.com\\/watch?v=6JYIGclVQdw\"},{\"key\":\"thumbnail\",\"value\":\"main\\/video\\/1.jpg\"}]]','91-102',0,12,0,1,'in_stock',0,3,0,0,335,317,NULL,NULL,13,20,15,823,NULL,68442,'2025-07-28 01:50:37','2025-07-28 01:50:38',6,0,'Botble\\ACL\\Models\\User',0,NULL,'physical','9166184063543',NULL,0,'auto_generate',0,0,0,1),(31,'Whole Grain Bread',NULL,NULL,'published','[\"main\\/products\\/product-2.jpg\"]',NULL,'NQ-193-A1',0,15,0,1,'in_stock',0,3,1,0,309,NULL,NULL,NULL,16,12,11,607,NULL,0,'2025-07-28 01:50:38','2025-07-28 01:50:38',NULL,0,'Botble\\ACL\\Models\\User',0,NULL,'physical','1049324353132',NULL,0,'auto_generate',0,0,0,NULL),(32,'Free-Range Eggs',NULL,NULL,'published','[\"main\\/products\\/product-details-desc-1.jpg\"]',NULL,'GC-144-A1',0,10,0,1,'in_stock',0,2,1,0,324,NULL,NULL,NULL,18,14,15,631,NULL,0,'2025-07-28 01:50:38','2025-07-28 01:50:38',NULL,0,'Botble\\ACL\\Models\\User',0,NULL,'physical','5312784469689',NULL,0,'auto_generate',0,0,0,NULL),(33,'Free-Range Eggs',NULL,NULL,'published','[\"main\\/products\\/product-16.jpg\"]',NULL,'GC-144-A1-A2',0,10,0,1,'in_stock',0,2,1,0,324,NULL,NULL,NULL,18,14,15,631,NULL,0,'2025-07-28 01:50:38','2025-07-28 01:50:38',NULL,0,'Botble\\ACL\\Models\\User',0,NULL,'physical','6878286756133',NULL,0,'auto_generate',0,0,0,NULL),(34,'Free-Range Eggs',NULL,NULL,'published','[\"main\\/products\\/product-4.jpg\"]',NULL,'GC-144-A1-A3',0,10,0,1,'in_stock',0,2,1,0,324,NULL,NULL,NULL,18,14,15,631,NULL,0,'2025-07-28 01:50:38','2025-07-28 01:50:38',NULL,0,'Botble\\ACL\\Models\\User',0,NULL,'physical','2076874732475',NULL,0,'auto_generate',0,0,0,NULL),(35,'Free-Range Eggs',NULL,NULL,'published','[\"main\\/products\\/product-15.jpg\"]',NULL,'GC-144-A1-A4',0,10,0,1,'in_stock',0,2,1,0,324,NULL,NULL,NULL,18,14,15,631,NULL,0,'2025-07-28 01:50:38','2025-07-28 01:50:38',NULL,0,'Botble\\ACL\\Models\\User',0,NULL,'physical','6032966942371',NULL,0,'auto_generate',0,0,0,NULL),(36,'Organic Spinach',NULL,NULL,'published','[\"main\\/products\\/product-16.jpg\"]',NULL,'N8-101-A1',0,16,0,1,'in_stock',0,4,1,0,1125,NULL,NULL,NULL,17,19,13,632,NULL,0,'2025-07-28 01:50:38','2025-07-28 01:50:38',NULL,0,'Botble\\ACL\\Models\\User',0,NULL,'physical','9850510409029',NULL,0,'auto_generate',0,0,0,NULL),(37,'Organic Spinach',NULL,NULL,'published','[\"main\\/products\\/product-15.jpg\"]',NULL,'N8-101-A1-A2',0,16,0,1,'in_stock',0,4,1,0,1125,NULL,NULL,NULL,17,19,13,632,NULL,0,'2025-07-28 01:50:38','2025-07-28 01:50:38',NULL,0,'Botble\\ACL\\Models\\User',0,NULL,'physical','9208366183103',NULL,0,'auto_generate',0,0,0,NULL),(38,'Quinoa (Digital)',NULL,NULL,'published','[\"main\\/products\\/product-12.jpg\"]',NULL,'S7-138-A1',0,16,0,1,'in_stock',0,3,1,0,2099,1553.26,NULL,NULL,12,19,20,610,NULL,0,'2025-07-28 01:50:38','2025-07-28 01:50:38',NULL,0,'Botble\\ACL\\Models\\User',0,NULL,'digital','9573928414132',NULL,0,'auto_generate',0,0,0,NULL),(39,'Quinoa (Digital)',NULL,NULL,'published','[\"main\\/products\\/product-11.jpg\"]',NULL,'S7-138-A1-A2',0,16,0,1,'in_stock',0,3,1,0,2099,1511.28,NULL,NULL,12,19,20,610,NULL,0,'2025-07-28 01:50:38','2025-07-28 01:50:38',NULL,0,'Botble\\ACL\\Models\\User',0,NULL,'digital','7951680621968',NULL,0,'auto_generate',0,0,0,NULL),(40,'Greek Yogurt',NULL,NULL,'published','[\"main\\/products\\/product-19.jpg\"]',NULL,'1F-119-A1',0,13,0,1,'in_stock',0,3,1,0,1728,NULL,NULL,NULL,13,13,11,683,NULL,0,'2025-07-28 01:50:38','2025-07-28 01:50:38',NULL,0,'Botble\\ACL\\Models\\User',0,NULL,'physical','6984310099135',NULL,0,'auto_generate',0,0,0,NULL),(41,'Greek Yogurt',NULL,NULL,'published','[\"main\\/products\\/product-7.jpg\"]',NULL,'1F-119-A1-A2',0,13,0,1,'in_stock',0,3,1,0,1728,NULL,NULL,NULL,13,13,11,683,NULL,0,'2025-07-28 01:50:38','2025-07-28 01:50:38',NULL,0,'Botble\\ACL\\Models\\User',0,NULL,'physical','7695262232752',NULL,0,'auto_generate',0,0,0,NULL),(42,'Greek Yogurt',NULL,NULL,'published','[\"main\\/products\\/product-4.jpg\"]',NULL,'1F-119-A1-A3',0,13,0,1,'in_stock',0,3,1,0,1728,NULL,NULL,NULL,13,13,11,683,NULL,0,'2025-07-28 01:50:38','2025-07-28 01:50:38',NULL,0,'Botble\\ACL\\Models\\User',0,NULL,'physical','5742477198310',NULL,0,'auto_generate',0,0,0,NULL),(43,'Organic Cherry Tomatoes (Digital)',NULL,NULL,'published','[\"main\\/products\\/product-4.jpg\"]',NULL,'XL-165-A1',0,10,0,1,'in_stock',0,3,1,0,1821,1638.9,NULL,NULL,18,18,20,772,NULL,0,'2025-07-28 01:50:38','2025-07-28 01:50:38',NULL,0,'Botble\\ACL\\Models\\User',0,NULL,'digital','8629796385072',NULL,0,'auto_generate',0,0,0,NULL),(44,'Organic Cherry Tomatoes (Digital)',NULL,NULL,'published','[\"main\\/products\\/product-3.jpg\"]',NULL,'XL-165-A1-A2',0,10,0,1,'in_stock',0,3,1,0,1821,1274.7,NULL,NULL,18,18,20,772,NULL,0,'2025-07-28 01:50:38','2025-07-28 01:50:38',NULL,0,'Botble\\ACL\\Models\\User',0,NULL,'digital','3564883832389',NULL,0,'auto_generate',0,0,0,NULL),(45,'Organic Cherry Tomatoes (Digital)',NULL,NULL,'published','[\"main\\/products\\/product-10.jpg\"]',NULL,'XL-165-A1-A3',0,10,0,1,'in_stock',0,3,1,0,1821,1456.8,NULL,NULL,18,18,20,772,NULL,0,'2025-07-28 01:50:38','2025-07-28 01:50:38',NULL,0,'Botble\\ACL\\Models\\User',0,NULL,'digital','3158910555268',NULL,0,'auto_generate',0,0,0,NULL),(46,'Brown Rice',NULL,NULL,'published','[\"main\\/products\\/product-12.jpg\"]',NULL,'3P-149-A1',0,13,0,1,'in_stock',0,1,1,0,1143,NULL,NULL,NULL,14,19,16,712,NULL,0,'2025-07-28 01:50:38','2025-07-28 01:50:38',NULL,0,'Botble\\ACL\\Models\\User',0,NULL,'physical','4675171933752',NULL,0,'auto_generate',0,0,0,NULL),(47,'Brown Rice',NULL,NULL,'published','[\"main\\/products\\/product-details-desc-1.jpg\"]',NULL,'3P-149-A1-A2',0,13,0,1,'in_stock',0,1,1,0,1143,NULL,NULL,NULL,14,19,16,712,NULL,0,'2025-07-28 01:50:38','2025-07-28 01:50:38',NULL,0,'Botble\\ACL\\Models\\User',0,NULL,'physical','4712870710489',NULL,0,'auto_generate',0,0,0,NULL),(48,'Black Beans',NULL,NULL,'published','[\"main\\/products\\/product-20.jpg\"]',NULL,'JU-173-A1',0,18,0,1,'in_stock',0,1,1,0,1128,NULL,NULL,NULL,17,11,15,840,NULL,0,'2025-07-28 01:50:38','2025-07-28 01:50:38',NULL,0,'Botble\\ACL\\Models\\User',0,NULL,'physical','7987238639635',NULL,0,'auto_generate',0,0,0,NULL),(49,'Whole Wheat Pasta (Digital)',NULL,NULL,'published','[\"main\\/products\\/product-details-desc-3.jpg\"]',NULL,'UD-197-A1',0,20,0,1,'in_stock',0,5,1,0,831,747.9,NULL,NULL,20,10,19,829,NULL,0,'2025-07-28 01:50:38','2025-07-28 01:50:38',NULL,0,'Botble\\ACL\\Models\\User',0,NULL,'digital','6775793305352',NULL,0,'auto_generate',0,0,0,NULL),(50,'Whole Wheat Pasta (Digital)',NULL,NULL,'published','[\"main\\/products\\/product-15.jpg\"]',NULL,'UD-197-A1-A2',0,20,0,1,'in_stock',0,5,1,0,831,739.59,NULL,NULL,20,10,19,829,NULL,0,'2025-07-28 01:50:38','2025-07-28 01:50:38',NULL,0,'Botble\\ACL\\Models\\User',0,NULL,'digital','9493257343845',NULL,0,'auto_generate',0,0,0,NULL),(51,'Whole Wheat Pasta (Digital)',NULL,NULL,'published','[\"main\\/products\\/product-6.jpg\"]',NULL,'UD-197-A1-A3',0,20,0,1,'in_stock',0,5,1,0,831,747.9,NULL,NULL,20,10,19,829,NULL,0,'2025-07-28 01:50:38','2025-07-28 01:50:38',NULL,0,'Botble\\ACL\\Models\\User',0,NULL,'digital','7380997431203',NULL,0,'auto_generate',0,0,0,NULL),(52,'Organic Strawberries',NULL,NULL,'published','[\"main\\/products\\/product-7.jpg\"]',NULL,'KF-140-A1',0,20,0,1,'in_stock',0,5,1,0,849,NULL,NULL,NULL,10,19,17,877,NULL,0,'2025-07-28 01:50:38','2025-07-28 01:50:38',NULL,0,'Botble\\ACL\\Models\\User',0,NULL,'physical','0133891673456',NULL,0,'auto_generate',0,0,0,NULL),(53,'Organic Strawberries',NULL,NULL,'published','[\"main\\/products\\/product-6.jpg\"]',NULL,'KF-140-A1-A2',0,20,0,1,'in_stock',0,5,1,0,849,NULL,NULL,NULL,10,19,17,877,NULL,0,'2025-07-28 01:50:38','2025-07-28 01:50:38',NULL,0,'Botble\\ACL\\Models\\User',0,NULL,'physical','8517007127088',NULL,0,'auto_generate',0,0,0,NULL),(54,'Organic Strawberries',NULL,NULL,'published','[\"main\\/products\\/product-15.jpg\"]',NULL,'KF-140-A1-A3',0,20,0,1,'in_stock',0,5,1,0,849,NULL,NULL,NULL,10,19,17,877,NULL,0,'2025-07-28 01:50:38','2025-07-28 01:50:38',NULL,0,'Botble\\ACL\\Models\\User',0,NULL,'physical','0221813941421',NULL,0,'auto_generate',0,0,0,NULL),(55,'Quinoa Flour (Digital)',NULL,NULL,'published','[\"main\\/products\\/product-1.jpg\"]',NULL,'S1-135-A1',0,20,0,1,'in_stock',0,2,1,0,2320,2018.4,NULL,NULL,11,17,18,899,NULL,0,'2025-07-28 01:50:38','2025-07-28 01:50:38',NULL,0,'Botble\\ACL\\Models\\User',0,NULL,'digital','2888698216747',NULL,0,'auto_generate',0,0,0,NULL),(56,'Quinoa Flour (Digital)',NULL,NULL,'published','[\"main\\/products\\/product-10.jpg\"]',NULL,'S1-135-A1-A2',0,20,0,1,'in_stock',0,2,1,0,2320,1624,NULL,NULL,11,17,18,899,NULL,0,'2025-07-28 01:50:38','2025-07-28 01:50:38',NULL,0,'Botble\\ACL\\Models\\User',0,NULL,'digital','0838534544666',NULL,0,'auto_generate',0,0,0,NULL),(57,'Quinoa Flour (Digital)',NULL,NULL,'published','[\"main\\/products\\/product-20.jpg\"]',NULL,'S1-135-A1-A3',0,20,0,1,'in_stock',0,2,1,0,2320,1832.8,NULL,NULL,11,17,18,899,NULL,0,'2025-07-28 01:50:38','2025-07-28 01:50:38',NULL,0,'Botble\\ACL\\Models\\User',0,NULL,'digital','0417868261175',NULL,0,'auto_generate',0,0,0,NULL),(58,'Quinoa Flour (Digital)',NULL,NULL,'published','[\"main\\/products\\/product-20.jpg\"]',NULL,'S1-135-A1-A4',0,20,0,1,'in_stock',0,2,1,0,2320,1995.2,NULL,NULL,11,17,18,899,NULL,0,'2025-07-28 01:50:38','2025-07-28 01:50:38',NULL,0,'Botble\\ACL\\Models\\User',0,NULL,'digital','9692081052873',NULL,0,'auto_generate',0,0,0,NULL),(59,'Organic Baby Kale',NULL,NULL,'published','[\"main\\/products\\/product-15.jpg\"]',NULL,'HI-190-A1',0,13,0,1,'in_stock',0,2,1,0,2169,NULL,NULL,NULL,20,18,10,795,NULL,0,'2025-07-28 01:50:38','2025-07-28 01:50:38',NULL,0,'Botble\\ACL\\Models\\User',0,NULL,'physical','6793935010643',NULL,0,'auto_generate',0,0,0,NULL),(60,'Organic Baby Kale',NULL,NULL,'published','[\"main\\/products\\/product-6.jpg\"]',NULL,'HI-190-A1-A2',0,13,0,1,'in_stock',0,2,1,0,2169,NULL,NULL,NULL,20,18,10,795,NULL,0,'2025-07-28 01:50:38','2025-07-28 01:50:38',NULL,0,'Botble\\ACL\\Models\\User',0,NULL,'physical','6941439804095',NULL,0,'auto_generate',0,0,0,NULL),(61,'Organic Baby Kale',NULL,NULL,'published','[\"main\\/products\\/product-9.jpg\"]',NULL,'HI-190-A1-A3',0,13,0,1,'in_stock',0,2,1,0,2169,NULL,NULL,NULL,20,18,10,795,NULL,0,'2025-07-28 01:50:38','2025-07-28 01:50:38',NULL,0,'Botble\\ACL\\Models\\User',0,NULL,'physical','4336880928995',NULL,0,'auto_generate',0,0,0,NULL);

--
