--
-- Host: 127.0.0.1    Database: shofy
-- ------------------------------------------------------


--
-- Table structure for table `activations`
--

CREATE TABLE `activations` (
  `id` bigint unsigned NOT NULL AUTO_INCREMENT,
  `user_id` bigint unsigned NOT NULL,
  `code` varchar(120) COLLATE utf8mb4_unicode_ci NOT NULL,
  `completed` tinyint(1) NOT NULL DEFAULT '0',
  `completed_at` timestamp NULL DEFAULT NULL,
  `created_at` timestamp NULL DEFAULT NULL,
  `updated_at` timestamp NULL DEFAULT NULL,
  PRIMARY KEY (`id`),
  KEY `activations_user_id_index` (`user_id`)
) ENGINE=InnoDB AUTO_INCREMENT=2 DEFAULT CHARSET=utf8mb4 COLLATE=utf8mb4_unicode_ci;

--
-- Dumping data for table `activations`
--

INSERT INTO `activations` VALUES (1,1,'1ymcCbHuFPaVS6GdkgQwAXTqsLmBSkij',1,'2025-07-28 01:50:55','2025-07-28 01:50:55','2025-07-28 01:50:55');

--
-- Table structure for table `admin_notifications`
--

CREATE TABLE `admin_notifications` (
  `id` bigint unsigned NOT NULL AUTO_INCREMENT,
  `title` varchar(191) COLLATE utf8mb4_unicode_ci NOT NULL,
  `action_label` varchar(191) COLLATE utf8mb4_unicode_ci DEFAULT NULL,
  `action_url` varchar(191) COLLATE utf8mb4_unicode_ci DEFAULT NULL,
  `description` varchar(400) COLLATE utf8mb4_unicode_ci DEFAULT NULL,
  `read_at` timestamp NULL DEFAULT NULL,
  `created_at` timestamp NULL DEFAULT NULL,
  `updated_at` timestamp NULL DEFAULT NULL,
  `permission` varchar(191) COLLATE utf8mb4_unicode_ci DEFAULT NULL,
  PRIMARY KEY (`id`)
) ENGINE=InnoDB DEFAULT CHARSET=utf8mb4 COLLATE=utf8mb4_unicode_ci;

--
-- Dumping data for table `admin_notifications`
--


--
-- Table structure for table `ads`
--

CREATE TABLE `ads` (
  `id` bigint unsigned NOT NULL AUTO_INCREMENT,
  `name` varchar(191) COLLATE utf8mb4_unicode_ci NOT NULL,
  `expired_at` datetime DEFAULT NULL,
  `location` varchar(120) COLLATE utf8mb4_unicode_ci DEFAULT NULL,
  `key` varchar(120) COLLATE utf8mb4_unicode_ci NOT NULL,
  `image` varchar(191) COLLATE utf8mb4_unicode_ci DEFAULT NULL,
  `url` varchar(191) COLLATE utf8mb4_unicode_ci DEFAULT NULL,
  `clicked` bigint NOT NULL DEFAULT '0',
  `order` int DEFAULT '0',
  `status` varchar(60) COLLATE utf8mb4_unicode_ci NOT NULL DEFAULT 'published',
  `created_at` timestamp NULL DEFAULT NULL,
  `updated_at` timestamp NULL DEFAULT NULL,
  `open_in_new_tab` tinyint(1) NOT NULL DEFAULT '1',
  `tablet_image` varchar(191) COLLATE utf8mb4_unicode_ci DEFAULT NULL,
  `mobile_image` varchar(191) COLLATE utf8mb4_unicode_ci DEFAULT NULL,
  `ads_type` varchar(191) COLLATE utf8mb4_unicode_ci DEFAULT NULL,
  `google_adsense_slot_id` varchar(191) COLLATE utf8mb4_unicode_ci DEFAULT NULL,
  PRIMARY KEY (`id`),
  UNIQUE KEY `ads_key_unique` (`key`)
) ENGINE=InnoDB AUTO_INCREMENT=5 DEFAULT CHARSET=utf8mb4 COLLATE=utf8mb4_unicode_ci;

--
-- Dumping data for table `ads`
--

INSERT INTO `ads` VALUES (1,'Ads 1','2030-07-28 00:00:00','not_set','UROL9F9ZZVAA','jewelry/banners/1.jpg','/products',0,1,'published','2025-07-28 01:51:12','2025-07-28 01:51:12',1,NULL,NULL,'custom_ad',NULL),(2,'Ads 2','2030-07-28 00:00:00','not_set','B30VDBKO7SBF','jewelry/banners/2.jpg','/products',0,2,'published','2025-07-28 01:51:12','2025-07-28 01:51:12',1,NULL,NULL,'custom_ad',NULL),(3,'Ads 3','2030-07-28 00:00:00','not_set','BN3ZCHLIE95I','jewelry/banners/3.jpg','/products',0,3,'published','2025-07-28 01:51:12','2025-07-28 01:51:12',1,NULL,NULL,'custom_ad',NULL),(4,'Ads 4','2030-07-28 00:00:00','not_set','QGPRRJ2MPZYA','jewelry/banners/4.jpg','/products',0,4,'published','2025-07-28 01:51:12','2025-07-28 01:51:12',1,NULL,NULL,'custom_ad',NULL);

--
-- Table structure for table `ads_translations`
--

CREATE TABLE `ads_translations` (
  `lang_code` varchar(191) COLLATE utf8mb4_unicode_ci NOT NULL,
  `ads_id` bigint unsigned NOT NULL,
  `name` varchar(191) COLLATE utf8mb4_unicode_ci DEFAULT NULL,
  `image` varchar(191) COLLATE utf8mb4_unicode_ci DEFAULT NULL,
  `url` varchar(191) COLLATE utf8mb4_unicode_ci DEFAULT NULL,
  `tablet_image` varchar(191) COLLATE utf8mb4_unicode_ci DEFAULT NULL,
  `mobile_image` varchar(191) COLLATE utf8mb4_unicode_ci DEFAULT NULL,
  PRIMARY KEY (`lang_code`,`ads_id`)
) ENGINE=InnoDB DEFAULT CHARSET=utf8mb4 COLLATE=utf8mb4_unicode_ci;

--
-- Dumping data for table `ads_translations`
--


--
-- Table structure for table `announcements`
--

CREATE TABLE `announcements` (
  `id` bigint unsigned NOT NULL AUTO_INCREMENT,
  `name` varchar(191) COLLATE utf8mb4_unicode_ci NOT NULL,
  `content` text COLLATE utf8mb4_unicode_ci NOT NULL,
  `has_action` tinyint(1) NOT NULL DEFAULT '0',
  `action_label` varchar(60) COLLATE utf8mb4_unicode_ci DEFAULT NULL,
  `action_url` varchar(400) COLLATE utf8mb4_unicode_ci DEFAULT NULL,
  `action_open_new_tab` tinyint(1) NOT NULL DEFAULT '0',
  `dismissible` tinyint(1) NOT NULL DEFAULT '0',
  `start_date` datetime DEFAULT NULL,
  `end_date` datetime DEFAULT NULL,
  `is_active` tinyint(1) NOT NULL DEFAULT '1',
  `created_at` timestamp NULL DEFAULT NULL,
  `updated_at` timestamp NULL DEFAULT NULL,
  PRIMARY KEY (`id`)
) ENGINE=InnoDB AUTO_INCREMENT=4 DEFAULT CHARSET=utf8mb4 COLLATE=utf8mb4_unicode_ci;

--
-- Dumping data for table `announcements`
--

INSERT INTO `announcements` VALUES (1,'Announcement 1','Enjoy free shipping on all orders over $99! Shop now and save on delivery costs.',0,NULL,NULL,0,1,'2025-07-28 08:51:07',NULL,1,'2025-07-28 01:51:07','2025-07-28 01:51:07'),(2,'Announcement 2','Need assistance? Our customer support is available 24/7 to help you with any questions or concerns.',0,NULL,NULL,0,1,'2025-07-28 08:51:07',NULL,1,'2025-07-28 01:51:07','2025-07-28 01:51:07'),(3,'Announcement 3','Shop with confidence! We offer a hassle-free 30 days return service for your peace of mind.',0,NULL,NULL,0,1,'2025-07-28 08:51:07',NULL,1,'2025-07-28 01:51:07','2025-07-28 01:51:07');

--
-- Table structure for table `announcements_translations`
--

CREATE TABLE `announcements_translations` (
  `lang_code` varchar(191) COLLATE utf8mb4_unicode_ci NOT NULL,
  `announcements_id` bigint unsigned NOT NULL,
  `content` text COLLATE utf8mb4_unicode_ci,
  `action_label` varchar(60) COLLATE utf8mb4_unicode_ci DEFAULT NULL,
  PRIMARY KEY (`lang_code`,`announcements_id`)
) ENGINE=InnoDB DEFAULT CHARSET=utf8mb4 COLLATE=utf8mb4_unicode_ci;

--
-- Dumping data for table `announcements_translations`
--


--
-- Table structure for table `audit_histories`
--

CREATE TABLE `audit_histories` (
  `id` bigint unsigned NOT NULL AUTO_INCREMENT,
  `user_id` bigint unsigned NOT NULL,
  `user_type` varchar(191) COLLATE utf8mb4_unicode_ci DEFAULT 'Botble\\ACL\\Models\\User',
  `module` varchar(60) COLLATE utf8mb4_unicode_ci NOT NULL,
  `request` longtext COLLATE utf8mb4_unicode_ci,
  `action` varchar(120) COLLATE utf8mb4_unicode_ci NOT NULL,
  `user_agent` text COLLATE utf8mb4_unicode_ci,
  `ip_address` varchar(45) COLLATE utf8mb4_unicode_ci DEFAULT NULL,
  `actor_id` bigint unsigned NOT NULL,
  `actor_type` varchar(191) COLLATE utf8mb4_unicode_ci DEFAULT 'Botble\\ACL\\Models\\User',
  `reference_id` bigint unsigned NOT NULL,
  `reference_name` varchar(191) COLLATE utf8mb4_unicode_ci NOT NULL,
  `type` varchar(20) COLLATE utf8mb4_unicode_ci NOT NULL,
  `created_at` timestamp NULL DEFAULT NULL,
  `updated_at` timestamp NULL DEFAULT NULL,
  PRIMARY KEY (`id`),
  KEY `audit_histories_user_id_index` (`user_id`),
  KEY `audit_histories_module_index` (`module`)
) ENGINE=InnoDB DEFAULT CHARSET=utf8mb4 COLLATE=utf8mb4_unicode_ci;

--
-- Dumping data for table `audit_histories`
--


--
-- Table structure for table `cache`
--

CREATE TABLE `cache` (
  `key` varchar(191) COLLATE utf8mb4_unicode_ci NOT NULL,
  `value` mediumtext COLLATE utf8mb4_unicode_ci NOT NULL,
  `expiration` int NOT NULL,
  PRIMARY KEY (`key`)
) ENGINE=InnoDB DEFAULT CHARSET=utf8mb4 COLLATE=utf8mb4_unicode_ci;

--
-- Dumping data for table `cache`
--


--
-- Table structure for table `cache_locks`
--

CREATE TABLE `cache_locks` (
  `key` varchar(191) COLLATE utf8mb4_unicode_ci NOT NULL,
  `owner` varchar(191) COLLATE utf8mb4_unicode_ci NOT NULL,
  `expiration` int NOT NULL,
  PRIMARY KEY (`key`)
) ENGINE=InnoDB DEFAULT CHARSET=utf8mb4 COLLATE=utf8mb4_unicode_ci;

--
-- Dumping data for table `cache_locks`
--


--
-- Table structure for table `categories`
--

CREATE TABLE `categories` (
  `id` bigint unsigned NOT NULL AUTO_INCREMENT,
  `name` varchar(120) COLLATE utf8mb4_unicode_ci NOT NULL,
  `parent_id` bigint unsigned NOT NULL DEFAULT '0',
  `description` varchar(400) COLLATE utf8mb4_unicode_ci DEFAULT NULL,
  `status` varchar(60) COLLATE utf8mb4_unicode_ci NOT NULL DEFAULT 'published',
  `author_id` bigint unsigned DEFAULT NULL,
  `author_type` varchar(191) COLLATE utf8mb4_unicode_ci NOT NULL DEFAULT 'Botble\\ACL\\Models\\User',
  `icon` varchar(60) COLLATE utf8mb4_unicode_ci DEFAULT NULL,
  `order` int unsigned NOT NULL DEFAULT '0',
  `is_featured` tinyint NOT NULL DEFAULT '0',
  `is_default` tinyint unsigned NOT NULL DEFAULT '0',
  `created_at` timestamp NULL DEFAULT NULL,
  `updated_at` timestamp NULL DEFAULT NULL,
  PRIMARY KEY (`id`),
  KEY `categories_parent_id_index` (`parent_id`),
  KEY `categories_status_index` (`status`),
  KEY `categories_created_at_index` (`created_at`)
) ENGINE=InnoDB AUTO_INCREMENT=7 DEFAULT CHARSET=utf8mb4 COLLATE=utf8mb4_unicode_ci;

--
-- Dumping data for table `categories`
--

INSERT INTO `categories` VALUES (1,'Crisp Bread &amp; Cake',0,'Explicabo voluptatem id quia. Provident et consequatur inventore perferendis rerum. Repellat ad voluptatem reiciendis consectetur minus repellendus et sequi.','published',1,'Botble\\ACL\\Models\\User',NULL,0,0,0,'2025-07-28 01:51:01','2025-07-28 01:51:01'),(2,'Fashion',0,'Rem est vitae neque et voluptas nisi reprehenderit. Deserunt natus a et. Quaerat quia molestiae ut inventore voluptatem aut. Sunt quibusdam similique ratione nesciunt possimus est.','published',1,'Botble\\ACL\\Models\\User',NULL,0,1,0,'2025-07-28 01:51:02','2025-07-28 01:51:02'),(3,'Electronic',0,'Voluptas eius voluptates doloribus quaerat praesentium aperiam porro. Incidunt ex possimus error incidunt. Aperiam ea dolorum et ut numquam impedit. Sed porro praesentium dolor officiis.','published',1,'Botble\\ACL\\Models\\User',NULL,0,1,0,'2025-07-28 01:51:02','2025-07-28 01:51:02'),(4,'Commercial',0,'Ipsam culpa dolorem qui accusamus voluptatem commodi non. Et eaque recusandae velit ut consequatur dicta. Reiciendis non provident ab et. Nostrum error eligendi itaque quia et.','published',1,'Botble\\ACL\\Models\\User',NULL,0,1,0,'2025-07-28 01:51:02','2025-07-28 01:51:02'),(5,'Organic Fruits',0,'Quo voluptatibus sequi quia similique recusandae. Aperiam dolorum nostrum deleniti. Repellat facilis accusamus quo ullam quia.','published',1,'Botble\\ACL\\Models\\User',NULL,0,1,0,'2025-07-28 01:51:02','2025-07-28 01:51:02'),(6,'Ecological',0,'Sequi voluptate ea ipsum deleniti distinctio illo deserunt. Voluptatibus laudantium ut et impedit eligendi. Quos aliquid ducimus doloremque quod nihil unde.','published',1,'Botble\\ACL\\Models\\User',NULL,0,1,0,'2025-07-28 01:51:02','2025-07-28 01:51:02');

--
-- Table structure for table `categories_translations`
--

CREATE TABLE `categories_translations` (
  `lang_code` varchar(20) COLLATE utf8mb4_unicode_ci NOT NULL,
  `categories_id` bigint unsigned NOT NULL,
  `name` varchar(191) COLLATE utf8mb4_unicode_ci DEFAULT NULL,
  `description` varchar(400) COLLATE utf8mb4_unicode_ci DEFAULT NULL,
  PRIMARY KEY (`lang_code`,`categories_id`)
) ENGINE=InnoDB DEFAULT CHARSET=utf8mb4 COLLATE=utf8mb4_unicode_ci;

--
-- Dumping data for table `categories_translations`
--


--
-- Table structure for table `cities`
--

CREATE TABLE `cities` (
  `id` bigint unsigned NOT NULL AUTO_INCREMENT,
  `name` varchar(120) COLLATE utf8mb4_unicode_ci NOT NULL,
  `slug` varchar(120) COLLATE utf8mb4_unicode_ci DEFAULT NULL,
  `state_id` bigint unsigned DEFAULT NULL,
  `country_id` bigint unsigned DEFAULT NULL,
  `record_id` varchar(40) COLLATE utf8mb4_unicode_ci DEFAULT NULL,
  `order` tinyint NOT NULL DEFAULT '0',
  `image` varchar(191) COLLATE utf8mb4_unicode_ci DEFAULT NULL,
  `is_default` tinyint unsigned NOT NULL DEFAULT '0',
  `status` varchar(60) COLLATE utf8mb4_unicode_ci NOT NULL DEFAULT 'published',
  `created_at` timestamp NULL DEFAULT NULL,
  `updated_at` timestamp NULL DEFAULT NULL,
  `zip_code` varchar(20) COLLATE utf8mb4_unicode_ci DEFAULT NULL,
  PRIMARY KEY (`id`),
  UNIQUE KEY `cities_slug_unique` (`slug`)
) ENGINE=InnoDB DEFAULT CHARSET=utf8mb4 COLLATE=utf8mb4_unicode_ci;

--
-- Dumping data for table `cities`
--


--
-- Table structure for table `cities_translations`
--

CREATE TABLE `cities_translations` (
  `lang_code` varchar(20) COLLATE utf8mb4_unicode_ci NOT NULL,
  `cities_id` bigint unsigned NOT NULL,
  `name` varchar(120) COLLATE utf8mb4_unicode_ci DEFAULT NULL,
  `slug` varchar(120) COLLATE utf8mb4_unicode_ci DEFAULT NULL,
  PRIMARY KEY (`lang_code`,`cities_id`)
) ENGINE=InnoDB DEFAULT CHARSET=utf8mb4 COLLATE=utf8mb4_unicode_ci;

--
-- Dumping data for table `cities_translations`
--


--
-- Table structure for table `contact_custom_field_options`
--

CREATE TABLE `contact_custom_field_options` (
  `id` bigint unsigned NOT NULL AUTO_INCREMENT,
  `custom_field_id` bigint unsigned NOT NULL,
  `label` varchar(191) COLLATE utf8mb4_unicode_ci DEFAULT NULL,
  `value` varchar(191) COLLATE utf8mb4_unicode_ci NOT NULL,
  `order` int NOT NULL DEFAULT '999',
  `created_at` timestamp NULL DEFAULT NULL,
  `updated_at` timestamp NULL DEFAULT NULL,
  PRIMARY KEY (`id`)
) ENGINE=InnoDB DEFAULT CHARSET=utf8mb4 COLLATE=utf8mb4_unicode_ci;

--
-- Dumping data for table `contact_custom_field_options`
--


--
-- Table structure for table `contact_custom_field_options_translations`
--

CREATE TABLE `contact_custom_field_options_translations` (
  `contact_custom_field_options_id` bigint unsigned NOT NULL,
  `lang_code` varchar(191) COLLATE utf8mb4_unicode_ci NOT NULL,
  `label` varchar(191) COLLATE utf8mb4_unicode_ci DEFAULT NULL,
  `value` varchar(191) COLLATE utf8mb4_unicode_ci DEFAULT NULL,
  PRIMARY KEY (`lang_code`,`contact_custom_field_options_id`)
) ENGINE=InnoDB DEFAULT CHARSET=utf8mb4 COLLATE=utf8mb4_unicode_ci;

--
-- Dumping data for table `contact_custom_field_options_translations`
--


--
-- Table structure for table `contact_custom_fields`
--

CREATE TABLE `contact_custom_fields` (
  `id` bigint unsigned NOT NULL AUTO_INCREMENT,
  `type` varchar(191) COLLATE utf8mb4_unicode_ci NOT NULL,
  `required` tinyint(1) NOT NULL DEFAULT '0',
  `name` varchar(191) COLLATE utf8mb4_unicode_ci NOT NULL,
  `placeholder` varchar(191) COLLATE utf8mb4_unicode_ci DEFAULT NULL,
  `order` int NOT NULL DEFAULT '999',
  `status` varchar(191) COLLATE utf8mb4_unicode_ci NOT NULL DEFAULT 'published',
  `created_at` timestamp NULL DEFAULT NULL,
  `updated_at` timestamp NULL DEFAULT NULL,
  PRIMARY KEY (`id`)
) ENGINE=InnoDB DEFAULT CHARSET=utf8mb4 COLLATE=utf8mb4_unicode_ci;

--
-- Dumping data for table `contact_custom_fields`
--


--
-- Table structure for table `contact_custom_fields_translations`
--

CREATE TABLE `contact_custom_fields_translations` (
  `contact_custom_fields_id` bigint unsigned NOT NULL,
  `lang_code` varchar(191) COLLATE utf8mb4_unicode_ci NOT NULL,
  `name` varchar(191) COLLATE utf8mb4_unicode_ci DEFAULT NULL,
  `placeholder` varchar(191) COLLATE utf8mb4_unicode_ci DEFAULT NULL,
  PRIMARY KEY (`lang_code`,`contact_custom_fields_id`)
) ENGINE=InnoDB DEFAULT CHARSET=utf8mb4 COLLATE=utf8mb4_unicode_ci;

--
-- Dumping data for table `contact_custom_fields_translations`
--


--
-- Table structure for table `contact_replies`
--

CREATE TABLE `contact_replies` (
  `id` bigint unsigned NOT NULL AUTO_INCREMENT,
  `message` longtext COLLATE utf8mb4_unicode_ci NOT NULL,
  `contact_id` bigint unsigned NOT NULL,
  `created_at` timestamp NULL DEFAULT NULL,
  `updated_at` timestamp NULL DEFAULT NULL,
  PRIMARY KEY (`id`)
) ENGINE=InnoDB DEFAULT CHARSET=utf8mb4 COLLATE=utf8mb4_unicode_ci;

--
-- Dumping data for table `contact_replies`
--


--
-- Table structure for table `contacts`
--

CREATE TABLE `contacts` (
  `id` bigint unsigned NOT NULL AUTO_INCREMENT,
  `name` varchar(60) COLLATE utf8mb4_unicode_ci NOT NULL,
  `email` varchar(60) COLLATE utf8mb4_unicode_ci DEFAULT NULL,
  `phone` varchar(60) COLLATE utf8mb4_unicode_ci DEFAULT NULL,
  `address` varchar(120) COLLATE utf8mb4_unicode_ci DEFAULT NULL,
  `subject` varchar(120) COLLATE utf8mb4_unicode_ci DEFAULT NULL,
  `content` longtext COLLATE utf8mb4_unicode_ci NOT NULL,
  `custom_fields` text COLLATE utf8mb4_unicode_ci,
  `status` varchar(60) COLLATE utf8mb4_unicode_ci NOT NULL DEFAULT 'unread',
  `created_at` timestamp NULL DEFAULT NULL,
  `updated_at` timestamp NULL DEFAULT NULL,
  PRIMARY KEY (`id`)
) ENGINE=InnoDB AUTO_INCREMENT=11 DEFAULT CHARSET=utf8mb4 COLLATE=utf8mb4_unicode_ci;

--
-- Dumping data for table `contacts`
--

INSERT INTO `contacts` VALUES (1,'Mrs. Melody Wisozk IV','olehner@example.com','1-541-731-5953','719 Novella Roads\nSmithamton, AL 76010-1488','Dicta cum ut vitae omnis dolor.','Eligendi saepe dolor porro natus corporis ut sint. Voluptatem deleniti ut et. Amet dicta et totam tenetur quibusdam harum. Esse dolores sequi omnis vel sed. Voluptas qui est iste omnis natus. Ut et itaque vel culpa iusto. Quidem qui ut sed iste voluptatem voluptatem qui. Molestiae nostrum omnis rerum consequatur. Sit odit quisquam porro ea saepe. Sed qui porro unde alias consequuntur.',NULL,'read','2025-07-28 01:50:59','2025-07-28 01:50:59'),(2,'Lois Kling','vandervort.marc@example.com','667-779-2945','9058 Eugene Turnpike\nSouth Carmela, OR 91814-5103','Libero repudiandae fugiat minima autem.','Ad expedita dicta totam. Consequatur molestiae ut necessitatibus est ullam. Quae vel aut eum veritatis tenetur. Alias sunt fugiat repellat id minima. Ab eveniet facilis et veritatis tempora et autem. Sunt quod dolore nesciunt est sed et aut. Quia ratione harum vero veritatis. Totam laudantium qui eligendi enim necessitatibus nihil magni. Sint commodi sint illum et. Non deleniti ea ut eius unde non dolorem.',NULL,'unread','2025-07-28 01:50:59','2025-07-28 01:50:59'),(3,'Cletus Adams','ohara.woodrow@example.com','989.642.3926','5066 Hodkiewicz Glens Suite 481\nLake Nels, PA 70271','Animi atque repudiandae dolorum quia provident.','Quos vel magnam libero facilis et. Non cum qui quibusdam placeat. Sed numquam consequuntur vel aut cupiditate. Veritatis voluptas quis deleniti maiores ut numquam quasi. Tempore dolor magni et. Delectus suscipit qui voluptas amet reiciendis fugit. Qui autem porro beatae ut omnis iusto amet. Quia vel dolor neque sit nobis voluptate. Et impedit expedita omnis qui quam.',NULL,'unread','2025-07-28 01:50:59','2025-07-28 01:50:59'),(4,'Mrs. Nola Kertzmann','willms.ari@example.com','+1-951-718-2285','1408 Annabel Mission Suite 510\nJaycechester, WI 05478-9149','Earum reiciendis neque quo minus et veniam est.','Suscipit error unde consequuntur iste voluptas omnis. Cupiditate libero soluta incidunt ipsum soluta velit dolores sint. Non beatae quia ut voluptas qui consequatur autem. Rerum eos enim magnam rerum laboriosam quibusdam neque. Eius labore qui ipsam molestiae qui et eos. Ex et numquam repellendus. Et eos laudantium non amet vero. Accusamus possimus ea sequi voluptates quo cupiditate saepe. Itaque reprehenderit dicta voluptas. Et laborum ut aut ea eaque. Amet modi labore fugit voluptas quas.',NULL,'unread','2025-07-28 01:50:59','2025-07-28 01:50:59'),(5,'Miss Agnes Bednar IV','jayda62@example.org','541-394-3437','70022 Cindy Hill\nStrackeburgh, WA 28893-1039','Et aut ut ab nam.','Dolorum sed sit et rerum et illum omnis. Rerum esse quos quam consequatur consequuntur dolore. Sed tempore dicta perferendis repellat perferendis sit minus repellat. Voluptatum incidunt excepturi accusamus molestiae. Dolore iusto aut in deleniti et doloremque inventore. Quis aperiam non omnis et tempore qui. Nobis dolorum corrupti itaque harum et pariatur in. Vel sit aut hic hic vel. Rerum iusto nobis dolor ea omnis ipsam autem. Voluptatem odit odio molestiae nemo.',NULL,'read','2025-07-28 01:50:59','2025-07-28 01:50:59'),(6,'Dr. Kale Koelpin PhD','catherine.hessel@example.net','+16609451721','352 Rhiannon Burgs Suite 023\nBoyleside, WI 88973-6193','Qui aut dolore consequatur aut.','A inventore voluptatem illum ipsa dignissimos numquam occaecati. Et alias est illum et est. Rem aut libero aspernatur modi. Omnis facere aut veniam. Ut ullam vero praesentium maiores ipsa. Blanditiis nesciunt ut fugit quos ipsum. Deleniti est est qui quos temporibus fugiat ut. Vero mollitia aut quibusdam ut et.',NULL,'unread','2025-07-28 01:50:59','2025-07-28 01:50:59'),(7,'Krystina Grimes','bernier.hester@example.org','+1-734-235-0344','17461 Howard Junctions\nSouth Jaydeland, IL 98312','Quas quibusdam atque est eum qui.','Eum quo autem autem qui molestias deleniti laudantium. Sequi sunt temporibus aut ipsam. Modi eum quod quae incidunt porro rerum impedit. Neque magni consequatur voluptas velit ut. Libero voluptatem laudantium enim distinctio. Amet ex est cum est. Itaque quae et accusamus similique. Nam aperiam quo sunt similique. Neque adipisci mollitia est sed voluptatem vitae. Eveniet cumque dolore tenetur qui nesciunt nemo porro. Similique dolorem sunt qui ex quaerat fugiat.',NULL,'read','2025-07-28 01:50:59','2025-07-28 01:50:59'),(8,'Dario Abernathy','sthompson@example.net','951-933-8308','6134 Champlin Lodge Suite 871\nLake Mateo, ND 59701-5254','Ea animi soluta non.','Facere perspiciatis exercitationem optio. Qui non aut magni rem. Repudiandae earum enim dolores aliquam harum. Necessitatibus minus ad esse ut repellat recusandae minus. Eum officia ipsa voluptas. Vel voluptatem voluptatem error harum et accusamus alias. Quo aut quia animi quia molestiae sint. Modi sed labore odit qui praesentium voluptates reprehenderit. At sapiente deserunt cum doloribus. Suscipit asperiores nulla officiis consequatur hic inventore ex modi.',NULL,'unread','2025-07-28 01:50:59','2025-07-28 01:50:59'),(9,'Gertrude Schmidt II','kaleigh58@example.net','+17473726432','2480 Rachel Circle Suite 356\nFriesenton, MO 82934','Iure enim non eius ab.','Ratione quos reiciendis suscipit quod minus unde dicta. Modi libero laboriosam non eveniet impedit consequatur. Quo laboriosam nisi nihil et quia veritatis facilis. Molestiae quasi eligendi id enim doloribus aut et eveniet. Quaerat necessitatibus laudantium earum est nihil temporibus non. Iure fugit tenetur qui facere. Tempore a a sed. Ut iste qui qui eaque error labore sequi. Asperiores voluptates tempora qui a voluptatem laudantium.',NULL,'read','2025-07-28 01:50:59','2025-07-28 01:50:59'),(10,'Esperanza Schroeder','jermain55@example.org','(458) 658-7652','893 King Plains\nAverymouth, MT 33719','Eos in ex explicabo sunt.','Voluptatem doloribus odit accusamus unde sint eos voluptatum. Minima voluptas voluptatum nesciunt et. Numquam soluta ducimus magni velit. Itaque dignissimos magnam in id optio labore. Eveniet velit et ratione a ipsa doloribus officia consequuntur. Dolor reiciendis ut possimus beatae. Incidunt eos sed aspernatur et sed voluptate iusto at. Dolore dolores architecto aspernatur vitae. Delectus iure id animi vel. Numquam ut consequatur non dolor ducimus incidunt ut dolor.',NULL,'unread','2025-07-28 01:50:59','2025-07-28 01:50:59');

--
-- Table structure for table `countries`
--

CREATE TABLE `countries` (
  `id` bigint unsigned NOT NULL AUTO_INCREMENT,
  `name` varchar(120) COLLATE utf8mb4_unicode_ci NOT NULL,
  `nationality` varchar(120) COLLATE utf8mb4_unicode_ci DEFAULT NULL,
  `order` tinyint NOT NULL DEFAULT '0',
  `image` varchar(191) COLLATE utf8mb4_unicode_ci DEFAULT NULL,
  `is_default` tinyint unsigned NOT NULL DEFAULT '0',
  `status` varchar(60) COLLATE utf8mb4_unicode_ci NOT NULL DEFAULT 'published',
  `created_at` timestamp NULL DEFAULT NULL,
  `updated_at` timestamp NULL DEFAULT NULL,
  `code` varchar(10) COLLATE utf8mb4_unicode_ci DEFAULT NULL,
  PRIMARY KEY (`id`)
) ENGINE=InnoDB DEFAULT CHARSET=utf8mb4 COLLATE=utf8mb4_unicode_ci;

--
-- Dumping data for table `countries`
--


--
-- Table structure for table `countries_translations`
--

CREATE TABLE `countries_translations` (
  `lang_code` varchar(20) COLLATE utf8mb4_unicode_ci NOT NULL,
  `countries_id` bigint unsigned NOT NULL,
  `name` varchar(120) COLLATE utf8mb4_unicode_ci DEFAULT NULL,
  `nationality` varchar(120) COLLATE utf8mb4_unicode_ci DEFAULT NULL,
  PRIMARY KEY (`lang_code`,`countries_id`)
) ENGINE=InnoDB DEFAULT CHARSET=utf8mb4 COLLATE=utf8mb4_unicode_ci;

--
-- Dumping data for table `countries_translations`
--


--
-- Table structure for table `dashboard_widget_settings`
--

CREATE TABLE `dashboard_widget_settings` (
  `id` bigint unsigned NOT NULL AUTO_INCREMENT,
  `settings` text COLLATE utf8mb4_unicode_ci,
  `user_id` bigint unsigned NOT NULL,
  `widget_id` bigint unsigned NOT NULL,
  `order` tinyint unsigned NOT NULL DEFAULT '0',
  `status` tinyint unsigned NOT NULL DEFAULT '1',
  `created_at` timestamp NULL DEFAULT NULL,
  `updated_at` timestamp NULL DEFAULT NULL,
  PRIMARY KEY (`id`),
  KEY `dashboard_widget_settings_user_id_index` (`user_id`),
  KEY `dashboard_widget_settings_widget_id_index` (`widget_id`)
) ENGINE=InnoDB DEFAULT CHARSET=utf8mb4 COLLATE=utf8mb4_unicode_ci;

--
-- Dumping data for table `dashboard_widget_settings`
--


--
-- Table structure for table `dashboard_widgets`
--

CREATE TABLE `dashboard_widgets` (
  `id` bigint unsigned NOT NULL AUTO_INCREMENT,
  `name` varchar(120) COLLATE utf8mb4_unicode_ci NOT NULL,
  `created_at` timestamp NULL DEFAULT NULL,
  `updated_at` timestamp NULL DEFAULT NULL,
  PRIMARY KEY (`id`)
) ENGINE=InnoDB DEFAULT CHARSET=utf8mb4 COLLATE=utf8mb4_unicode_ci;

--
-- Dumping data for table `dashboard_widgets`
--


--
-- Table structure for table `device_tokens`
--

CREATE TABLE `device_tokens` (
  `id` bigint unsigned NOT NULL AUTO_INCREMENT,
  `token` varchar(191) COLLATE utf8mb4_unicode_ci NOT NULL,
  `platform` varchar(191) COLLATE utf8mb4_unicode_ci DEFAULT NULL,
  `app_version` varchar(191) COLLATE utf8mb4_unicode_ci DEFAULT NULL,
  `device_id` varchar(191) COLLATE utf8mb4_unicode_ci DEFAULT NULL,
  `user_type` varchar(191) COLLATE utf8mb4_unicode_ci DEFAULT NULL,
  `user_id` bigint unsigned DEFAULT NULL,
  `is_active` tinyint(1) NOT NULL DEFAULT '1',
  `last_used_at` timestamp NULL DEFAULT NULL,
  `created_at` timestamp NULL DEFAULT NULL,
  `updated_at` timestamp NULL DEFAULT NULL,
  PRIMARY KEY (`id`),
  UNIQUE KEY `device_tokens_token_unique` (`token`),
  KEY `device_tokens_user_type_user_id_index` (`user_type`,`user_id`),
  KEY `device_tokens_platform_is_active_index` (`platform`,`is_active`),
  KEY `device_tokens_is_active_index` (`is_active`)
) ENGINE=InnoDB DEFAULT CHARSET=utf8mb4 COLLATE=utf8mb4_unicode_ci;

--
-- Dumping data for table `device_tokens`
--


--
-- Table structure for table `ec_abandoned_carts`
--

CREATE TABLE `ec_abandoned_carts` (
  `id` bigint unsigned NOT NULL AUTO_INCREMENT,
  `customer_id` bigint unsigned DEFAULT NULL,
  `session_id` varchar(191) COLLATE utf8mb4_unicode_ci DEFAULT NULL,
  `cart_data` json NOT NULL,
  `total_amount` decimal(15,2) NOT NULL DEFAULT '0.00',
  `items_count` int NOT NULL DEFAULT '0',
  `email` varchar(191) COLLATE utf8mb4_unicode_ci DEFAULT NULL,
  `phone` varchar(191) COLLATE utf8mb4_unicode_ci DEFAULT NULL,
  `customer_name` varchar(191) COLLATE utf8mb4_unicode_ci DEFAULT NULL,
  `abandoned_at` timestamp NULL DEFAULT NULL,
  `reminder_sent_at` timestamp NULL DEFAULT NULL,
  `reminders_sent` int NOT NULL DEFAULT '0',
  `is_recovered` tinyint(1) NOT NULL DEFAULT '0',
  `recovered_at` timestamp NULL DEFAULT NULL,
  `recovered_order_id` bigint unsigned DEFAULT NULL,
  `created_at` timestamp NULL DEFAULT NULL,
  `updated_at` timestamp NULL DEFAULT NULL,
  PRIMARY KEY (`id`),
  KEY `ec_abandoned_carts_abandoned_at_is_recovered_index` (`abandoned_at`,`is_recovered`),
  KEY `ec_abandoned_carts_created_at_is_recovered_index` (`created_at`,`is_recovered`),
  KEY `ec_abandoned_carts_customer_id_index` (`customer_id`),
  KEY `ec_abandoned_carts_session_id_index` (`session_id`),
  KEY `ec_abandoned_carts_email_index` (`email`),
  KEY `ec_abandoned_carts_recovered_order_id_index` (`recovered_order_id`)
) ENGINE=InnoDB DEFAULT CHARSET=utf8mb4 COLLATE=utf8mb4_unicode_ci;

--
-- Dumping data for table `ec_abandoned_carts`
--


--
-- Table structure for table `ec_brands`
--

CREATE TABLE `ec_brands` (
  `id` bigint unsigned NOT NULL AUTO_INCREMENT,
  `name` varchar(191) COLLATE utf8mb4_unicode_ci NOT NULL,
  `description` mediumtext COLLATE utf8mb4_unicode_ci,
  `website` varchar(191) COLLATE utf8mb4_unicode_ci DEFAULT NULL,
  `logo` varchar(191) COLLATE utf8mb4_unicode_ci DEFAULT NULL,
  `status` varchar(60) COLLATE utf8mb4_unicode_ci NOT NULL DEFAULT 'published',
  `order` tinyint unsigned NOT NULL DEFAULT '0',
  `is_featured` tinyint unsigned NOT NULL DEFAULT '0',
  `created_at` timestamp NULL DEFAULT NULL,
  `updated_at` timestamp NULL DEFAULT NULL,
  PRIMARY KEY (`id`)
) ENGINE=InnoDB AUTO_INCREMENT=6 DEFAULT CHARSET=utf8mb4 COLLATE=utf8mb4_unicode_ci;

--
-- Dumping data for table `ec_brands`
--

INSERT INTO `ec_brands` VALUES (1,'FoodPound','New Snacks Release',NULL,'main/brands/1.png','published',0,1,'2025-07-28 01:50:55','2025-07-28 01:50:55'),(2,'iTea JSC','Happy Tea 100% Organic. From $29.9',NULL,'main/brands/2.png','published',1,1,'2025-07-28 01:50:55','2025-07-28 01:50:55'),(3,'Soda Brand','Fresh Meat Sausage. BUY 2 GET 1!',NULL,'main/brands/3.png','published',2,1,'2025-07-28 01:50:55','2025-07-28 01:50:55'),(4,'Shofy','Fresh Meat Sausage. BUY 2 GET 1!',NULL,'main/brands/4.png','published',3,1,'2025-07-28 01:50:55','2025-07-28 01:50:55'),(5,'Soda Brand','Fresh Meat Sausage. BUY 2 GET 1!',NULL,'main/brands/5.png','published',4,1,'2025-07-28 01:50:55','2025-07-28 01:50:55');

--
-- Table structure for table `ec_brands_translations`
--

CREATE TABLE `ec_brands_translations` (
  `lang_code` varchar(191) COLLATE utf8mb4_unicode_ci NOT NULL,
  `ec_brands_id` bigint unsigned NOT NULL,
  `name` varchar(191) COLLATE utf8mb4_unicode_ci DEFAULT NULL,
  `description` mediumtext COLLATE utf8mb4_unicode_ci,
  PRIMARY KEY (`lang_code`,`ec_brands_id`)
) ENGINE=InnoDB DEFAULT CHARSET=utf8mb4 COLLATE=utf8mb4_unicode_ci;

--
-- Dumping data for table `ec_brands_translations`
--


--
-- Table structure for table `ec_cart`
--

CREATE TABLE `ec_cart` (
  `identifier` varchar(60) COLLATE utf8mb4_unicode_ci NOT NULL,
  `instance` varchar(60) COLLATE utf8mb4_unicode_ci NOT NULL,
  `content` longtext COLLATE utf8mb4_unicode_ci NOT NULL,
  `created_at` timestamp NULL DEFAULT NULL,
  `updated_at` timestamp NULL DEFAULT NULL,
  PRIMARY KEY (`identifier`,`instance`)
) ENGINE=InnoDB DEFAULT CHARSET=utf8mb4 COLLATE=utf8mb4_unicode_ci;

--
-- Dumping data for table `ec_cart`
--


--
-- Table structure for table `ec_currencies`
--

CREATE TABLE `ec_currencies` (
  `id` bigint unsigned NOT NULL AUTO_INCREMENT,
  `title` varchar(191) COLLATE utf8mb4_unicode_ci NOT NULL,
  `symbol` varchar(10) COLLATE utf8mb4_unicode_ci NOT NULL,
  `is_prefix_symbol` tinyint unsigned NOT NULL DEFAULT '0',
  `decimals` tinyint unsigned DEFAULT '0',
  `order` int unsigned DEFAULT '0',
  `is_default` tinyint NOT NULL DEFAULT '0',
  `exchange_rate` double NOT NULL DEFAULT '1',
  `created_at` timestamp NULL DEFAULT NULL,
  `updated_at` timestamp NULL DEFAULT NULL,
  PRIMARY KEY (`id`)
) ENGINE=InnoDB AUTO_INCREMENT=5 DEFAULT CHARSET=utf8mb4 COLLATE=utf8mb4_unicode_ci;

--
-- Dumping data for table `ec_currencies`
--

INSERT INTO `ec_currencies` VALUES (1,'USD','$',1,2,0,1,1,'2025-07-28 01:50:55','2025-07-28 01:50:55'),(2,'EUR','€',0,2,1,0,0.84,'2025-07-28 01:50:55','2025-07-28 01:50:55'),(3,'VND','₫',0,0,2,0,23203,'2025-07-28 01:50:55','2025-07-28 01:50:55'),(4,'NGN','₦',1,2,2,0,895.52,'2025-07-28 01:50:55','2025-07-28 01:50:55');

--
-- Table structure for table `ec_customer_addresses`
--

CREATE TABLE `ec_customer_addresses` (
  `id` bigint unsigned NOT NULL AUTO_INCREMENT,
  `name` varchar(191) COLLATE utf8mb4_unicode_ci NOT NULL,
  `email` varchar(60) COLLATE utf8mb4_unicode_ci DEFAULT NULL,
  `phone` varchar(20) COLLATE utf8mb4_unicode_ci DEFAULT NULL,
  `country` varchar(120) COLLATE utf8mb4_unicode_ci DEFAULT NULL,
  `state` varchar(120) COLLATE utf8mb4_unicode_ci DEFAULT NULL,
  `city` varchar(120) COLLATE utf8mb4_unicode_ci DEFAULT NULL,
  `address` varchar(191) COLLATE utf8mb4_unicode_ci DEFAULT NULL,
  `customer_id` bigint unsigned NOT NULL,
  `is_default` tinyint unsigned NOT NULL DEFAULT '0',
  `created_at` timestamp NULL DEFAULT NULL,
  `updated_at` timestamp NULL DEFAULT NULL,
  `zip_code` varchar(20) COLLATE utf8mb4_unicode_ci DEFAULT NULL,
  PRIMARY KEY (`id`)
) ENGINE=InnoDB AUTO_INCREMENT=13 DEFAULT CHARSET=utf8mb4 COLLATE=utf8mb4_unicode_ci;

--
-- Dumping data for table `ec_customer_addresses`
--

INSERT INTO `ec_customer_addresses` VALUES (1,'Erich Bashirian II','customer@botble.com','+12605497085','IO','Idaho','Port Rosettaton','34302 Cassidy Wall Suite 603',1,1,'2025-07-28 01:50:56','2025-07-28 01:50:56','82353'),(2,'Erich Bashirian II','customer@botble.com','+16576991913','NZ','New Jersey','Marymouth','629 Shany Ford',1,0,'2025-07-28 01:50:56','2025-07-28 01:50:56','80091-8676'),(3,'Mrs. Jazlyn Friesen','vendor@botble.com','+15627906107','CY','West Virginia','Nadiaton','53134 Mills Lake Apt. 056',2,1,'2025-07-28 01:50:57','2025-07-28 01:50:57','41769'),(4,'Mrs. Jazlyn Friesen','vendor@botble.com','+15868365862','PF','Illinois','Corwinburgh','34084 Simeon Lakes',2,0,'2025-07-28 01:50:57','2025-07-28 01:50:57','62066'),(5,'Tressa Gusikowski','fschmidt@example.net','+14309170421','SM','Mississippi','Littleborough','3980 Waters Highway',3,1,'2025-07-28 01:50:57','2025-07-28 01:50:57','44509'),(6,'Jayda Armstrong','hermann.pete@example.net','+16808132286','LY','New Hampshire','Pfefferstad','5234 Stokes Pass Suite 509',4,1,'2025-07-28 01:50:57','2025-07-28 01:50:57','62715'),(7,'Avery Cartwright','bradtke.shad@example.com','+19843337120','ST','North Dakota','Littelburgh','21219 Jaleel Turnpike Apt. 331',5,1,'2025-07-28 01:50:58','2025-07-28 01:50:58','39146-8054'),(8,'Reese Breitenberg','austen.barton@example.org','+19314316940','AG','New Mexico','New Florencio','29653 Lambert Plains',6,1,'2025-07-28 01:50:58','2025-07-28 01:50:58','59509'),(9,'Drew Gerhold','sgusikowski@example.com','+15314388699','SO','Idaho','East Gabeshire','221 Waelchi Fords Apt. 686',7,1,'2025-07-28 01:50:58','2025-07-28 01:50:58','21509-3524'),(10,'Brain Torphy','qlakin@example.org','+16807372452','PK','Oklahoma','East Kay','92382 Goldner Island',8,1,'2025-07-28 01:50:59','2025-07-28 01:50:59','19977-3537'),(11,'Josephine Konopelski','kortiz@example.org','+18138658990','SA','Georgia','Schulistmouth','122 Lela Valleys',9,1,'2025-07-28 01:50:59','2025-07-28 01:50:59','56612'),(12,'Ms. Gregoria Sauer','michele34@example.net','+19594469829','KM','South Dakota','Kuvalisland','331 Clay Mountain',10,1,'2025-07-28 01:50:59','2025-07-28 01:50:59','60303-3286');

--
-- Table structure for table `ec_customer_deletion_requests`
--

CREATE TABLE `ec_customer_deletion_requests` (
  `id` bigint unsigned NOT NULL AUTO_INCREMENT,
  `customer_id` bigint unsigned NOT NULL,
  `customer_name` varchar(191) COLLATE utf8mb4_unicode_ci DEFAULT NULL,
  `customer_phone` varchar(191) COLLATE utf8mb4_unicode_ci DEFAULT NULL,
  `customer_email` varchar(191) COLLATE utf8mb4_unicode_ci DEFAULT NULL,
  `token` varchar(191) COLLATE utf8mb4_unicode_ci NOT NULL,
  `status` varchar(50) COLLATE utf8mb4_unicode_ci NOT NULL DEFAULT 'waiting_for_confirmation',
  `reason` text COLLATE utf8mb4_unicode_ci,
  `confirmed_at` datetime DEFAULT NULL,
  `created_at` timestamp NULL DEFAULT NULL,
  `updated_at` timestamp NULL DEFAULT NULL,
  PRIMARY KEY (`id`),
  UNIQUE KEY `ec_customer_deletion_requests_token_unique` (`token`)
) ENGINE=InnoDB DEFAULT CHARSET=utf8mb4 COLLATE=utf8mb4_unicode_ci;

--
-- Dumping data for table `ec_customer_deletion_requests`
--


--
-- Table structure for table `ec_customer_password_resets`
--

CREATE TABLE `ec_customer_password_resets` (
  `email` varchar(191) COLLATE utf8mb4_unicode_ci NOT NULL,
  `token` varchar(191) COLLATE utf8mb4_unicode_ci NOT NULL,
  `created_at` timestamp NULL DEFAULT NULL,
  KEY `ec_customer_password_resets_email_index` (`email`),
  KEY `ec_customer_password_resets_token_index` (`token`)
) ENGINE=InnoDB DEFAULT CHARSET=utf8mb4 COLLATE=utf8mb4_unicode_ci;

--
-- Dumping data for table `ec_customer_password_resets`
--


--
-- Table structure for table `ec_customer_recently_viewed_products`
--

CREATE TABLE `ec_customer_recently_viewed_products` (
  `id` bigint unsigned NOT NULL AUTO_INCREMENT,
  `customer_id` bigint unsigned NOT NULL,
  `product_id` bigint unsigned NOT NULL,
  PRIMARY KEY (`id`)
) ENGINE=InnoDB DEFAULT CHARSET=utf8mb4 COLLATE=utf8mb4_unicode_ci;

--
-- Dumping data for table `ec_customer_recently_viewed_products`
--


--
-- Table structure for table `ec_customer_used_coupons`
--

CREATE TABLE `ec_customer_used_coupons` (
  `discount_id` bigint unsigned NOT NULL,
  `customer_id` bigint unsigned NOT NULL,
  PRIMARY KEY (`discount_id`,`customer_id`)
) ENGINE=InnoDB DEFAULT CHARSET=utf8mb4 COLLATE=utf8mb4_unicode_ci;

--
-- Dumping data for table `ec_customer_used_coupons`
--


--
-- Table structure for table `ec_customers`
--

CREATE TABLE `ec_customers` (
  `id` bigint unsigned NOT NULL AUTO_INCREMENT,
  `name` varchar(191) COLLATE utf8mb4_unicode_ci NOT NULL,
  `email` varchar(191) COLLATE utf8mb4_unicode_ci DEFAULT NULL,
  `password` varchar(191) COLLATE utf8mb4_unicode_ci NOT NULL,
  `avatar` varchar(191) COLLATE utf8mb4_unicode_ci DEFAULT NULL,
  `dob` date DEFAULT NULL,
  `phone` varchar(20) COLLATE utf8mb4_unicode_ci DEFAULT NULL,
  `remember_token` varchar(100) COLLATE utf8mb4_unicode_ci DEFAULT NULL,
  `created_at` timestamp NULL DEFAULT NULL,
  `updated_at` timestamp NULL DEFAULT NULL,
  `confirmed_at` datetime DEFAULT NULL,
  `email_verify_token` varchar(120) COLLATE utf8mb4_unicode_ci DEFAULT NULL,
  `is_vendor` tinyint(1) NOT NULL DEFAULT '0',
  `vendor_verified_at` datetime DEFAULT NULL,
  `status` varchar(60) COLLATE utf8mb4_unicode_ci NOT NULL DEFAULT 'activated',
  `block_reason` varchar(400) COLLATE utf8mb4_unicode_ci DEFAULT NULL,
  `private_notes` text COLLATE utf8mb4_unicode_ci,
  `stripe_account_id` varchar(191) COLLATE utf8mb4_unicode_ci DEFAULT NULL,
  `stripe_account_active` tinyint(1) NOT NULL DEFAULT '0',
  PRIMARY KEY (`id`)
) ENGINE=InnoDB AUTO_INCREMENT=11 DEFAULT CHARSET=utf8mb4 COLLATE=utf8mb4_unicode_ci;

--
-- Dumping data for table `ec_customers`
--

INSERT INTO `ec_customers` VALUES (1,'Erich Bashirian II','customer@botble.com','$2y$12$Z5fHctcUfDKKuU8UyFZCyOczprtwRv81YswIf/KLVS7bg0KoeUAUu','main/customers/3.jpg','1977-07-15','+12815177501',NULL,'2025-07-28 01:50:56','2025-07-28 01:50:56','1977-07-15 08:50:56',NULL,0,NULL,'activated',NULL,NULL,NULL,0),(2,'Mrs. Jazlyn Friesen','vendor@botble.com','$2y$12$0v6qFrLQzIzOVIBxO/esQurygqvRDPV3DY099WEvlzaEr8gKD2mSG','main/customers/9.jpg','1946-07-06','+14406791034',NULL,'2025-07-28 01:50:57','2025-07-28 01:51:05','1946-07-06 08:50:56',NULL,1,'2025-07-28 08:51:05','activated',NULL,NULL,NULL,0),(3,'Tressa Gusikowski','fschmidt@example.net','$2y$12$tLXudRI59RVYEX6HZmWSqOZH6CxHFyuneSwqf1TouAGCneUf.Nbo.','main/customers/1.jpg','1916-06-14','+19405976022',NULL,'2025-07-28 01:50:57','2025-07-28 01:51:05','1916-06-14 08:50:56',NULL,1,'2025-07-28 08:51:05','activated',NULL,NULL,NULL,0),(4,'Jayda Armstrong','hermann.pete@example.net','$2y$12$ee8gx755gk8BUCC5sL68rux8BQhcU.KaHPfEQA6RxPrqFGXWpy4iq','main/customers/2.jpg','1870-06-05','+12483530639',NULL,'2025-07-28 01:50:57','2025-07-28 01:51:05','1870-06-05 08:50:56',NULL,1,'2025-07-28 08:51:05','activated',NULL,NULL,NULL,0),(5,'Avery Cartwright','bradtke.shad@example.com','$2y$12$Hxvs6PmohwGLJxzFUa9AAOMD/I13XS3TljrS4pVnSvMkVvTRXpx82','main/customers/3.jpg','1838-05-12','+12548189147',NULL,'2025-07-28 01:50:58','2025-07-28 01:51:06','1838-05-12 08:50:56',NULL,1,'2025-07-28 08:51:05','activated',NULL,NULL,NULL,0),(6,'Reese Breitenberg','austen.barton@example.org','$2y$12$NECe6iOYeh0QQAtczIDnvOQAcgVquyXPGxroW0r07eqBXDlWOAzhq','main/customers/4.jpg','1811-04-16','+17247244947',NULL,'2025-07-28 01:50:58','2025-07-28 01:51:06','1811-04-16 08:50:56',NULL,1,'2025-07-28 08:51:05','activated',NULL,NULL,NULL,0),(7,'Drew Gerhold','sgusikowski@example.com','$2y$12$ydchIcVygnbOG42f0YGeKeBB9GOK2ndrQhpZAEqrQsMVZ0a6DaZUG','main/customers/5.jpg','1780-03-29','+17122917269',NULL,'2025-07-28 01:50:58','2025-07-28 01:51:06','1780-03-29 08:50:56',NULL,1,'2025-07-28 08:51:05','activated',NULL,NULL,NULL,0),(8,'Brain Torphy','qlakin@example.org','$2y$12$ka41u5UcEaRnOO.J2p25u.MVHgZWEam.QoAjxUdWHyESM.ItlxzfK','main/customers/6.jpg','1739-03-23','+13254663998',NULL,'2025-07-28 01:50:59','2025-07-28 01:51:07','1739-03-23 08:50:56',NULL,1,'2025-07-28 08:51:05','activated',NULL,NULL,NULL,0),(9,'Josephine Konopelski','kortiz@example.org','$2y$12$z8hkpXR/aO3DnSWX1Ft67ObcVTxLHIQSMRH/2INsV35ahM3o6EmMa','main/customers/7.jpg','1707-02-25','+17657631013',NULL,'2025-07-28 01:50:59','2025-07-28 01:51:07','1707-02-25 08:50:56',NULL,0,NULL,'activated',NULL,NULL,NULL,0),(10,'Ms. Gregoria Sauer','michele34@example.net','$2y$12$2jCsb0pZICpUSBFD1vysVOm/0U8KpKWeRogJMY3RUG/d08htejBk6','main/customers/8.jpg','1667-02-23','+15045609782',NULL,'2025-07-28 01:50:59','2025-07-28 01:51:07','1667-02-23 08:50:56',NULL,0,NULL,'activated',NULL,NULL,NULL,0);

--
-- Table structure for table `ec_discount_customers`
--

CREATE TABLE `ec_discount_customers` (
  `discount_id` bigint unsigned NOT NULL,
  `customer_id` bigint unsigned NOT NULL,
  PRIMARY KEY (`discount_id`,`customer_id`)
) ENGINE=InnoDB DEFAULT CHARSET=utf8mb4 COLLATE=utf8mb4_unicode_ci;

--
-- Dumping data for table `ec_discount_customers`
--


--
-- Table structure for table `ec_discount_product_categories`
--

CREATE TABLE `ec_discount_product_categories` (
  `discount_id` bigint unsigned NOT NULL,
  `product_category_id` bigint unsigned NOT NULL,
  PRIMARY KEY (`discount_id`,`product_category_id`)
) ENGINE=InnoDB DEFAULT CHARSET=utf8mb4 COLLATE=utf8mb4_unicode_ci;

--
-- Dumping data for table `ec_discount_product_categories`
--


--
-- Table structure for table `ec_discount_product_collections`
--

CREATE TABLE `ec_discount_product_collections` (
  `discount_id` bigint unsigned NOT NULL,
  `product_collection_id` bigint unsigned NOT NULL,
  PRIMARY KEY (`discount_id`,`product_collection_id`)
) ENGINE=InnoDB DEFAULT CHARSET=utf8mb4 COLLATE=utf8mb4_unicode_ci;

--
-- Dumping data for table `ec_discount_product_collections`
--


--
-- Table structure for table `ec_discount_products`
--

CREATE TABLE `ec_discount_products` (
  `discount_id` bigint unsigned NOT NULL,
  `product_id` bigint unsigned NOT NULL,
  PRIMARY KEY (`discount_id`,`product_id`)
) ENGINE=InnoDB DEFAULT CHARSET=utf8mb4 COLLATE=utf8mb4_unicode_ci;

--
-- Dumping data for table `ec_discount_products`
--


--
-- Table structure for table `ec_discounts`
--

CREATE TABLE `ec_discounts` (
  `id` bigint unsigned NOT NULL AUTO_INCREMENT,
  `title` varchar(120) COLLATE utf8mb4_unicode_ci DEFAULT NULL,
  `code` varchar(20) COLLATE utf8mb4_unicode_ci DEFAULT NULL,
  `start_date` datetime DEFAULT NULL,
  `end_date` datetime DEFAULT NULL,
  `quantity` int DEFAULT NULL,
  `total_used` int unsigned NOT NULL DEFAULT '0',
  `value` double DEFAULT NULL,
  `type` varchar(60) COLLATE utf8mb4_unicode_ci DEFAULT 'coupon',
  `can_use_with_promotion` tinyint(1) NOT NULL DEFAULT '0',
  `can_use_with_flash_sale` tinyint(1) NOT NULL DEFAULT '0',
  `discount_on` varchar(20) COLLATE utf8mb4_unicode_ci DEFAULT NULL,
  `product_quantity` int unsigned DEFAULT NULL,
  `type_option` varchar(100) COLLATE utf8mb4_unicode_ci NOT NULL DEFAULT 'amount',
  `target` varchar(100) COLLATE utf8mb4_unicode_ci NOT NULL DEFAULT 'all-orders',
  `min_order_price` decimal(15,2) DEFAULT NULL,
  `apply_via_url` tinyint(1) NOT NULL DEFAULT '0',
  `display_at_checkout` tinyint(1) NOT NULL DEFAULT '0',
  `created_at` timestamp NULL DEFAULT NULL,
  `updated_at` timestamp NULL DEFAULT NULL,
  `store_id` bigint unsigned DEFAULT NULL,
  `description` varchar(400) COLLATE utf8mb4_unicode_ci DEFAULT NULL,
  PRIMARY KEY (`id`),
  UNIQUE KEY `ec_discounts_code_unique` (`code`)
) ENGINE=InnoDB AUTO_INCREMENT=11 DEFAULT CHARSET=utf8mb4 COLLATE=utf8mb4_unicode_ci;

--
-- Dumping data for table `ec_discounts`
--

INSERT INTO `ec_discounts` VALUES (1,'Discount 1','XAW5UIKEJZJK','2025-07-27 08:51:02',NULL,NULL,0,128,'coupon',0,0,NULL,NULL,'shipping','all-orders',NULL,0,1,'2025-07-28 01:51:02','2025-07-28 01:51:02',NULL,NULL),(2,'Discount 2','MBNAMWJNSVAE','2025-07-27 08:51:02',NULL,NULL,0,998,'coupon',0,0,NULL,NULL,'shipping','all-orders',NULL,0,1,'2025-07-28 01:51:02','2025-07-28 01:51:02',NULL,NULL),(3,'Discount 3','WMCE5BAYP3ET','2025-07-27 08:51:02','2025-08-27 08:51:02',NULL,0,43,'coupon',0,0,NULL,NULL,'percentage','all-orders',NULL,0,1,'2025-07-28 01:51:02','2025-07-28 01:51:02',NULL,NULL),(4,'Discount 4','JU5OCNFTZRAM','2025-07-27 08:51:02','2025-08-23 08:51:02',NULL,0,160,'coupon',0,0,NULL,NULL,'same-price','all-orders',NULL,0,1,'2025-07-28 01:51:02','2025-07-28 01:51:02',NULL,NULL),(5,'Discount 5','0GT2QGKCP5CK','2025-07-27 08:51:02',NULL,NULL,0,782,'coupon',0,0,NULL,NULL,'same-price','all-orders',NULL,0,1,'2025-07-28 01:51:02','2025-07-28 01:51:02',NULL,NULL),(6,'Discount 6','XKUGZ9UGKMGZ','2025-07-27 08:51:02','2025-08-11 08:51:02',NULL,0,30,'coupon',0,0,NULL,NULL,'percentage','all-orders',NULL,0,1,'2025-07-28 01:51:02','2025-07-28 01:51:02',NULL,NULL),(7,'Discount 7','CRHO9QSQCWXV','2025-07-27 08:51:02',NULL,NULL,0,21,'coupon',0,0,NULL,NULL,'percentage','all-orders',NULL,0,1,'2025-07-28 01:51:02','2025-07-28 01:51:02',NULL,NULL),(8,'Discount 8','1PJGSGBNUFMY','2025-07-27 08:51:02','2025-08-06 08:51:02',NULL,0,366,'coupon',0,0,NULL,NULL,'same-price','all-orders',NULL,0,1,'2025-07-28 01:51:02','2025-07-28 01:51:02',NULL,NULL),(9,'Discount 9','IYPXDTPJR02S','2025-07-27 08:51:02','2025-07-31 08:51:02',NULL,0,713,'coupon',0,0,NULL,NULL,'amount','all-orders',NULL,0,1,'2025-07-28 01:51:02','2025-07-28 01:51:02',NULL,NULL),(10,'Discount 10','XQXOG9LHXPA9','2025-07-27 08:51:02',NULL,NULL,0,513,'coupon',0,0,NULL,NULL,'shipping','all-orders',NULL,0,1,'2025-07-28 01:51:02','2025-07-28 01:51:02',NULL,NULL);

--
-- Table structure for table `ec_flash_sale_products`
--

CREATE TABLE `ec_flash_sale_products` (
  `flash_sale_id` bigint unsigned NOT NULL,
  `product_id` bigint unsigned NOT NULL,
  `price` double unsigned DEFAULT NULL,
  `quantity` int unsigned DEFAULT NULL,
  `sold` int unsigned NOT NULL DEFAULT '0'
) ENGINE=InnoDB DEFAULT CHARSET=utf8mb4 COLLATE=utf8mb4_unicode_ci;

--
-- Dumping data for table `ec_flash_sale_products`
--

INSERT INTO `ec_flash_sale_products` VALUES (1,1,1210.17,7,3),(1,2,291.54,6,5),(1,3,105.35,6,2),(1,4,1002.3468,10,1),(1,5,58.24,19,3),(1,6,650.16,19,5),(1,7,1499.4,6,4),(1,8,812.0112,6,4),(1,9,860.59,7,3),(1,10,1884.04,16,1);

--
-- Table structure for table `ec_flash_sales`
--

CREATE TABLE `ec_flash_sales` (
  `id` bigint unsigned NOT NULL AUTO_INCREMENT,
  `name` varchar(191) COLLATE utf8mb4_unicode_ci NOT NULL,
  `end_date` datetime NOT NULL,
  `status` varchar(60) COLLATE utf8mb4_unicode_ci NOT NULL DEFAULT 'published',
  `created_at` timestamp NULL DEFAULT NULL,
  `updated_at` timestamp NULL DEFAULT NULL,
  PRIMARY KEY (`id`)
) ENGINE=InnoDB AUTO_INCREMENT=2 DEFAULT CHARSET=utf8mb4 COLLATE=utf8mb4_unicode_ci;

--
-- Dumping data for table `ec_flash_sales`
--

INSERT INTO `ec_flash_sales` VALUES (1,'Winter Sale','2025-11-25 00:00:00','published','2025-07-28 01:51:12','2025-07-28 01:51:12');

--
-- Table structure for table `ec_flash_sales_translations`
--

CREATE TABLE `ec_flash_sales_translations` (
  `lang_code` varchar(191) COLLATE utf8mb4_unicode_ci NOT NULL,
  `ec_flash_sales_id` bigint unsigned NOT NULL,
  `name` varchar(191) COLLATE utf8mb4_unicode_ci DEFAULT NULL,
  PRIMARY KEY (`lang_code`,`ec_flash_sales_id`)
) ENGINE=InnoDB DEFAULT CHARSET=utf8mb4 COLLATE=utf8mb4_unicode_ci;

--
-- Dumping data for table `ec_flash_sales_translations`
--


--
-- Table structure for table `ec_global_option_value`
--

CREATE TABLE `ec_global_option_value` (
  `id` bigint unsigned NOT NULL AUTO_INCREMENT,
  `option_id` bigint unsigned NOT NULL COMMENT 'option id',
  `option_value` tinytext COLLATE utf8mb4_unicode_ci COMMENT 'option value',
  `affect_price` double DEFAULT NULL COMMENT 'value of price of this option affect',
  `order` int NOT NULL DEFAULT '9999',
  `affect_type` tinyint NOT NULL DEFAULT '0' COMMENT '0. fixed 1. percent',
  `created_at` timestamp NULL DEFAULT NULL,
  `updated_at` timestamp NULL DEFAULT NULL,
  PRIMARY KEY (`id`)
) ENGINE=InnoDB AUTO_INCREMENT=13 DEFAULT CHARSET=utf8mb4 COLLATE=utf8mb4_unicode_ci;

--
-- Dumping data for table `ec_global_option_value`
--

INSERT INTO `ec_global_option_value` VALUES (1,1,'1 Year',0,9999,0,'2025-07-28 01:51:02','2025-07-28 01:51:02'),(2,1,'2 Year',10,9999,0,'2025-07-28 01:51:02','2025-07-28 01:51:02'),(3,1,'3 Year',20,9999,0,'2025-07-28 01:51:02','2025-07-28 01:51:02'),(4,2,'4GB',0,9999,0,'2025-07-28 01:51:02','2025-07-28 01:51:02'),(5,2,'8GB',10,9999,0,'2025-07-28 01:51:02','2025-07-28 01:51:02'),(6,2,'16GB',20,9999,0,'2025-07-28 01:51:02','2025-07-28 01:51:02'),(7,3,'Core i5',0,9999,0,'2025-07-28 01:51:02','2025-07-28 01:51:02'),(8,3,'Core i7',10,9999,0,'2025-07-28 01:51:02','2025-07-28 01:51:02'),(9,3,'Core i9',20,9999,0,'2025-07-28 01:51:02','2025-07-28 01:51:02'),(10,4,'128GB',0,9999,0,'2025-07-28 01:51:02','2025-07-28 01:51:02'),(11,4,'256GB',10,9999,0,'2025-07-28 01:51:02','2025-07-28 01:51:02'),(12,4,'512GB',20,9999,0,'2025-07-28 01:51:02','2025-07-28 01:51:02');

--
-- Table structure for table `ec_global_option_value_translations`
--

CREATE TABLE `ec_global_option_value_translations` (
  `lang_code` varchar(191) COLLATE utf8mb4_unicode_ci NOT NULL,
  `ec_global_option_value_id` bigint unsigned NOT NULL,
  `option_value` varchar(191) COLLATE utf8mb4_unicode_ci DEFAULT NULL,
  PRIMARY KEY (`lang_code`,`ec_global_option_value_id`)
) ENGINE=InnoDB DEFAULT CHARSET=utf8mb4 COLLATE=utf8mb4_unicode_ci;

--
-- Dumping data for table `ec_global_option_value_translations`
--


--
-- Table structure for table `ec_global_options`
--

CREATE TABLE `ec_global_options` (
  `id` bigint unsigned NOT NULL AUTO_INCREMENT,
  `name` varchar(191) COLLATE utf8mb4_unicode_ci NOT NULL COMMENT 'Name of options',
  `option_type` varchar(191) COLLATE utf8mb4_unicode_ci NOT NULL COMMENT 'option type',
  `required` tinyint(1) NOT NULL DEFAULT '0' COMMENT 'Checked if this option is required',
  `created_at` timestamp NULL DEFAULT NULL,
  `updated_at` timestamp NULL DEFAULT NULL,
  PRIMARY KEY (`id`)
) ENGINE=InnoDB AUTO_INCREMENT=5 DEFAULT CHARSET=utf8mb4 COLLATE=utf8mb4_unicode_ci;

--
-- Dumping data for table `ec_global_options`
--

INSERT INTO `ec_global_options` VALUES (1,'Warranty','Botble\\Ecommerce\\Option\\OptionType\\RadioButton',1,'2025-07-28 01:51:02','2025-07-28 01:51:02'),(2,'RAM','Botble\\Ecommerce\\Option\\OptionType\\RadioButton',1,'2025-07-28 01:51:02','2025-07-28 01:51:02'),(3,'CPU','Botble\\Ecommerce\\Option\\OptionType\\RadioButton',1,'2025-07-28 01:51:02','2025-07-28 01:51:02'),(4,'HDD','Botble\\Ecommerce\\Option\\OptionType\\Dropdown',0,'2025-07-28 01:51:02','2025-07-28 01:51:02');

--
-- Table structure for table `ec_global_options_translations`
--

CREATE TABLE `ec_global_options_translations` (
  `lang_code` varchar(191) COLLATE utf8mb4_unicode_ci NOT NULL,
  `ec_global_options_id` bigint unsigned NOT NULL,
  `name` varchar(191) COLLATE utf8mb4_unicode_ci DEFAULT NULL,
  PRIMARY KEY (`lang_code`,`ec_global_options_id`)
) ENGINE=InnoDB DEFAULT CHARSET=utf8mb4 COLLATE=utf8mb4_unicode_ci;

--
-- Dumping data for table `ec_global_options_translations`
--


--
-- Table structure for table `ec_grouped_products`
--

CREATE TABLE `ec_grouped_products` (
  `id` bigint unsigned NOT NULL AUTO_INCREMENT,
  `parent_product_id` bigint unsigned NOT NULL,
  `product_id` bigint unsigned NOT NULL,
  `fixed_qty` int NOT NULL DEFAULT '1',
  PRIMARY KEY (`id`)
) ENGINE=InnoDB DEFAULT CHARSET=utf8mb4 COLLATE=utf8mb4_unicode_ci;

--
-- Dumping data for table `ec_grouped_products`
--


--
-- Table structure for table `ec_invoice_items`
--

CREATE TABLE `ec_invoice_items` (
  `id` bigint unsigned NOT NULL AUTO_INCREMENT,
  `invoice_id` bigint unsigned NOT NULL,
  `reference_type` varchar(191) COLLATE utf8mb4_unicode_ci NOT NULL,
  `reference_id` bigint unsigned NOT NULL,
  `name` varchar(191) COLLATE utf8mb4_unicode_ci NOT NULL,
  `description` varchar(400) COLLATE utf8mb4_unicode_ci DEFAULT NULL,
  `image` varchar(191) COLLATE utf8mb4_unicode_ci DEFAULT NULL,
  `qty` int unsigned NOT NULL,
  `price` decimal(15,2) NOT NULL DEFAULT '0.00',
  `sub_total` decimal(15,2) unsigned NOT NULL,
  `tax_amount` decimal(15,2) unsigned NOT NULL DEFAULT '0.00',
  `discount_amount` decimal(15,2) unsigned NOT NULL DEFAULT '0.00',
  `amount` decimal(15,2) unsigned NOT NULL,
  `options` text COLLATE utf8mb4_unicode_ci,
  `created_at` timestamp NULL DEFAULT NULL,
  `updated_at` timestamp NULL DEFAULT NULL,
  PRIMARY KEY (`id`),
  KEY `ec_invoice_items_reference_type_reference_id_index` (`reference_type`,`reference_id`)
) ENGINE=InnoDB DEFAULT CHARSET=utf8mb4 COLLATE=utf8mb4_unicode_ci;

--
-- Dumping data for table `ec_invoice_items`
--


--
-- Table structure for table `ec_invoices`
--

CREATE TABLE `ec_invoices` (
  `id` bigint unsigned NOT NULL AUTO_INCREMENT,
  `reference_type` varchar(191) COLLATE utf8mb4_unicode_ci NOT NULL,
  `reference_id` bigint unsigned NOT NULL,
  `code` varchar(191) COLLATE utf8mb4_unicode_ci NOT NULL,
  `customer_name` varchar(191) COLLATE utf8mb4_unicode_ci DEFAULT NULL,
  `company_name` varchar(191) COLLATE utf8mb4_unicode_ci DEFAULT NULL,
  `company_logo` varchar(191) COLLATE utf8mb4_unicode_ci DEFAULT NULL,
  `customer_email` varchar(191) COLLATE utf8mb4_unicode_ci DEFAULT NULL,
  `customer_phone` varchar(191) COLLATE utf8mb4_unicode_ci DEFAULT NULL,
  `customer_address` varchar(191) COLLATE utf8mb4_unicode_ci DEFAULT NULL,
  `customer_country` varchar(191) COLLATE utf8mb4_unicode_ci DEFAULT NULL,
  `customer_state` varchar(191) COLLATE utf8mb4_unicode_ci DEFAULT NULL,
  `customer_city` varchar(191) COLLATE utf8mb4_unicode_ci DEFAULT NULL,
  `customer_zip_code` varchar(191) COLLATE utf8mb4_unicode_ci DEFAULT NULL,
  `customer_address_line` varchar(191) COLLATE utf8mb4_unicode_ci DEFAULT NULL,
  `customer_tax_id` varchar(191) COLLATE utf8mb4_unicode_ci DEFAULT NULL,
  `sub_total` decimal(15,2) unsigned NOT NULL,
  `tax_amount` decimal(15,2) DEFAULT '0.00',
  `shipping_amount` decimal(15,2) unsigned NOT NULL DEFAULT '0.00',
  `payment_fee` decimal(15,2) DEFAULT '0.00',
  `discount_amount` decimal(15,2) unsigned NOT NULL DEFAULT '0.00',
  `shipping_option` varchar(60) COLLATE utf8mb4_unicode_ci DEFAULT NULL,
  `shipping_method` varchar(60) COLLATE utf8mb4_unicode_ci NOT NULL DEFAULT 'default',
  `coupon_code` varchar(120) COLLATE utf8mb4_unicode_ci DEFAULT NULL,
  `discount_description` varchar(191) COLLATE utf8mb4_unicode_ci DEFAULT NULL,
  `amount` decimal(15,2) unsigned NOT NULL,
  `description` text COLLATE utf8mb4_unicode_ci,
  `payment_id` bigint unsigned DEFAULT NULL,
  `status` varchar(191) COLLATE utf8mb4_unicode_ci NOT NULL DEFAULT 'pending',
  `paid_at` timestamp NULL DEFAULT NULL,
  `created_at` timestamp NULL DEFAULT NULL,
  `updated_at` timestamp NULL DEFAULT NULL,
  PRIMARY KEY (`id`),
  UNIQUE KEY `ec_invoices_code_unique` (`code`),
  KEY `ec_invoices_reference_type_reference_id_index` (`reference_type`,`reference_id`),
  KEY `ec_invoices_payment_id_index` (`payment_id`),
  KEY `ec_invoices_status_index` (`status`)
) ENGINE=InnoDB DEFAULT CHARSET=utf8mb4 COLLATE=utf8mb4_unicode_ci;

--
-- Dumping data for table `ec_invoices`
--


--
-- Table structure for table `ec_option_value`
--

CREATE TABLE `ec_option_value` (
  `id` bigint unsigned NOT NULL AUTO_INCREMENT,
  `option_id` bigint unsigned NOT NULL COMMENT 'option id',
  `option_value` tinytext COLLATE utf8mb4_unicode_ci COMMENT 'option value',
  `affect_price` double DEFAULT NULL COMMENT 'value of price of this option affect',
  `order` int NOT NULL DEFAULT '9999',
  `affect_type` tinyint NOT NULL DEFAULT '0' COMMENT '0. fixed 1. percent',
  `created_at` timestamp NULL DEFAULT NULL,
  `updated_at` timestamp NULL DEFAULT NULL,
  PRIMARY KEY (`id`)
) ENGINE=InnoDB DEFAULT CHARSET=utf8mb4 COLLATE=utf8mb4_unicode_ci;

--
-- Dumping data for table `ec_option_value`
--


--
-- Table structure for table `ec_option_value_translations`
--

CREATE TABLE `ec_option_value_translations` (
  `lang_code` varchar(191) COLLATE utf8mb4_unicode_ci NOT NULL,
  `ec_option_value_id` bigint unsigned NOT NULL,
  `option_value` varchar(191) COLLATE utf8mb4_unicode_ci DEFAULT NULL,
  PRIMARY KEY (`lang_code`,`ec_option_value_id`)
) ENGINE=InnoDB DEFAULT CHARSET=utf8mb4 COLLATE=utf8mb4_unicode_ci;

--
-- Dumping data for table `ec_option_value_translations`
--


--
-- Table structure for table `ec_options`
--

CREATE TABLE `ec_options` (
  `id` bigint unsigned NOT NULL AUTO_INCREMENT,
  `name` varchar(191) COLLATE utf8mb4_unicode_ci NOT NULL COMMENT 'Name of options',
  `option_type` varchar(191) COLLATE utf8mb4_unicode_ci DEFAULT NULL COMMENT 'option type',
  `product_id` bigint unsigned NOT NULL DEFAULT '0',
  `order` int NOT NULL DEFAULT '9999',
  `required` tinyint(1) NOT NULL DEFAULT '0' COMMENT 'Checked if this option is required',
  `created_at` timestamp NULL DEFAULT NULL,
  `updated_at` timestamp NULL DEFAULT NULL,
  PRIMARY KEY (`id`)
) ENGINE=InnoDB DEFAULT CHARSET=utf8mb4 COLLATE=utf8mb4_unicode_ci;

--
-- Dumping data for table `ec_options`
--


--
-- Table structure for table `ec_options_translations`
--

CREATE TABLE `ec_options_translations` (
  `lang_code` varchar(191) COLLATE utf8mb4_unicode_ci NOT NULL,
  `ec_options_id` bigint unsigned NOT NULL,
  `name` varchar(191) COLLATE utf8mb4_unicode_ci DEFAULT NULL,
  PRIMARY KEY (`lang_code`,`ec_options_id`)
) ENGINE=InnoDB DEFAULT CHARSET=utf8mb4 COLLATE=utf8mb4_unicode_ci;

--
-- Dumping data for table `ec_options_translations`
--


--
-- Table structure for table `ec_order_addresses`
--

CREATE TABLE `ec_order_addresses` (
  `id` bigint unsigned NOT NULL AUTO_INCREMENT,
  `name` varchar(191) COLLATE utf8mb4_unicode_ci NOT NULL,
  `phone` varchar(20) COLLATE utf8mb4_unicode_ci DEFAULT NULL,
  `email` varchar(191) COLLATE utf8mb4_unicode_ci DEFAULT NULL,
  `country` varchar(120) COLLATE utf8mb4_unicode_ci DEFAULT NULL,
  `state` varchar(120) COLLATE utf8mb4_unicode_ci DEFAULT NULL,
  `city` varchar(120) COLLATE utf8mb4_unicode_ci DEFAULT NULL,
  `address` varchar(191) COLLATE utf8mb4_unicode_ci DEFAULT NULL,
  `order_id` bigint unsigned NOT NULL,
  `zip_code` varchar(20) COLLATE utf8mb4_unicode_ci DEFAULT NULL,
  `type` varchar(60) COLLATE utf8mb4_unicode_ci NOT NULL DEFAULT 'shipping_address',
  PRIMARY KEY (`id`)
) ENGINE=InnoDB DEFAULT CHARSET=utf8mb4 COLLATE=utf8mb4_unicode_ci;

--
-- Dumping data for table `ec_order_addresses`
--


--
-- Table structure for table `ec_order_histories`
--

CREATE TABLE `ec_order_histories` (
  `id` bigint unsigned NOT NULL AUTO_INCREMENT,
  `action` varchar(120) COLLATE utf8mb4_unicode_ci NOT NULL,
  `description` varchar(400) COLLATE utf8mb4_unicode_ci DEFAULT NULL,
  `user_id` bigint unsigned DEFAULT NULL,
  `order_id` bigint unsigned NOT NULL,
  `extras` text COLLATE utf8mb4_unicode_ci,
  `created_at` timestamp NULL DEFAULT NULL,
  `updated_at` timestamp NULL DEFAULT NULL,
  PRIMARY KEY (`id`)
) ENGINE=InnoDB DEFAULT CHARSET=utf8mb4 COLLATE=utf8mb4_unicode_ci;

--
-- Dumping data for table `ec_order_histories`
--


--
-- Table structure for table `ec_order_product`
--

CREATE TABLE `ec_order_product` (
  `id` bigint unsigned NOT NULL AUTO_INCREMENT,
  `order_id` bigint unsigned NOT NULL,
  `qty` int NOT NULL,
  `price` decimal(15,2) NOT NULL,
  `tax_amount` decimal(15,2) DEFAULT '0.00',
  `options` text COLLATE utf8mb4_unicode_ci,
  `product_options` text COLLATE utf8mb4_unicode_ci COMMENT 'product option data',
  `product_id` bigint unsigned DEFAULT NULL,
  `product_name` varchar(191) COLLATE utf8mb4_unicode_ci NOT NULL,
  `product_image` varchar(191) COLLATE utf8mb4_unicode_ci DEFAULT NULL,
  `weight` double DEFAULT '0',
  `restock_quantity` int unsigned DEFAULT '0',
  `created_at` timestamp NULL DEFAULT NULL,
  `updated_at` timestamp NULL DEFAULT NULL,
  `product_type` varchar(60) COLLATE utf8mb4_unicode_ci NOT NULL DEFAULT 'physical',
  `times_downloaded` int NOT NULL DEFAULT '0',
  `license_code` text COLLATE utf8mb4_unicode_ci,
  `downloaded_at` timestamp NULL DEFAULT NULL,
  PRIMARY KEY (`id`)
) ENGINE=InnoDB DEFAULT CHARSET=utf8mb4 COLLATE=utf8mb4_unicode_ci;

--
-- Dumping data for table `ec_order_product`
--


--
-- Table structure for table `ec_order_referrals`
--

CREATE TABLE `ec_order_referrals` (
  `id` bigint unsigned NOT NULL AUTO_INCREMENT,
  `ip` varchar(39) COLLATE utf8mb4_unicode_ci DEFAULT NULL,
  `landing_domain` varchar(191) COLLATE utf8mb4_unicode_ci DEFAULT NULL,
  `landing_page` varchar(191) COLLATE utf8mb4_unicode_ci DEFAULT NULL,
  `landing_params` varchar(191) COLLATE utf8mb4_unicode_ci DEFAULT NULL,
  `referral` varchar(191) COLLATE utf8mb4_unicode_ci DEFAULT NULL,
  `gclid` varchar(191) COLLATE utf8mb4_unicode_ci DEFAULT NULL,
  `fclid` varchar(191) COLLATE utf8mb4_unicode_ci DEFAULT NULL,
  `utm_source` varchar(191) COLLATE utf8mb4_unicode_ci DEFAULT NULL,
  `utm_campaign` varchar(191) COLLATE utf8mb4_unicode_ci DEFAULT NULL,
  `utm_medium` varchar(191) COLLATE utf8mb4_unicode_ci DEFAULT NULL,
  `utm_term` varchar(191) COLLATE utf8mb4_unicode_ci DEFAULT NULL,
  `utm_content` varchar(191) COLLATE utf8mb4_unicode_ci DEFAULT NULL,
  `referrer_url` text COLLATE utf8mb4_unicode_ci,
  `referrer_domain` varchar(191) COLLATE utf8mb4_unicode_ci DEFAULT NULL,
  `order_id` bigint unsigned DEFAULT NULL,
  `created_at` timestamp NULL DEFAULT NULL,
  `updated_at` timestamp NULL DEFAULT NULL,
  PRIMARY KEY (`id`),
  KEY `ec_order_referrals_order_id_index` (`order_id`)
) ENGINE=InnoDB DEFAULT CHARSET=utf8mb4 COLLATE=utf8mb4_unicode_ci;

--
-- Dumping data for table `ec_order_referrals`
--


--
-- Table structure for table `ec_order_return_histories`
--

CREATE TABLE `ec_order_return_histories` (
  `id` bigint unsigned NOT NULL AUTO_INCREMENT,
  `user_id` bigint unsigned DEFAULT NULL,
  `order_return_id` bigint unsigned NOT NULL,
  `action` varchar(191) COLLATE utf8mb4_unicode_ci NOT NULL,
  `description` varchar(400) COLLATE utf8mb4_unicode_ci DEFAULT NULL,
  `reason` varchar(191) COLLATE utf8mb4_unicode_ci DEFAULT NULL,
  `created_at` timestamp NULL DEFAULT NULL,
  `updated_at` timestamp NULL DEFAULT NULL,
  PRIMARY KEY (`id`)
) ENGINE=InnoDB DEFAULT CHARSET=utf8mb4 COLLATE=utf8mb4_unicode_ci;

--
-- Dumping data for table `ec_order_return_histories`
--


--
-- Table structure for table `ec_order_return_items`
--

CREATE TABLE `ec_order_return_items` (
  `id` bigint unsigned NOT NULL AUTO_INCREMENT,
  `order_return_id` bigint unsigned NOT NULL COMMENT 'Order return id',
  `order_product_id` bigint unsigned NOT NULL COMMENT 'Order product id',
  `product_id` bigint unsigned NOT NULL COMMENT 'Product id',
  `product_name` varchar(191) COLLATE utf8mb4_unicode_ci NOT NULL,
  `product_image` varchar(191) COLLATE utf8mb4_unicode_ci DEFAULT NULL,
  `qty` int NOT NULL COMMENT 'Quantity return',
  `price` decimal(15,2) NOT NULL COMMENT 'Price Product',
  `reason` text COLLATE utf8mb4_unicode_ci,
  `created_at` timestamp NULL DEFAULT NULL,
  `updated_at` timestamp NULL DEFAULT NULL,
  `refund_amount` decimal(12,2) DEFAULT '0.00',
  PRIMARY KEY (`id`)
) ENGINE=InnoDB DEFAULT CHARSET=utf8mb4 COLLATE=utf8mb4_unicode_ci;

--
-- Dumping data for table `ec_order_return_items`
--


--
-- Table structure for table `ec_order_returns`
--

CREATE TABLE `ec_order_returns` (
  `id` bigint unsigned NOT NULL AUTO_INCREMENT,
  `code` varchar(191) COLLATE utf8mb4_unicode_ci DEFAULT NULL,
  `order_id` bigint unsigned NOT NULL COMMENT 'Order ID',
  `store_id` bigint unsigned DEFAULT NULL COMMENT 'Store ID',
  `user_id` bigint unsigned NOT NULL COMMENT 'Customer ID',
  `reason` text COLLATE utf8mb4_unicode_ci COMMENT 'Reason return order',
  `order_status` varchar(191) COLLATE utf8mb4_unicode_ci DEFAULT NULL COMMENT 'Order current status',
  `return_status` varchar(191) COLLATE utf8mb4_unicode_ci NOT NULL COMMENT 'Return status',
  `created_at` timestamp NULL DEFAULT NULL,
  `updated_at` timestamp NULL DEFAULT NULL,
  PRIMARY KEY (`id`),
  UNIQUE KEY `ec_order_returns_code_unique` (`code`)
) ENGINE=InnoDB DEFAULT CHARSET=utf8mb4 COLLATE=utf8mb4_unicode_ci;

--
-- Dumping data for table `ec_order_returns`
--


--
-- Table structure for table `ec_order_tax_information`
--

CREATE TABLE `ec_order_tax_information` (
  `id` bigint unsigned NOT NULL AUTO_INCREMENT,
  `order_id` bigint unsigned NOT NULL,
  `company_name` varchar(120) COLLATE utf8mb4_unicode_ci NOT NULL,
  `company_address` varchar(191) COLLATE utf8mb4_unicode_ci NOT NULL,
  `company_tax_code` varchar(20) COLLATE utf8mb4_unicode_ci NOT NULL,
  `company_email` varchar(60) COLLATE utf8mb4_unicode_ci NOT NULL,
  `created_at` timestamp NULL DEFAULT NULL,
  `updated_at` timestamp NULL DEFAULT NULL,
  PRIMARY KEY (`id`),
  KEY `ec_order_tax_information_order_id_index` (`order_id`)
) ENGINE=InnoDB DEFAULT CHARSET=utf8mb4 COLLATE=utf8mb4_unicode_ci;

--
-- Dumping data for table `ec_order_tax_information`
--


--
-- Table structure for table `ec_orders`
--

CREATE TABLE `ec_orders` (
  `id` bigint unsigned NOT NULL AUTO_INCREMENT,
  `code` varchar(191) COLLATE utf8mb4_unicode_ci DEFAULT NULL,
  `user_id` bigint unsigned DEFAULT NULL,
  `shipping_option` varchar(60) COLLATE utf8mb4_unicode_ci DEFAULT NULL,
  `shipping_method` varchar(60) COLLATE utf8mb4_unicode_ci NOT NULL DEFAULT 'default',
  `status` varchar(120) COLLATE utf8mb4_unicode_ci NOT NULL DEFAULT 'pending',
  `amount` decimal(15,2) NOT NULL,
  `tax_amount` decimal(15,2) DEFAULT '0.00',
  `shipping_amount` decimal(15,2) DEFAULT NULL,
  `payment_fee` decimal(15,2) DEFAULT '0.00',
  `description` text COLLATE utf8mb4_unicode_ci,
  `coupon_code` varchar(120) COLLATE utf8mb4_unicode_ci DEFAULT NULL,
  `discount_amount` decimal(15,2) DEFAULT NULL,
  `sub_total` decimal(15,2) NOT NULL,
  `is_confirmed` tinyint(1) NOT NULL DEFAULT '0',
  `discount_description` varchar(191) COLLATE utf8mb4_unicode_ci DEFAULT NULL,
  `is_finished` tinyint(1) DEFAULT '0',
  `cancellation_reason` varchar(191) COLLATE utf8mb4_unicode_ci DEFAULT NULL,
  `cancellation_reason_description` varchar(191) COLLATE utf8mb4_unicode_ci DEFAULT NULL,
  `completed_at` timestamp NULL DEFAULT NULL,
  `token` varchar(120) COLLATE utf8mb4_unicode_ci DEFAULT NULL,
  `payment_id` bigint unsigned DEFAULT NULL,
  `created_at` timestamp NULL DEFAULT NULL,
  `updated_at` timestamp NULL DEFAULT NULL,
  `store_id` bigint unsigned DEFAULT NULL,
  `proof_file` varchar(191) COLLATE utf8mb4_unicode_ci DEFAULT NULL,
  `private_notes` text COLLATE utf8mb4_unicode_ci,
  PRIMARY KEY (`id`),
  UNIQUE KEY `ec_orders_code_unique` (`code`),
  KEY `ec_orders_user_id_status_created_at_index` (`user_id`,`status`,`created_at`)
) ENGINE=InnoDB DEFAULT CHARSET=utf8mb4 COLLATE=utf8mb4_unicode_ci;

--
-- Dumping data for table `ec_orders`
--


--
-- Table structure for table `ec_product_attribute_sets`
--

CREATE TABLE `ec_product_attribute_sets` (
  `id` bigint unsigned NOT NULL AUTO_INCREMENT,
  `title` varchar(120) COLLATE utf8mb4_unicode_ci NOT NULL,
  `slug` varchar(120) COLLATE utf8mb4_unicode_ci DEFAULT NULL,
  `display_layout` varchar(191) COLLATE utf8mb4_unicode_ci NOT NULL DEFAULT 'dropdown',
  `is_searchable` tinyint unsigned NOT NULL DEFAULT '1',
  `is_comparable` tinyint unsigned NOT NULL DEFAULT '1',
  `is_use_in_product_listing` tinyint unsigned NOT NULL DEFAULT '0',
  `status` varchar(60) COLLATE utf8mb4_unicode_ci NOT NULL DEFAULT 'published',
  `order` tinyint unsigned NOT NULL DEFAULT '0',
  `created_at` timestamp NULL DEFAULT NULL,
  `updated_at` timestamp NULL DEFAULT NULL,
  `use_image_from_product_variation` tinyint unsigned NOT NULL DEFAULT '0',
  PRIMARY KEY (`id`)
) ENGINE=InnoDB AUTO_INCREMENT=5 DEFAULT CHARSET=utf8mb4 COLLATE=utf8mb4_unicode_ci;

--
-- Dumping data for table `ec_product_attribute_sets`
--

INSERT INTO `ec_product_attribute_sets` VALUES (1,'Color','color','visual',1,1,1,'published',0,'2025-07-28 01:50:55','2025-07-28 01:50:55',0),(2,'Size','size','text',1,1,1,'published',1,'2025-07-28 01:50:55','2025-07-28 01:50:55',0),(3,'Weight','weight','text',1,1,1,'published',0,'2025-07-28 01:50:55','2025-07-28 01:50:55',0),(4,'Boxes','boxes','text',1,1,1,'published',1,'2025-07-28 01:50:55','2025-07-28 01:50:55',0);

--
-- Table structure for table `ec_product_attribute_sets_translations`
--

CREATE TABLE `ec_product_attribute_sets_translations` (
  `lang_code` varchar(191) COLLATE utf8mb4_unicode_ci NOT NULL,
  `ec_product_attribute_sets_id` bigint unsigned NOT NULL,
  `title` varchar(191) COLLATE utf8mb4_unicode_ci DEFAULT NULL,
  PRIMARY KEY (`lang_code`,`ec_product_attribute_sets_id`)
) ENGINE=InnoDB DEFAULT CHARSET=utf8mb4 COLLATE=utf8mb4_unicode_ci;

--
-- Dumping data for table `ec_product_attribute_sets_translations`
--


--
-- Table structure for table `ec_product_attributes`
--

CREATE TABLE `ec_product_attributes` (
  `id` bigint unsigned NOT NULL AUTO_INCREMENT,
  `attribute_set_id` bigint unsigned NOT NULL,
  `title` varchar(120) COLLATE utf8mb4_unicode_ci NOT NULL,
  `slug` varchar(120) COLLATE utf8mb4_unicode_ci DEFAULT NULL,
  `color` varchar(120) COLLATE utf8mb4_unicode_ci DEFAULT NULL,
  `image` varchar(191) COLLATE utf8mb4_unicode_ci DEFAULT NULL,
  `is_default` tinyint unsigned NOT NULL DEFAULT '0',
  `order` tinyint unsigned NOT NULL DEFAULT '0',
  `created_at` timestamp NULL DEFAULT NULL,
  `updated_at` timestamp NULL DEFAULT NULL,
  PRIMARY KEY (`id`),
  KEY `attribute_set_status_index` (`attribute_set_id`)
) ENGINE=InnoDB AUTO_INCREMENT=21 DEFAULT CHARSET=utf8mb4 COLLATE=utf8mb4_unicode_ci;

--
-- Dumping data for table `ec_product_attributes`
--

INSERT INTO `ec_product_attributes` VALUES (1,1,'Green','green','#5FB7D4',NULL,1,1,'2025-07-28 01:50:55','2025-07-28 01:50:55'),(2,1,'Blue','blue','#333333',NULL,0,2,'2025-07-28 01:50:55','2025-07-28 01:50:55'),(3,1,'Red','red','#DA323F',NULL,0,3,'2025-07-28 01:50:55','2025-07-28 01:50:55'),(4,1,'Black','black','#2F366C',NULL,0,4,'2025-07-28 01:50:55','2025-07-28 01:50:55'),(5,1,'Brown','brown','#87554B',NULL,0,5,'2025-07-28 01:50:55','2025-07-28 01:50:55'),(6,2,'S','s',NULL,NULL,1,1,'2025-07-28 01:50:55','2025-07-28 01:50:55'),(7,2,'M','m',NULL,NULL,0,2,'2025-07-28 01:50:55','2025-07-28 01:50:55'),(8,2,'L','l',NULL,NULL,0,3,'2025-07-28 01:50:55','2025-07-28 01:50:55'),(9,2,'XL','xl',NULL,NULL,0,4,'2025-07-28 01:50:55','2025-07-28 01:50:55'),(10,2,'XXL','xxl',NULL,NULL,0,5,'2025-07-28 01:50:55','2025-07-28 01:50:55'),(11,3,'1KG','1kg',NULL,NULL,1,1,'2025-07-28 01:50:55','2025-07-28 01:50:55'),(12,3,'2KG','2kg',NULL,NULL,0,2,'2025-07-28 01:50:55','2025-07-28 01:50:55'),(13,3,'3KG','3kg',NULL,NULL,0,3,'2025-07-28 01:50:55','2025-07-28 01:50:55'),(14,3,'4KG','4kg',NULL,NULL,0,4,'2025-07-28 01:50:55','2025-07-28 01:50:55'),(15,3,'5KG','5kg',NULL,NULL,0,5,'2025-07-28 01:50:55','2025-07-28 01:50:55'),(16,4,'1 Box','1-box',NULL,NULL,1,1,'2025-07-28 01:50:55','2025-07-28 01:50:55'),(17,4,'2 Boxes','2-boxes',NULL,NULL,0,2,'2025-07-28 01:50:55','2025-07-28 01:50:55'),(18,4,'3 Boxes','3-boxes',NULL,NULL,0,3,'2025-07-28 01:50:55','2025-07-28 01:50:55'),(19,4,'4 Boxes','4-boxes',NULL,NULL,0,4,'2025-07-28 01:50:55','2025-07-28 01:50:55'),(20,4,'5 Boxes','5-boxes',NULL,NULL,0,5,'2025-07-28 01:50:55','2025-07-28 01:50:55');

--
-- Table structure for table `ec_product_attributes_translations`
--

CREATE TABLE `ec_product_attributes_translations` (
  `lang_code` varchar(191) COLLATE utf8mb4_unicode_ci NOT NULL,
  `ec_product_attributes_id` bigint unsigned NOT NULL,
  `title` varchar(191) COLLATE utf8mb4_unicode_ci DEFAULT NULL,
  PRIMARY KEY (`lang_code`,`ec_product_attributes_id`)
) ENGINE=InnoDB DEFAULT CHARSET=utf8mb4 COLLATE=utf8mb4_unicode_ci;

--
-- Dumping data for table `ec_product_attributes_translations`
--


--
-- Table structure for table `ec_product_categories`
--

CREATE TABLE `ec_product_categories` (
  `id` bigint unsigned NOT NULL AUTO_INCREMENT,
  `name` varchar(191) COLLATE utf8mb4_unicode_ci NOT NULL,
  `parent_id` bigint unsigned NOT NULL DEFAULT '0',
  `description` mediumtext COLLATE utf8mb4_unicode_ci,
  `status` varchar(60) COLLATE utf8mb4_unicode_ci NOT NULL DEFAULT 'published',
  `order` int unsigned NOT NULL DEFAULT '0',
  `image` varchar(191) COLLATE utf8mb4_unicode_ci DEFAULT NULL,
  `is_featured` tinyint unsigned NOT NULL DEFAULT '0',
  `created_at` timestamp NULL DEFAULT NULL,
  `updated_at` timestamp NULL DEFAULT NULL,
  `icon` varchar(191) COLLATE utf8mb4_unicode_ci DEFAULT NULL,
  `icon_image` varchar(191) COLLATE utf8mb4_unicode_ci DEFAULT NULL,
  PRIMARY KEY (`id`),
  KEY `ec_product_categories_parent_id_status_created_at_index` (`parent_id`,`status`,`created_at`),
  KEY `ec_product_categories_parent_id_status_index` (`parent_id`,`status`)
) ENGINE=InnoDB AUTO_INCREMENT=22 DEFAULT CHARSET=utf8mb4 COLLATE=utf8mb4_unicode_ci;

--
-- Dumping data for table `ec_product_categories`
--

INSERT INTO `ec_product_categories` VALUES (1,'Discover Skincare',0,NULL,'published',0,'jewelry/product-categories/1.jpg',1,'2025-07-28 01:51:08','2025-07-28 01:51:08',NULL,NULL),(2,'Clothing',0,NULL,'published',1,'jewelry/product-categories/4.jpg',1,'2025-07-28 01:51:08','2025-07-28 01:51:08',NULL,NULL),(3,'Men\'s Clothing',2,NULL,'published',0,NULL,0,'2025-07-28 01:51:08','2025-07-28 01:51:08',NULL,NULL),(4,'T-Shirts',3,NULL,'published',0,NULL,0,'2025-07-28 01:51:08','2025-07-28 01:51:08',NULL,NULL),(5,'Jeans',3,NULL,'published',1,NULL,0,'2025-07-28 01:51:08','2025-07-28 01:51:08',NULL,NULL),(6,'Suits',3,NULL,'published',2,NULL,0,'2025-07-28 01:51:08','2025-07-28 01:51:08',NULL,NULL),(7,'Women\'s Clothing',2,NULL,'published',1,'jewelry/product-categories/2.jpg',1,'2025-07-28 01:51:08','2025-07-28 01:51:08',NULL,NULL),(8,'Dresses',7,NULL,'published',0,NULL,0,'2025-07-28 01:51:08','2025-07-28 01:51:08',NULL,NULL),(9,'Blouses',7,NULL,'published',1,NULL,0,'2025-07-28 01:51:08','2025-07-28 01:51:08',NULL,NULL),(10,'Pants',7,NULL,'published',2,NULL,0,'2025-07-28 01:51:08','2025-07-28 01:51:08',NULL,NULL),(11,'Accessories',0,NULL,'published',2,'jewelry/product-categories/5.jpg',1,'2025-07-28 01:51:08','2025-07-28 01:51:08',NULL,NULL),(12,'Hats',11,NULL,'published',0,NULL,0,'2025-07-28 01:51:08','2025-07-28 01:51:08',NULL,NULL),(13,'Scarves',11,NULL,'published',1,NULL,0,'2025-07-28 01:51:08','2025-07-28 01:51:08',NULL,NULL),(14,'Jewelry',11,NULL,'published',2,NULL,0,'2025-07-28 01:51:08','2025-07-28 01:51:08',NULL,NULL),(15,'Sportswear',0,NULL,'published',3,NULL,0,'2025-07-28 01:51:08','2025-07-28 01:51:08',NULL,NULL),(16,'Activewear',15,NULL,'published',0,NULL,0,'2025-07-28 01:51:08','2025-07-28 01:51:08',NULL,NULL),(17,'Running Shoes',15,NULL,'published',1,'jewelry/product-categories/3.jpg',1,'2025-07-28 01:51:08','2025-07-28 01:51:08',NULL,NULL),(18,'Shoes',0,NULL,'published',4,'jewelry/product-categories/6.jpg',1,'2025-07-28 01:51:08','2025-07-28 01:51:08',NULL,NULL),(19,'Sneakers',18,NULL,'published',0,NULL,0,'2025-07-28 01:51:08','2025-07-28 01:51:08',NULL,NULL),(20,'Boots',18,NULL,'published',1,NULL,0,'2025-07-28 01:51:08','2025-07-28 01:51:08',NULL,NULL),(21,'Sandals',18,NULL,'published',2,NULL,0,'2025-07-28 01:51:08','2025-07-28 01:51:08',NULL,NULL);

--
-- Table structure for table `ec_product_categories_translations`
--

CREATE TABLE `ec_product_categories_translations` (
  `lang_code` varchar(191) COLLATE utf8mb4_unicode_ci NOT NULL,
  `ec_product_categories_id` bigint unsigned NOT NULL,
  `name` varchar(191) COLLATE utf8mb4_unicode_ci DEFAULT NULL,
  `description` mediumtext COLLATE utf8mb4_unicode_ci,
  PRIMARY KEY (`lang_code`,`ec_product_categories_id`)
) ENGINE=InnoDB DEFAULT CHARSET=utf8mb4 COLLATE=utf8mb4_unicode_ci;

--
-- Dumping data for table `ec_product_categories_translations`
--


--
-- Table structure for table `ec_product_categorizables`
--

CREATE TABLE `ec_product_categorizables` (
  `category_id` bigint unsigned NOT NULL,
  `reference_id` bigint unsigned NOT NULL,
  `reference_type` varchar(120) COLLATE utf8mb4_unicode_ci NOT NULL,
  PRIMARY KEY (`category_id`,`reference_id`,`reference_type`),
  KEY `ec_product_categorizables_category_id_index` (`category_id`),
  KEY `ec_product_categorizables_reference_id_index` (`reference_id`),
  KEY `ec_product_categorizables_reference_type_index` (`reference_type`)
) ENGINE=InnoDB DEFAULT CHARSET=utf8mb4 COLLATE=utf8mb4_unicode_ci;

--
-- Dumping data for table `ec_product_categorizables`
--


--
-- Table structure for table `ec_product_category_product`
--

CREATE TABLE `ec_product_category_product` (
  `category_id` bigint unsigned NOT NULL,
  `product_id` bigint unsigned NOT NULL,
  PRIMARY KEY (`product_id`,`category_id`),
  KEY `ec_product_category_product_category_id_index` (`category_id`),
  KEY `ec_product_category_product_product_id_index` (`product_id`)
) ENGINE=InnoDB DEFAULT CHARSET=utf8mb4 COLLATE=utf8mb4_unicode_ci;

--
-- Dumping data for table `ec_product_category_product`
--

INSERT INTO `ec_product_category_product` VALUES (1,2),(1,3),(1,7),(1,8),(1,9),(1,15),(1,17),(1,22),(1,30),(1,33),(1,36),(2,1),(2,3),(2,17),(2,34),(2,35),(2,39),(3,2),(3,7),(3,11),(3,26),(3,29),(3,43),(4,6),(4,12),(4,13),(4,26),(4,27),(4,31),(4,32),(4,38),(4,43),(5,1),(5,6),(5,12),(5,15),(5,18),(5,19),(5,20),(5,26),(5,31),(5,32),(5,37),(5,40),(6,9),(6,10),(6,12),(6,16),(6,24),(6,32),(6,34),(6,42),(7,5),(7,12),(7,14),(7,19),(7,26),(7,27),(7,28),(7,31),(7,38),(7,39),(8,4),(8,8),(8,38),(9,4),(9,10),(9,14),(9,15),(9,18),(9,21),(9,24),(9,29),(9,37),(9,42),(9,43),(10,6),(10,11),(10,14),(10,21),(10,22),(10,25),(10,28),(10,36),(10,41),(11,10),(11,16),(11,22),(11,28),(11,40),(11,42),(12,7),(12,18),(12,24),(12,34),(12,39),(12,40),(12,41),(13,5),(13,13),(13,20),(13,23),(13,24),(13,25),(13,27),(13,30),(13,36),(13,42),(14,1),(14,14),(14,19),(14,23),(14,29),(14,30),(14,31),(14,33),(14,35),(14,38),(15,4),(15,8),(15,11),(15,13),(15,16),(15,20),(15,21),(15,25),(15,41),(15,43),(16,5),(16,6),(16,16),(16,17),(16,19),(16,40),(16,41),(17,2),(17,4),(17,7),(17,8),(17,9),(17,13),(17,17),(17,18),(17,27),(17,30),(17,34),(17,35),(17,37),(18,3),(18,5),(18,15),(18,20),(18,21),(18,23),(19,3),(19,36),(20,2),(20,9),(20,11),(20,22),(20,23),(20,25),(20,28),(20,29),(20,33),(20,35),(20,37),(20,39),(21,1),(21,10),(21,32),(21,33);

--
-- Table structure for table `ec_product_collection_products`
--

CREATE TABLE `ec_product_collection_products` (
  `product_collection_id` bigint unsigned NOT NULL,
  `product_id` bigint unsigned NOT NULL,
  PRIMARY KEY (`product_id`,`product_collection_id`),
  KEY `ec_product_collection_products_product_collection_id_index` (`product_collection_id`),
  KEY `ec_product_collection_products_product_id_index` (`product_id`)
) ENGINE=InnoDB DEFAULT CHARSET=utf8mb4 COLLATE=utf8mb4_unicode_ci;

--
-- Dumping data for table `ec_product_collection_products`
--

INSERT INTO `ec_product_collection_products` VALUES (1,8),(1,10),(1,15),(1,16),(1,19),(1,24),(1,27),(1,30),(1,32),(1,33),(2,1),(2,2),(2,4),(2,11),(2,18),(2,22),(2,31),(2,36),(2,37),(2,39),(2,40),(2,42),(3,5),(3,6),(3,7),(3,12),(3,13),(3,17),(3,20),(3,28),(3,29),(3,35),(3,38),(3,41),(3,43),(4,3),(4,9),(4,14),(4,21),(4,23),(4,25),(4,26),(4,34);

--
-- Table structure for table `ec_product_collections`
--

CREATE TABLE `ec_product_collections` (
  `id` bigint unsigned NOT NULL AUTO_INCREMENT,
  `name` varchar(191) COLLATE utf8mb4_unicode_ci NOT NULL,
  `slug` varchar(191) COLLATE utf8mb4_unicode_ci NOT NULL,
  `description` varchar(400) COLLATE utf8mb4_unicode_ci DEFAULT NULL,
  `image` varchar(191) COLLATE utf8mb4_unicode_ci DEFAULT NULL,
  `status` varchar(60) COLLATE utf8mb4_unicode_ci NOT NULL DEFAULT 'published',
  `created_at` timestamp NULL DEFAULT NULL,
  `updated_at` timestamp NULL DEFAULT NULL,
  `is_featured` tinyint unsigned NOT NULL DEFAULT '0',
  PRIMARY KEY (`id`)
) ENGINE=InnoDB AUTO_INCREMENT=5 DEFAULT CHARSET=utf8mb4 COLLATE=utf8mb4_unicode_ci;

--
-- Dumping data for table `ec_product_collections`
--

INSERT INTO `ec_product_collections` VALUES (1,'Trendy Wardrobe Essentials','trendy-wardrobe-essentials',NULL,NULL,'published','2025-07-28 01:51:08','2025-07-28 01:51:08',0),(2,'Fashion Forward Finds','fashion-forward-finds',NULL,NULL,'published','2025-07-28 01:51:08','2025-07-28 01:51:08',0),(3,'Chic &amp; Stylish Collection','chic-stylish-collection',NULL,NULL,'published','2025-07-28 01:51:08','2025-07-28 01:51:08',0),(4,'Weekly Fashion Picks','weekly-fashion-picks',NULL,NULL,'published','2025-07-28 01:51:08','2025-07-28 01:51:08',0);

--
-- Table structure for table `ec_product_collections_translations`
--

CREATE TABLE `ec_product_collections_translations` (
  `lang_code` varchar(191) COLLATE utf8mb4_unicode_ci NOT NULL,
  `ec_product_collections_id` bigint unsigned NOT NULL,
  `name` varchar(191) COLLATE utf8mb4_unicode_ci DEFAULT NULL,
  `description` varchar(400) COLLATE utf8mb4_unicode_ci DEFAULT NULL,
  PRIMARY KEY (`lang_code`,`ec_product_collections_id`)
) ENGINE=InnoDB DEFAULT CHARSET=utf8mb4 COLLATE=utf8mb4_unicode_ci;

--
-- Dumping data for table `ec_product_collections_translations`
--


--
-- Table structure for table `ec_product_cross_sale_relations`
--

CREATE TABLE `ec_product_cross_sale_relations` (
  `from_product_id` bigint unsigned NOT NULL,
  `to_product_id` bigint unsigned NOT NULL,
  `is_variant` tinyint(1) NOT NULL DEFAULT '0',
  `price` decimal(15,2) DEFAULT '0.00',
  `price_type` varchar(191) COLLATE utf8mb4_unicode_ci NOT NULL DEFAULT 'fixed',
  `apply_to_all_variations` tinyint(1) NOT NULL DEFAULT '1',
  PRIMARY KEY (`from_product_id`,`to_product_id`),
  KEY `ec_product_cross_sale_relations_from_product_id_index` (`from_product_id`),
  KEY `ec_product_cross_sale_relations_to_product_id_index` (`to_product_id`)
) ENGINE=InnoDB DEFAULT CHARSET=utf8mb4 COLLATE=utf8mb4_unicode_ci;

--
-- Dumping data for table `ec_product_cross_sale_relations`
--

INSERT INTO `ec_product_cross_sale_relations` VALUES (1,17,0,0.00,'fixed',1),(1,19,0,0.00,'fixed',1),(1,23,0,0.00,'fixed',1),(1,26,0,0.00,'fixed',1),(1,29,0,0.00,'fixed',1),(2,8,0,0.00,'fixed',1),(2,9,0,0.00,'fixed',1),(2,13,0,0.00,'fixed',1),(2,36,0,0.00,'fixed',1),(2,38,0,0.00,'fixed',1),(2,39,0,0.00,'fixed',1),(3,10,0,0.00,'fixed',1),(3,12,0,0.00,'fixed',1),(3,16,0,0.00,'fixed',1),(3,23,0,0.00,'fixed',1),(3,26,0,0.00,'fixed',1),(3,30,0,0.00,'fixed',1),(3,42,0,0.00,'fixed',1),(4,6,0,0.00,'fixed',1),(4,11,0,0.00,'fixed',1),(4,13,0,0.00,'fixed',1),(4,18,0,0.00,'fixed',1),(4,21,0,0.00,'fixed',1),(4,33,0,0.00,'fixed',1),(4,35,0,0.00,'fixed',1),(5,1,0,0.00,'fixed',1),(5,3,0,0.00,'fixed',1),(5,17,0,0.00,'fixed',1),(5,18,0,0.00,'fixed',1),(5,31,0,0.00,'fixed',1),(5,33,0,0.00,'fixed',1),(5,37,0,0.00,'fixed',1),(6,1,0,0.00,'fixed',1),(6,19,0,0.00,'fixed',1),(6,24,0,0.00,'fixed',1),(6,25,0,0.00,'fixed',1),(6,26,0,0.00,'fixed',1),(6,28,0,0.00,'fixed',1),(6,30,0,0.00,'fixed',1),(7,5,0,0.00,'fixed',1),(7,8,0,0.00,'fixed',1),(7,9,0,0.00,'fixed',1),(7,13,0,0.00,'fixed',1),(7,30,0,0.00,'fixed',1),(7,35,0,0.00,'fixed',1),(7,42,0,0.00,'fixed',1),(8,3,0,0.00,'fixed',1),(8,7,0,0.00,'fixed',1),(8,9,0,0.00,'fixed',1),(8,12,0,0.00,'fixed',1),(8,19,0,0.00,'fixed',1),(8,23,0,0.00,'fixed',1),(8,26,0,0.00,'fixed',1),(9,4,0,0.00,'fixed',1),(9,5,0,0.00,'fixed',1),(9,10,0,0.00,'fixed',1),(9,11,0,0.00,'fixed',1),(9,21,0,0.00,'fixed',1),(9,35,0,0.00,'fixed',1),(9,41,0,0.00,'fixed',1),(10,9,0,0.00,'fixed',1),(10,17,0,0.00,'fixed',1),(10,19,0,0.00,'fixed',1),(10,23,0,0.00,'fixed',1),(10,28,0,0.00,'fixed',1),(10,39,0,0.00,'fixed',1),(10,40,0,0.00,'fixed',1),(11,1,0,0.00,'fixed',1),(11,5,0,0.00,'fixed',1),(11,13,0,0.00,'fixed',1),(11,27,0,0.00,'fixed',1),(11,30,0,0.00,'fixed',1),(11,35,0,0.00,'fixed',1),(11,40,0,0.00,'fixed',1),(12,1,0,0.00,'fixed',1),(12,4,0,0.00,'fixed',1),(12,7,0,0.00,'fixed',1),(12,13,0,0.00,'fixed',1),(12,16,0,0.00,'fixed',1),(12,33,0,0.00,'fixed',1),(12,39,0,0.00,'fixed',1),(13,2,0,0.00,'fixed',1),(13,8,0,0.00,'fixed',1),(13,21,0,0.00,'fixed',1),(13,26,0,0.00,'fixed',1),(13,34,0,0.00,'fixed',1),(13,35,0,0.00,'fixed',1),(13,38,0,0.00,'fixed',1),(14,1,0,0.00,'fixed',1),(14,7,0,0.00,'fixed',1),(14,12,0,0.00,'fixed',1),(14,18,0,0.00,'fixed',1),(14,27,0,0.00,'fixed',1),(14,28,0,0.00,'fixed',1),(14,40,0,0.00,'fixed',1),(15,7,0,0.00,'fixed',1),(15,24,0,0.00,'fixed',1),(15,29,0,0.00,'fixed',1),(15,32,0,0.00,'fixed',1),(15,33,0,0.00,'fixed',1),(15,36,0,0.00,'fixed',1),(16,7,0,0.00,'fixed',1),(16,9,0,0.00,'fixed',1),(16,17,0,0.00,'fixed',1),(16,35,0,0.00,'fixed',1),(16,36,0,0.00,'fixed',1),(16,37,0,0.00,'fixed',1),(16,43,0,0.00,'fixed',1),(17,1,0,0.00,'fixed',1),(17,14,0,0.00,'fixed',1),(17,26,0,0.00,'fixed',1),(17,27,0,0.00,'fixed',1),(17,31,0,0.00,'fixed',1),(17,38,0,0.00,'fixed',1),(17,41,0,0.00,'fixed',1),(18,1,0,0.00,'fixed',1),(18,2,0,0.00,'fixed',1),(18,9,0,0.00,'fixed',1),(18,16,0,0.00,'fixed',1),(18,28,0,0.00,'fixed',1),(18,39,0,0.00,'fixed',1),(18,43,0,0.00,'fixed',1),(19,3,0,0.00,'fixed',1),(19,7,0,0.00,'fixed',1),(19,11,0,0.00,'fixed',1),(19,23,0,0.00,'fixed',1),(19,26,0,0.00,'fixed',1),(19,31,0,0.00,'fixed',1),(19,32,0,0.00,'fixed',1),(20,5,0,0.00,'fixed',1),(20,10,0,0.00,'fixed',1),(20,13,0,0.00,'fixed',1),(20,22,0,0.00,'fixed',1),(20,24,0,0.00,'fixed',1),(20,36,0,0.00,'fixed',1),(20,40,0,0.00,'fixed',1),(21,2,0,0.00,'fixed',1),(21,9,0,0.00,'fixed',1),(21,28,0,0.00,'fixed',1),(21,31,0,0.00,'fixed',1),(21,33,0,0.00,'fixed',1),(21,38,0,0.00,'fixed',1),(21,40,0,0.00,'fixed',1),(22,5,0,0.00,'fixed',1),(22,10,0,0.00,'fixed',1),(22,12,0,0.00,'fixed',1),(22,20,0,0.00,'fixed',1),(22,31,0,0.00,'fixed',1),(22,32,0,0.00,'fixed',1),(23,7,0,0.00,'fixed',1),(23,16,0,0.00,'fixed',1),(23,17,0,0.00,'fixed',1),(23,21,0,0.00,'fixed',1),(23,28,0,0.00,'fixed',1),(23,29,0,0.00,'fixed',1),(23,34,0,0.00,'fixed',1),(24,6,0,0.00,'fixed',1),(24,29,0,0.00,'fixed',1),(24,31,0,0.00,'fixed',1),(24,33,0,0.00,'fixed',1),(24,39,0,0.00,'fixed',1),(24,40,0,0.00,'fixed',1),(24,42,0,0.00,'fixed',1),(25,4,0,0.00,'fixed',1),(25,14,0,0.00,'fixed',1),(25,16,0,0.00,'fixed',1),(25,26,0,0.00,'fixed',1),(25,30,0,0.00,'fixed',1),(25,36,0,0.00,'fixed',1),(25,39,0,0.00,'fixed',1),(26,6,0,0.00,'fixed',1),(26,9,0,0.00,'fixed',1),(26,22,0,0.00,'fixed',1),(26,24,0,0.00,'fixed',1),(26,27,0,0.00,'fixed',1),(26,42,0,0.00,'fixed',1),(27,4,0,0.00,'fixed',1),(27,7,0,0.00,'fixed',1),(27,8,0,0.00,'fixed',1),(27,22,0,0.00,'fixed',1),(27,23,0,0.00,'fixed',1),(27,31,0,0.00,'fixed',1),(27,34,0,0.00,'fixed',1),(28,7,0,0.00,'fixed',1),(28,9,0,0.00,'fixed',1),(28,23,0,0.00,'fixed',1),(28,25,0,0.00,'fixed',1),(28,27,0,0.00,'fixed',1),(28,43,0,0.00,'fixed',1),(29,4,0,0.00,'fixed',1),(29,8,0,0.00,'fixed',1),(29,10,0,0.00,'fixed',1),(29,27,0,0.00,'fixed',1),(29,28,0,0.00,'fixed',1),(29,35,0,0.00,'fixed',1),(29,38,0,0.00,'fixed',1),(30,3,0,0.00,'fixed',1),(30,8,0,0.00,'fixed',1),(30,11,0,0.00,'fixed',1),(30,13,0,0.00,'fixed',1),(30,22,0,0.00,'fixed',1),(30,27,0,0.00,'fixed',1),(31,9,0,0.00,'fixed',1),(31,11,0,0.00,'fixed',1),(31,22,0,0.00,'fixed',1),(31,36,0,0.00,'fixed',1),(31,42,0,0.00,'fixed',1),(32,10,0,0.00,'fixed',1),(32,18,0,0.00,'fixed',1),(32,25,0,0.00,'fixed',1),(32,28,0,0.00,'fixed',1),(32,33,0,0.00,'fixed',1),(32,34,0,0.00,'fixed',1),(32,40,0,0.00,'fixed',1),(33,2,0,0.00,'fixed',1),(33,3,0,0.00,'fixed',1),(33,8,0,0.00,'fixed',1),(33,10,0,0.00,'fixed',1),(33,41,0,0.00,'fixed',1),(34,2,0,0.00,'fixed',1),(34,11,0,0.00,'fixed',1),(34,12,0,0.00,'fixed',1),(34,29,0,0.00,'fixed',1),(34,32,0,0.00,'fixed',1),(34,42,0,0.00,'fixed',1),(35,9,0,0.00,'fixed',1),(35,11,0,0.00,'fixed',1),(35,12,0,0.00,'fixed',1),(35,14,0,0.00,'fixed',1),(35,20,0,0.00,'fixed',1),(35,25,0,0.00,'fixed',1),(35,34,0,0.00,'fixed',1),(36,14,0,0.00,'fixed',1),(36,17,0,0.00,'fixed',1),(36,24,0,0.00,'fixed',1),(36,26,0,0.00,'fixed',1),(36,34,0,0.00,'fixed',1),(36,39,0,0.00,'fixed',1),(36,42,0,0.00,'fixed',1),(37,24,0,0.00,'fixed',1),(37,25,0,0.00,'fixed',1),(37,26,0,0.00,'fixed',1),(37,29,0,0.00,'fixed',1),(37,31,0,0.00,'fixed',1),(37,32,0,0.00,'fixed',1),(37,36,0,0.00,'fixed',1),(38,8,0,0.00,'fixed',1),(38,12,0,0.00,'fixed',1),(38,17,0,0.00,'fixed',1),(38,25,0,0.00,'fixed',1),(38,27,0,0.00,'fixed',1),(38,29,0,0.00,'fixed',1),(38,42,0,0.00,'fixed',1),(39,2,0,0.00,'fixed',1),(39,5,0,0.00,'fixed',1),(39,11,0,0.00,'fixed',1),(39,15,0,0.00,'fixed',1),(39,25,0,0.00,'fixed',1),(39,26,0,0.00,'fixed',1),(39,33,0,0.00,'fixed',1),(40,8,0,0.00,'fixed',1),(40,9,0,0.00,'fixed',1),(40,18,0,0.00,'fixed',1),(40,22,0,0.00,'fixed',1),(40,23,0,0.00,'fixed',1),(40,24,0,0.00,'fixed',1),(41,7,0,0.00,'fixed',1),(41,9,0,0.00,'fixed',1),(41,13,0,0.00,'fixed',1),(41,15,0,0.00,'fixed',1),(41,20,0,0.00,'fixed',1),(41,26,0,0.00,'fixed',1),(41,33,0,0.00,'fixed',1),(42,3,0,0.00,'fixed',1),(42,11,0,0.00,'fixed',1),(42,13,0,0.00,'fixed',1),(42,22,0,0.00,'fixed',1),(42,23,0,0.00,'fixed',1),(42,34,0,0.00,'fixed',1),(43,2,0,0.00,'fixed',1),(43,4,0,0.00,'fixed',1),(43,15,0,0.00,'fixed',1),(43,23,0,0.00,'fixed',1),(43,26,0,0.00,'fixed',1),(43,33,0,0.00,'fixed',1),(43,34,0,0.00,'fixed',1);

--
-- Table structure for table `ec_product_files`
--

CREATE TABLE `ec_product_files` (
  `id` bigint unsigned NOT NULL AUTO_INCREMENT,
  `product_id` bigint unsigned DEFAULT NULL,
  `url` varchar(400) COLLATE utf8mb4_unicode_ci DEFAULT NULL,
  `extras` mediumtext COLLATE utf8mb4_unicode_ci,
  `created_at` timestamp NULL DEFAULT NULL,
  `updated_at` timestamp NULL DEFAULT NULL,
  PRIMARY KEY (`id`),
  KEY `ec_product_files_product_id_index` (`product_id`)
) ENGINE=InnoDB AUTO_INCREMENT=34 DEFAULT CHARSET=utf8mb4 COLLATE=utf8mb4_unicode_ci;

--
-- Dumping data for table `ec_product_files`
--

INSERT INTO `ec_product_files` VALUES (1,4,'ecommerce/digital-product-files/product-4.jpg','{\"filename\":\"product-4.jpg\",\"url\":\"ecommerce\\/digital-product-files\\/product-4.jpg\",\"mime_type\":\"image\\/jpeg\",\"size\":9803,\"modified\":\"2025-07-28 08:51:11\",\"name\":\"product-4\",\"extension\":\"jpg\"}','2025-07-28 01:51:11','2025-07-28 01:51:11'),(2,4,'ecommerce/digital-product-files/product-10.jpg','{\"filename\":\"product-10.jpg\",\"url\":\"ecommerce\\/digital-product-files\\/product-10.jpg\",\"mime_type\":\"image\\/jpeg\",\"size\":9803,\"modified\":\"2025-07-28 08:51:11\",\"name\":\"product-10\",\"extension\":\"jpg\"}','2025-07-28 01:51:11','2025-07-28 01:51:11'),(3,8,'ecommerce/digital-product-files/product-19.jpg','{\"filename\":\"product-19.jpg\",\"url\":\"ecommerce\\/digital-product-files\\/product-19.jpg\",\"mime_type\":\"image\\/jpeg\",\"size\":9803,\"modified\":\"2025-07-28 08:51:11\",\"name\":\"product-19\",\"extension\":\"jpg\"}','2025-07-28 01:51:11','2025-07-28 01:51:11'),(4,8,'ecommerce/digital-product-files/product-20.jpg','{\"filename\":\"product-20.jpg\",\"url\":\"ecommerce\\/digital-product-files\\/product-20.jpg\",\"mime_type\":\"image\\/jpeg\",\"size\":9803,\"modified\":\"2025-07-28 08:51:11\",\"name\":\"product-20\",\"extension\":\"jpg\"}','2025-07-28 01:51:11','2025-07-28 01:51:11'),(5,12,'ecommerce/digital-product-files/product-17.jpg','{\"filename\":\"product-17.jpg\",\"url\":\"ecommerce\\/digital-product-files\\/product-17.jpg\",\"mime_type\":\"image\\/jpeg\",\"size\":9803,\"modified\":\"2025-07-28 08:51:11\",\"name\":\"product-17\",\"extension\":\"jpg\"}','2025-07-28 01:51:11','2025-07-28 01:51:11'),(6,12,'ecommerce/digital-product-files/product-4.jpg','{\"filename\":\"product-4.jpg\",\"url\":\"ecommerce\\/digital-product-files\\/product-4.jpg\",\"mime_type\":\"image\\/jpeg\",\"size\":9803,\"modified\":\"2025-07-28 08:51:11\",\"name\":\"product-4\",\"extension\":\"jpg\"}','2025-07-28 01:51:11','2025-07-28 01:51:11'),(7,16,'ecommerce/digital-product-files/product-9.jpg','{\"filename\":\"product-9.jpg\",\"url\":\"ecommerce\\/digital-product-files\\/product-9.jpg\",\"mime_type\":\"image\\/jpeg\",\"size\":9803,\"modified\":\"2025-07-28 08:51:11\",\"name\":\"product-9\",\"extension\":\"jpg\"}','2025-07-28 01:51:11','2025-07-28 01:51:11'),(8,16,'ecommerce/digital-product-files/product-3.jpg','{\"filename\":\"product-3.jpg\",\"url\":\"ecommerce\\/digital-product-files\\/product-3.jpg\",\"mime_type\":\"image\\/jpeg\",\"size\":9803,\"modified\":\"2025-07-28 08:51:11\",\"name\":\"product-3\",\"extension\":\"jpg\"}','2025-07-28 01:51:11','2025-07-28 01:51:11'),(9,20,'ecommerce/digital-product-files/product-details-desc-1.jpg','{\"filename\":\"product-details-desc-1.jpg\",\"url\":\"ecommerce\\/digital-product-files\\/product-details-desc-1.jpg\",\"mime_type\":\"image\\/jpeg\",\"size\":9803,\"modified\":\"2025-07-28 08:51:11\",\"name\":\"product-details-desc-1\",\"extension\":\"jpg\"}','2025-07-28 01:51:11','2025-07-28 01:51:11'),(10,20,'ecommerce/digital-product-files/product-6.jpg','{\"filename\":\"product-6.jpg\",\"url\":\"ecommerce\\/digital-product-files\\/product-6.jpg\",\"mime_type\":\"image\\/jpeg\",\"size\":9803,\"modified\":\"2025-07-28 08:51:11\",\"name\":\"product-6\",\"extension\":\"jpg\"}','2025-07-28 01:51:11','2025-07-28 01:51:11'),(11,24,'ecommerce/digital-product-files/product-4.jpg','{\"filename\":\"product-4.jpg\",\"url\":\"ecommerce\\/digital-product-files\\/product-4.jpg\",\"mime_type\":\"image\\/jpeg\",\"size\":9803,\"modified\":\"2025-07-28 08:51:11\",\"name\":\"product-4\",\"extension\":\"jpg\"}','2025-07-28 01:51:11','2025-07-28 01:51:11'),(12,24,'ecommerce/digital-product-files/product-20.jpg','{\"filename\":\"product-20.jpg\",\"url\":\"ecommerce\\/digital-product-files\\/product-20.jpg\",\"mime_type\":\"image\\/jpeg\",\"size\":9803,\"modified\":\"2025-07-28 08:51:11\",\"name\":\"product-20\",\"extension\":\"jpg\"}','2025-07-28 01:51:11','2025-07-28 01:51:11'),(13,28,'ecommerce/digital-product-files/product-20.jpg','{\"filename\":\"product-20.jpg\",\"url\":\"ecommerce\\/digital-product-files\\/product-20.jpg\",\"mime_type\":\"image\\/jpeg\",\"size\":9803,\"modified\":\"2025-07-28 08:51:11\",\"name\":\"product-20\",\"extension\":\"jpg\"}','2025-07-28 01:51:11','2025-07-28 01:51:11'),(14,28,'ecommerce/digital-product-files/product-1.jpg','{\"filename\":\"product-1.jpg\",\"url\":\"ecommerce\\/digital-product-files\\/product-1.jpg\",\"mime_type\":\"image\\/jpeg\",\"size\":9803,\"modified\":\"2025-07-28 08:51:11\",\"name\":\"product-1\",\"extension\":\"jpg\"}','2025-07-28 01:51:11','2025-07-28 01:51:11'),(15,32,'ecommerce/digital-product-files/product-14.jpg','{\"filename\":\"product-14.jpg\",\"url\":\"ecommerce\\/digital-product-files\\/product-14.jpg\",\"mime_type\":\"image\\/jpeg\",\"size\":9803,\"modified\":\"2025-07-28 08:51:11\",\"name\":\"product-14\",\"extension\":\"jpg\"}','2025-07-28 01:51:11','2025-07-28 01:51:11'),(16,32,'ecommerce/digital-product-files/product-4.jpg','{\"filename\":\"product-4.jpg\",\"url\":\"ecommerce\\/digital-product-files\\/product-4.jpg\",\"mime_type\":\"image\\/jpeg\",\"size\":9803,\"modified\":\"2025-07-28 08:51:11\",\"name\":\"product-4\",\"extension\":\"jpg\"}','2025-07-28 01:51:11','2025-07-28 01:51:11'),(17,36,'ecommerce/digital-product-files/product-details-desc-3.jpg','{\"filename\":\"product-details-desc-3.jpg\",\"url\":\"ecommerce\\/digital-product-files\\/product-details-desc-3.jpg\",\"mime_type\":\"image\\/jpeg\",\"size\":9803,\"modified\":\"2025-07-28 08:51:11\",\"name\":\"product-details-desc-3\",\"extension\":\"jpg\"}','2025-07-28 01:51:11','2025-07-28 01:51:11'),(18,36,'ecommerce/digital-product-files/product-16.jpg','{\"filename\":\"product-16.jpg\",\"url\":\"ecommerce\\/digital-product-files\\/product-16.jpg\",\"mime_type\":\"image\\/jpeg\",\"size\":9803,\"modified\":\"2025-07-28 08:51:11\",\"name\":\"product-16\",\"extension\":\"jpg\"}','2025-07-28 01:51:11','2025-07-28 01:51:11'),(19,40,'ecommerce/digital-product-files/product-details-desc-1.jpg','{\"filename\":\"product-details-desc-1.jpg\",\"url\":\"ecommerce\\/digital-product-files\\/product-details-desc-1.jpg\",\"mime_type\":\"image\\/jpeg\",\"size\":9803,\"modified\":\"2025-07-28 08:51:11\",\"name\":\"product-details-desc-1\",\"extension\":\"jpg\"}','2025-07-28 01:51:11','2025-07-28 01:51:11'),(20,40,'ecommerce/digital-product-files/product-7.jpg','{\"filename\":\"product-7.jpg\",\"url\":\"ecommerce\\/digital-product-files\\/product-7.jpg\",\"mime_type\":\"image\\/jpeg\",\"size\":9803,\"modified\":\"2025-07-28 08:51:11\",\"name\":\"product-7\",\"extension\":\"jpg\"}','2025-07-28 01:51:11','2025-07-28 01:51:11'),(21,52,'ecommerce/digital-product-files/product-10.jpg','{\"filename\":\"product-10.jpg\",\"url\":\"ecommerce\\/digital-product-files\\/product-10.jpg\",\"mime_type\":\"image\\/jpeg\",\"size\":9803,\"modified\":\"2025-07-28 08:51:11\",\"name\":\"product-10\",\"extension\":\"jpg\"}','2025-07-28 01:51:11','2025-07-28 01:51:11'),(22,57,'ecommerce/digital-product-files/product-20.jpg','{\"filename\":\"product-20.jpg\",\"url\":\"ecommerce\\/digital-product-files\\/product-20.jpg\",\"mime_type\":\"image\\/jpeg\",\"size\":9803,\"modified\":\"2025-07-28 08:51:11\",\"name\":\"product-20\",\"extension\":\"jpg\"}','2025-07-28 01:51:11','2025-07-28 01:51:11'),(23,69,'ecommerce/digital-product-files/product-3.jpg','{\"filename\":\"product-3.jpg\",\"url\":\"ecommerce\\/digital-product-files\\/product-3.jpg\",\"mime_type\":\"image\\/jpeg\",\"size\":9803,\"modified\":\"2025-07-28 08:51:11\",\"name\":\"product-3\",\"extension\":\"jpg\"}','2025-07-28 01:51:11','2025-07-28 01:51:11'),(24,70,'ecommerce/digital-product-files/product-19.jpg','{\"filename\":\"product-19.jpg\",\"url\":\"ecommerce\\/digital-product-files\\/product-19.jpg\",\"mime_type\":\"image\\/jpeg\",\"size\":9803,\"modified\":\"2025-07-28 08:51:11\",\"name\":\"product-19\",\"extension\":\"jpg\"}','2025-07-28 01:51:11','2025-07-28 01:51:11'),(25,71,'ecommerce/digital-product-files/product-6.jpg','{\"filename\":\"product-6.jpg\",\"url\":\"ecommerce\\/digital-product-files\\/product-6.jpg\",\"mime_type\":\"image\\/jpeg\",\"size\":9803,\"modified\":\"2025-07-28 08:51:11\",\"name\":\"product-6\",\"extension\":\"jpg\"}','2025-07-28 01:51:11','2025-07-28 01:51:11'),(26,77,'ecommerce/digital-product-files/product-20.jpg','{\"filename\":\"product-20.jpg\",\"url\":\"ecommerce\\/digital-product-files\\/product-20.jpg\",\"mime_type\":\"image\\/jpeg\",\"size\":9803,\"modified\":\"2025-07-28 08:51:11\",\"name\":\"product-20\",\"extension\":\"jpg\"}','2025-07-28 01:51:11','2025-07-28 01:51:11'),(27,78,'ecommerce/digital-product-files/product-6.jpg','{\"filename\":\"product-6.jpg\",\"url\":\"ecommerce\\/digital-product-files\\/product-6.jpg\",\"mime_type\":\"image\\/jpeg\",\"size\":9803,\"modified\":\"2025-07-28 08:51:11\",\"name\":\"product-6\",\"extension\":\"jpg\"}','2025-07-28 01:51:11','2025-07-28 01:51:11'),(28,79,'ecommerce/digital-product-files/product-19.jpg','{\"filename\":\"product-19.jpg\",\"url\":\"ecommerce\\/digital-product-files\\/product-19.jpg\",\"mime_type\":\"image\\/jpeg\",\"size\":9803,\"modified\":\"2025-07-28 08:51:11\",\"name\":\"product-19\",\"extension\":\"jpg\"}','2025-07-28 01:51:11','2025-07-28 01:51:11'),(29,80,'ecommerce/digital-product-files/product-4.jpg','{\"filename\":\"product-4.jpg\",\"url\":\"ecommerce\\/digital-product-files\\/product-4.jpg\",\"mime_type\":\"image\\/jpeg\",\"size\":9803,\"modified\":\"2025-07-28 08:51:11\",\"name\":\"product-4\",\"extension\":\"jpg\"}','2025-07-28 01:51:11','2025-07-28 01:51:11'),(30,90,'ecommerce/digital-product-files/product-4.jpg','{\"filename\":\"product-4.jpg\",\"url\":\"ecommerce\\/digital-product-files\\/product-4.jpg\",\"mime_type\":\"image\\/jpeg\",\"size\":9803,\"modified\":\"2025-07-28 08:51:11\",\"name\":\"product-4\",\"extension\":\"jpg\"}','2025-07-28 01:51:11','2025-07-28 01:51:11'),(31,91,'ecommerce/digital-product-files/product-16.jpg','{\"filename\":\"product-16.jpg\",\"url\":\"ecommerce\\/digital-product-files\\/product-16.jpg\",\"mime_type\":\"image\\/jpeg\",\"size\":9803,\"modified\":\"2025-07-28 08:51:11\",\"name\":\"product-16\",\"extension\":\"jpg\"}','2025-07-28 01:51:11','2025-07-28 01:51:11'),(32,92,'ecommerce/digital-product-files/product-18.jpg','{\"filename\":\"product-18.jpg\",\"url\":\"ecommerce\\/digital-product-files\\/product-18.jpg\",\"mime_type\":\"image\\/jpeg\",\"size\":9803,\"modified\":\"2025-07-28 08:51:11\",\"name\":\"product-18\",\"extension\":\"jpg\"}','2025-07-28 01:51:11','2025-07-28 01:51:11'),(33,93,'ecommerce/digital-product-files/product-4.jpg','{\"filename\":\"product-4.jpg\",\"url\":\"ecommerce\\/digital-product-files\\/product-4.jpg\",\"mime_type\":\"image\\/jpeg\",\"size\":9803,\"modified\":\"2025-07-28 08:51:11\",\"name\":\"product-4\",\"extension\":\"jpg\"}','2025-07-28 01:51:11','2025-07-28 01:51:11');

--
-- Table structure for table `ec_product_label_products`
--

CREATE TABLE `ec_product_label_products` (
  `product_label_id` bigint unsigned NOT NULL,
  `product_id` bigint unsigned NOT NULL,
  PRIMARY KEY (`product_label_id`,`product_id`),
  KEY `ec_product_label_products_product_label_id_index` (`product_label_id`),
  KEY `ec_product_label_products_product_id_index` (`product_id`)
) ENGINE=InnoDB DEFAULT CHARSET=utf8mb4 COLLATE=utf8mb4_unicode_ci;

--
-- Dumping data for table `ec_product_label_products`
--

INSERT INTO `ec_product_label_products` VALUES (1,6),(1,39),(1,42),(2,36),(3,3),(3,9),(3,12),(3,15),(3,18),(3,21),(3,24),(3,27),(3,30),(3,33);

--
-- Table structure for table `ec_product_labels`
--

CREATE TABLE `ec_product_labels` (
  `id` bigint unsigned NOT NULL AUTO_INCREMENT,
  `name` varchar(191) COLLATE utf8mb4_unicode_ci NOT NULL,
  `color` varchar(120) COLLATE utf8mb4_unicode_ci DEFAULT NULL,
  `status` varchar(60) COLLATE utf8mb4_unicode_ci NOT NULL DEFAULT 'published',
  `created_at` timestamp NULL DEFAULT NULL,
  `updated_at` timestamp NULL DEFAULT NULL,
  `text_color` varchar(120) COLLATE utf8mb4_unicode_ci DEFAULT NULL,
  PRIMARY KEY (`id`)
) ENGINE=InnoDB AUTO_INCREMENT=4 DEFAULT CHARSET=utf8mb4 COLLATE=utf8mb4_unicode_ci;

--
-- Dumping data for table `ec_product_labels`
--

INSERT INTO `ec_product_labels` VALUES (1,'Hot','#AC2200','published','2025-07-28 01:50:55','2025-07-28 01:50:55',NULL),(2,'New','#006554','published','2025-07-28 01:50:55','2025-07-28 01:50:55',NULL),(3,'Sale','#9A3B00','published','2025-07-28 01:50:55','2025-07-28 01:50:55',NULL);

--
-- Table structure for table `ec_product_labels_translations`
--

CREATE TABLE `ec_product_labels_translations` (
  `lang_code` varchar(191) COLLATE utf8mb4_unicode_ci NOT NULL,
  `ec_product_labels_id` bigint unsigned NOT NULL,
  `name` varchar(191) COLLATE utf8mb4_unicode_ci DEFAULT NULL,
  `description` varchar(400) COLLATE utf8mb4_unicode_ci DEFAULT NULL,
  PRIMARY KEY (`lang_code`,`ec_product_labels_id`)
) ENGINE=InnoDB DEFAULT CHARSET=utf8mb4 COLLATE=utf8mb4_unicode_ci;

--
-- Dumping data for table `ec_product_labels_translations`
--


--
-- Table structure for table `ec_product_license_codes`
--

CREATE TABLE `ec_product_license_codes` (
  `id` bigint unsigned NOT NULL AUTO_INCREMENT,
  `product_id` bigint unsigned NOT NULL,
  `license_code` text COLLATE utf8mb4_unicode_ci NOT NULL,
  `status` varchar(60) COLLATE utf8mb4_unicode_ci NOT NULL DEFAULT 'available',
  `assigned_order_product_id` bigint unsigned DEFAULT NULL,
  `assigned_at` timestamp NULL DEFAULT NULL,
  `created_at` timestamp NULL DEFAULT NULL,
  `updated_at` timestamp NULL DEFAULT NULL,
  PRIMARY KEY (`id`),
  KEY `ec_product_license_codes_product_id_status_index` (`product_id`,`status`)
) ENGINE=InnoDB DEFAULT CHARSET=utf8mb4 COLLATE=utf8mb4_unicode_ci;

--
-- Dumping data for table `ec_product_license_codes`
--


--
-- Table structure for table `ec_product_related_relations`
--

CREATE TABLE `ec_product_related_relations` (
  `from_product_id` bigint unsigned NOT NULL,
  `to_product_id` bigint unsigned NOT NULL,
  PRIMARY KEY (`from_product_id`,`to_product_id`),
  KEY `ec_product_related_relations_from_product_id_index` (`from_product_id`),
  KEY `ec_product_related_relations_to_product_id_index` (`to_product_id`)
) ENGINE=InnoDB DEFAULT CHARSET=utf8mb4 COLLATE=utf8mb4_unicode_ci;

--
-- Dumping data for table `ec_product_related_relations`
--


--
-- Table structure for table `ec_product_specification_attribute`
--

CREATE TABLE `ec_product_specification_attribute` (
  `product_id` bigint unsigned NOT NULL,
  `attribute_id` bigint unsigned NOT NULL,
  `value` text COLLATE utf8mb4_unicode_ci,
  `hidden` tinyint(1) NOT NULL DEFAULT '0',
  `order` tinyint NOT NULL DEFAULT '0',
  PRIMARY KEY (`product_id`,`attribute_id`)
) ENGINE=InnoDB DEFAULT CHARSET=utf8mb4 COLLATE=utf8mb4_unicode_ci;

--
-- Dumping data for table `ec_product_specification_attribute`
--

INSERT INTO `ec_product_specification_attribute` VALUES (1,6,'78.36 cm',0,0),(1,7,'44.1 cm',0,0),(1,8,'2560x1440',0,0),(2,6,'19.35 cm',0,0),(2,7,'71.43 cm',0,0),(2,8,'1920x1080',0,0),(3,1,'63.74 cm',0,0),(3,2,'54.04 cm',0,0),(3,3,'17.81 cm',0,0),(3,4,'63.27 cm',0,0),(3,5,'30.25 cm',0,0),(4,1,'21.86 cm',0,0),(4,2,'44.49 cm',0,0),(4,3,'92.7 cm',0,0),(4,4,'90.28 cm',0,0),(4,5,'77.29 cm',0,0),(5,6,'57.03 cm',0,0),(5,7,'90.86 cm',0,0),(5,8,'2560x1440',0,0),(6,1,'19.12 cm',0,0),(6,2,'42.45 cm',0,0),(6,3,'54.49 cm',0,0),(6,4,'14.58 cm',0,0),(6,5,'96.19 cm',0,0),(7,1,'2.34 cm',0,0),(7,2,'49.74 cm',0,0),(7,3,'38.6 cm',0,0),(7,4,'71.99 cm',0,0),(7,5,'45.3 cm',0,0),(8,1,'68.33 cm',0,0),(8,2,'76.07 cm',0,0),(8,3,'9.94 cm',0,0),(8,4,'21.97 cm',0,0),(8,5,'35.42 cm',0,0),(9,6,'79.01 cm',0,0),(9,7,'6.27 cm',0,0),(9,8,'2560x1440',0,0),(10,6,'75.53 cm',0,0),(10,7,'82.12 cm',0,0),(10,8,'2560x1440',0,0),(11,1,'1.2 cm',0,0),(11,2,'8.59 cm',0,0),(11,3,'79.36 cm',0,0),(11,4,'92.83 cm',0,0),(11,5,'58.68 cm',0,0),(12,1,'85.93 cm',0,0),(12,2,'86.21 cm',0,0),(12,3,'57.55 cm',0,0),(12,4,'45.04 cm',0,0),(12,5,'34.53 cm',0,0),(13,1,'46.29 cm',0,0),(13,2,'88.33 cm',0,0),(13,3,'35.87 cm',0,0),(13,4,'23.37 cm',0,0),(13,5,'56.73 cm',0,0),(14,1,'35.69 cm',0,0),(14,2,'50.61 cm',0,0),(14,3,'9.39 cm',0,0),(14,4,'4.8 cm',0,0),(14,5,'45.05 cm',0,0),(15,6,'1.39 cm',0,0),(15,7,'67.33 cm',0,0),(15,8,'3840x2160',0,0),(16,1,'76.13 cm',0,0),(16,2,'4.93 cm',0,0),(16,3,'6.2 cm',0,0),(16,4,'95.18 cm',0,0),(16,5,'10.15 cm',0,0),(17,1,'29.67 cm',0,0),(17,2,'38.62 cm',0,0),(17,3,'53.75 cm',0,0),(17,4,'80.7 cm',0,0),(17,5,'46.04 cm',0,0),(18,1,'83.26 cm',0,0),(18,2,'14.86 cm',0,0),(18,3,'89.58 cm',0,0),(18,4,'96.37 cm',0,0),(18,5,'64.62 cm',0,0),(19,6,'21.72 cm',0,0),(19,7,'8.96 cm',0,0),(19,8,'1920x1080',0,0),(20,6,'99.23 cm',0,0),(20,7,'96.25 cm',0,0),(20,8,'2560x1440',0,0),(21,6,'80.08 cm',0,0),(21,7,'54.94 cm',0,0),(21,8,'2560x1440',0,0),(22,6,'32.42 cm',0,0),(22,7,'87.07 cm',0,0),(22,8,'3840x2160',0,0),(23,6,'16.5 cm',0,0),(23,7,'19.95 cm',0,0),(23,8,'1920x1080',0,0),(24,6,'9.65 cm',0,0),(24,7,'16.87 cm',0,0),(24,8,'1920x1080',0,0),(25,1,'10.29 cm',0,0),(25,2,'4.71 cm',0,0),(25,3,'90.58 cm',0,0),(25,4,'47.87 cm',0,0),(25,5,'92.48 cm',0,0),(26,6,'83.7 cm',0,0),(26,7,'93.16 cm',0,0),(26,8,'3840x2160',0,0),(27,6,'54.18 cm',0,0),(27,7,'27.44 cm',0,0),(27,8,'1920x1080',0,0),(28,1,'57.29 cm',0,0),(28,2,'63.81 cm',0,0),(28,3,'73.91 cm',0,0),(28,4,'95.43 cm',0,0),(28,5,'74.21 cm',0,0),(29,6,'20.45 cm',0,0),(29,7,'66.66 cm',0,0),(29,8,'2560x1440',0,0),(30,6,'90.64 cm',0,0),(30,7,'81.92 cm',0,0),(30,8,'3840x2160',0,0),(31,1,'44.71 cm',0,0),(31,2,'72.84 cm',0,0),(31,3,'26.8 cm',0,0),(31,4,'18.66 cm',0,0),(31,5,'40.58 cm',0,0),(32,1,'67.68 cm',0,0),(32,2,'21.3 cm',0,0),(32,3,'91.14 cm',0,0),(32,4,'96.11 cm',0,0),(32,5,'99 cm',0,0),(33,6,'97.91 cm',0,0),(33,7,'29.53 cm',0,0),(33,8,'2560x1440',0,0),(34,1,'15.54 cm',0,0),(34,2,'33.18 cm',0,0),(34,3,'14.01 cm',0,0),(34,4,'80.76 cm',0,0),(34,5,'24.33 cm',0,0),(35,1,'9.78 cm',0,0),(35,2,'57.42 cm',0,0),(35,3,'4.82 cm',0,0),(35,4,'64.35 cm',0,0),(35,5,'92.79 cm',0,0),(36,6,'57.41 cm',0,0),(36,7,'53.11 cm',0,0),(36,8,'3840x2160',0,0),(37,1,'19.14 cm',0,0),(37,2,'62.92 cm',0,0),(37,3,'32.24 cm',0,0),(37,4,'39.03 cm',0,0),(37,5,'18.87 cm',0,0),(38,6,'48.91 cm',0,0),(38,7,'19.22 cm',0,0),(38,8,'2560x1440',0,0),(39,6,'71.29 cm',0,0),(39,7,'41.19 cm',0,0),(39,8,'1920x1080',0,0),(40,1,'74.25 cm',0,0),(40,2,'39.09 cm',0,0),(40,3,'78.83 cm',0,0),(40,4,'23.01 cm',0,0),(40,5,'19.06 cm',0,0),(41,1,'27.32 cm',0,0),(41,2,'39.57 cm',0,0),(41,3,'75.48 cm',0,0),(41,4,'54.47 cm',0,0),(41,5,'32.5 cm',0,0),(42,1,'10.12 cm',0,0),(42,2,'3.45 cm',0,0),(42,3,'42.81 cm',0,0),(42,4,'79.84 cm',0,0),(42,5,'72.07 cm',0,0),(43,1,'97.92 cm',0,0),(43,2,'63.37 cm',0,0),(43,3,'56.12 cm',0,0),(43,4,'12.62 cm',0,0),(43,5,'75.8 cm',0,0);

--
-- Table structure for table `ec_product_tag_product`
--

CREATE TABLE `ec_product_tag_product` (
  `product_id` bigint unsigned NOT NULL,
  `tag_id` bigint unsigned NOT NULL,
  PRIMARY KEY (`product_id`,`tag_id`),
  KEY `ec_product_tag_product_product_id_index` (`product_id`),
  KEY `ec_product_tag_product_tag_id_index` (`tag_id`)
) ENGINE=InnoDB DEFAULT CHARSET=utf8mb4 COLLATE=utf8mb4_unicode_ci;

--
-- Dumping data for table `ec_product_tag_product`
--

INSERT INTO `ec_product_tag_product` VALUES (1,2),(1,4),(1,5),(2,1),(2,3),(2,5),(3,1),(3,3),(3,5),(4,1),(4,5),(4,6),(5,3),(5,5),(5,6),(6,1),(6,5),(6,6),(7,1),(7,2),(7,3),(8,3),(8,4),(8,6),(9,1),(9,2),(9,6),(10,1),(10,3),(10,6),(11,1),(11,3),(11,5),(12,2),(12,4),(12,6),(13,2),(13,4),(13,5),(14,1),(14,2),(14,4),(15,1),(15,3),(15,4),(16,1),(16,2),(16,6),(17,1),(17,4),(17,6),(18,2),(18,4),(18,5),(19,1),(19,5),(19,6),(20,1),(20,2),(20,5),(21,1),(21,2),(21,4),(22,1),(22,2),(22,6),(23,1),(23,2),(23,5),(24,1),(24,3),(24,5),(25,1),(25,2),(25,5),(26,2),(26,3),(26,6),(27,1),(27,2),(27,5),(28,2),(28,3),(28,5),(29,1),(29,2),(29,5),(30,2),(30,5),(30,6),(31,4),(31,5),(31,6),(32,1),(32,5),(32,6),(33,3),(33,5),(33,6),(34,1),(34,2),(34,5),(35,3),(35,4),(35,5),(36,1),(36,4),(36,5),(37,1),(37,4),(37,6),(38,1),(38,2),(38,4),(39,1),(39,2),(39,4),(40,1),(40,2),(40,3),(41,1),(41,3),(41,6),(42,3),(42,4),(42,6),(43,1),(43,4),(43,5);

--
-- Table structure for table `ec_product_tags`
--

CREATE TABLE `ec_product_tags` (
  `id` bigint unsigned NOT NULL AUTO_INCREMENT,
  `name` varchar(120) COLLATE utf8mb4_unicode_ci NOT NULL,
  `description` varchar(400) COLLATE utf8mb4_unicode_ci DEFAULT NULL,
  `status` varchar(60) COLLATE utf8mb4_unicode_ci NOT NULL DEFAULT 'published',
  `created_at` timestamp NULL DEFAULT NULL,
  `updated_at` timestamp NULL DEFAULT NULL,
  PRIMARY KEY (`id`)
) ENGINE=InnoDB AUTO_INCREMENT=7 DEFAULT CHARSET=utf8mb4 COLLATE=utf8mb4_unicode_ci;

--
-- Dumping data for table `ec_product_tags`
--

INSERT INTO `ec_product_tags` VALUES (1,'Electronic',NULL,'published','2025-07-28 01:50:59','2025-07-28 01:50:59'),(2,'Mobile',NULL,'published','2025-07-28 01:50:59','2025-07-28 01:50:59'),(3,'Iphone',NULL,'published','2025-07-28 01:50:59','2025-07-28 01:50:59'),(4,'Printer',NULL,'published','2025-07-28 01:50:59','2025-07-28 01:50:59'),(5,'Office',NULL,'published','2025-07-28 01:50:59','2025-07-28 01:50:59'),(6,'IT',NULL,'published','2025-07-28 01:50:59','2025-07-28 01:50:59');

--
-- Table structure for table `ec_product_tags_translations`
--

CREATE TABLE `ec_product_tags_translations` (
  `lang_code` varchar(191) COLLATE utf8mb4_unicode_ci NOT NULL,
  `ec_product_tags_id` bigint unsigned NOT NULL,
  `name` varchar(191) COLLATE utf8mb4_unicode_ci DEFAULT NULL,
  PRIMARY KEY (`lang_code`,`ec_product_tags_id`)
) ENGINE=InnoDB DEFAULT CHARSET=utf8mb4 COLLATE=utf8mb4_unicode_ci;

--
-- Dumping data for table `ec_product_tags_translations`
--


--
-- Table structure for table `ec_product_up_sale_relations`
--

CREATE TABLE `ec_product_up_sale_relations` (
  `from_product_id` bigint unsigned NOT NULL,
  `to_product_id` bigint unsigned NOT NULL,
  PRIMARY KEY (`from_product_id`,`to_product_id`),
  KEY `ec_product_up_sale_relations_from_product_id_index` (`from_product_id`),
  KEY `ec_product_up_sale_relations_to_product_id_index` (`to_product_id`)
) ENGINE=InnoDB DEFAULT CHARSET=utf8mb4 COLLATE=utf8mb4_unicode_ci;

--
-- Dumping data for table `ec_product_up_sale_relations`
--


--
-- Table structure for table `ec_product_variation_items`
--

CREATE TABLE `ec_product_variation_items` (
  `id` bigint unsigned NOT NULL AUTO_INCREMENT,
  `attribute_id` bigint unsigned NOT NULL,
  `variation_id` bigint unsigned NOT NULL,
  PRIMARY KEY (`id`),
  UNIQUE KEY `ec_product_variation_items_attribute_id_variation_id_unique` (`attribute_id`,`variation_id`),
  KEY `attribute_variation_index` (`attribute_id`,`variation_id`)
) ENGINE=InnoDB AUTO_INCREMENT=105 DEFAULT CHARSET=utf8mb4 COLLATE=utf8mb4_unicode_ci;

--
-- Dumping data for table `ec_product_variation_items`
--

INSERT INTO `ec_product_variation_items` VALUES (9,1,5),(11,1,6),(15,1,8),(33,1,17),(35,1,18),(41,1,21),(45,1,23),(51,1,26),(5,2,3),(7,2,4),(21,2,11),(27,2,14),(43,2,22),(53,2,27),(55,2,28),(1,3,1),(17,3,9),(49,3,25),(3,4,2),(13,4,7),(47,4,24),(19,5,10),(23,5,12),(25,5,13),(29,5,15),(31,5,16),(37,5,19),(39,5,20),(8,6,4),(10,6,5),(22,6,11),(26,6,13),(30,6,15),(50,6,25),(32,7,16),(36,7,18),(40,7,20),(46,7,23),(54,7,27),(16,8,8),(18,8,9),(20,8,10),(24,8,12),(28,8,14),(44,8,22),(56,8,28),(4,9,2),(34,9,17),(38,9,19),(42,9,21),(2,10,1),(6,10,3),(12,10,6),(14,10,7),(48,10,24),(52,10,26),(61,11,31),(91,11,46),(97,11,49),(63,12,32),(89,12,45),(99,12,50),(101,12,51),(103,12,52),(57,13,29),(87,13,44),(65,14,33),(69,14,35),(73,14,37),(77,14,39),(79,14,40),(93,14,47),(95,14,48),(59,15,30),(67,15,34),(71,15,36),(75,15,38),(81,15,41),(83,15,42),(85,15,43),(76,16,38),(104,16,52),(62,17,31),(72,17,36),(78,17,39),(84,17,42),(88,17,44),(96,17,48),(58,18,29),(64,18,32),(70,18,35),(80,18,40),(82,18,41),(86,18,43),(92,18,46),(94,18,47),(102,18,51),(68,19,34),(98,19,49),(60,20,30),(66,20,33),(74,20,37),(90,20,45),(100,20,50);

--
-- Table structure for table `ec_product_variations`
--

CREATE TABLE `ec_product_variations` (
  `id` bigint unsigned NOT NULL AUTO_INCREMENT,
  `product_id` bigint unsigned DEFAULT NULL,
  `configurable_product_id` bigint unsigned NOT NULL,
  `is_default` tinyint NOT NULL DEFAULT '0',
  PRIMARY KEY (`id`),
  UNIQUE KEY `ec_product_variations_product_id_configurable_product_id_unique` (`product_id`,`configurable_product_id`),
  KEY `configurable_product_index` (`product_id`,`configurable_product_id`)
) ENGINE=InnoDB AUTO_INCREMENT=53 DEFAULT CHARSET=utf8mb4 COLLATE=utf8mb4_unicode_ci;

--
-- Dumping data for table `ec_product_variations`
--

INSERT INTO `ec_product_variations` VALUES (1,44,1,1),(2,45,1,0),(3,46,1,0),(4,47,2,1),(5,48,2,0),(6,49,2,0),(7,50,3,1),(8,51,3,0),(9,52,4,1),(10,53,6,1),(11,54,6,0),(12,55,7,1),(13,56,7,0),(14,57,8,1),(15,58,9,1),(16,59,10,1),(17,60,11,1),(18,61,11,0),(19,62,11,0),(20,63,13,1),(21,64,14,1),(22,65,14,0),(23,66,14,0),(24,67,15,1),(25,68,15,0),(26,69,16,1),(27,70,16,0),(28,71,20,1),(29,72,22,1),(30,73,22,0),(31,74,23,1),(32,75,23,0),(33,76,23,0),(34,77,24,1),(35,78,24,0),(36,79,24,0),(37,80,24,0),(38,81,26,1),(39,82,26,0),(40,83,26,0),(41,84,26,0),(42,85,29,1),(43,86,29,0),(44,87,29,0),(45,88,29,0),(46,89,30,1),(47,90,32,1),(48,91,36,1),(49,92,36,0),(50,93,36,0),(51,94,41,1),(52,95,41,0);

--
-- Table structure for table `ec_product_views`
--

CREATE TABLE `ec_product_views` (
  `id` bigint unsigned NOT NULL AUTO_INCREMENT,
  `product_id` bigint unsigned NOT NULL,
  `views` int NOT NULL DEFAULT '1',
  `date` date NOT NULL DEFAULT '2025-07-28',
  PRIMARY KEY (`id`),
  UNIQUE KEY `ec_product_views_product_id_date_unique` (`product_id`,`date`),
  KEY `ec_product_views_product_id_index` (`product_id`)
) ENGINE=InnoDB DEFAULT CHARSET=utf8mb4 COLLATE=utf8mb4_unicode_ci;

--
-- Dumping data for table `ec_product_views`
--


--
-- Table structure for table `ec_product_with_attribute_set`
--

CREATE TABLE `ec_product_with_attribute_set` (
  `attribute_set_id` bigint unsigned NOT NULL,
  `product_id` bigint unsigned NOT NULL,
  `order` tinyint unsigned NOT NULL DEFAULT '0',
  PRIMARY KEY (`product_id`,`attribute_set_id`)
) ENGINE=InnoDB DEFAULT CHARSET=utf8mb4 COLLATE=utf8mb4_unicode_ci;

--
-- Dumping data for table `ec_product_with_attribute_set`
--

INSERT INTO `ec_product_with_attribute_set` VALUES (1,1,0),(2,1,0),(1,2,0),(2,2,0),(1,3,0),(2,3,0),(1,4,0),(2,4,0),(1,6,0),(2,6,0),(1,7,0),(2,7,0),(1,8,0),(2,8,0),(1,9,0),(2,9,0),(1,10,0),(2,10,0),(1,11,0),(2,11,0),(1,13,0),(2,13,0),(1,14,0),(2,14,0),(1,15,0),(2,15,0),(1,16,0),(2,16,0),(1,20,0),(2,20,0),(3,22,0),(4,22,0),(3,23,0),(4,23,0),(3,24,0),(4,24,0),(3,26,0),(4,26,0),(3,29,0),(4,29,0),(3,30,0),(4,30,0),(3,32,0),(4,32,0),(3,36,0),(4,36,0),(3,41,0),(4,41,0);

--
-- Table structure for table `ec_products`
--

CREATE TABLE `ec_products` (
  `id` bigint unsigned NOT NULL AUTO_INCREMENT,
  `name` varchar(191) COLLATE utf8mb4_unicode_ci NOT NULL,
  `description` text COLLATE utf8mb4_unicode_ci,
  `content` longtext COLLATE utf8mb4_unicode_ci,
  `status` varchar(60) COLLATE utf8mb4_unicode_ci NOT NULL DEFAULT 'published',
  `images` text COLLATE utf8mb4_unicode_ci,
  `video_media` text COLLATE utf8mb4_unicode_ci,
  `sku` varchar(191) COLLATE utf8mb4_unicode_ci DEFAULT NULL,
  `order` int unsigned NOT NULL DEFAULT '0',
  `quantity` int unsigned DEFAULT NULL,
  `allow_checkout_when_out_of_stock` tinyint unsigned NOT NULL DEFAULT '0',
  `with_storehouse_management` tinyint unsigned NOT NULL DEFAULT '0',
  `stock_status` varchar(191) COLLATE utf8mb4_unicode_ci DEFAULT 'in_stock',
  `is_featured` tinyint unsigned NOT NULL DEFAULT '0',
  `brand_id` bigint unsigned DEFAULT NULL,
  `is_variation` tinyint NOT NULL DEFAULT '0',
  `sale_type` tinyint NOT NULL DEFAULT '0',
  `price` double unsigned DEFAULT NULL,
  `sale_price` double unsigned DEFAULT NULL,
  `start_date` timestamp NULL DEFAULT NULL,
  `end_date` timestamp NULL DEFAULT NULL,
  `length` double DEFAULT NULL,
  `wide` double DEFAULT NULL,
  `height` double DEFAULT NULL,
  `weight` double DEFAULT NULL,
  `tax_id` bigint unsigned DEFAULT NULL,
  `views` bigint NOT NULL DEFAULT '0',
  `created_at` timestamp NULL DEFAULT NULL,
  `updated_at` timestamp NULL DEFAULT NULL,
  `store_id` bigint unsigned DEFAULT NULL,
  `created_by_id` bigint unsigned DEFAULT '0',
  `created_by_type` varchar(191) COLLATE utf8mb4_unicode_ci NOT NULL DEFAULT 'Botble\\ACL\\Models\\User',
  `approved_by` bigint unsigned DEFAULT '0',
  `image` varchar(191) COLLATE utf8mb4_unicode_ci DEFAULT NULL,
  `product_type` varchar(60) COLLATE utf8mb4_unicode_ci DEFAULT 'physical',
  `barcode` varchar(150) COLLATE utf8mb4_unicode_ci DEFAULT NULL,
  `cost_per_item` double DEFAULT NULL,
  `generate_license_code` tinyint(1) NOT NULL DEFAULT '0',
  `license_code_type` enum('auto_generate','pick_from_list') COLLATE utf8mb4_unicode_ci NOT NULL DEFAULT 'auto_generate',
  `minimum_order_quantity` int unsigned DEFAULT '0',
  `maximum_order_quantity` int unsigned DEFAULT '0',
  `notify_attachment_updated` tinyint(1) NOT NULL DEFAULT '0',
  `specification_table_id` bigint unsigned DEFAULT NULL,
  PRIMARY KEY (`id`),
  KEY `ec_products_brand_id_status_is_variation_created_at_index` (`brand_id`,`status`,`is_variation`,`created_at`),
  KEY `sale_type_index` (`sale_type`),
  KEY `start_date_index` (`start_date`),
  KEY `end_date_index` (`end_date`),
  KEY `sale_price_index` (`sale_price`),
  KEY `is_variation_index` (`is_variation`),
  KEY `ec_products_sku_index` (`sku`)
) ENGINE=InnoDB AUTO_INCREMENT=96 DEFAULT CHARSET=utf8mb4 COLLATE=utf8mb4_unicode_ci;

--
-- Dumping data for table `ec_products`
--

INSERT INTO `ec_products` VALUES (1,'Vintage Denim Jacket','Accessorize with this bohemian fringe handbag, featuring intricate details and enough space for your essentials. The perfect boho-chic addition to your collection.','<div class=\"row justify-content-center\">\n    <div class=\"col-xl-10\">\n        <div class=\"tp-product-details-desc-item pb-105\">\n            <div class=\"row\">\n                <div class=\"col-lg-6\">\n                    <div class=\"pt-25\">\n                        <span>Diamond Tennis Bracelet</span>\n                        <h3 class=\"tp-product-details-desc-title\">Timeless Elegance</h3>\n                        <p>\n                            Elevate your style with our exquisite diamond tennis bracelet. Crafted with precision and attention to detail, each sparkling diamond is expertly set in lustrous white gold, creating a piece of jewelry that exudes sophistication and luxury. Whether worn alone or layered with other bracelets, this timeless accessory adds a touch of glamour to any ensemble.\n                        </p>\n                    </div>\n                    <div>\n                        <h3 class=\"tp-product-details-desc-title\">Exceptional Quality</h3>\n                        <p>\n                            Our diamond tennis bracelet is crafted from the finest materials to ensure lasting beauty and brilliance. Each diamond is carefully selected for its clarity, cut, and color, resulting in a piece of jewelry that\'s truly exceptional. Indulge in luxury and elegance with this stunning bracelet that\'s sure to become a cherished heirloom.\n                        </p>\n                    </div>\n                </div>\n                <div class=\"col-lg-6\">\n                    <div class=\"tp-product-details-desc-thumb\">\n                        <img src=\"/storage/jewelry/products/product-1.png\" alt=\"Diamond Tennis Bracelet\">\n                    </div>\n                </div>\n            </div>\n        </div>\n        <div class=\"tp-product-details-desc-item pb-75\">\n            <div class=\"row\">\n                <div class=\"col-lg-7\">\n                    <div class=\"tp-product-details-desc-thumb\">\n                        <img src=\"/storage/jewelry/products/product-2.png\" alt=\"Close-up of Diamond Tennis Bracelet\">\n                    </div>\n                </div>\n\n                <div class=\"col-lg-5 order-first order-lg-last\">\n                    <div class=\"des-content-2 pl-40\">\n                        <h3 class=\"tp-product-details-desc-title\">\n                            Versatile Style\n                        </h3>\n                        <p>\n                            Effortlessly transition from day to night with our versatile diamond tennis bracelet. Whether paired with a casual outfit or a formal gown, it adds a touch of glamour and sophistication to any look. Treat yourself or someone special to this timeless piece that\'s destined to be cherished for years to come.\n                        </p>\n                    </div>\n                </div>\n            </div>\n        </div>\n        <div class=\"tp-product-details-desc-item\">\n            <div class=\"row\">\n                <div class=\"col-xl-12\">\n                    <div class=\"tp-product-details-desc-banner text-center m-img\">\n                        <h3 class=\"tp-product-details-desc-banner-title tp-product-details-desc-title\">Exquisite Craftsmanship</h3>\n                        <img src=\"/storage/jewelry/products/product-3.png\" alt=\"Jewelry Workshop\">\n                    </div>\n                </div>\n            </div>\n        </div>\n    </div>\n</div>\n','published','[\"main\\/products\\/product-14.jpg\",\"main\\/products\\/product-5.jpg\",\"main\\/products\\/product-17.jpg\",\"main\\/products\\/product-13.jpg\",\"main\\/products\\/product-9.jpg\",\"main\\/products\\/product-7.jpg\",\"main\\/products\\/product-1.jpg\"]','[[{\"key\":\"file\",\"value\":null},{\"key\":\"url\",\"value\":\"https:\\/\\/www.youtube.com\\/watch?v=6JYIGclVQdw\"},{\"key\":\"thumbnail\",\"value\":\"main\\/video\\/2.jpg\"}]]','DM-119-A1',0,20,0,1,'in_stock',0,5,0,0,1391,NULL,NULL,NULL,10,12,20,775,NULL,152533,'2025-07-28 01:51:09','2025-07-28 01:51:11',5,0,'Botble\\ACL\\Models\\User',0,NULL,'physical','3787108492247',NULL,0,'auto_generate',0,0,0,2),(2,'Floral Maxi Dress','Stay on trend with these high-waisted wide-leg trousers, combining comfort and sophistication. Pair them with heels for a refined look.','<div class=\"row justify-content-center\">\n    <div class=\"col-xl-10\">\n        <div class=\"tp-product-details-desc-item pb-105\">\n            <div class=\"row\">\n                <div class=\"col-lg-6\">\n                    <div class=\"pt-25\">\n                        <span>Diamond Tennis Bracelet</span>\n                        <h3 class=\"tp-product-details-desc-title\">Timeless Elegance</h3>\n                        <p>\n                            Elevate your style with our exquisite diamond tennis bracelet. Crafted with precision and attention to detail, each sparkling diamond is expertly set in lustrous white gold, creating a piece of jewelry that exudes sophistication and luxury. Whether worn alone or layered with other bracelets, this timeless accessory adds a touch of glamour to any ensemble.\n                        </p>\n                    </div>\n                    <div>\n                        <h3 class=\"tp-product-details-desc-title\">Exceptional Quality</h3>\n                        <p>\n                            Our diamond tennis bracelet is crafted from the finest materials to ensure lasting beauty and brilliance. Each diamond is carefully selected for its clarity, cut, and color, resulting in a piece of jewelry that\'s truly exceptional. Indulge in luxury and elegance with this stunning bracelet that\'s sure to become a cherished heirloom.\n                        </p>\n                    </div>\n                </div>\n                <div class=\"col-lg-6\">\n                    <div class=\"tp-product-details-desc-thumb\">\n                        <img src=\"/storage/jewelry/products/product-1.png\" alt=\"Diamond Tennis Bracelet\">\n                    </div>\n                </div>\n            </div>\n        </div>\n        <div class=\"tp-product-details-desc-item pb-75\">\n            <div class=\"row\">\n                <div class=\"col-lg-7\">\n                    <div class=\"tp-product-details-desc-thumb\">\n                        <img src=\"/storage/jewelry/products/product-2.png\" alt=\"Close-up of Diamond Tennis Bracelet\">\n                    </div>\n                </div>\n\n                <div class=\"col-lg-5 order-first order-lg-last\">\n                    <div class=\"des-content-2 pl-40\">\n                        <h3 class=\"tp-product-details-desc-title\">\n                            Versatile Style\n                        </h3>\n                        <p>\n                            Effortlessly transition from day to night with our versatile diamond tennis bracelet. Whether paired with a casual outfit or a formal gown, it adds a touch of glamour and sophistication to any look. Treat yourself or someone special to this timeless piece that\'s destined to be cherished for years to come.\n                        </p>\n                    </div>\n                </div>\n            </div>\n        </div>\n        <div class=\"tp-product-details-desc-item\">\n            <div class=\"row\">\n                <div class=\"col-xl-12\">\n                    <div class=\"tp-product-details-desc-banner text-center m-img\">\n                        <h3 class=\"tp-product-details-desc-banner-title tp-product-details-desc-title\">Exquisite Craftsmanship</h3>\n                        <img src=\"/storage/jewelry/products/product-3.png\" alt=\"Jewelry Workshop\">\n                    </div>\n                </div>\n            </div>\n        </div>\n    </div>\n</div>\n','published','[\"main\\/products\\/product-details-desc-3.jpg\",\"main\\/products\\/product-2.jpg\",\"main\\/products\\/product-18.jpg\",\"main\\/products\\/product-20.jpg\",\"main\\/products\\/product-13.jpg\",\"main\\/products\\/product-19.jpg\",\"main\\/products\\/product-16.jpg\",\"main\\/products\\/product-7.jpg\"]','[]','KP-169-A1',0,15,0,1,'in_stock',0,2,0,0,678,NULL,NULL,NULL,19,18,12,596,NULL,195139,'2025-07-28 01:51:09','2025-07-28 01:51:11',1,0,'Botble\\ACL\\Models\\User',0,NULL,'physical','3166450306677',NULL,0,'auto_generate',0,0,0,2),(3,'Leather Ankle Boots','Stay on trend with these high-waisted wide-leg trousers, combining comfort and sophistication. Pair them with heels for a refined look.','<div class=\"row justify-content-center\">\n    <div class=\"col-xl-10\">\n        <div class=\"tp-product-details-desc-item pb-105\">\n            <div class=\"row\">\n                <div class=\"col-lg-6\">\n                    <div class=\"pt-25\">\n                        <span>Diamond Tennis Bracelet</span>\n                        <h3 class=\"tp-product-details-desc-title\">Timeless Elegance</h3>\n                        <p>\n                            Elevate your style with our exquisite diamond tennis bracelet. Crafted with precision and attention to detail, each sparkling diamond is expertly set in lustrous white gold, creating a piece of jewelry that exudes sophistication and luxury. Whether worn alone or layered with other bracelets, this timeless accessory adds a touch of glamour to any ensemble.\n                        </p>\n                    </div>\n                    <div>\n                        <h3 class=\"tp-product-details-desc-title\">Exceptional Quality</h3>\n                        <p>\n                            Our diamond tennis bracelet is crafted from the finest materials to ensure lasting beauty and brilliance. Each diamond is carefully selected for its clarity, cut, and color, resulting in a piece of jewelry that\'s truly exceptional. Indulge in luxury and elegance with this stunning bracelet that\'s sure to become a cherished heirloom.\n                        </p>\n                    </div>\n                </div>\n                <div class=\"col-lg-6\">\n                    <div class=\"tp-product-details-desc-thumb\">\n                        <img src=\"/storage/jewelry/products/product-1.png\" alt=\"Diamond Tennis Bracelet\">\n                    </div>\n                </div>\n            </div>\n        </div>\n        <div class=\"tp-product-details-desc-item pb-75\">\n            <div class=\"row\">\n                <div class=\"col-lg-7\">\n                    <div class=\"tp-product-details-desc-thumb\">\n                        <img src=\"/storage/jewelry/products/product-2.png\" alt=\"Close-up of Diamond Tennis Bracelet\">\n                    </div>\n                </div>\n\n                <div class=\"col-lg-5 order-first order-lg-last\">\n                    <div class=\"des-content-2 pl-40\">\n                        <h3 class=\"tp-product-details-desc-title\">\n                            Versatile Style\n                        </h3>\n                        <p>\n                            Effortlessly transition from day to night with our versatile diamond tennis bracelet. Whether paired with a casual outfit or a formal gown, it adds a touch of glamour and sophistication to any look. Treat yourself or someone special to this timeless piece that\'s destined to be cherished for years to come.\n                        </p>\n                    </div>\n                </div>\n            </div>\n        </div>\n        <div class=\"tp-product-details-desc-item\">\n            <div class=\"row\">\n                <div class=\"col-xl-12\">\n                    <div class=\"tp-product-details-desc-banner text-center m-img\">\n                        <h3 class=\"tp-product-details-desc-banner-title tp-product-details-desc-title\">Exquisite Craftsmanship</h3>\n                        <img src=\"/storage/jewelry/products/product-3.png\" alt=\"Jewelry Workshop\">\n                    </div>\n                </div>\n            </div>\n        </div>\n    </div>\n</div>\n','published','[\"main\\/products\\/product-7.jpg\",\"main\\/products\\/product-13.jpg\",\"main\\/products\\/product-18.jpg\",\"main\\/products\\/product-20.jpg\",\"main\\/products\\/product-16.jpg\",\"main\\/products\\/product-3.jpg\",\"main\\/products\\/product-1.jpg\"]','[]','UJ-157-A1',0,16,0,1,'in_stock',1,2,0,0,301,NULL,NULL,NULL,17,11,15,684,NULL,184368,'2025-07-28 01:51:09','2025-07-28 01:51:11',6,0,'Botble\\ACL\\Models\\User',0,NULL,'physical','1106853000446',NULL,0,'auto_generate',0,0,0,1),(4,'Knit Turtleneck Sweater (Digital)','Stay on trend with these high-waisted wide-leg trousers, combining comfort and sophistication. Pair them with heels for a refined look.','<div class=\"row justify-content-center\">\n    <div class=\"col-xl-10\">\n        <div class=\"tp-product-details-desc-item pb-105\">\n            <div class=\"row\">\n                <div class=\"col-lg-6\">\n                    <div class=\"pt-25\">\n                        <span>Diamond Tennis Bracelet</span>\n                        <h3 class=\"tp-product-details-desc-title\">Timeless Elegance</h3>\n                        <p>\n                            Elevate your style with our exquisite diamond tennis bracelet. Crafted with precision and attention to detail, each sparkling diamond is expertly set in lustrous white gold, creating a piece of jewelry that exudes sophistication and luxury. Whether worn alone or layered with other bracelets, this timeless accessory adds a touch of glamour to any ensemble.\n                        </p>\n                    </div>\n                    <div>\n                        <h3 class=\"tp-product-details-desc-title\">Exceptional Quality</h3>\n                        <p>\n                            Our diamond tennis bracelet is crafted from the finest materials to ensure lasting beauty and brilliance. Each diamond is carefully selected for its clarity, cut, and color, resulting in a piece of jewelry that\'s truly exceptional. Indulge in luxury and elegance with this stunning bracelet that\'s sure to become a cherished heirloom.\n                        </p>\n                    </div>\n                </div>\n                <div class=\"col-lg-6\">\n                    <div class=\"tp-product-details-desc-thumb\">\n                        <img src=\"/storage/jewelry/products/product-1.png\" alt=\"Diamond Tennis Bracelet\">\n                    </div>\n                </div>\n            </div>\n        </div>\n        <div class=\"tp-product-details-desc-item pb-75\">\n            <div class=\"row\">\n                <div class=\"col-lg-7\">\n                    <div class=\"tp-product-details-desc-thumb\">\n                        <img src=\"/storage/jewelry/products/product-2.png\" alt=\"Close-up of Diamond Tennis Bracelet\">\n                    </div>\n                </div>\n\n                <div class=\"col-lg-5 order-first order-lg-last\">\n                    <div class=\"des-content-2 pl-40\">\n                        <h3 class=\"tp-product-details-desc-title\">\n                            Versatile Style\n                        </h3>\n                        <p>\n                            Effortlessly transition from day to night with our versatile diamond tennis bracelet. Whether paired with a casual outfit or a formal gown, it adds a touch of glamour and sophistication to any look. Treat yourself or someone special to this timeless piece that\'s destined to be cherished for years to come.\n                        </p>\n                    </div>\n                </div>\n            </div>\n        </div>\n        <div class=\"tp-product-details-desc-item\">\n            <div class=\"row\">\n                <div class=\"col-xl-12\">\n                    <div class=\"tp-product-details-desc-banner text-center m-img\">\n                        <h3 class=\"tp-product-details-desc-banner-title tp-product-details-desc-title\">Exquisite Craftsmanship</h3>\n                        <img src=\"/storage/jewelry/products/product-3.png\" alt=\"Jewelry Workshop\">\n                    </div>\n                </div>\n            </div>\n        </div>\n    </div>\n</div>\n','published','[\"main\\/products\\/product-4.jpg\",\"main\\/products\\/product-10.jpg\",\"main\\/products\\/product-details-desc-2.jpg\",\"main\\/products\\/product-14.jpg\",\"main\\/products\\/product-17.jpg\"]','[]','G4-110-A1',0,10,0,1,'in_stock',0,1,0,0,1781,1496.04,NULL,NULL,19,15,14,733,NULL,172391,'2025-07-28 01:51:09','2025-07-28 01:51:11',5,0,'Botble\\ACL\\Models\\User',0,NULL,'digital','6929414527009',NULL,0,'auto_generate',0,0,0,1),(5,'Classic Aviator Sunglasses','Complete your look with these classic aviator sunglasses, offering a touch of timeless glamour and UV protection for your eyes.','<div class=\"row justify-content-center\">\n    <div class=\"col-xl-10\">\n        <div class=\"tp-product-details-desc-item pb-105\">\n            <div class=\"row\">\n                <div class=\"col-lg-6\">\n                    <div class=\"pt-25\">\n                        <span>Diamond Tennis Bracelet</span>\n                        <h3 class=\"tp-product-details-desc-title\">Timeless Elegance</h3>\n                        <p>\n                            Elevate your style with our exquisite diamond tennis bracelet. Crafted with precision and attention to detail, each sparkling diamond is expertly set in lustrous white gold, creating a piece of jewelry that exudes sophistication and luxury. Whether worn alone or layered with other bracelets, this timeless accessory adds a touch of glamour to any ensemble.\n                        </p>\n                    </div>\n                    <div>\n                        <h3 class=\"tp-product-details-desc-title\">Exceptional Quality</h3>\n                        <p>\n                            Our diamond tennis bracelet is crafted from the finest materials to ensure lasting beauty and brilliance. Each diamond is carefully selected for its clarity, cut, and color, resulting in a piece of jewelry that\'s truly exceptional. Indulge in luxury and elegance with this stunning bracelet that\'s sure to become a cherished heirloom.\n                        </p>\n                    </div>\n                </div>\n                <div class=\"col-lg-6\">\n                    <div class=\"tp-product-details-desc-thumb\">\n                        <img src=\"/storage/jewelry/products/product-1.png\" alt=\"Diamond Tennis Bracelet\">\n                    </div>\n                </div>\n            </div>\n        </div>\n        <div class=\"tp-product-details-desc-item pb-75\">\n            <div class=\"row\">\n                <div class=\"col-lg-7\">\n                    <div class=\"tp-product-details-desc-thumb\">\n                        <img src=\"/storage/jewelry/products/product-2.png\" alt=\"Close-up of Diamond Tennis Bracelet\">\n                    </div>\n                </div>\n\n                <div class=\"col-lg-5 order-first order-lg-last\">\n                    <div class=\"des-content-2 pl-40\">\n                        <h3 class=\"tp-product-details-desc-title\">\n                            Versatile Style\n                        </h3>\n                        <p>\n                            Effortlessly transition from day to night with our versatile diamond tennis bracelet. Whether paired with a casual outfit or a formal gown, it adds a touch of glamour and sophistication to any look. Treat yourself or someone special to this timeless piece that\'s destined to be cherished for years to come.\n                        </p>\n                    </div>\n                </div>\n            </div>\n        </div>\n        <div class=\"tp-product-details-desc-item\">\n            <div class=\"row\">\n                <div class=\"col-xl-12\">\n                    <div class=\"tp-product-details-desc-banner text-center m-img\">\n                        <h3 class=\"tp-product-details-desc-banner-title tp-product-details-desc-title\">Exquisite Craftsmanship</h3>\n                        <img src=\"/storage/jewelry/products/product-3.png\" alt=\"Jewelry Workshop\">\n                    </div>\n                </div>\n            </div>\n        </div>\n    </div>\n</div>\n','published','[\"main\\/products\\/product-10.jpg\",\"main\\/products\\/product-details-desc-3.jpg\",\"main\\/products\\/product-12.jpg\",\"main\\/products\\/product-8.jpg\",\"main\\/products\\/product-2.jpg\"]','[]','RL-128',0,12,0,1,'in_stock',1,1,0,0,1889,91,NULL,NULL,20,16,14,505,NULL,170967,'2025-07-28 01:51:09','2025-07-28 01:51:11',3,0,'Botble\\ACL\\Models\\User',0,NULL,'physical','6701128992690',NULL,0,'auto_generate',0,0,0,2),(6,'Tailored Wool Blazer','Achieve a polished look with this tailored wool blazer, designed for a flattering fit and versatile enough for both work and casual outings.','<div class=\"row justify-content-center\">\n    <div class=\"col-xl-10\">\n        <div class=\"tp-product-details-desc-item pb-105\">\n            <div class=\"row\">\n                <div class=\"col-lg-6\">\n                    <div class=\"pt-25\">\n                        <span>Diamond Tennis Bracelet</span>\n                        <h3 class=\"tp-product-details-desc-title\">Timeless Elegance</h3>\n                        <p>\n                            Elevate your style with our exquisite diamond tennis bracelet. Crafted with precision and attention to detail, each sparkling diamond is expertly set in lustrous white gold, creating a piece of jewelry that exudes sophistication and luxury. Whether worn alone or layered with other bracelets, this timeless accessory adds a touch of glamour to any ensemble.\n                        </p>\n                    </div>\n                    <div>\n                        <h3 class=\"tp-product-details-desc-title\">Exceptional Quality</h3>\n                        <p>\n                            Our diamond tennis bracelet is crafted from the finest materials to ensure lasting beauty and brilliance. Each diamond is carefully selected for its clarity, cut, and color, resulting in a piece of jewelry that\'s truly exceptional. Indulge in luxury and elegance with this stunning bracelet that\'s sure to become a cherished heirloom.\n                        </p>\n                    </div>\n                </div>\n                <div class=\"col-lg-6\">\n                    <div class=\"tp-product-details-desc-thumb\">\n                        <img src=\"/storage/jewelry/products/product-1.png\" alt=\"Diamond Tennis Bracelet\">\n                    </div>\n                </div>\n            </div>\n        </div>\n        <div class=\"tp-product-details-desc-item pb-75\">\n            <div class=\"row\">\n                <div class=\"col-lg-7\">\n                    <div class=\"tp-product-details-desc-thumb\">\n                        <img src=\"/storage/jewelry/products/product-2.png\" alt=\"Close-up of Diamond Tennis Bracelet\">\n                    </div>\n                </div>\n\n                <div class=\"col-lg-5 order-first order-lg-last\">\n                    <div class=\"des-content-2 pl-40\">\n                        <h3 class=\"tp-product-details-desc-title\">\n                            Versatile Style\n                        </h3>\n                        <p>\n                            Effortlessly transition from day to night with our versatile diamond tennis bracelet. Whether paired with a casual outfit or a formal gown, it adds a touch of glamour and sophistication to any look. Treat yourself or someone special to this timeless piece that\'s destined to be cherished for years to come.\n                        </p>\n                    </div>\n                </div>\n            </div>\n        </div>\n        <div class=\"tp-product-details-desc-item\">\n            <div class=\"row\">\n                <div class=\"col-xl-12\">\n                    <div class=\"tp-product-details-desc-banner text-center m-img\">\n                        <h3 class=\"tp-product-details-desc-banner-title tp-product-details-desc-title\">Exquisite Craftsmanship</h3>\n                        <img src=\"/storage/jewelry/products/product-3.png\" alt=\"Jewelry Workshop\">\n                    </div>\n                </div>\n            </div>\n        </div>\n    </div>\n</div>\n','published','[\"main\\/products\\/product-16.jpg\",\"main\\/products\\/product-20.jpg\",\"main\\/products\\/product-2.jpg\",\"main\\/products\\/product-11.jpg\"]','[[{\"key\":\"file\",\"value\":\"main\\/video\\/video-1.mp4\"},{\"key\":\"url\",\"value\":null},{\"key\":\"thumbnail\",\"value\":\"main\\/video\\/1.jpg\"}]]','IL-129-A1',0,17,0,1,'in_stock',1,4,0,0,1548,NULL,NULL,NULL,15,18,19,518,NULL,104343,'2025-07-28 01:51:09','2025-07-28 01:51:11',4,0,'Botble\\ACL\\Models\\User',0,NULL,'physical','9865569938918',NULL,0,'auto_generate',0,0,0,1),(7,'Bohemian Fringe Handbag','Elevate your street style with this vintage denim jacket, featuring distressed detailing and a relaxed fit for a laid-back vibe.','<div class=\"row justify-content-center\">\n    <div class=\"col-xl-10\">\n        <div class=\"tp-product-details-desc-item pb-105\">\n            <div class=\"row\">\n                <div class=\"col-lg-6\">\n                    <div class=\"pt-25\">\n                        <span>Diamond Tennis Bracelet</span>\n                        <h3 class=\"tp-product-details-desc-title\">Timeless Elegance</h3>\n                        <p>\n                            Elevate your style with our exquisite diamond tennis bracelet. Crafted with precision and attention to detail, each sparkling diamond is expertly set in lustrous white gold, creating a piece of jewelry that exudes sophistication and luxury. Whether worn alone or layered with other bracelets, this timeless accessory adds a touch of glamour to any ensemble.\n                        </p>\n                    </div>\n                    <div>\n                        <h3 class=\"tp-product-details-desc-title\">Exceptional Quality</h3>\n                        <p>\n                            Our diamond tennis bracelet is crafted from the finest materials to ensure lasting beauty and brilliance. Each diamond is carefully selected for its clarity, cut, and color, resulting in a piece of jewelry that\'s truly exceptional. Indulge in luxury and elegance with this stunning bracelet that\'s sure to become a cherished heirloom.\n                        </p>\n                    </div>\n                </div>\n                <div class=\"col-lg-6\">\n                    <div class=\"tp-product-details-desc-thumb\">\n                        <img src=\"/storage/jewelry/products/product-1.png\" alt=\"Diamond Tennis Bracelet\">\n                    </div>\n                </div>\n            </div>\n        </div>\n        <div class=\"tp-product-details-desc-item pb-75\">\n            <div class=\"row\">\n                <div class=\"col-lg-7\">\n                    <div class=\"tp-product-details-desc-thumb\">\n                        <img src=\"/storage/jewelry/products/product-2.png\" alt=\"Close-up of Diamond Tennis Bracelet\">\n                    </div>\n                </div>\n\n                <div class=\"col-lg-5 order-first order-lg-last\">\n                    <div class=\"des-content-2 pl-40\">\n                        <h3 class=\"tp-product-details-desc-title\">\n                            Versatile Style\n                        </h3>\n                        <p>\n                            Effortlessly transition from day to night with our versatile diamond tennis bracelet. Whether paired with a casual outfit or a formal gown, it adds a touch of glamour and sophistication to any look. Treat yourself or someone special to this timeless piece that\'s destined to be cherished for years to come.\n                        </p>\n                    </div>\n                </div>\n            </div>\n        </div>\n        <div class=\"tp-product-details-desc-item\">\n            <div class=\"row\">\n                <div class=\"col-xl-12\">\n                    <div class=\"tp-product-details-desc-banner text-center m-img\">\n                        <h3 class=\"tp-product-details-desc-banner-title tp-product-details-desc-title\">Exquisite Craftsmanship</h3>\n                        <img src=\"/storage/jewelry/products/product-3.png\" alt=\"Jewelry Workshop\">\n                    </div>\n                </div>\n            </div>\n        </div>\n    </div>\n</div>\n','published','[\"main\\/products\\/product-details-desc-1.jpg\",\"main\\/products\\/product-17.jpg\",\"main\\/products\\/product-6.jpg\",\"main\\/products\\/product-4.jpg\"]','[[{\"key\":\"file\",\"value\":null},{\"key\":\"url\",\"value\":\"https:\\/\\/www.youtube.com\\/watch?v=6JYIGclVQdw\"},{\"key\":\"thumbnail\",\"value\":\"main\\/video\\/1.jpg\"}]]','9G-106-A1',0,19,0,1,'in_stock',0,1,0,0,2205,NULL,NULL,NULL,10,19,12,500,NULL,162810,'2025-07-28 01:51:09','2025-07-28 01:51:11',5,0,'Botble\\ACL\\Models\\User',0,NULL,'physical','8914080082196',NULL,0,'auto_generate',0,0,0,1),(8,'Silk Scarf with Geometric Print (Digital)','Add a pop of color to your outfit with this silk scarf adorned with a geometric print. Wrap it around your neck or tie it to your handbag for a stylish touch.','<div class=\"row justify-content-center\">\n    <div class=\"col-xl-10\">\n        <div class=\"tp-product-details-desc-item pb-105\">\n            <div class=\"row\">\n                <div class=\"col-lg-6\">\n                    <div class=\"pt-25\">\n                        <span>Diamond Tennis Bracelet</span>\n                        <h3 class=\"tp-product-details-desc-title\">Timeless Elegance</h3>\n                        <p>\n                            Elevate your style with our exquisite diamond tennis bracelet. Crafted with precision and attention to detail, each sparkling diamond is expertly set in lustrous white gold, creating a piece of jewelry that exudes sophistication and luxury. Whether worn alone or layered with other bracelets, this timeless accessory adds a touch of glamour to any ensemble.\n                        </p>\n                    </div>\n                    <div>\n                        <h3 class=\"tp-product-details-desc-title\">Exceptional Quality</h3>\n                        <p>\n                            Our diamond tennis bracelet is crafted from the finest materials to ensure lasting beauty and brilliance. Each diamond is carefully selected for its clarity, cut, and color, resulting in a piece of jewelry that\'s truly exceptional. Indulge in luxury and elegance with this stunning bracelet that\'s sure to become a cherished heirloom.\n                        </p>\n                    </div>\n                </div>\n                <div class=\"col-lg-6\">\n                    <div class=\"tp-product-details-desc-thumb\">\n                        <img src=\"/storage/jewelry/products/product-1.png\" alt=\"Diamond Tennis Bracelet\">\n                    </div>\n                </div>\n            </div>\n        </div>\n        <div class=\"tp-product-details-desc-item pb-75\">\n            <div class=\"row\">\n                <div class=\"col-lg-7\">\n                    <div class=\"tp-product-details-desc-thumb\">\n                        <img src=\"/storage/jewelry/products/product-2.png\" alt=\"Close-up of Diamond Tennis Bracelet\">\n                    </div>\n                </div>\n\n                <div class=\"col-lg-5 order-first order-lg-last\">\n                    <div class=\"des-content-2 pl-40\">\n                        <h3 class=\"tp-product-details-desc-title\">\n                            Versatile Style\n                        </h3>\n                        <p>\n                            Effortlessly transition from day to night with our versatile diamond tennis bracelet. Whether paired with a casual outfit or a formal gown, it adds a touch of glamour and sophistication to any look. Treat yourself or someone special to this timeless piece that\'s destined to be cherished for years to come.\n                        </p>\n                    </div>\n                </div>\n            </div>\n        </div>\n        <div class=\"tp-product-details-desc-item\">\n            <div class=\"row\">\n                <div class=\"col-xl-12\">\n                    <div class=\"tp-product-details-desc-banner text-center m-img\">\n                        <h3 class=\"tp-product-details-desc-banner-title tp-product-details-desc-title\">Exquisite Craftsmanship</h3>\n                        <img src=\"/storage/jewelry/products/product-3.png\" alt=\"Jewelry Workshop\">\n                    </div>\n                </div>\n            </div>\n        </div>\n    </div>\n</div>\n','published','[\"main\\/products\\/product-19.jpg\",\"main\\/products\\/product-20.jpg\",\"main\\/products\\/product-12.jpg\",\"main\\/products\\/product-17.jpg\"]','[]','NG-150-A1',0,13,0,1,'in_stock',0,3,0,0,1352,1041.04,NULL,NULL,16,12,19,629,NULL,150842,'2025-07-28 01:51:09','2025-07-28 01:51:11',1,0,'Botble\\ACL\\Models\\User',0,NULL,'digital','1552096964401',NULL,0,'auto_generate',0,0,0,1),(9,'High-Waisted Wide Leg Trousers','Step out in style with these leather ankle boots, crafted with a sleek design and comfortable block heel. Versatile enough to pair with both dresses and jeans.','<div class=\"row justify-content-center\">\n    <div class=\"col-xl-10\">\n        <div class=\"tp-product-details-desc-item pb-105\">\n            <div class=\"row\">\n                <div class=\"col-lg-6\">\n                    <div class=\"pt-25\">\n                        <span>Diamond Tennis Bracelet</span>\n                        <h3 class=\"tp-product-details-desc-title\">Timeless Elegance</h3>\n                        <p>\n                            Elevate your style with our exquisite diamond tennis bracelet. Crafted with precision and attention to detail, each sparkling diamond is expertly set in lustrous white gold, creating a piece of jewelry that exudes sophistication and luxury. Whether worn alone or layered with other bracelets, this timeless accessory adds a touch of glamour to any ensemble.\n                        </p>\n                    </div>\n                    <div>\n                        <h3 class=\"tp-product-details-desc-title\">Exceptional Quality</h3>\n                        <p>\n                            Our diamond tennis bracelet is crafted from the finest materials to ensure lasting beauty and brilliance. Each diamond is carefully selected for its clarity, cut, and color, resulting in a piece of jewelry that\'s truly exceptional. Indulge in luxury and elegance with this stunning bracelet that\'s sure to become a cherished heirloom.\n                        </p>\n                    </div>\n                </div>\n                <div class=\"col-lg-6\">\n                    <div class=\"tp-product-details-desc-thumb\">\n                        <img src=\"/storage/jewelry/products/product-1.png\" alt=\"Diamond Tennis Bracelet\">\n                    </div>\n                </div>\n            </div>\n        </div>\n        <div class=\"tp-product-details-desc-item pb-75\">\n            <div class=\"row\">\n                <div class=\"col-lg-7\">\n                    <div class=\"tp-product-details-desc-thumb\">\n                        <img src=\"/storage/jewelry/products/product-2.png\" alt=\"Close-up of Diamond Tennis Bracelet\">\n                    </div>\n                </div>\n\n                <div class=\"col-lg-5 order-first order-lg-last\">\n                    <div class=\"des-content-2 pl-40\">\n                        <h3 class=\"tp-product-details-desc-title\">\n                            Versatile Style\n                        </h3>\n                        <p>\n                            Effortlessly transition from day to night with our versatile diamond tennis bracelet. Whether paired with a casual outfit or a formal gown, it adds a touch of glamour and sophistication to any look. Treat yourself or someone special to this timeless piece that\'s destined to be cherished for years to come.\n                        </p>\n                    </div>\n                </div>\n            </div>\n        </div>\n        <div class=\"tp-product-details-desc-item\">\n            <div class=\"row\">\n                <div class=\"col-xl-12\">\n                    <div class=\"tp-product-details-desc-banner text-center m-img\">\n                        <h3 class=\"tp-product-details-desc-banner-title tp-product-details-desc-title\">Exquisite Craftsmanship</h3>\n                        <img src=\"/storage/jewelry/products/product-3.png\" alt=\"Jewelry Workshop\">\n                    </div>\n                </div>\n            </div>\n        </div>\n    </div>\n</div>\n','published','[\"main\\/products\\/product-6.jpg\",\"main\\/products\\/product-4.jpg\",\"main\\/products\\/product-10.jpg\",\"main\\/products\\/product-9.jpg\"]','[[{\"key\":\"file\",\"value\":\"main\\/video\\/video-1.mp4\"},{\"key\":\"url\",\"value\":null},{\"key\":\"thumbnail\",\"value\":\"main\\/video\\/1.jpg\"}]]','9E-117-A1',0,17,0,1,'in_stock',0,1,0,0,2099,NULL,NULL,NULL,13,12,14,821,NULL,165241,'2025-07-28 01:51:09','2025-07-28 01:51:11',3,0,'Botble\\ACL\\Models\\User',0,NULL,'physical','1901056282626',NULL,0,'auto_generate',0,0,0,2),(10,'Embroidered Boho Blouse','Make a statement in this floral maxi dress, perfect for summer events or a casual day out. The flowy silhouette and vibrant print will turn heads wherever you go.','<div class=\"row justify-content-center\">\n    <div class=\"col-xl-10\">\n        <div class=\"tp-product-details-desc-item pb-105\">\n            <div class=\"row\">\n                <div class=\"col-lg-6\">\n                    <div class=\"pt-25\">\n                        <span>Diamond Tennis Bracelet</span>\n                        <h3 class=\"tp-product-details-desc-title\">Timeless Elegance</h3>\n                        <p>\n                            Elevate your style with our exquisite diamond tennis bracelet. Crafted with precision and attention to detail, each sparkling diamond is expertly set in lustrous white gold, creating a piece of jewelry that exudes sophistication and luxury. Whether worn alone or layered with other bracelets, this timeless accessory adds a touch of glamour to any ensemble.\n                        </p>\n                    </div>\n                    <div>\n                        <h3 class=\"tp-product-details-desc-title\">Exceptional Quality</h3>\n                        <p>\n                            Our diamond tennis bracelet is crafted from the finest materials to ensure lasting beauty and brilliance. Each diamond is carefully selected for its clarity, cut, and color, resulting in a piece of jewelry that\'s truly exceptional. Indulge in luxury and elegance with this stunning bracelet that\'s sure to become a cherished heirloom.\n                        </p>\n                    </div>\n                </div>\n                <div class=\"col-lg-6\">\n                    <div class=\"tp-product-details-desc-thumb\">\n                        <img src=\"/storage/jewelry/products/product-1.png\" alt=\"Diamond Tennis Bracelet\">\n                    </div>\n                </div>\n            </div>\n        </div>\n        <div class=\"tp-product-details-desc-item pb-75\">\n            <div class=\"row\">\n                <div class=\"col-lg-7\">\n                    <div class=\"tp-product-details-desc-thumb\">\n                        <img src=\"/storage/jewelry/products/product-2.png\" alt=\"Close-up of Diamond Tennis Bracelet\">\n                    </div>\n                </div>\n\n                <div class=\"col-lg-5 order-first order-lg-last\">\n                    <div class=\"des-content-2 pl-40\">\n                        <h3 class=\"tp-product-details-desc-title\">\n                            Versatile Style\n                        </h3>\n                        <p>\n                            Effortlessly transition from day to night with our versatile diamond tennis bracelet. Whether paired with a casual outfit or a formal gown, it adds a touch of glamour and sophistication to any look. Treat yourself or someone special to this timeless piece that\'s destined to be cherished for years to come.\n                        </p>\n                    </div>\n                </div>\n            </div>\n        </div>\n        <div class=\"tp-product-details-desc-item\">\n            <div class=\"row\">\n                <div class=\"col-xl-12\">\n                    <div class=\"tp-product-details-desc-banner text-center m-img\">\n                        <h3 class=\"tp-product-details-desc-banner-title tp-product-details-desc-title\">Exquisite Craftsmanship</h3>\n                        <img src=\"/storage/jewelry/products/product-3.png\" alt=\"Jewelry Workshop\">\n                    </div>\n                </div>\n            </div>\n        </div>\n    </div>\n</div>\n','published','[\"main\\/products\\/product-17.jpg\",\"main\\/products\\/product-10.jpg\",\"main\\/products\\/product-19.jpg\",\"main\\/products\\/product-1.jpg\",\"main\\/products\\/product-3.jpg\",\"main\\/products\\/product-20.jpg\"]','[]','H0-150-A1',0,11,0,1,'in_stock',1,2,0,0,2479,NULL,NULL,NULL,15,13,18,879,NULL,148535,'2025-07-28 01:51:09','2025-07-28 01:51:11',5,0,'Botble\\ACL\\Models\\User',0,NULL,'physical','7001108416260',NULL,0,'auto_generate',0,0,0,2),(11,'Statement Chunky Necklace','Stay on trend with these high-waisted wide-leg trousers, combining comfort and sophistication. Pair them with heels for a refined look.','<div class=\"row justify-content-center\">\n    <div class=\"col-xl-10\">\n        <div class=\"tp-product-details-desc-item pb-105\">\n            <div class=\"row\">\n                <div class=\"col-lg-6\">\n                    <div class=\"pt-25\">\n                        <span>Diamond Tennis Bracelet</span>\n                        <h3 class=\"tp-product-details-desc-title\">Timeless Elegance</h3>\n                        <p>\n                            Elevate your style with our exquisite diamond tennis bracelet. Crafted with precision and attention to detail, each sparkling diamond is expertly set in lustrous white gold, creating a piece of jewelry that exudes sophistication and luxury. Whether worn alone or layered with other bracelets, this timeless accessory adds a touch of glamour to any ensemble.\n                        </p>\n                    </div>\n                    <div>\n                        <h3 class=\"tp-product-details-desc-title\">Exceptional Quality</h3>\n                        <p>\n                            Our diamond tennis bracelet is crafted from the finest materials to ensure lasting beauty and brilliance. Each diamond is carefully selected for its clarity, cut, and color, resulting in a piece of jewelry that\'s truly exceptional. Indulge in luxury and elegance with this stunning bracelet that\'s sure to become a cherished heirloom.\n                        </p>\n                    </div>\n                </div>\n                <div class=\"col-lg-6\">\n                    <div class=\"tp-product-details-desc-thumb\">\n                        <img src=\"/storage/jewelry/products/product-1.png\" alt=\"Diamond Tennis Bracelet\">\n                    </div>\n                </div>\n            </div>\n        </div>\n        <div class=\"tp-product-details-desc-item pb-75\">\n            <div class=\"row\">\n                <div class=\"col-lg-7\">\n                    <div class=\"tp-product-details-desc-thumb\">\n                        <img src=\"/storage/jewelry/products/product-2.png\" alt=\"Close-up of Diamond Tennis Bracelet\">\n                    </div>\n                </div>\n\n                <div class=\"col-lg-5 order-first order-lg-last\">\n                    <div class=\"des-content-2 pl-40\">\n                        <h3 class=\"tp-product-details-desc-title\">\n                            Versatile Style\n                        </h3>\n                        <p>\n                            Effortlessly transition from day to night with our versatile diamond tennis bracelet. Whether paired with a casual outfit or a formal gown, it adds a touch of glamour and sophistication to any look. Treat yourself or someone special to this timeless piece that\'s destined to be cherished for years to come.\n                        </p>\n                    </div>\n                </div>\n            </div>\n        </div>\n        <div class=\"tp-product-details-desc-item\">\n            <div class=\"row\">\n                <div class=\"col-xl-12\">\n                    <div class=\"tp-product-details-desc-banner text-center m-img\">\n                        <h3 class=\"tp-product-details-desc-banner-title tp-product-details-desc-title\">Exquisite Craftsmanship</h3>\n                        <img src=\"/storage/jewelry/products/product-3.png\" alt=\"Jewelry Workshop\">\n                    </div>\n                </div>\n            </div>\n        </div>\n    </div>\n</div>\n','published','[\"main\\/products\\/product-14.jpg\",\"main\\/products\\/product-19.jpg\",\"main\\/products\\/product-18.jpg\"]','[[{\"key\":\"file\",\"value\":\"main\\/video\\/video-2.mp4\"},{\"key\":\"url\",\"value\":null},{\"key\":\"thumbnail\",\"value\":\"main\\/video\\/2.jpg\"}]]','RJ-121-A1',0,20,0,1,'in_stock',0,5,0,0,1711,NULL,NULL,NULL,12,11,19,526,NULL,187096,'2025-07-28 01:51:09','2025-07-28 01:51:11',6,0,'Botble\\ACL\\Models\\User',0,NULL,'physical','0336997827932',NULL,0,'auto_generate',0,0,0,1),(12,'Chic Fedora Hat (Digital)','Stay cozy and chic in this knit turtleneck sweater, featuring a ribbed texture and a timeless design. Perfect for chilly days and nights.','<div class=\"row justify-content-center\">\n    <div class=\"col-xl-10\">\n        <div class=\"tp-product-details-desc-item pb-105\">\n            <div class=\"row\">\n                <div class=\"col-lg-6\">\n                    <div class=\"pt-25\">\n                        <span>Diamond Tennis Bracelet</span>\n                        <h3 class=\"tp-product-details-desc-title\">Timeless Elegance</h3>\n                        <p>\n                            Elevate your style with our exquisite diamond tennis bracelet. Crafted with precision and attention to detail, each sparkling diamond is expertly set in lustrous white gold, creating a piece of jewelry that exudes sophistication and luxury. Whether worn alone or layered with other bracelets, this timeless accessory adds a touch of glamour to any ensemble.\n                        </p>\n                    </div>\n                    <div>\n                        <h3 class=\"tp-product-details-desc-title\">Exceptional Quality</h3>\n                        <p>\n                            Our diamond tennis bracelet is crafted from the finest materials to ensure lasting beauty and brilliance. Each diamond is carefully selected for its clarity, cut, and color, resulting in a piece of jewelry that\'s truly exceptional. Indulge in luxury and elegance with this stunning bracelet that\'s sure to become a cherished heirloom.\n                        </p>\n                    </div>\n                </div>\n                <div class=\"col-lg-6\">\n                    <div class=\"tp-product-details-desc-thumb\">\n                        <img src=\"/storage/jewelry/products/product-1.png\" alt=\"Diamond Tennis Bracelet\">\n                    </div>\n                </div>\n            </div>\n        </div>\n        <div class=\"tp-product-details-desc-item pb-75\">\n            <div class=\"row\">\n                <div class=\"col-lg-7\">\n                    <div class=\"tp-product-details-desc-thumb\">\n                        <img src=\"/storage/jewelry/products/product-2.png\" alt=\"Close-up of Diamond Tennis Bracelet\">\n                    </div>\n                </div>\n\n                <div class=\"col-lg-5 order-first order-lg-last\">\n                    <div class=\"des-content-2 pl-40\">\n                        <h3 class=\"tp-product-details-desc-title\">\n                            Versatile Style\n                        </h3>\n                        <p>\n                            Effortlessly transition from day to night with our versatile diamond tennis bracelet. Whether paired with a casual outfit or a formal gown, it adds a touch of glamour and sophistication to any look. Treat yourself or someone special to this timeless piece that\'s destined to be cherished for years to come.\n                        </p>\n                    </div>\n                </div>\n            </div>\n        </div>\n        <div class=\"tp-product-details-desc-item\">\n            <div class=\"row\">\n                <div class=\"col-xl-12\">\n                    <div class=\"tp-product-details-desc-banner text-center m-img\">\n                        <h3 class=\"tp-product-details-desc-banner-title tp-product-details-desc-title\">Exquisite Craftsmanship</h3>\n                        <img src=\"/storage/jewelry/products/product-3.png\" alt=\"Jewelry Workshop\">\n                    </div>\n                </div>\n            </div>\n        </div>\n    </div>\n</div>\n','published','[\"main\\/products\\/product-17.jpg\",\"main\\/products\\/product-4.jpg\",\"main\\/products\\/product-5.jpg\",\"main\\/products\\/product-11.jpg\",\"main\\/products\\/product-10.jpg\",\"main\\/products\\/product-3.jpg\",\"main\\/products\\/product-2.jpg\"]','[[{\"key\":\"file\",\"value\":\"main\\/video\\/video-2.mp4\"},{\"key\":\"url\",\"value\":null},{\"key\":\"thumbnail\",\"value\":\"main\\/video\\/2.jpg\"}]]','JH-178',0,16,0,1,'in_stock',0,4,0,0,1751,573,NULL,NULL,18,19,18,857,NULL,36414,'2025-07-28 01:51:09','2025-07-28 01:51:11',2,0,'Botble\\ACL\\Models\\User',0,NULL,'digital','8998009815485',NULL,0,'auto_generate',0,0,0,1),(13,'Strappy Block Heel Sandals','Make a bold statement with this chunky necklace, designed to add a touch of glamour to any outfit. The perfect accessory for a night out.','<div class=\"row justify-content-center\">\n    <div class=\"col-xl-10\">\n        <div class=\"tp-product-details-desc-item pb-105\">\n            <div class=\"row\">\n                <div class=\"col-lg-6\">\n                    <div class=\"pt-25\">\n                        <span>Diamond Tennis Bracelet</span>\n                        <h3 class=\"tp-product-details-desc-title\">Timeless Elegance</h3>\n                        <p>\n                            Elevate your style with our exquisite diamond tennis bracelet. Crafted with precision and attention to detail, each sparkling diamond is expertly set in lustrous white gold, creating a piece of jewelry that exudes sophistication and luxury. Whether worn alone or layered with other bracelets, this timeless accessory adds a touch of glamour to any ensemble.\n                        </p>\n                    </div>\n                    <div>\n                        <h3 class=\"tp-product-details-desc-title\">Exceptional Quality</h3>\n                        <p>\n                            Our diamond tennis bracelet is crafted from the finest materials to ensure lasting beauty and brilliance. Each diamond is carefully selected for its clarity, cut, and color, resulting in a piece of jewelry that\'s truly exceptional. Indulge in luxury and elegance with this stunning bracelet that\'s sure to become a cherished heirloom.\n                        </p>\n                    </div>\n                </div>\n                <div class=\"col-lg-6\">\n                    <div class=\"tp-product-details-desc-thumb\">\n                        <img src=\"/storage/jewelry/products/product-1.png\" alt=\"Diamond Tennis Bracelet\">\n                    </div>\n                </div>\n            </div>\n        </div>\n        <div class=\"tp-product-details-desc-item pb-75\">\n            <div class=\"row\">\n                <div class=\"col-lg-7\">\n                    <div class=\"tp-product-details-desc-thumb\">\n                        <img src=\"/storage/jewelry/products/product-2.png\" alt=\"Close-up of Diamond Tennis Bracelet\">\n                    </div>\n                </div>\n\n                <div class=\"col-lg-5 order-first order-lg-last\">\n                    <div class=\"des-content-2 pl-40\">\n                        <h3 class=\"tp-product-details-desc-title\">\n                            Versatile Style\n                        </h3>\n                        <p>\n                            Effortlessly transition from day to night with our versatile diamond tennis bracelet. Whether paired with a casual outfit or a formal gown, it adds a touch of glamour and sophistication to any look. Treat yourself or someone special to this timeless piece that\'s destined to be cherished for years to come.\n                        </p>\n                    </div>\n                </div>\n            </div>\n        </div>\n        <div class=\"tp-product-details-desc-item\">\n            <div class=\"row\">\n                <div class=\"col-xl-12\">\n                    <div class=\"tp-product-details-desc-banner text-center m-img\">\n                        <h3 class=\"tp-product-details-desc-banner-title tp-product-details-desc-title\">Exquisite Craftsmanship</h3>\n                        <img src=\"/storage/jewelry/products/product-3.png\" alt=\"Jewelry Workshop\">\n                    </div>\n                </div>\n            </div>\n        </div>\n    </div>\n</div>\n','published','[\"main\\/products\\/product-10.jpg\",\"main\\/products\\/product-17.jpg\",\"main\\/products\\/product-16.jpg\",\"main\\/products\\/product-3.jpg\",\"main\\/products\\/product-18.jpg\"]','[[{\"key\":\"file\",\"value\":\"main\\/video\\/video-1.mp4\"},{\"key\":\"url\",\"value\":null},{\"key\":\"thumbnail\",\"value\":\"main\\/video\\/1.jpg\"}]]','4F-131-A1',0,19,0,1,'in_stock',1,1,0,0,904,NULL,NULL,NULL,15,16,10,534,NULL,53114,'2025-07-28 01:51:09','2025-07-28 01:51:11',1,0,'Botble\\ACL\\Models\\User',0,NULL,'physical','8007110127483',NULL,0,'auto_generate',0,0,0,1),(14,'Velvet Evening Gown','Add a pop of color to your outfit with this silk scarf adorned with a geometric print. Wrap it around your neck or tie it to your handbag for a stylish touch.','<div class=\"row justify-content-center\">\n    <div class=\"col-xl-10\">\n        <div class=\"tp-product-details-desc-item pb-105\">\n            <div class=\"row\">\n                <div class=\"col-lg-6\">\n                    <div class=\"pt-25\">\n                        <span>Diamond Tennis Bracelet</span>\n                        <h3 class=\"tp-product-details-desc-title\">Timeless Elegance</h3>\n                        <p>\n                            Elevate your style with our exquisite diamond tennis bracelet. Crafted with precision and attention to detail, each sparkling diamond is expertly set in lustrous white gold, creating a piece of jewelry that exudes sophistication and luxury. Whether worn alone or layered with other bracelets, this timeless accessory adds a touch of glamour to any ensemble.\n                        </p>\n                    </div>\n                    <div>\n                        <h3 class=\"tp-product-details-desc-title\">Exceptional Quality</h3>\n                        <p>\n                            Our diamond tennis bracelet is crafted from the finest materials to ensure lasting beauty and brilliance. Each diamond is carefully selected for its clarity, cut, and color, resulting in a piece of jewelry that\'s truly exceptional. Indulge in luxury and elegance with this stunning bracelet that\'s sure to become a cherished heirloom.\n                        </p>\n                    </div>\n                </div>\n                <div class=\"col-lg-6\">\n                    <div class=\"tp-product-details-desc-thumb\">\n                        <img src=\"/storage/jewelry/products/product-1.png\" alt=\"Diamond Tennis Bracelet\">\n                    </div>\n                </div>\n            </div>\n        </div>\n        <div class=\"tp-product-details-desc-item pb-75\">\n            <div class=\"row\">\n                <div class=\"col-lg-7\">\n                    <div class=\"tp-product-details-desc-thumb\">\n                        <img src=\"/storage/jewelry/products/product-2.png\" alt=\"Close-up of Diamond Tennis Bracelet\">\n                    </div>\n                </div>\n\n                <div class=\"col-lg-5 order-first order-lg-last\">\n                    <div class=\"des-content-2 pl-40\">\n                        <h3 class=\"tp-product-details-desc-title\">\n                            Versatile Style\n                        </h3>\n                        <p>\n                            Effortlessly transition from day to night with our versatile diamond tennis bracelet. Whether paired with a casual outfit or a formal gown, it adds a touch of glamour and sophistication to any look. Treat yourself or someone special to this timeless piece that\'s destined to be cherished for years to come.\n                        </p>\n                    </div>\n                </div>\n            </div>\n        </div>\n        <div class=\"tp-product-details-desc-item\">\n            <div class=\"row\">\n                <div class=\"col-xl-12\">\n                    <div class=\"tp-product-details-desc-banner text-center m-img\">\n                        <h3 class=\"tp-product-details-desc-banner-title tp-product-details-desc-title\">Exquisite Craftsmanship</h3>\n                        <img src=\"/storage/jewelry/products/product-3.png\" alt=\"Jewelry Workshop\">\n                    </div>\n                </div>\n            </div>\n        </div>\n    </div>\n</div>\n','published','[\"main\\/products\\/product-16.jpg\",\"main\\/products\\/product-15.jpg\",\"main\\/products\\/product-14.jpg\",\"main\\/products\\/product-5.jpg\",\"main\\/products\\/product-17.jpg\",\"main\\/products\\/product-12.jpg\"]','[[{\"key\":\"file\",\"value\":\"main\\/video\\/video-2.mp4\"},{\"key\":\"url\",\"value\":null},{\"key\":\"thumbnail\",\"value\":\"main\\/video\\/2.jpg\"}]]','UP-137-A1',0,15,0,1,'in_stock',1,4,0,0,882,NULL,NULL,NULL,10,12,19,707,NULL,168713,'2025-07-28 01:51:10','2025-07-28 01:51:11',2,0,'Botble\\ACL\\Models\\User',0,NULL,'physical','2901034388851',NULL,0,'auto_generate',0,0,0,1),(15,'Quilted Crossbody Bag','Embrace bohemian vibes with this embroidered boho blouse, featuring intricate stitching and a relaxed fit. Perfect for a casual day with a touch of style.','<div class=\"row justify-content-center\">\n    <div class=\"col-xl-10\">\n        <div class=\"tp-product-details-desc-item pb-105\">\n            <div class=\"row\">\n                <div class=\"col-lg-6\">\n                    <div class=\"pt-25\">\n                        <span>Diamond Tennis Bracelet</span>\n                        <h3 class=\"tp-product-details-desc-title\">Timeless Elegance</h3>\n                        <p>\n                            Elevate your style with our exquisite diamond tennis bracelet. Crafted with precision and attention to detail, each sparkling diamond is expertly set in lustrous white gold, creating a piece of jewelry that exudes sophistication and luxury. Whether worn alone or layered with other bracelets, this timeless accessory adds a touch of glamour to any ensemble.\n                        </p>\n                    </div>\n                    <div>\n                        <h3 class=\"tp-product-details-desc-title\">Exceptional Quality</h3>\n                        <p>\n                            Our diamond tennis bracelet is crafted from the finest materials to ensure lasting beauty and brilliance. Each diamond is carefully selected for its clarity, cut, and color, resulting in a piece of jewelry that\'s truly exceptional. Indulge in luxury and elegance with this stunning bracelet that\'s sure to become a cherished heirloom.\n                        </p>\n                    </div>\n                </div>\n                <div class=\"col-lg-6\">\n                    <div class=\"tp-product-details-desc-thumb\">\n                        <img src=\"/storage/jewelry/products/product-1.png\" alt=\"Diamond Tennis Bracelet\">\n                    </div>\n                </div>\n            </div>\n        </div>\n        <div class=\"tp-product-details-desc-item pb-75\">\n            <div class=\"row\">\n                <div class=\"col-lg-7\">\n                    <div class=\"tp-product-details-desc-thumb\">\n                        <img src=\"/storage/jewelry/products/product-2.png\" alt=\"Close-up of Diamond Tennis Bracelet\">\n                    </div>\n                </div>\n\n                <div class=\"col-lg-5 order-first order-lg-last\">\n                    <div class=\"des-content-2 pl-40\">\n                        <h3 class=\"tp-product-details-desc-title\">\n                            Versatile Style\n                        </h3>\n                        <p>\n                            Effortlessly transition from day to night with our versatile diamond tennis bracelet. Whether paired with a casual outfit or a formal gown, it adds a touch of glamour and sophistication to any look. Treat yourself or someone special to this timeless piece that\'s destined to be cherished for years to come.\n                        </p>\n                    </div>\n                </div>\n            </div>\n        </div>\n        <div class=\"tp-product-details-desc-item\">\n            <div class=\"row\">\n                <div class=\"col-xl-12\">\n                    <div class=\"tp-product-details-desc-banner text-center m-img\">\n                        <h3 class=\"tp-product-details-desc-banner-title tp-product-details-desc-title\">Exquisite Craftsmanship</h3>\n                        <img src=\"/storage/jewelry/products/product-3.png\" alt=\"Jewelry Workshop\">\n                    </div>\n                </div>\n            </div>\n        </div>\n    </div>\n</div>\n','published','[\"main\\/products\\/product-8.jpg\",\"main\\/products\\/product-17.jpg\",\"main\\/products\\/product-details-desc-3.jpg\",\"main\\/products\\/product-15.jpg\",\"main\\/products\\/product-12.jpg\"]','[[{\"key\":\"file\",\"value\":\"main\\/video\\/video-2.mp4\"},{\"key\":\"url\",\"value\":null},{\"key\":\"thumbnail\",\"value\":\"main\\/video\\/2.jpg\"}]]','SQ-134-A1',0,13,0,1,'in_stock',0,4,0,0,1004,NULL,NULL,NULL,17,13,12,779,NULL,133002,'2025-07-28 01:51:10','2025-07-28 01:51:11',4,0,'Botble\\ACL\\Models\\User',0,NULL,'physical','8742373048204',NULL,0,'auto_generate',0,0,0,2),(16,'Distressed Skinny Jeans (Digital)','Top off your look with this chic fedora hat, crafted with a classic silhouette and a timeless appeal. A must-have accessory for any fashion-forward wardrobe.','<div class=\"row justify-content-center\">\n    <div class=\"col-xl-10\">\n        <div class=\"tp-product-details-desc-item pb-105\">\n            <div class=\"row\">\n                <div class=\"col-lg-6\">\n                    <div class=\"pt-25\">\n                        <span>Diamond Tennis Bracelet</span>\n                        <h3 class=\"tp-product-details-desc-title\">Timeless Elegance</h3>\n                        <p>\n                            Elevate your style with our exquisite diamond tennis bracelet. Crafted with precision and attention to detail, each sparkling diamond is expertly set in lustrous white gold, creating a piece of jewelry that exudes sophistication and luxury. Whether worn alone or layered with other bracelets, this timeless accessory adds a touch of glamour to any ensemble.\n                        </p>\n                    </div>\n                    <div>\n                        <h3 class=\"tp-product-details-desc-title\">Exceptional Quality</h3>\n                        <p>\n                            Our diamond tennis bracelet is crafted from the finest materials to ensure lasting beauty and brilliance. Each diamond is carefully selected for its clarity, cut, and color, resulting in a piece of jewelry that\'s truly exceptional. Indulge in luxury and elegance with this stunning bracelet that\'s sure to become a cherished heirloom.\n                        </p>\n                    </div>\n                </div>\n                <div class=\"col-lg-6\">\n                    <div class=\"tp-product-details-desc-thumb\">\n                        <img src=\"/storage/jewelry/products/product-1.png\" alt=\"Diamond Tennis Bracelet\">\n                    </div>\n                </div>\n            </div>\n        </div>\n        <div class=\"tp-product-details-desc-item pb-75\">\n            <div class=\"row\">\n                <div class=\"col-lg-7\">\n                    <div class=\"tp-product-details-desc-thumb\">\n                        <img src=\"/storage/jewelry/products/product-2.png\" alt=\"Close-up of Diamond Tennis Bracelet\">\n                    </div>\n                </div>\n\n                <div class=\"col-lg-5 order-first order-lg-last\">\n                    <div class=\"des-content-2 pl-40\">\n                        <h3 class=\"tp-product-details-desc-title\">\n                            Versatile Style\n                        </h3>\n                        <p>\n                            Effortlessly transition from day to night with our versatile diamond tennis bracelet. Whether paired with a casual outfit or a formal gown, it adds a touch of glamour and sophistication to any look. Treat yourself or someone special to this timeless piece that\'s destined to be cherished for years to come.\n                        </p>\n                    </div>\n                </div>\n            </div>\n        </div>\n        <div class=\"tp-product-details-desc-item\">\n            <div class=\"row\">\n                <div class=\"col-xl-12\">\n                    <div class=\"tp-product-details-desc-banner text-center m-img\">\n                        <h3 class=\"tp-product-details-desc-banner-title tp-product-details-desc-title\">Exquisite Craftsmanship</h3>\n                        <img src=\"/storage/jewelry/products/product-3.png\" alt=\"Jewelry Workshop\">\n                    </div>\n                </div>\n            </div>\n        </div>\n    </div>\n</div>\n','published','[\"main\\/products\\/product-9.jpg\",\"main\\/products\\/product-3.jpg\",\"main\\/products\\/product-19.jpg\"]','[[{\"key\":\"file\",\"value\":null},{\"key\":\"url\",\"value\":\"https:\\/\\/www.youtube.com\\/watch?v=6JYIGclVQdw\"},{\"key\":\"thumbnail\",\"value\":\"main\\/video\\/1.jpg\"}]]','EY-191-A1',0,10,0,1,'in_stock',0,4,0,0,1700,1292,NULL,NULL,16,11,11,862,NULL,103941,'2025-07-28 01:51:10','2025-07-28 01:51:11',3,0,'Botble\\ACL\\Models\\User',0,NULL,'digital','6305869424320',NULL,0,'auto_generate',0,0,0,1),(17,'Lace-Up Combat Boots','Elevate your street style with this vintage denim jacket, featuring distressed detailing and a relaxed fit for a laid-back vibe.','<div class=\"row justify-content-center\">\n    <div class=\"col-xl-10\">\n        <div class=\"tp-product-details-desc-item pb-105\">\n            <div class=\"row\">\n                <div class=\"col-lg-6\">\n                    <div class=\"pt-25\">\n                        <span>Diamond Tennis Bracelet</span>\n                        <h3 class=\"tp-product-details-desc-title\">Timeless Elegance</h3>\n                        <p>\n                            Elevate your style with our exquisite diamond tennis bracelet. Crafted with precision and attention to detail, each sparkling diamond is expertly set in lustrous white gold, creating a piece of jewelry that exudes sophistication and luxury. Whether worn alone or layered with other bracelets, this timeless accessory adds a touch of glamour to any ensemble.\n                        </p>\n                    </div>\n                    <div>\n                        <h3 class=\"tp-product-details-desc-title\">Exceptional Quality</h3>\n                        <p>\n                            Our diamond tennis bracelet is crafted from the finest materials to ensure lasting beauty and brilliance. Each diamond is carefully selected for its clarity, cut, and color, resulting in a piece of jewelry that\'s truly exceptional. Indulge in luxury and elegance with this stunning bracelet that\'s sure to become a cherished heirloom.\n                        </p>\n                    </div>\n                </div>\n                <div class=\"col-lg-6\">\n                    <div class=\"tp-product-details-desc-thumb\">\n                        <img src=\"/storage/jewelry/products/product-1.png\" alt=\"Diamond Tennis Bracelet\">\n                    </div>\n                </div>\n            </div>\n        </div>\n        <div class=\"tp-product-details-desc-item pb-75\">\n            <div class=\"row\">\n                <div class=\"col-lg-7\">\n                    <div class=\"tp-product-details-desc-thumb\">\n                        <img src=\"/storage/jewelry/products/product-2.png\" alt=\"Close-up of Diamond Tennis Bracelet\">\n                    </div>\n                </div>\n\n                <div class=\"col-lg-5 order-first order-lg-last\">\n                    <div class=\"des-content-2 pl-40\">\n                        <h3 class=\"tp-product-details-desc-title\">\n                            Versatile Style\n                        </h3>\n                        <p>\n                            Effortlessly transition from day to night with our versatile diamond tennis bracelet. Whether paired with a casual outfit or a formal gown, it adds a touch of glamour and sophistication to any look. Treat yourself or someone special to this timeless piece that\'s destined to be cherished for years to come.\n                        </p>\n                    </div>\n                </div>\n            </div>\n        </div>\n        <div class=\"tp-product-details-desc-item\">\n            <div class=\"row\">\n                <div class=\"col-xl-12\">\n                    <div class=\"tp-product-details-desc-banner text-center m-img\">\n                        <h3 class=\"tp-product-details-desc-banner-title tp-product-details-desc-title\">Exquisite Craftsmanship</h3>\n                        <img src=\"/storage/jewelry/products/product-3.png\" alt=\"Jewelry Workshop\">\n                    </div>\n                </div>\n            </div>\n        </div>\n    </div>\n</div>\n','published','[\"main\\/products\\/product-18.jpg\",\"main\\/products\\/product-5.jpg\",\"main\\/products\\/product-13.jpg\",\"main\\/products\\/product-9.jpg\",\"main\\/products\\/product-1.jpg\",\"main\\/products\\/product-15.jpg\",\"main\\/products\\/product-20.jpg\"]','[]','30-175',0,11,0,1,'in_stock',1,2,0,0,1283,1131,NULL,NULL,10,15,12,638,NULL,48524,'2025-07-28 01:51:10','2025-07-28 01:51:11',4,0,'Botble\\ACL\\Models\\User',0,NULL,'physical','9362784308101',NULL,0,'auto_generate',0,0,0,1),(18,'Cotton Striped T-Shirt Dress','Elevate your street style with this vintage denim jacket, featuring distressed detailing and a relaxed fit for a laid-back vibe.','<div class=\"row justify-content-center\">\n    <div class=\"col-xl-10\">\n        <div class=\"tp-product-details-desc-item pb-105\">\n            <div class=\"row\">\n                <div class=\"col-lg-6\">\n                    <div class=\"pt-25\">\n                        <span>Diamond Tennis Bracelet</span>\n                        <h3 class=\"tp-product-details-desc-title\">Timeless Elegance</h3>\n                        <p>\n                            Elevate your style with our exquisite diamond tennis bracelet. Crafted with precision and attention to detail, each sparkling diamond is expertly set in lustrous white gold, creating a piece of jewelry that exudes sophistication and luxury. Whether worn alone or layered with other bracelets, this timeless accessory adds a touch of glamour to any ensemble.\n                        </p>\n                    </div>\n                    <div>\n                        <h3 class=\"tp-product-details-desc-title\">Exceptional Quality</h3>\n                        <p>\n                            Our diamond tennis bracelet is crafted from the finest materials to ensure lasting beauty and brilliance. Each diamond is carefully selected for its clarity, cut, and color, resulting in a piece of jewelry that\'s truly exceptional. Indulge in luxury and elegance with this stunning bracelet that\'s sure to become a cherished heirloom.\n                        </p>\n                    </div>\n                </div>\n                <div class=\"col-lg-6\">\n                    <div class=\"tp-product-details-desc-thumb\">\n                        <img src=\"/storage/jewelry/products/product-1.png\" alt=\"Diamond Tennis Bracelet\">\n                    </div>\n                </div>\n            </div>\n        </div>\n        <div class=\"tp-product-details-desc-item pb-75\">\n            <div class=\"row\">\n                <div class=\"col-lg-7\">\n                    <div class=\"tp-product-details-desc-thumb\">\n                        <img src=\"/storage/jewelry/products/product-2.png\" alt=\"Close-up of Diamond Tennis Bracelet\">\n                    </div>\n                </div>\n\n                <div class=\"col-lg-5 order-first order-lg-last\">\n                    <div class=\"des-content-2 pl-40\">\n                        <h3 class=\"tp-product-details-desc-title\">\n                            Versatile Style\n                        </h3>\n                        <p>\n                            Effortlessly transition from day to night with our versatile diamond tennis bracelet. Whether paired with a casual outfit or a formal gown, it adds a touch of glamour and sophistication to any look. Treat yourself or someone special to this timeless piece that\'s destined to be cherished for years to come.\n                        </p>\n                    </div>\n                </div>\n            </div>\n        </div>\n        <div class=\"tp-product-details-desc-item\">\n            <div class=\"row\">\n                <div class=\"col-xl-12\">\n                    <div class=\"tp-product-details-desc-banner text-center m-img\">\n                        <h3 class=\"tp-product-details-desc-banner-title tp-product-details-desc-title\">Exquisite Craftsmanship</h3>\n                        <img src=\"/storage/jewelry/products/product-3.png\" alt=\"Jewelry Workshop\">\n                    </div>\n                </div>\n            </div>\n        </div>\n    </div>\n</div>\n','published','[\"main\\/products\\/product-3.jpg\",\"main\\/products\\/product-18.jpg\",\"main\\/products\\/product-14.jpg\",\"main\\/products\\/product-17.jpg\"]','[]','8Z-170',0,14,0,1,'in_stock',1,2,0,0,2211,1915,NULL,NULL,18,15,20,613,NULL,95809,'2025-07-28 01:51:10','2025-07-28 01:51:11',8,0,'Botble\\ACL\\Models\\User',0,NULL,'physical','2189969863586',NULL,0,'auto_generate',0,0,0,1),(19,'Printed Palazzo Pants','Make a statement in this floral maxi dress, perfect for summer events or a casual day out. The flowy silhouette and vibrant print will turn heads wherever you go.','<div class=\"row justify-content-center\">\n    <div class=\"col-xl-10\">\n        <div class=\"tp-product-details-desc-item pb-105\">\n            <div class=\"row\">\n                <div class=\"col-lg-6\">\n                    <div class=\"pt-25\">\n                        <span>Diamond Tennis Bracelet</span>\n                        <h3 class=\"tp-product-details-desc-title\">Timeless Elegance</h3>\n                        <p>\n                            Elevate your style with our exquisite diamond tennis bracelet. Crafted with precision and attention to detail, each sparkling diamond is expertly set in lustrous white gold, creating a piece of jewelry that exudes sophistication and luxury. Whether worn alone or layered with other bracelets, this timeless accessory adds a touch of glamour to any ensemble.\n                        </p>\n                    </div>\n                    <div>\n                        <h3 class=\"tp-product-details-desc-title\">Exceptional Quality</h3>\n                        <p>\n                            Our diamond tennis bracelet is crafted from the finest materials to ensure lasting beauty and brilliance. Each diamond is carefully selected for its clarity, cut, and color, resulting in a piece of jewelry that\'s truly exceptional. Indulge in luxury and elegance with this stunning bracelet that\'s sure to become a cherished heirloom.\n                        </p>\n                    </div>\n                </div>\n                <div class=\"col-lg-6\">\n                    <div class=\"tp-product-details-desc-thumb\">\n                        <img src=\"/storage/jewelry/products/product-1.png\" alt=\"Diamond Tennis Bracelet\">\n                    </div>\n                </div>\n            </div>\n        </div>\n        <div class=\"tp-product-details-desc-item pb-75\">\n            <div class=\"row\">\n                <div class=\"col-lg-7\">\n                    <div class=\"tp-product-details-desc-thumb\">\n                        <img src=\"/storage/jewelry/products/product-2.png\" alt=\"Close-up of Diamond Tennis Bracelet\">\n                    </div>\n                </div>\n\n                <div class=\"col-lg-5 order-first order-lg-last\">\n                    <div class=\"des-content-2 pl-40\">\n                        <h3 class=\"tp-product-details-desc-title\">\n                            Versatile Style\n                        </h3>\n                        <p>\n                            Effortlessly transition from day to night with our versatile diamond tennis bracelet. Whether paired with a casual outfit or a formal gown, it adds a touch of glamour and sophistication to any look. Treat yourself or someone special to this timeless piece that\'s destined to be cherished for years to come.\n                        </p>\n                    </div>\n                </div>\n            </div>\n        </div>\n        <div class=\"tp-product-details-desc-item\">\n            <div class=\"row\">\n                <div class=\"col-xl-12\">\n                    <div class=\"tp-product-details-desc-banner text-center m-img\">\n                        <h3 class=\"tp-product-details-desc-banner-title tp-product-details-desc-title\">Exquisite Craftsmanship</h3>\n                        <img src=\"/storage/jewelry/products/product-3.png\" alt=\"Jewelry Workshop\">\n                    </div>\n                </div>\n            </div>\n        </div>\n    </div>\n</div>\n','published','[\"main\\/products\\/product-details-desc-3.jpg\",\"main\\/products\\/product-3.jpg\",\"main\\/products\\/product-9.jpg\",\"main\\/products\\/product-2.jpg\",\"main\\/products\\/product-7.jpg\",\"main\\/products\\/product-17.jpg\",\"main\\/products\\/product-1.jpg\",\"main\\/products\\/product-18.jpg\"]','[]','ND-193',0,13,0,1,'in_stock',0,3,0,0,1717,107,NULL,NULL,16,17,15,588,NULL,39615,'2025-07-28 01:51:10','2025-07-28 01:51:11',3,0,'Botble\\ACL\\Models\\User',0,NULL,'physical','2289532983366',NULL,0,'auto_generate',0,0,0,2),(20,'Structured Satchel Bag (Digital)','Step out in style with these leather ankle boots, crafted with a sleek design and comfortable block heel. Versatile enough to pair with both dresses and jeans.','<div class=\"row justify-content-center\">\n    <div class=\"col-xl-10\">\n        <div class=\"tp-product-details-desc-item pb-105\">\n            <div class=\"row\">\n                <div class=\"col-lg-6\">\n                    <div class=\"pt-25\">\n                        <span>Diamond Tennis Bracelet</span>\n                        <h3 class=\"tp-product-details-desc-title\">Timeless Elegance</h3>\n                        <p>\n                            Elevate your style with our exquisite diamond tennis bracelet. Crafted with precision and attention to detail, each sparkling diamond is expertly set in lustrous white gold, creating a piece of jewelry that exudes sophistication and luxury. Whether worn alone or layered with other bracelets, this timeless accessory adds a touch of glamour to any ensemble.\n                        </p>\n                    </div>\n                    <div>\n                        <h3 class=\"tp-product-details-desc-title\">Exceptional Quality</h3>\n                        <p>\n                            Our diamond tennis bracelet is crafted from the finest materials to ensure lasting beauty and brilliance. Each diamond is carefully selected for its clarity, cut, and color, resulting in a piece of jewelry that\'s truly exceptional. Indulge in luxury and elegance with this stunning bracelet that\'s sure to become a cherished heirloom.\n                        </p>\n                    </div>\n                </div>\n                <div class=\"col-lg-6\">\n                    <div class=\"tp-product-details-desc-thumb\">\n                        <img src=\"/storage/jewelry/products/product-1.png\" alt=\"Diamond Tennis Bracelet\">\n                    </div>\n                </div>\n            </div>\n        </div>\n        <div class=\"tp-product-details-desc-item pb-75\">\n            <div class=\"row\">\n                <div class=\"col-lg-7\">\n                    <div class=\"tp-product-details-desc-thumb\">\n                        <img src=\"/storage/jewelry/products/product-2.png\" alt=\"Close-up of Diamond Tennis Bracelet\">\n                    </div>\n                </div>\n\n                <div class=\"col-lg-5 order-first order-lg-last\">\n                    <div class=\"des-content-2 pl-40\">\n                        <h3 class=\"tp-product-details-desc-title\">\n                            Versatile Style\n                        </h3>\n                        <p>\n                            Effortlessly transition from day to night with our versatile diamond tennis bracelet. Whether paired with a casual outfit or a formal gown, it adds a touch of glamour and sophistication to any look. Treat yourself or someone special to this timeless piece that\'s destined to be cherished for years to come.\n                        </p>\n                    </div>\n                </div>\n            </div>\n        </div>\n        <div class=\"tp-product-details-desc-item\">\n            <div class=\"row\">\n                <div class=\"col-xl-12\">\n                    <div class=\"tp-product-details-desc-banner text-center m-img\">\n                        <h3 class=\"tp-product-details-desc-banner-title tp-product-details-desc-title\">Exquisite Craftsmanship</h3>\n                        <img src=\"/storage/jewelry/products/product-3.png\" alt=\"Jewelry Workshop\">\n                    </div>\n                </div>\n            </div>\n        </div>\n    </div>\n</div>\n','published','[\"main\\/products\\/product-details-desc-1.jpg\",\"main\\/products\\/product-6.jpg\",\"main\\/products\\/product-14.jpg\",\"main\\/products\\/product-20.jpg\",\"main\\/products\\/product-5.jpg\",\"main\\/products\\/product-details-desc-2.jpg\",\"main\\/products\\/product-15.jpg\",\"main\\/products\\/product-details-desc-3.jpg\"]','[]','TP-145-A1',0,19,0,1,'in_stock',0,1,0,0,334,300.6,NULL,NULL,14,15,10,526,NULL,59624,'2025-07-28 01:51:10','2025-07-28 01:51:11',5,0,'Botble\\ACL\\Models\\User',0,NULL,'digital','2616789709683',NULL,0,'auto_generate',0,0,0,2),(21,'Off-Shoulder Ruffle Top','Achieve a polished look with this tailored wool blazer, designed for a flattering fit and versatile enough for both work and casual outings.','<div class=\"row justify-content-center\">\n    <div class=\"col-xl-10\">\n        <div class=\"tp-product-details-desc-item pb-105\">\n            <div class=\"row\">\n                <div class=\"col-lg-6\">\n                    <div class=\"pt-25\">\n                        <span>Diamond Tennis Bracelet</span>\n                        <h3 class=\"tp-product-details-desc-title\">Timeless Elegance</h3>\n                        <p>\n                            Elevate your style with our exquisite diamond tennis bracelet. Crafted with precision and attention to detail, each sparkling diamond is expertly set in lustrous white gold, creating a piece of jewelry that exudes sophistication and luxury. Whether worn alone or layered with other bracelets, this timeless accessory adds a touch of glamour to any ensemble.\n                        </p>\n                    </div>\n                    <div>\n                        <h3 class=\"tp-product-details-desc-title\">Exceptional Quality</h3>\n                        <p>\n                            Our diamond tennis bracelet is crafted from the finest materials to ensure lasting beauty and brilliance. Each diamond is carefully selected for its clarity, cut, and color, resulting in a piece of jewelry that\'s truly exceptional. Indulge in luxury and elegance with this stunning bracelet that\'s sure to become a cherished heirloom.\n                        </p>\n                    </div>\n                </div>\n                <div class=\"col-lg-6\">\n                    <div class=\"tp-product-details-desc-thumb\">\n                        <img src=\"/storage/jewelry/products/product-1.png\" alt=\"Diamond Tennis Bracelet\">\n                    </div>\n                </div>\n            </div>\n        </div>\n        <div class=\"tp-product-details-desc-item pb-75\">\n            <div class=\"row\">\n                <div class=\"col-lg-7\">\n                    <div class=\"tp-product-details-desc-thumb\">\n                        <img src=\"/storage/jewelry/products/product-2.png\" alt=\"Close-up of Diamond Tennis Bracelet\">\n                    </div>\n                </div>\n\n                <div class=\"col-lg-5 order-first order-lg-last\">\n                    <div class=\"des-content-2 pl-40\">\n                        <h3 class=\"tp-product-details-desc-title\">\n                            Versatile Style\n                        </h3>\n                        <p>\n                            Effortlessly transition from day to night with our versatile diamond tennis bracelet. Whether paired with a casual outfit or a formal gown, it adds a touch of glamour and sophistication to any look. Treat yourself or someone special to this timeless piece that\'s destined to be cherished for years to come.\n                        </p>\n                    </div>\n                </div>\n            </div>\n        </div>\n        <div class=\"tp-product-details-desc-item\">\n            <div class=\"row\">\n                <div class=\"col-xl-12\">\n                    <div class=\"tp-product-details-desc-banner text-center m-img\">\n                        <h3 class=\"tp-product-details-desc-banner-title tp-product-details-desc-title\">Exquisite Craftsmanship</h3>\n                        <img src=\"/storage/jewelry/products/product-3.png\" alt=\"Jewelry Workshop\">\n                    </div>\n                </div>\n            </div>\n        </div>\n    </div>\n</div>\n','published','[\"main\\/products\\/product-9.jpg\",\"main\\/products\\/product-2.jpg\",\"main\\/products\\/product-1.jpg\",\"main\\/products\\/product-10.jpg\",\"main\\/products\\/product-13.jpg\",\"main\\/products\\/product-19.jpg\",\"main\\/products\\/product-15.jpg\",\"main\\/products\\/product-8.jpg\"]','[[{\"key\":\"file\",\"value\":\"main\\/video\\/video-2.mp4\"},{\"key\":\"url\",\"value\":null},{\"key\":\"thumbnail\",\"value\":\"main\\/video\\/2.jpg\"}]]','QE-109',0,15,0,1,'in_stock',1,1,0,0,2332,1932,NULL,NULL,12,11,10,720,NULL,176042,'2025-07-28 01:51:10','2025-07-28 01:51:11',5,0,'Botble\\ACL\\Models\\User',0,NULL,'physical','9440221557951',NULL,0,'auto_generate',0,0,0,2),(22,'Suede Pointed-Toe Pumps','Complete your look with these classic aviator sunglasses, offering a touch of timeless glamour and UV protection for your eyes.','<div class=\"row justify-content-center\">\n    <div class=\"col-xl-10\">\n        <div class=\"tp-product-details-desc-item pb-105\">\n            <div class=\"row\">\n                <div class=\"col-lg-6\">\n                    <div class=\"pt-25\">\n                        <span>Diamond Tennis Bracelet</span>\n                        <h3 class=\"tp-product-details-desc-title\">Timeless Elegance</h3>\n                        <p>\n                            Elevate your style with our exquisite diamond tennis bracelet. Crafted with precision and attention to detail, each sparkling diamond is expertly set in lustrous white gold, creating a piece of jewelry that exudes sophistication and luxury. Whether worn alone or layered with other bracelets, this timeless accessory adds a touch of glamour to any ensemble.\n                        </p>\n                    </div>\n                    <div>\n                        <h3 class=\"tp-product-details-desc-title\">Exceptional Quality</h3>\n                        <p>\n                            Our diamond tennis bracelet is crafted from the finest materials to ensure lasting beauty and brilliance. Each diamond is carefully selected for its clarity, cut, and color, resulting in a piece of jewelry that\'s truly exceptional. Indulge in luxury and elegance with this stunning bracelet that\'s sure to become a cherished heirloom.\n                        </p>\n                    </div>\n                </div>\n                <div class=\"col-lg-6\">\n                    <div class=\"tp-product-details-desc-thumb\">\n                        <img src=\"/storage/jewelry/products/product-1.png\" alt=\"Diamond Tennis Bracelet\">\n                    </div>\n                </div>\n            </div>\n        </div>\n        <div class=\"tp-product-details-desc-item pb-75\">\n            <div class=\"row\">\n                <div class=\"col-lg-7\">\n                    <div class=\"tp-product-details-desc-thumb\">\n                        <img src=\"/storage/jewelry/products/product-2.png\" alt=\"Close-up of Diamond Tennis Bracelet\">\n                    </div>\n                </div>\n\n                <div class=\"col-lg-5 order-first order-lg-last\">\n                    <div class=\"des-content-2 pl-40\">\n                        <h3 class=\"tp-product-details-desc-title\">\n                            Versatile Style\n                        </h3>\n                        <p>\n                            Effortlessly transition from day to night with our versatile diamond tennis bracelet. Whether paired with a casual outfit or a formal gown, it adds a touch of glamour and sophistication to any look. Treat yourself or someone special to this timeless piece that\'s destined to be cherished for years to come.\n                        </p>\n                    </div>\n                </div>\n            </div>\n        </div>\n        <div class=\"tp-product-details-desc-item\">\n            <div class=\"row\">\n                <div class=\"col-xl-12\">\n                    <div class=\"tp-product-details-desc-banner text-center m-img\">\n                        <h3 class=\"tp-product-details-desc-banner-title tp-product-details-desc-title\">Exquisite Craftsmanship</h3>\n                        <img src=\"/storage/jewelry/products/product-3.png\" alt=\"Jewelry Workshop\">\n                    </div>\n                </div>\n            </div>\n        </div>\n    </div>\n</div>\n','published','[\"main\\/products\\/product-3.jpg\",\"main\\/products\\/product-14.jpg\",\"main\\/products\\/product-2.jpg\",\"main\\/products\\/product-19.jpg\",\"main\\/products\\/product-4.jpg\",\"main\\/products\\/product-5.jpg\",\"main\\/products\\/product-6.jpg\",\"main\\/products\\/product-details-desc-3.jpg\"]','[[{\"key\":\"file\",\"value\":\"main\\/video\\/video-1.mp4\"},{\"key\":\"url\",\"value\":null},{\"key\":\"thumbnail\",\"value\":\"main\\/video\\/1.jpg\"}]]','XO-188-A1',0,10,0,1,'in_stock',1,5,0,0,946,NULL,NULL,NULL,20,10,12,821,NULL,155490,'2025-07-28 01:51:10','2025-07-28 01:51:11',1,0,'Botble\\ACL\\Models\\User',0,NULL,'physical','2000592199562',NULL,0,'auto_generate',0,0,0,2),(23,'Cropped Cable Knit Sweater','Embrace bohemian vibes with this embroidered boho blouse, featuring intricate stitching and a relaxed fit. Perfect for a casual day with a touch of style.','<div class=\"row justify-content-center\">\n    <div class=\"col-xl-10\">\n        <div class=\"tp-product-details-desc-item pb-105\">\n            <div class=\"row\">\n                <div class=\"col-lg-6\">\n                    <div class=\"pt-25\">\n                        <span>Diamond Tennis Bracelet</span>\n                        <h3 class=\"tp-product-details-desc-title\">Timeless Elegance</h3>\n                        <p>\n                            Elevate your style with our exquisite diamond tennis bracelet. Crafted with precision and attention to detail, each sparkling diamond is expertly set in lustrous white gold, creating a piece of jewelry that exudes sophistication and luxury. Whether worn alone or layered with other bracelets, this timeless accessory adds a touch of glamour to any ensemble.\n                        </p>\n                    </div>\n                    <div>\n                        <h3 class=\"tp-product-details-desc-title\">Exceptional Quality</h3>\n                        <p>\n                            Our diamond tennis bracelet is crafted from the finest materials to ensure lasting beauty and brilliance. Each diamond is carefully selected for its clarity, cut, and color, resulting in a piece of jewelry that\'s truly exceptional. Indulge in luxury and elegance with this stunning bracelet that\'s sure to become a cherished heirloom.\n                        </p>\n                    </div>\n                </div>\n                <div class=\"col-lg-6\">\n                    <div class=\"tp-product-details-desc-thumb\">\n                        <img src=\"/storage/jewelry/products/product-1.png\" alt=\"Diamond Tennis Bracelet\">\n                    </div>\n                </div>\n            </div>\n        </div>\n        <div class=\"tp-product-details-desc-item pb-75\">\n            <div class=\"row\">\n                <div class=\"col-lg-7\">\n                    <div class=\"tp-product-details-desc-thumb\">\n                        <img src=\"/storage/jewelry/products/product-2.png\" alt=\"Close-up of Diamond Tennis Bracelet\">\n                    </div>\n                </div>\n\n                <div class=\"col-lg-5 order-first order-lg-last\">\n                    <div class=\"des-content-2 pl-40\">\n                        <h3 class=\"tp-product-details-desc-title\">\n                            Versatile Style\n                        </h3>\n                        <p>\n                            Effortlessly transition from day to night with our versatile diamond tennis bracelet. Whether paired with a casual outfit or a formal gown, it adds a touch of glamour and sophistication to any look. Treat yourself or someone special to this timeless piece that\'s destined to be cherished for years to come.\n                        </p>\n                    </div>\n                </div>\n            </div>\n        </div>\n        <div class=\"tp-product-details-desc-item\">\n            <div class=\"row\">\n                <div class=\"col-xl-12\">\n                    <div class=\"tp-product-details-desc-banner text-center m-img\">\n                        <h3 class=\"tp-product-details-desc-banner-title tp-product-details-desc-title\">Exquisite Craftsmanship</h3>\n                        <img src=\"/storage/jewelry/products/product-3.png\" alt=\"Jewelry Workshop\">\n                    </div>\n                </div>\n            </div>\n        </div>\n    </div>\n</div>\n','published','[\"main\\/products\\/product-details-desc-1.jpg\",\"main\\/products\\/product-3.jpg\",\"main\\/products\\/product-19.jpg\",\"main\\/products\\/product-16.jpg\"]','[[{\"key\":\"file\",\"value\":null},{\"key\":\"url\",\"value\":\"https:\\/\\/www.youtube.com\\/watch?v=6JYIGclVQdw\"},{\"key\":\"thumbnail\",\"value\":\"main\\/video\\/2.jpg\"}]]','LZ-181-A1',0,16,0,1,'in_stock',1,3,0,0,1495,NULL,NULL,NULL,19,17,15,605,NULL,116006,'2025-07-28 01:51:10','2025-07-28 01:51:11',5,0,'Botble\\ACL\\Models\\User',0,NULL,'physical','5746298832781',NULL,0,'auto_generate',0,0,0,2),(24,'Athleisure Jogger Pants (Digital)','Stay cozy and chic in this knit turtleneck sweater, featuring a ribbed texture and a timeless design. Perfect for chilly days and nights.','<div class=\"row justify-content-center\">\n    <div class=\"col-xl-10\">\n        <div class=\"tp-product-details-desc-item pb-105\">\n            <div class=\"row\">\n                <div class=\"col-lg-6\">\n                    <div class=\"pt-25\">\n                        <span>Diamond Tennis Bracelet</span>\n                        <h3 class=\"tp-product-details-desc-title\">Timeless Elegance</h3>\n                        <p>\n                            Elevate your style with our exquisite diamond tennis bracelet. Crafted with precision and attention to detail, each sparkling diamond is expertly set in lustrous white gold, creating a piece of jewelry that exudes sophistication and luxury. Whether worn alone or layered with other bracelets, this timeless accessory adds a touch of glamour to any ensemble.\n                        </p>\n                    </div>\n                    <div>\n                        <h3 class=\"tp-product-details-desc-title\">Exceptional Quality</h3>\n                        <p>\n                            Our diamond tennis bracelet is crafted from the finest materials to ensure lasting beauty and brilliance. Each diamond is carefully selected for its clarity, cut, and color, resulting in a piece of jewelry that\'s truly exceptional. Indulge in luxury and elegance with this stunning bracelet that\'s sure to become a cherished heirloom.\n                        </p>\n                    </div>\n                </div>\n                <div class=\"col-lg-6\">\n                    <div class=\"tp-product-details-desc-thumb\">\n                        <img src=\"/storage/jewelry/products/product-1.png\" alt=\"Diamond Tennis Bracelet\">\n                    </div>\n                </div>\n            </div>\n        </div>\n        <div class=\"tp-product-details-desc-item pb-75\">\n            <div class=\"row\">\n                <div class=\"col-lg-7\">\n                    <div class=\"tp-product-details-desc-thumb\">\n                        <img src=\"/storage/jewelry/products/product-2.png\" alt=\"Close-up of Diamond Tennis Bracelet\">\n                    </div>\n                </div>\n\n                <div class=\"col-lg-5 order-first order-lg-last\">\n                    <div class=\"des-content-2 pl-40\">\n                        <h3 class=\"tp-product-details-desc-title\">\n                            Versatile Style\n                        </h3>\n                        <p>\n                            Effortlessly transition from day to night with our versatile diamond tennis bracelet. Whether paired with a casual outfit or a formal gown, it adds a touch of glamour and sophistication to any look. Treat yourself or someone special to this timeless piece that\'s destined to be cherished for years to come.\n                        </p>\n                    </div>\n                </div>\n            </div>\n        </div>\n        <div class=\"tp-product-details-desc-item\">\n            <div class=\"row\">\n                <div class=\"col-xl-12\">\n                    <div class=\"tp-product-details-desc-banner text-center m-img\">\n                        <h3 class=\"tp-product-details-desc-banner-title tp-product-details-desc-title\">Exquisite Craftsmanship</h3>\n                        <img src=\"/storage/jewelry/products/product-3.png\" alt=\"Jewelry Workshop\">\n                    </div>\n                </div>\n            </div>\n        </div>\n    </div>\n</div>\n','published','[\"main\\/products\\/product-4.jpg\",\"main\\/products\\/product-20.jpg\",\"main\\/products\\/product-6.jpg\",\"main\\/products\\/product-19.jpg\"]','[[{\"key\":\"file\",\"value\":\"main\\/video\\/video-2.mp4\"},{\"key\":\"url\",\"value\":null},{\"key\":\"thumbnail\",\"value\":\"main\\/video\\/2.jpg\"}]]','F1-160-A1',0,19,0,1,'in_stock',1,5,0,0,1541,1309.85,NULL,NULL,13,11,20,627,NULL,186341,'2025-07-28 01:51:10','2025-07-28 01:51:11',5,0,'Botble\\ACL\\Models\\User',0,NULL,'digital','5360657561367',NULL,0,'auto_generate',0,0,0,2),(25,'Leopard Print Midi Skirt','Achieve a polished look with this tailored wool blazer, designed for a flattering fit and versatile enough for both work and casual outings.','<div class=\"row justify-content-center\">\n    <div class=\"col-xl-10\">\n        <div class=\"tp-product-details-desc-item pb-105\">\n            <div class=\"row\">\n                <div class=\"col-lg-6\">\n                    <div class=\"pt-25\">\n                        <span>Diamond Tennis Bracelet</span>\n                        <h3 class=\"tp-product-details-desc-title\">Timeless Elegance</h3>\n                        <p>\n                            Elevate your style with our exquisite diamond tennis bracelet. Crafted with precision and attention to detail, each sparkling diamond is expertly set in lustrous white gold, creating a piece of jewelry that exudes sophistication and luxury. Whether worn alone or layered with other bracelets, this timeless accessory adds a touch of glamour to any ensemble.\n                        </p>\n                    </div>\n                    <div>\n                        <h3 class=\"tp-product-details-desc-title\">Exceptional Quality</h3>\n                        <p>\n                            Our diamond tennis bracelet is crafted from the finest materials to ensure lasting beauty and brilliance. Each diamond is carefully selected for its clarity, cut, and color, resulting in a piece of jewelry that\'s truly exceptional. Indulge in luxury and elegance with this stunning bracelet that\'s sure to become a cherished heirloom.\n                        </p>\n                    </div>\n                </div>\n                <div class=\"col-lg-6\">\n                    <div class=\"tp-product-details-desc-thumb\">\n                        <img src=\"/storage/jewelry/products/product-1.png\" alt=\"Diamond Tennis Bracelet\">\n                    </div>\n                </div>\n            </div>\n        </div>\n        <div class=\"tp-product-details-desc-item pb-75\">\n            <div class=\"row\">\n                <div class=\"col-lg-7\">\n                    <div class=\"tp-product-details-desc-thumb\">\n                        <img src=\"/storage/jewelry/products/product-2.png\" alt=\"Close-up of Diamond Tennis Bracelet\">\n                    </div>\n                </div>\n\n                <div class=\"col-lg-5 order-first order-lg-last\">\n                    <div class=\"des-content-2 pl-40\">\n                        <h3 class=\"tp-product-details-desc-title\">\n                            Versatile Style\n                        </h3>\n                        <p>\n                            Effortlessly transition from day to night with our versatile diamond tennis bracelet. Whether paired with a casual outfit or a formal gown, it adds a touch of glamour and sophistication to any look. Treat yourself or someone special to this timeless piece that\'s destined to be cherished for years to come.\n                        </p>\n                    </div>\n                </div>\n            </div>\n        </div>\n        <div class=\"tp-product-details-desc-item\">\n            <div class=\"row\">\n                <div class=\"col-xl-12\">\n                    <div class=\"tp-product-details-desc-banner text-center m-img\">\n                        <h3 class=\"tp-product-details-desc-banner-title tp-product-details-desc-title\">Exquisite Craftsmanship</h3>\n                        <img src=\"/storage/jewelry/products/product-3.png\" alt=\"Jewelry Workshop\">\n                    </div>\n                </div>\n            </div>\n        </div>\n    </div>\n</div>\n','published','[\"main\\/products\\/product-3.jpg\",\"main\\/products\\/product-details-desc-1.jpg\",\"main\\/products\\/product-13.jpg\",\"main\\/products\\/product-details-desc-2.jpg\",\"main\\/products\\/product-8.jpg\",\"main\\/products\\/product-1.jpg\",\"main\\/products\\/product-5.jpg\",\"main\\/products\\/product-9.jpg\"]','[]','EN-124',0,11,0,1,'in_stock',0,5,0,0,589,541,NULL,NULL,19,14,20,760,NULL,160293,'2025-07-28 01:51:10','2025-07-28 01:51:11',3,0,'Botble\\ACL\\Models\\User',0,NULL,'physical','4578735482461',NULL,0,'auto_generate',0,0,0,1),(26,'Retro Cat-Eye Sunglasses','Complete your look with these classic aviator sunglasses, offering a touch of timeless glamour and UV protection for your eyes.','<div class=\"row justify-content-center\">\n    <div class=\"col-xl-10\">\n        <div class=\"tp-product-details-desc-item pb-105\">\n            <div class=\"row\">\n                <div class=\"col-lg-6\">\n                    <div class=\"pt-25\">\n                        <span>Diamond Tennis Bracelet</span>\n                        <h3 class=\"tp-product-details-desc-title\">Timeless Elegance</h3>\n                        <p>\n                            Elevate your style with our exquisite diamond tennis bracelet. Crafted with precision and attention to detail, each sparkling diamond is expertly set in lustrous white gold, creating a piece of jewelry that exudes sophistication and luxury. Whether worn alone or layered with other bracelets, this timeless accessory adds a touch of glamour to any ensemble.\n                        </p>\n                    </div>\n                    <div>\n                        <h3 class=\"tp-product-details-desc-title\">Exceptional Quality</h3>\n                        <p>\n                            Our diamond tennis bracelet is crafted from the finest materials to ensure lasting beauty and brilliance. Each diamond is carefully selected for its clarity, cut, and color, resulting in a piece of jewelry that\'s truly exceptional. Indulge in luxury and elegance with this stunning bracelet that\'s sure to become a cherished heirloom.\n                        </p>\n                    </div>\n                </div>\n                <div class=\"col-lg-6\">\n                    <div class=\"tp-product-details-desc-thumb\">\n                        <img src=\"/storage/jewelry/products/product-1.png\" alt=\"Diamond Tennis Bracelet\">\n                    </div>\n                </div>\n            </div>\n        </div>\n        <div class=\"tp-product-details-desc-item pb-75\">\n            <div class=\"row\">\n                <div class=\"col-lg-7\">\n                    <div class=\"tp-product-details-desc-thumb\">\n                        <img src=\"/storage/jewelry/products/product-2.png\" alt=\"Close-up of Diamond Tennis Bracelet\">\n                    </div>\n                </div>\n\n                <div class=\"col-lg-5 order-first order-lg-last\">\n                    <div class=\"des-content-2 pl-40\">\n                        <h3 class=\"tp-product-details-desc-title\">\n                            Versatile Style\n                        </h3>\n                        <p>\n                            Effortlessly transition from day to night with our versatile diamond tennis bracelet. Whether paired with a casual outfit or a formal gown, it adds a touch of glamour and sophistication to any look. Treat yourself or someone special to this timeless piece that\'s destined to be cherished for years to come.\n                        </p>\n                    </div>\n                </div>\n            </div>\n        </div>\n        <div class=\"tp-product-details-desc-item\">\n            <div class=\"row\">\n                <div class=\"col-xl-12\">\n                    <div class=\"tp-product-details-desc-banner text-center m-img\">\n                        <h3 class=\"tp-product-details-desc-banner-title tp-product-details-desc-title\">Exquisite Craftsmanship</h3>\n                        <img src=\"/storage/jewelry/products/product-3.png\" alt=\"Jewelry Workshop\">\n                    </div>\n                </div>\n            </div>\n        </div>\n    </div>\n</div>\n','published','[\"main\\/products\\/product-4.jpg\",\"main\\/products\\/product-5.jpg\",\"main\\/products\\/product-19.jpg\",\"main\\/products\\/product-details-desc-2.jpg\",\"main\\/products\\/product-1.jpg\",\"main\\/products\\/product-18.jpg\"]','[]','IX-146-A1',0,14,0,1,'in_stock',0,3,0,0,1701,NULL,NULL,NULL,16,14,14,702,NULL,170968,'2025-07-28 01:51:10','2025-07-28 01:51:11',8,0,'Botble\\ACL\\Models\\User',0,NULL,'physical','4816770444472',NULL,0,'auto_generate',0,0,0,2),(27,'Faux Fur Trimmed Coat','Embrace bohemian vibes with this embroidered boho blouse, featuring intricate stitching and a relaxed fit. Perfect for a casual day with a touch of style.','<div class=\"row justify-content-center\">\n    <div class=\"col-xl-10\">\n        <div class=\"tp-product-details-desc-item pb-105\">\n            <div class=\"row\">\n                <div class=\"col-lg-6\">\n                    <div class=\"pt-25\">\n                        <span>Diamond Tennis Bracelet</span>\n                        <h3 class=\"tp-product-details-desc-title\">Timeless Elegance</h3>\n                        <p>\n                            Elevate your style with our exquisite diamond tennis bracelet. Crafted with precision and attention to detail, each sparkling diamond is expertly set in lustrous white gold, creating a piece of jewelry that exudes sophistication and luxury. Whether worn alone or layered with other bracelets, this timeless accessory adds a touch of glamour to any ensemble.\n                        </p>\n                    </div>\n                    <div>\n                        <h3 class=\"tp-product-details-desc-title\">Exceptional Quality</h3>\n                        <p>\n                            Our diamond tennis bracelet is crafted from the finest materials to ensure lasting beauty and brilliance. Each diamond is carefully selected for its clarity, cut, and color, resulting in a piece of jewelry that\'s truly exceptional. Indulge in luxury and elegance with this stunning bracelet that\'s sure to become a cherished heirloom.\n                        </p>\n                    </div>\n                </div>\n                <div class=\"col-lg-6\">\n                    <div class=\"tp-product-details-desc-thumb\">\n                        <img src=\"/storage/jewelry/products/product-1.png\" alt=\"Diamond Tennis Bracelet\">\n                    </div>\n                </div>\n            </div>\n        </div>\n        <div class=\"tp-product-details-desc-item pb-75\">\n            <div class=\"row\">\n                <div class=\"col-lg-7\">\n                    <div class=\"tp-product-details-desc-thumb\">\n                        <img src=\"/storage/jewelry/products/product-2.png\" alt=\"Close-up of Diamond Tennis Bracelet\">\n                    </div>\n                </div>\n\n                <div class=\"col-lg-5 order-first order-lg-last\">\n                    <div class=\"des-content-2 pl-40\">\n                        <h3 class=\"tp-product-details-desc-title\">\n                            Versatile Style\n                        </h3>\n                        <p>\n                            Effortlessly transition from day to night with our versatile diamond tennis bracelet. Whether paired with a casual outfit or a formal gown, it adds a touch of glamour and sophistication to any look. Treat yourself or someone special to this timeless piece that\'s destined to be cherished for years to come.\n                        </p>\n                    </div>\n                </div>\n            </div>\n        </div>\n        <div class=\"tp-product-details-desc-item\">\n            <div class=\"row\">\n                <div class=\"col-xl-12\">\n                    <div class=\"tp-product-details-desc-banner text-center m-img\">\n                        <h3 class=\"tp-product-details-desc-banner-title tp-product-details-desc-title\">Exquisite Craftsmanship</h3>\n                        <img src=\"/storage/jewelry/products/product-3.png\" alt=\"Jewelry Workshop\">\n                    </div>\n                </div>\n            </div>\n        </div>\n    </div>\n</div>\n','published','[\"main\\/products\\/product-9.jpg\",\"main\\/products\\/product-13.jpg\",\"main\\/products\\/product-5.jpg\"]','[[{\"key\":\"file\",\"value\":null},{\"key\":\"url\",\"value\":\"https:\\/\\/www.youtube.com\\/watch?v=6JYIGclVQdw\"},{\"key\":\"thumbnail\",\"value\":\"main\\/video\\/1.jpg\"}]]','IM-114',0,12,0,1,'in_stock',0,2,0,0,939,885,NULL,NULL,14,14,13,554,NULL,1915,'2025-07-28 01:51:10','2025-07-28 01:51:11',5,0,'Botble\\ACL\\Models\\User',0,NULL,'physical','5595394383518',NULL,0,'auto_generate',0,0,0,2),(28,'Boho Fringed Kimono (Digital)','Stay on trend with these high-waisted wide-leg trousers, combining comfort and sophistication. Pair them with heels for a refined look.','<div class=\"row justify-content-center\">\n    <div class=\"col-xl-10\">\n        <div class=\"tp-product-details-desc-item pb-105\">\n            <div class=\"row\">\n                <div class=\"col-lg-6\">\n                    <div class=\"pt-25\">\n                        <span>Diamond Tennis Bracelet</span>\n                        <h3 class=\"tp-product-details-desc-title\">Timeless Elegance</h3>\n                        <p>\n                            Elevate your style with our exquisite diamond tennis bracelet. Crafted with precision and attention to detail, each sparkling diamond is expertly set in lustrous white gold, creating a piece of jewelry that exudes sophistication and luxury. Whether worn alone or layered with other bracelets, this timeless accessory adds a touch of glamour to any ensemble.\n                        </p>\n                    </div>\n                    <div>\n                        <h3 class=\"tp-product-details-desc-title\">Exceptional Quality</h3>\n                        <p>\n                            Our diamond tennis bracelet is crafted from the finest materials to ensure lasting beauty and brilliance. Each diamond is carefully selected for its clarity, cut, and color, resulting in a piece of jewelry that\'s truly exceptional. Indulge in luxury and elegance with this stunning bracelet that\'s sure to become a cherished heirloom.\n                        </p>\n                    </div>\n                </div>\n                <div class=\"col-lg-6\">\n                    <div class=\"tp-product-details-desc-thumb\">\n                        <img src=\"/storage/jewelry/products/product-1.png\" alt=\"Diamond Tennis Bracelet\">\n                    </div>\n                </div>\n            </div>\n        </div>\n        <div class=\"tp-product-details-desc-item pb-75\">\n            <div class=\"row\">\n                <div class=\"col-lg-7\">\n                    <div class=\"tp-product-details-desc-thumb\">\n                        <img src=\"/storage/jewelry/products/product-2.png\" alt=\"Close-up of Diamond Tennis Bracelet\">\n                    </div>\n                </div>\n\n                <div class=\"col-lg-5 order-first order-lg-last\">\n                    <div class=\"des-content-2 pl-40\">\n                        <h3 class=\"tp-product-details-desc-title\">\n                            Versatile Style\n                        </h3>\n                        <p>\n                            Effortlessly transition from day to night with our versatile diamond tennis bracelet. Whether paired with a casual outfit or a formal gown, it adds a touch of glamour and sophistication to any look. Treat yourself or someone special to this timeless piece that\'s destined to be cherished for years to come.\n                        </p>\n                    </div>\n                </div>\n            </div>\n        </div>\n        <div class=\"tp-product-details-desc-item\">\n            <div class=\"row\">\n                <div class=\"col-xl-12\">\n                    <div class=\"tp-product-details-desc-banner text-center m-img\">\n                        <h3 class=\"tp-product-details-desc-banner-title tp-product-details-desc-title\">Exquisite Craftsmanship</h3>\n                        <img src=\"/storage/jewelry/products/product-3.png\" alt=\"Jewelry Workshop\">\n                    </div>\n                </div>\n            </div>\n        </div>\n    </div>\n</div>\n','published','[\"main\\/products\\/product-20.jpg\",\"main\\/products\\/product-1.jpg\",\"main\\/products\\/product-13.jpg\",\"main\\/products\\/product-16.jpg\"]','[[{\"key\":\"file\",\"value\":\"main\\/video\\/video-2.mp4\"},{\"key\":\"url\",\"value\":null},{\"key\":\"thumbnail\",\"value\":\"main\\/video\\/2.jpg\"}]]','N2-189',0,18,0,1,'in_stock',1,1,0,0,350,29,NULL,NULL,15,16,17,580,NULL,171554,'2025-07-28 01:51:10','2025-07-28 01:51:11',5,0,'Botble\\ACL\\Models\\User',0,NULL,'digital','7645958151935',NULL,0,'auto_generate',0,0,0,1),(29,'Ruffled Wrap Dress','Embrace bohemian vibes with this embroidered boho blouse, featuring intricate stitching and a relaxed fit. Perfect for a casual day with a touch of style.','<div class=\"row justify-content-center\">\n    <div class=\"col-xl-10\">\n        <div class=\"tp-product-details-desc-item pb-105\">\n            <div class=\"row\">\n                <div class=\"col-lg-6\">\n                    <div class=\"pt-25\">\n                        <span>Diamond Tennis Bracelet</span>\n                        <h3 class=\"tp-product-details-desc-title\">Timeless Elegance</h3>\n                        <p>\n                            Elevate your style with our exquisite diamond tennis bracelet. Crafted with precision and attention to detail, each sparkling diamond is expertly set in lustrous white gold, creating a piece of jewelry that exudes sophistication and luxury. Whether worn alone or layered with other bracelets, this timeless accessory adds a touch of glamour to any ensemble.\n                        </p>\n                    </div>\n                    <div>\n                        <h3 class=\"tp-product-details-desc-title\">Exceptional Quality</h3>\n                        <p>\n                            Our diamond tennis bracelet is crafted from the finest materials to ensure lasting beauty and brilliance. Each diamond is carefully selected for its clarity, cut, and color, resulting in a piece of jewelry that\'s truly exceptional. Indulge in luxury and elegance with this stunning bracelet that\'s sure to become a cherished heirloom.\n                        </p>\n                    </div>\n                </div>\n                <div class=\"col-lg-6\">\n                    <div class=\"tp-product-details-desc-thumb\">\n                        <img src=\"/storage/jewelry/products/product-1.png\" alt=\"Diamond Tennis Bracelet\">\n                    </div>\n                </div>\n            </div>\n        </div>\n        <div class=\"tp-product-details-desc-item pb-75\">\n            <div class=\"row\">\n                <div class=\"col-lg-7\">\n                    <div class=\"tp-product-details-desc-thumb\">\n                        <img src=\"/storage/jewelry/products/product-2.png\" alt=\"Close-up of Diamond Tennis Bracelet\">\n                    </div>\n                </div>\n\n                <div class=\"col-lg-5 order-first order-lg-last\">\n                    <div class=\"des-content-2 pl-40\">\n                        <h3 class=\"tp-product-details-desc-title\">\n                            Versatile Style\n                        </h3>\n                        <p>\n                            Effortlessly transition from day to night with our versatile diamond tennis bracelet. Whether paired with a casual outfit or a formal gown, it adds a touch of glamour and sophistication to any look. Treat yourself or someone special to this timeless piece that\'s destined to be cherished for years to come.\n                        </p>\n                    </div>\n                </div>\n            </div>\n        </div>\n        <div class=\"tp-product-details-desc-item\">\n            <div class=\"row\">\n                <div class=\"col-xl-12\">\n                    <div class=\"tp-product-details-desc-banner text-center m-img\">\n                        <h3 class=\"tp-product-details-desc-banner-title tp-product-details-desc-title\">Exquisite Craftsmanship</h3>\n                        <img src=\"/storage/jewelry/products/product-3.png\" alt=\"Jewelry Workshop\">\n                    </div>\n                </div>\n            </div>\n        </div>\n    </div>\n</div>\n','published','[\"main\\/products\\/product-10.jpg\",\"main\\/products\\/product-15.jpg\",\"main\\/products\\/product-19.jpg\",\"main\\/products\\/product-16.jpg\"]','[[{\"key\":\"file\",\"value\":null},{\"key\":\"url\",\"value\":\"https:\\/\\/www.youtube.com\\/watch?v=6JYIGclVQdw\"},{\"key\":\"thumbnail\",\"value\":\"main\\/video\\/2.jpg\"}]]','LI-176-A1',0,13,0,1,'in_stock',0,5,0,0,1419,NULL,NULL,NULL,14,10,18,561,NULL,68585,'2025-07-28 01:51:10','2025-07-28 01:51:11',6,0,'Botble\\ACL\\Models\\User',0,NULL,'physical','5163354127559',NULL,0,'auto_generate',0,0,0,2),(30,'Beaded Evening Clutch','Achieve a polished look with this tailored wool blazer, designed for a flattering fit and versatile enough for both work and casual outings.','<div class=\"row justify-content-center\">\n    <div class=\"col-xl-10\">\n        <div class=\"tp-product-details-desc-item pb-105\">\n            <div class=\"row\">\n                <div class=\"col-lg-6\">\n                    <div class=\"pt-25\">\n                        <span>Diamond Tennis Bracelet</span>\n                        <h3 class=\"tp-product-details-desc-title\">Timeless Elegance</h3>\n                        <p>\n                            Elevate your style with our exquisite diamond tennis bracelet. Crafted with precision and attention to detail, each sparkling diamond is expertly set in lustrous white gold, creating a piece of jewelry that exudes sophistication and luxury. Whether worn alone or layered with other bracelets, this timeless accessory adds a touch of glamour to any ensemble.\n                        </p>\n                    </div>\n                    <div>\n                        <h3 class=\"tp-product-details-desc-title\">Exceptional Quality</h3>\n                        <p>\n                            Our diamond tennis bracelet is crafted from the finest materials to ensure lasting beauty and brilliance. Each diamond is carefully selected for its clarity, cut, and color, resulting in a piece of jewelry that\'s truly exceptional. Indulge in luxury and elegance with this stunning bracelet that\'s sure to become a cherished heirloom.\n                        </p>\n                    </div>\n                </div>\n                <div class=\"col-lg-6\">\n                    <div class=\"tp-product-details-desc-thumb\">\n                        <img src=\"/storage/jewelry/products/product-1.png\" alt=\"Diamond Tennis Bracelet\">\n                    </div>\n                </div>\n            </div>\n        </div>\n        <div class=\"tp-product-details-desc-item pb-75\">\n            <div class=\"row\">\n                <div class=\"col-lg-7\">\n                    <div class=\"tp-product-details-desc-thumb\">\n                        <img src=\"/storage/jewelry/products/product-2.png\" alt=\"Close-up of Diamond Tennis Bracelet\">\n                    </div>\n                </div>\n\n                <div class=\"col-lg-5 order-first order-lg-last\">\n                    <div class=\"des-content-2 pl-40\">\n                        <h3 class=\"tp-product-details-desc-title\">\n                            Versatile Style\n                        </h3>\n                        <p>\n                            Effortlessly transition from day to night with our versatile diamond tennis bracelet. Whether paired with a casual outfit or a formal gown, it adds a touch of glamour and sophistication to any look. Treat yourself or someone special to this timeless piece that\'s destined to be cherished for years to come.\n                        </p>\n                    </div>\n                </div>\n            </div>\n        </div>\n        <div class=\"tp-product-details-desc-item\">\n            <div class=\"row\">\n                <div class=\"col-xl-12\">\n                    <div class=\"tp-product-details-desc-banner text-center m-img\">\n                        <h3 class=\"tp-product-details-desc-banner-title tp-product-details-desc-title\">Exquisite Craftsmanship</h3>\n                        <img src=\"/storage/jewelry/products/product-3.png\" alt=\"Jewelry Workshop\">\n                    </div>\n                </div>\n            </div>\n        </div>\n    </div>\n</div>\n','published','[\"main\\/products\\/product-5.jpg\",\"main\\/products\\/product-11.jpg\",\"main\\/products\\/product-16.jpg\"]','[]','0Z-111-A1',0,20,0,1,'in_stock',1,4,0,0,1738,NULL,NULL,NULL,12,14,11,709,NULL,164639,'2025-07-28 01:51:10','2025-07-28 01:51:11',4,0,'Botble\\ACL\\Models\\User',0,NULL,'physical','9070567793357',NULL,0,'auto_generate',0,0,0,2),(31,'Wide Brim Floppy Hat','Complete your look with these classic aviator sunglasses, offering a touch of timeless glamour and UV protection for your eyes.','<div class=\"row justify-content-center\">\n    <div class=\"col-xl-10\">\n        <div class=\"tp-product-details-desc-item pb-105\">\n            <div class=\"row\">\n                <div class=\"col-lg-6\">\n                    <div class=\"pt-25\">\n                        <span>Diamond Tennis Bracelet</span>\n                        <h3 class=\"tp-product-details-desc-title\">Timeless Elegance</h3>\n                        <p>\n                            Elevate your style with our exquisite diamond tennis bracelet. Crafted with precision and attention to detail, each sparkling diamond is expertly set in lustrous white gold, creating a piece of jewelry that exudes sophistication and luxury. Whether worn alone or layered with other bracelets, this timeless accessory adds a touch of glamour to any ensemble.\n                        </p>\n                    </div>\n                    <div>\n                        <h3 class=\"tp-product-details-desc-title\">Exceptional Quality</h3>\n                        <p>\n                            Our diamond tennis bracelet is crafted from the finest materials to ensure lasting beauty and brilliance. Each diamond is carefully selected for its clarity, cut, and color, resulting in a piece of jewelry that\'s truly exceptional. Indulge in luxury and elegance with this stunning bracelet that\'s sure to become a cherished heirloom.\n                        </p>\n                    </div>\n                </div>\n                <div class=\"col-lg-6\">\n                    <div class=\"tp-product-details-desc-thumb\">\n                        <img src=\"/storage/jewelry/products/product-1.png\" alt=\"Diamond Tennis Bracelet\">\n                    </div>\n                </div>\n            </div>\n        </div>\n        <div class=\"tp-product-details-desc-item pb-75\">\n            <div class=\"row\">\n                <div class=\"col-lg-7\">\n                    <div class=\"tp-product-details-desc-thumb\">\n                        <img src=\"/storage/jewelry/products/product-2.png\" alt=\"Close-up of Diamond Tennis Bracelet\">\n                    </div>\n                </div>\n\n                <div class=\"col-lg-5 order-first order-lg-last\">\n                    <div class=\"des-content-2 pl-40\">\n                        <h3 class=\"tp-product-details-desc-title\">\n                            Versatile Style\n                        </h3>\n                        <p>\n                            Effortlessly transition from day to night with our versatile diamond tennis bracelet. Whether paired with a casual outfit or a formal gown, it adds a touch of glamour and sophistication to any look. Treat yourself or someone special to this timeless piece that\'s destined to be cherished for years to come.\n                        </p>\n                    </div>\n                </div>\n            </div>\n        </div>\n        <div class=\"tp-product-details-desc-item\">\n            <div class=\"row\">\n                <div class=\"col-xl-12\">\n                    <div class=\"tp-product-details-desc-banner text-center m-img\">\n                        <h3 class=\"tp-product-details-desc-banner-title tp-product-details-desc-title\">Exquisite Craftsmanship</h3>\n                        <img src=\"/storage/jewelry/products/product-3.png\" alt=\"Jewelry Workshop\">\n                    </div>\n                </div>\n            </div>\n        </div>\n    </div>\n</div>\n','published','[\"main\\/products\\/product-13.jpg\",\"main\\/products\\/product-1.jpg\",\"main\\/products\\/product-15.jpg\",\"main\\/products\\/product-4.jpg\",\"main\\/products\\/product-5.jpg\",\"main\\/products\\/product-17.jpg\"]','[[{\"key\":\"file\",\"value\":null},{\"key\":\"url\",\"value\":\"https:\\/\\/www.youtube.com\\/watch?v=6JYIGclVQdw\"},{\"key\":\"thumbnail\",\"value\":\"main\\/video\\/1.jpg\"}]]','XU-114',0,13,0,1,'in_stock',1,3,0,0,2123,1542,NULL,NULL,13,17,20,591,NULL,94853,'2025-07-28 01:51:10','2025-07-28 01:51:11',8,0,'Botble\\ACL\\Models\\User',0,NULL,'physical','8385505098335',NULL,0,'auto_generate',0,0,0,1),(32,'Denim Overall Jumpsuit (Digital)','Add a pop of color to your outfit with this silk scarf adorned with a geometric print. Wrap it around your neck or tie it to your handbag for a stylish touch.','<div class=\"row justify-content-center\">\n    <div class=\"col-xl-10\">\n        <div class=\"tp-product-details-desc-item pb-105\">\n            <div class=\"row\">\n                <div class=\"col-lg-6\">\n                    <div class=\"pt-25\">\n                        <span>Diamond Tennis Bracelet</span>\n                        <h3 class=\"tp-product-details-desc-title\">Timeless Elegance</h3>\n                        <p>\n                            Elevate your style with our exquisite diamond tennis bracelet. Crafted with precision and attention to detail, each sparkling diamond is expertly set in lustrous white gold, creating a piece of jewelry that exudes sophistication and luxury. Whether worn alone or layered with other bracelets, this timeless accessory adds a touch of glamour to any ensemble.\n                        </p>\n                    </div>\n                    <div>\n                        <h3 class=\"tp-product-details-desc-title\">Exceptional Quality</h3>\n                        <p>\n                            Our diamond tennis bracelet is crafted from the finest materials to ensure lasting beauty and brilliance. Each diamond is carefully selected for its clarity, cut, and color, resulting in a piece of jewelry that\'s truly exceptional. Indulge in luxury and elegance with this stunning bracelet that\'s sure to become a cherished heirloom.\n                        </p>\n                    </div>\n                </div>\n                <div class=\"col-lg-6\">\n                    <div class=\"tp-product-details-desc-thumb\">\n                        <img src=\"/storage/jewelry/products/product-1.png\" alt=\"Diamond Tennis Bracelet\">\n                    </div>\n                </div>\n            </div>\n        </div>\n        <div class=\"tp-product-details-desc-item pb-75\">\n            <div class=\"row\">\n                <div class=\"col-lg-7\">\n                    <div class=\"tp-product-details-desc-thumb\">\n                        <img src=\"/storage/jewelry/products/product-2.png\" alt=\"Close-up of Diamond Tennis Bracelet\">\n                    </div>\n                </div>\n\n                <div class=\"col-lg-5 order-first order-lg-last\">\n                    <div class=\"des-content-2 pl-40\">\n                        <h3 class=\"tp-product-details-desc-title\">\n                            Versatile Style\n                        </h3>\n                        <p>\n                            Effortlessly transition from day to night with our versatile diamond tennis bracelet. Whether paired with a casual outfit or a formal gown, it adds a touch of glamour and sophistication to any look. Treat yourself or someone special to this timeless piece that\'s destined to be cherished for years to come.\n                        </p>\n                    </div>\n                </div>\n            </div>\n        </div>\n        <div class=\"tp-product-details-desc-item\">\n            <div class=\"row\">\n                <div class=\"col-xl-12\">\n                    <div class=\"tp-product-details-desc-banner text-center m-img\">\n                        <h3 class=\"tp-product-details-desc-banner-title tp-product-details-desc-title\">Exquisite Craftsmanship</h3>\n                        <img src=\"/storage/jewelry/products/product-3.png\" alt=\"Jewelry Workshop\">\n                    </div>\n                </div>\n            </div>\n        </div>\n    </div>\n</div>\n','published','[\"main\\/products\\/product-14.jpg\",\"main\\/products\\/product-4.jpg\",\"main\\/products\\/product-9.jpg\",\"main\\/products\\/product-20.jpg\"]','[[{\"key\":\"file\",\"value\":\"main\\/video\\/video-1.mp4\"},{\"key\":\"url\",\"value\":null},{\"key\":\"thumbnail\",\"value\":\"main\\/video\\/1.jpg\"}]]','BW-160-A1',0,20,0,1,'in_stock',1,5,0,0,1719,1529.91,NULL,NULL,11,16,15,619,NULL,53839,'2025-07-28 01:51:10','2025-07-28 01:51:11',2,0,'Botble\\ACL\\Models\\User',0,NULL,'digital','8606402751575',NULL,0,'auto_generate',0,0,0,1),(33,'Embellished Ballet Flats','Top off your look with this chic fedora hat, crafted with a classic silhouette and a timeless appeal. A must-have accessory for any fashion-forward wardrobe.','<div class=\"row justify-content-center\">\n    <div class=\"col-xl-10\">\n        <div class=\"tp-product-details-desc-item pb-105\">\n            <div class=\"row\">\n                <div class=\"col-lg-6\">\n                    <div class=\"pt-25\">\n                        <span>Diamond Tennis Bracelet</span>\n                        <h3 class=\"tp-product-details-desc-title\">Timeless Elegance</h3>\n                        <p>\n                            Elevate your style with our exquisite diamond tennis bracelet. Crafted with precision and attention to detail, each sparkling diamond is expertly set in lustrous white gold, creating a piece of jewelry that exudes sophistication and luxury. Whether worn alone or layered with other bracelets, this timeless accessory adds a touch of glamour to any ensemble.\n                        </p>\n                    </div>\n                    <div>\n                        <h3 class=\"tp-product-details-desc-title\">Exceptional Quality</h3>\n                        <p>\n                            Our diamond tennis bracelet is crafted from the finest materials to ensure lasting beauty and brilliance. Each diamond is carefully selected for its clarity, cut, and color, resulting in a piece of jewelry that\'s truly exceptional. Indulge in luxury and elegance with this stunning bracelet that\'s sure to become a cherished heirloom.\n                        </p>\n                    </div>\n                </div>\n                <div class=\"col-lg-6\">\n                    <div class=\"tp-product-details-desc-thumb\">\n                        <img src=\"/storage/jewelry/products/product-1.png\" alt=\"Diamond Tennis Bracelet\">\n                    </div>\n                </div>\n            </div>\n        </div>\n        <div class=\"tp-product-details-desc-item pb-75\">\n            <div class=\"row\">\n                <div class=\"col-lg-7\">\n                    <div class=\"tp-product-details-desc-thumb\">\n                        <img src=\"/storage/jewelry/products/product-2.png\" alt=\"Close-up of Diamond Tennis Bracelet\">\n                    </div>\n                </div>\n\n                <div class=\"col-lg-5 order-first order-lg-last\">\n                    <div class=\"des-content-2 pl-40\">\n                        <h3 class=\"tp-product-details-desc-title\">\n                            Versatile Style\n                        </h3>\n                        <p>\n                            Effortlessly transition from day to night with our versatile diamond tennis bracelet. Whether paired with a casual outfit or a formal gown, it adds a touch of glamour and sophistication to any look. Treat yourself or someone special to this timeless piece that\'s destined to be cherished for years to come.\n                        </p>\n                    </div>\n                </div>\n            </div>\n        </div>\n        <div class=\"tp-product-details-desc-item\">\n            <div class=\"row\">\n                <div class=\"col-xl-12\">\n                    <div class=\"tp-product-details-desc-banner text-center m-img\">\n                        <h3 class=\"tp-product-details-desc-banner-title tp-product-details-desc-title\">Exquisite Craftsmanship</h3>\n                        <img src=\"/storage/jewelry/products/product-3.png\" alt=\"Jewelry Workshop\">\n                    </div>\n                </div>\n            </div>\n        </div>\n    </div>\n</div>\n','published','[\"main\\/products\\/product-2.jpg\",\"main\\/products\\/product-10.jpg\",\"main\\/products\\/product-16.jpg\",\"main\\/products\\/product-15.jpg\",\"main\\/products\\/product-6.jpg\",\"main\\/products\\/product-8.jpg\",\"main\\/products\\/product-20.jpg\"]','[]','ZT-102',0,15,0,1,'in_stock',1,4,0,0,2164,538,NULL,NULL,12,20,15,599,NULL,94452,'2025-07-28 01:51:10','2025-07-28 01:51:11',3,0,'Botble\\ACL\\Models\\User',0,NULL,'physical','4070528187688',NULL,0,'auto_generate',0,0,0,2),(34,'Pleated Midi Skirt','Complete your look with these classic aviator sunglasses, offering a touch of timeless glamour and UV protection for your eyes.','<div class=\"row justify-content-center\">\n    <div class=\"col-xl-10\">\n        <div class=\"tp-product-details-desc-item pb-105\">\n            <div class=\"row\">\n                <div class=\"col-lg-6\">\n                    <div class=\"pt-25\">\n                        <span>Diamond Tennis Bracelet</span>\n                        <h3 class=\"tp-product-details-desc-title\">Timeless Elegance</h3>\n                        <p>\n                            Elevate your style with our exquisite diamond tennis bracelet. Crafted with precision and attention to detail, each sparkling diamond is expertly set in lustrous white gold, creating a piece of jewelry that exudes sophistication and luxury. Whether worn alone or layered with other bracelets, this timeless accessory adds a touch of glamour to any ensemble.\n                        </p>\n                    </div>\n                    <div>\n                        <h3 class=\"tp-product-details-desc-title\">Exceptional Quality</h3>\n                        <p>\n                            Our diamond tennis bracelet is crafted from the finest materials to ensure lasting beauty and brilliance. Each diamond is carefully selected for its clarity, cut, and color, resulting in a piece of jewelry that\'s truly exceptional. Indulge in luxury and elegance with this stunning bracelet that\'s sure to become a cherished heirloom.\n                        </p>\n                    </div>\n                </div>\n                <div class=\"col-lg-6\">\n                    <div class=\"tp-product-details-desc-thumb\">\n                        <img src=\"/storage/jewelry/products/product-1.png\" alt=\"Diamond Tennis Bracelet\">\n                    </div>\n                </div>\n            </div>\n        </div>\n        <div class=\"tp-product-details-desc-item pb-75\">\n            <div class=\"row\">\n                <div class=\"col-lg-7\">\n                    <div class=\"tp-product-details-desc-thumb\">\n                        <img src=\"/storage/jewelry/products/product-2.png\" alt=\"Close-up of Diamond Tennis Bracelet\">\n                    </div>\n                </div>\n\n                <div class=\"col-lg-5 order-first order-lg-last\">\n                    <div class=\"des-content-2 pl-40\">\n                        <h3 class=\"tp-product-details-desc-title\">\n                            Versatile Style\n                        </h3>\n                        <p>\n                            Effortlessly transition from day to night with our versatile diamond tennis bracelet. Whether paired with a casual outfit or a formal gown, it adds a touch of glamour and sophistication to any look. Treat yourself or someone special to this timeless piece that\'s destined to be cherished for years to come.\n                        </p>\n                    </div>\n                </div>\n            </div>\n        </div>\n        <div class=\"tp-product-details-desc-item\">\n            <div class=\"row\">\n                <div class=\"col-xl-12\">\n                    <div class=\"tp-product-details-desc-banner text-center m-img\">\n                        <h3 class=\"tp-product-details-desc-banner-title tp-product-details-desc-title\">Exquisite Craftsmanship</h3>\n                        <img src=\"/storage/jewelry/products/product-3.png\" alt=\"Jewelry Workshop\">\n                    </div>\n                </div>\n            </div>\n        </div>\n    </div>\n</div>\n','published','[\"main\\/products\\/product-details-desc-1.jpg\",\"main\\/products\\/product-2.jpg\",\"main\\/products\\/product-7.jpg\",\"main\\/products\\/product-9.jpg\",\"main\\/products\\/product-18.jpg\",\"main\\/products\\/product-14.jpg\",\"main\\/products\\/product-20.jpg\",\"main\\/products\\/product-11.jpg\"]','[[{\"key\":\"file\",\"value\":\"main\\/video\\/video-1.mp4\"},{\"key\":\"url\",\"value\":null},{\"key\":\"thumbnail\",\"value\":\"main\\/video\\/1.jpg\"}]]','JI-145',0,11,0,1,'in_stock',1,3,0,0,1376,935,NULL,NULL,17,20,12,695,NULL,18585,'2025-07-28 01:51:10','2025-07-28 01:51:11',8,0,'Botble\\ACL\\Models\\User',0,NULL,'physical','8238191362139',NULL,0,'auto_generate',0,0,0,1),(35,'Velour Tracksuit Set','Accessorize with this bohemian fringe handbag, featuring intricate details and enough space for your essentials. The perfect boho-chic addition to your collection.','<div class=\"row justify-content-center\">\n    <div class=\"col-xl-10\">\n        <div class=\"tp-product-details-desc-item pb-105\">\n            <div class=\"row\">\n                <div class=\"col-lg-6\">\n                    <div class=\"pt-25\">\n                        <span>Diamond Tennis Bracelet</span>\n                        <h3 class=\"tp-product-details-desc-title\">Timeless Elegance</h3>\n                        <p>\n                            Elevate your style with our exquisite diamond tennis bracelet. Crafted with precision and attention to detail, each sparkling diamond is expertly set in lustrous white gold, creating a piece of jewelry that exudes sophistication and luxury. Whether worn alone or layered with other bracelets, this timeless accessory adds a touch of glamour to any ensemble.\n                        </p>\n                    </div>\n                    <div>\n                        <h3 class=\"tp-product-details-desc-title\">Exceptional Quality</h3>\n                        <p>\n                            Our diamond tennis bracelet is crafted from the finest materials to ensure lasting beauty and brilliance. Each diamond is carefully selected for its clarity, cut, and color, resulting in a piece of jewelry that\'s truly exceptional. Indulge in luxury and elegance with this stunning bracelet that\'s sure to become a cherished heirloom.\n                        </p>\n                    </div>\n                </div>\n                <div class=\"col-lg-6\">\n                    <div class=\"tp-product-details-desc-thumb\">\n                        <img src=\"/storage/jewelry/products/product-1.png\" alt=\"Diamond Tennis Bracelet\">\n                    </div>\n                </div>\n            </div>\n        </div>\n        <div class=\"tp-product-details-desc-item pb-75\">\n            <div class=\"row\">\n                <div class=\"col-lg-7\">\n                    <div class=\"tp-product-details-desc-thumb\">\n                        <img src=\"/storage/jewelry/products/product-2.png\" alt=\"Close-up of Diamond Tennis Bracelet\">\n                    </div>\n                </div>\n\n                <div class=\"col-lg-5 order-first order-lg-last\">\n                    <div class=\"des-content-2 pl-40\">\n                        <h3 class=\"tp-product-details-desc-title\">\n                            Versatile Style\n                        </h3>\n                        <p>\n                            Effortlessly transition from day to night with our versatile diamond tennis bracelet. Whether paired with a casual outfit or a formal gown, it adds a touch of glamour and sophistication to any look. Treat yourself or someone special to this timeless piece that\'s destined to be cherished for years to come.\n                        </p>\n                    </div>\n                </div>\n            </div>\n        </div>\n        <div class=\"tp-product-details-desc-item\">\n            <div class=\"row\">\n                <div class=\"col-xl-12\">\n                    <div class=\"tp-product-details-desc-banner text-center m-img\">\n                        <h3 class=\"tp-product-details-desc-banner-title tp-product-details-desc-title\">Exquisite Craftsmanship</h3>\n                        <img src=\"/storage/jewelry/products/product-3.png\" alt=\"Jewelry Workshop\">\n                    </div>\n                </div>\n            </div>\n        </div>\n    </div>\n</div>\n','published','[\"main\\/products\\/product-11.jpg\",\"main\\/products\\/product-1.jpg\",\"main\\/products\\/product-4.jpg\",\"main\\/products\\/product-6.jpg\",\"main\\/products\\/product-12.jpg\",\"main\\/products\\/product-7.jpg\",\"main\\/products\\/product-details-desc-2.jpg\"]','[[{\"key\":\"file\",\"value\":\"main\\/video\\/video-2.mp4\"},{\"key\":\"url\",\"value\":null},{\"key\":\"thumbnail\",\"value\":\"main\\/video\\/2.jpg\"}]]','QR-161',0,12,0,1,'in_stock',1,2,0,0,1682,1591,NULL,NULL,16,14,12,709,NULL,162892,'2025-07-28 01:51:10','2025-07-28 01:51:11',1,0,'Botble\\ACL\\Models\\User',0,NULL,'physical','2725214389922',NULL,0,'auto_generate',0,0,0,1),(36,'Geometric Patterned Cardigan (Digital)','Accessorize with this bohemian fringe handbag, featuring intricate details and enough space for your essentials. The perfect boho-chic addition to your collection.','<div class=\"row justify-content-center\">\n    <div class=\"col-xl-10\">\n        <div class=\"tp-product-details-desc-item pb-105\">\n            <div class=\"row\">\n                <div class=\"col-lg-6\">\n                    <div class=\"pt-25\">\n                        <span>Diamond Tennis Bracelet</span>\n                        <h3 class=\"tp-product-details-desc-title\">Timeless Elegance</h3>\n                        <p>\n                            Elevate your style with our exquisite diamond tennis bracelet. Crafted with precision and attention to detail, each sparkling diamond is expertly set in lustrous white gold, creating a piece of jewelry that exudes sophistication and luxury. Whether worn alone or layered with other bracelets, this timeless accessory adds a touch of glamour to any ensemble.\n                        </p>\n                    </div>\n                    <div>\n                        <h3 class=\"tp-product-details-desc-title\">Exceptional Quality</h3>\n                        <p>\n                            Our diamond tennis bracelet is crafted from the finest materials to ensure lasting beauty and brilliance. Each diamond is carefully selected for its clarity, cut, and color, resulting in a piece of jewelry that\'s truly exceptional. Indulge in luxury and elegance with this stunning bracelet that\'s sure to become a cherished heirloom.\n                        </p>\n                    </div>\n                </div>\n                <div class=\"col-lg-6\">\n                    <div class=\"tp-product-details-desc-thumb\">\n                        <img src=\"/storage/jewelry/products/product-1.png\" alt=\"Diamond Tennis Bracelet\">\n                    </div>\n                </div>\n            </div>\n        </div>\n        <div class=\"tp-product-details-desc-item pb-75\">\n            <div class=\"row\">\n                <div class=\"col-lg-7\">\n                    <div class=\"tp-product-details-desc-thumb\">\n                        <img src=\"/storage/jewelry/products/product-2.png\" alt=\"Close-up of Diamond Tennis Bracelet\">\n                    </div>\n                </div>\n\n                <div class=\"col-lg-5 order-first order-lg-last\">\n                    <div class=\"des-content-2 pl-40\">\n                        <h3 class=\"tp-product-details-desc-title\">\n                            Versatile Style\n                        </h3>\n                        <p>\n                            Effortlessly transition from day to night with our versatile diamond tennis bracelet. Whether paired with a casual outfit or a formal gown, it adds a touch of glamour and sophistication to any look. Treat yourself or someone special to this timeless piece that\'s destined to be cherished for years to come.\n                        </p>\n                    </div>\n                </div>\n            </div>\n        </div>\n        <div class=\"tp-product-details-desc-item\">\n            <div class=\"row\">\n                <div class=\"col-xl-12\">\n                    <div class=\"tp-product-details-desc-banner text-center m-img\">\n                        <h3 class=\"tp-product-details-desc-banner-title tp-product-details-desc-title\">Exquisite Craftsmanship</h3>\n                        <img src=\"/storage/jewelry/products/product-3.png\" alt=\"Jewelry Workshop\">\n                    </div>\n                </div>\n            </div>\n        </div>\n    </div>\n</div>\n','published','[\"main\\/products\\/product-details-desc-3.jpg\",\"main\\/products\\/product-16.jpg\",\"main\\/products\\/product-18.jpg\",\"main\\/products\\/product-4.jpg\"]','[]','VW-125-A1',0,20,0,1,'in_stock',1,4,0,0,506,414.92,NULL,NULL,12,14,12,531,NULL,40390,'2025-07-28 01:51:10','2025-07-28 01:51:11',5,0,'Botble\\ACL\\Models\\User',0,NULL,'digital','2645755704599',NULL,0,'auto_generate',0,0,0,2),(37,'Buckle Detail Ankle Booties','Accessorize with this bohemian fringe handbag, featuring intricate details and enough space for your essentials. The perfect boho-chic addition to your collection.','<div class=\"row justify-content-center\">\n    <div class=\"col-xl-10\">\n        <div class=\"tp-product-details-desc-item pb-105\">\n            <div class=\"row\">\n                <div class=\"col-lg-6\">\n                    <div class=\"pt-25\">\n                        <span>Diamond Tennis Bracelet</span>\n                        <h3 class=\"tp-product-details-desc-title\">Timeless Elegance</h3>\n                        <p>\n                            Elevate your style with our exquisite diamond tennis bracelet. Crafted with precision and attention to detail, each sparkling diamond is expertly set in lustrous white gold, creating a piece of jewelry that exudes sophistication and luxury. Whether worn alone or layered with other bracelets, this timeless accessory adds a touch of glamour to any ensemble.\n                        </p>\n                    </div>\n                    <div>\n                        <h3 class=\"tp-product-details-desc-title\">Exceptional Quality</h3>\n                        <p>\n                            Our diamond tennis bracelet is crafted from the finest materials to ensure lasting beauty and brilliance. Each diamond is carefully selected for its clarity, cut, and color, resulting in a piece of jewelry that\'s truly exceptional. Indulge in luxury and elegance with this stunning bracelet that\'s sure to become a cherished heirloom.\n                        </p>\n                    </div>\n                </div>\n                <div class=\"col-lg-6\">\n                    <div class=\"tp-product-details-desc-thumb\">\n                        <img src=\"/storage/jewelry/products/product-1.png\" alt=\"Diamond Tennis Bracelet\">\n                    </div>\n                </div>\n            </div>\n        </div>\n        <div class=\"tp-product-details-desc-item pb-75\">\n            <div class=\"row\">\n                <div class=\"col-lg-7\">\n                    <div class=\"tp-product-details-desc-thumb\">\n                        <img src=\"/storage/jewelry/products/product-2.png\" alt=\"Close-up of Diamond Tennis Bracelet\">\n                    </div>\n                </div>\n\n                <div class=\"col-lg-5 order-first order-lg-last\">\n                    <div class=\"des-content-2 pl-40\">\n                        <h3 class=\"tp-product-details-desc-title\">\n                            Versatile Style\n                        </h3>\n                        <p>\n                            Effortlessly transition from day to night with our versatile diamond tennis bracelet. Whether paired with a casual outfit or a formal gown, it adds a touch of glamour and sophistication to any look. Treat yourself or someone special to this timeless piece that\'s destined to be cherished for years to come.\n                        </p>\n                    </div>\n                </div>\n            </div>\n        </div>\n        <div class=\"tp-product-details-desc-item\">\n            <div class=\"row\">\n                <div class=\"col-xl-12\">\n                    <div class=\"tp-product-details-desc-banner text-center m-img\">\n                        <h3 class=\"tp-product-details-desc-banner-title tp-product-details-desc-title\">Exquisite Craftsmanship</h3>\n                        <img src=\"/storage/jewelry/products/product-3.png\" alt=\"Jewelry Workshop\">\n                    </div>\n                </div>\n            </div>\n        </div>\n    </div>\n</div>\n','published','[\"main\\/products\\/product-8.jpg\",\"main\\/products\\/product-4.jpg\",\"main\\/products\\/product-9.jpg\",\"main\\/products\\/product-19.jpg\",\"main\\/products\\/product-11.jpg\"]','[]','MQ-169',0,14,0,1,'in_stock',1,4,0,0,2484,1146,NULL,NULL,14,20,11,741,NULL,185320,'2025-07-28 01:51:10','2025-07-28 01:51:11',4,0,'Botble\\ACL\\Models\\User',0,NULL,'physical','0835561161996',NULL,0,'auto_generate',0,0,0,1),(38,'Embroidered Bomber Jacket','Complete your look with these classic aviator sunglasses, offering a touch of timeless glamour and UV protection for your eyes.','<div class=\"row justify-content-center\">\n    <div class=\"col-xl-10\">\n        <div class=\"tp-product-details-desc-item pb-105\">\n            <div class=\"row\">\n                <div class=\"col-lg-6\">\n                    <div class=\"pt-25\">\n                        <span>Diamond Tennis Bracelet</span>\n                        <h3 class=\"tp-product-details-desc-title\">Timeless Elegance</h3>\n                        <p>\n                            Elevate your style with our exquisite diamond tennis bracelet. Crafted with precision and attention to detail, each sparkling diamond is expertly set in lustrous white gold, creating a piece of jewelry that exudes sophistication and luxury. Whether worn alone or layered with other bracelets, this timeless accessory adds a touch of glamour to any ensemble.\n                        </p>\n                    </div>\n                    <div>\n                        <h3 class=\"tp-product-details-desc-title\">Exceptional Quality</h3>\n                        <p>\n                            Our diamond tennis bracelet is crafted from the finest materials to ensure lasting beauty and brilliance. Each diamond is carefully selected for its clarity, cut, and color, resulting in a piece of jewelry that\'s truly exceptional. Indulge in luxury and elegance with this stunning bracelet that\'s sure to become a cherished heirloom.\n                        </p>\n                    </div>\n                </div>\n                <div class=\"col-lg-6\">\n                    <div class=\"tp-product-details-desc-thumb\">\n                        <img src=\"/storage/jewelry/products/product-1.png\" alt=\"Diamond Tennis Bracelet\">\n                    </div>\n                </div>\n            </div>\n        </div>\n        <div class=\"tp-product-details-desc-item pb-75\">\n            <div class=\"row\">\n                <div class=\"col-lg-7\">\n                    <div class=\"tp-product-details-desc-thumb\">\n                        <img src=\"/storage/jewelry/products/product-2.png\" alt=\"Close-up of Diamond Tennis Bracelet\">\n                    </div>\n                </div>\n\n                <div class=\"col-lg-5 order-first order-lg-last\">\n                    <div class=\"des-content-2 pl-40\">\n                        <h3 class=\"tp-product-details-desc-title\">\n                            Versatile Style\n                        </h3>\n                        <p>\n                            Effortlessly transition from day to night with our versatile diamond tennis bracelet. Whether paired with a casual outfit or a formal gown, it adds a touch of glamour and sophistication to any look. Treat yourself or someone special to this timeless piece that\'s destined to be cherished for years to come.\n                        </p>\n                    </div>\n                </div>\n            </div>\n        </div>\n        <div class=\"tp-product-details-desc-item\">\n            <div class=\"row\">\n                <div class=\"col-xl-12\">\n                    <div class=\"tp-product-details-desc-banner text-center m-img\">\n                        <h3 class=\"tp-product-details-desc-banner-title tp-product-details-desc-title\">Exquisite Craftsmanship</h3>\n                        <img src=\"/storage/jewelry/products/product-3.png\" alt=\"Jewelry Workshop\">\n                    </div>\n                </div>\n            </div>\n        </div>\n    </div>\n</div>\n','published','[\"main\\/products\\/product-8.jpg\",\"main\\/products\\/product-3.jpg\",\"main\\/products\\/product-17.jpg\",\"main\\/products\\/product-5.jpg\"]','[]','9X-126',0,20,0,1,'in_stock',1,2,0,0,2292,1198,NULL,NULL,12,16,12,766,NULL,171917,'2025-07-28 01:51:10','2025-07-28 01:51:11',2,0,'Botble\\ACL\\Models\\User',0,NULL,'physical','7174090287221',NULL,0,'auto_generate',0,0,0,2),(39,'Cowl Neck Knit Poncho','Elevate your street style with this vintage denim jacket, featuring distressed detailing and a relaxed fit for a laid-back vibe.','<div class=\"row justify-content-center\">\n    <div class=\"col-xl-10\">\n        <div class=\"tp-product-details-desc-item pb-105\">\n            <div class=\"row\">\n                <div class=\"col-lg-6\">\n                    <div class=\"pt-25\">\n                        <span>Diamond Tennis Bracelet</span>\n                        <h3 class=\"tp-product-details-desc-title\">Timeless Elegance</h3>\n                        <p>\n                            Elevate your style with our exquisite diamond tennis bracelet. Crafted with precision and attention to detail, each sparkling diamond is expertly set in lustrous white gold, creating a piece of jewelry that exudes sophistication and luxury. Whether worn alone or layered with other bracelets, this timeless accessory adds a touch of glamour to any ensemble.\n                        </p>\n                    </div>\n                    <div>\n                        <h3 class=\"tp-product-details-desc-title\">Exceptional Quality</h3>\n                        <p>\n                            Our diamond tennis bracelet is crafted from the finest materials to ensure lasting beauty and brilliance. Each diamond is carefully selected for its clarity, cut, and color, resulting in a piece of jewelry that\'s truly exceptional. Indulge in luxury and elegance with this stunning bracelet that\'s sure to become a cherished heirloom.\n                        </p>\n                    </div>\n                </div>\n                <div class=\"col-lg-6\">\n                    <div class=\"tp-product-details-desc-thumb\">\n                        <img src=\"/storage/jewelry/products/product-1.png\" alt=\"Diamond Tennis Bracelet\">\n                    </div>\n                </div>\n            </div>\n        </div>\n        <div class=\"tp-product-details-desc-item pb-75\">\n            <div class=\"row\">\n                <div class=\"col-lg-7\">\n                    <div class=\"tp-product-details-desc-thumb\">\n                        <img src=\"/storage/jewelry/products/product-2.png\" alt=\"Close-up of Diamond Tennis Bracelet\">\n                    </div>\n                </div>\n\n                <div class=\"col-lg-5 order-first order-lg-last\">\n                    <div class=\"des-content-2 pl-40\">\n                        <h3 class=\"tp-product-details-desc-title\">\n                            Versatile Style\n                        </h3>\n                        <p>\n                            Effortlessly transition from day to night with our versatile diamond tennis bracelet. Whether paired with a casual outfit or a formal gown, it adds a touch of glamour and sophistication to any look. Treat yourself or someone special to this timeless piece that\'s destined to be cherished for years to come.\n                        </p>\n                    </div>\n                </div>\n            </div>\n        </div>\n        <div class=\"tp-product-details-desc-item\">\n            <div class=\"row\">\n                <div class=\"col-xl-12\">\n                    <div class=\"tp-product-details-desc-banner text-center m-img\">\n                        <h3 class=\"tp-product-details-desc-banner-title tp-product-details-desc-title\">Exquisite Craftsmanship</h3>\n                        <img src=\"/storage/jewelry/products/product-3.png\" alt=\"Jewelry Workshop\">\n                    </div>\n                </div>\n            </div>\n        </div>\n    </div>\n</div>\n','published','[\"main\\/products\\/product-9.jpg\",\"main\\/products\\/product-19.jpg\",\"main\\/products\\/product-18.jpg\",\"main\\/products\\/product-10.jpg\",\"main\\/products\\/product-details-desc-1.jpg\"]','[[{\"key\":\"file\",\"value\":\"main\\/video\\/video-2.mp4\"},{\"key\":\"url\",\"value\":null},{\"key\":\"thumbnail\",\"value\":\"main\\/video\\/2.jpg\"}]]','YN-104',0,17,0,1,'in_stock',0,3,0,0,1780,559,NULL,NULL,11,15,10,815,NULL,34815,'2025-07-28 01:51:10','2025-07-28 01:51:11',2,0,'Botble\\ACL\\Models\\User',0,NULL,'physical','1212914394246',NULL,0,'auto_generate',0,0,0,2),(40,'Chunky Knit Infinity Scarf (Digital)','Accessorize with this bohemian fringe handbag, featuring intricate details and enough space for your essentials. The perfect boho-chic addition to your collection.','<div class=\"row justify-content-center\">\n    <div class=\"col-xl-10\">\n        <div class=\"tp-product-details-desc-item pb-105\">\n            <div class=\"row\">\n                <div class=\"col-lg-6\">\n                    <div class=\"pt-25\">\n                        <span>Diamond Tennis Bracelet</span>\n                        <h3 class=\"tp-product-details-desc-title\">Timeless Elegance</h3>\n                        <p>\n                            Elevate your style with our exquisite diamond tennis bracelet. Crafted with precision and attention to detail, each sparkling diamond is expertly set in lustrous white gold, creating a piece of jewelry that exudes sophistication and luxury. Whether worn alone or layered with other bracelets, this timeless accessory adds a touch of glamour to any ensemble.\n                        </p>\n                    </div>\n                    <div>\n                        <h3 class=\"tp-product-details-desc-title\">Exceptional Quality</h3>\n                        <p>\n                            Our diamond tennis bracelet is crafted from the finest materials to ensure lasting beauty and brilliance. Each diamond is carefully selected for its clarity, cut, and color, resulting in a piece of jewelry that\'s truly exceptional. Indulge in luxury and elegance with this stunning bracelet that\'s sure to become a cherished heirloom.\n                        </p>\n                    </div>\n                </div>\n                <div class=\"col-lg-6\">\n                    <div class=\"tp-product-details-desc-thumb\">\n                        <img src=\"/storage/jewelry/products/product-1.png\" alt=\"Diamond Tennis Bracelet\">\n                    </div>\n                </div>\n            </div>\n        </div>\n        <div class=\"tp-product-details-desc-item pb-75\">\n            <div class=\"row\">\n                <div class=\"col-lg-7\">\n                    <div class=\"tp-product-details-desc-thumb\">\n                        <img src=\"/storage/jewelry/products/product-2.png\" alt=\"Close-up of Diamond Tennis Bracelet\">\n                    </div>\n                </div>\n\n                <div class=\"col-lg-5 order-first order-lg-last\">\n                    <div class=\"des-content-2 pl-40\">\n                        <h3 class=\"tp-product-details-desc-title\">\n                            Versatile Style\n                        </h3>\n                        <p>\n                            Effortlessly transition from day to night with our versatile diamond tennis bracelet. Whether paired with a casual outfit or a formal gown, it adds a touch of glamour and sophistication to any look. Treat yourself or someone special to this timeless piece that\'s destined to be cherished for years to come.\n                        </p>\n                    </div>\n                </div>\n            </div>\n        </div>\n        <div class=\"tp-product-details-desc-item\">\n            <div class=\"row\">\n                <div class=\"col-xl-12\">\n                    <div class=\"tp-product-details-desc-banner text-center m-img\">\n                        <h3 class=\"tp-product-details-desc-banner-title tp-product-details-desc-title\">Exquisite Craftsmanship</h3>\n                        <img src=\"/storage/jewelry/products/product-3.png\" alt=\"Jewelry Workshop\">\n                    </div>\n                </div>\n            </div>\n        </div>\n    </div>\n</div>\n','published','[\"main\\/products\\/product-details-desc-1.jpg\",\"main\\/products\\/product-7.jpg\",\"main\\/products\\/product-4.jpg\",\"main\\/products\\/product-18.jpg\",\"main\\/products\\/product-14.jpg\",\"main\\/products\\/product-6.jpg\"]','[[{\"key\":\"file\",\"value\":null},{\"key\":\"url\",\"value\":\"https:\\/\\/www.youtube.com\\/watch?v=6JYIGclVQdw\"},{\"key\":\"thumbnail\",\"value\":\"main\\/video\\/1.jpg\"}]]','4D-178',0,15,0,1,'in_stock',1,2,0,0,1740,1200,NULL,NULL,13,19,12,643,NULL,164263,'2025-07-28 01:51:10','2025-07-28 01:51:11',7,0,'Botble\\ACL\\Models\\User',0,NULL,'digital','6266135560503',NULL,0,'auto_generate',0,0,0,1),(41,'Retro High-Top Sneakers','Add a pop of color to your outfit with this silk scarf adorned with a geometric print. Wrap it around your neck or tie it to your handbag for a stylish touch.','<div class=\"row justify-content-center\">\n    <div class=\"col-xl-10\">\n        <div class=\"tp-product-details-desc-item pb-105\">\n            <div class=\"row\">\n                <div class=\"col-lg-6\">\n                    <div class=\"pt-25\">\n                        <span>Diamond Tennis Bracelet</span>\n                        <h3 class=\"tp-product-details-desc-title\">Timeless Elegance</h3>\n                        <p>\n                            Elevate your style with our exquisite diamond tennis bracelet. Crafted with precision and attention to detail, each sparkling diamond is expertly set in lustrous white gold, creating a piece of jewelry that exudes sophistication and luxury. Whether worn alone or layered with other bracelets, this timeless accessory adds a touch of glamour to any ensemble.\n                        </p>\n                    </div>\n                    <div>\n                        <h3 class=\"tp-product-details-desc-title\">Exceptional Quality</h3>\n                        <p>\n                            Our diamond tennis bracelet is crafted from the finest materials to ensure lasting beauty and brilliance. Each diamond is carefully selected for its clarity, cut, and color, resulting in a piece of jewelry that\'s truly exceptional. Indulge in luxury and elegance with this stunning bracelet that\'s sure to become a cherished heirloom.\n                        </p>\n                    </div>\n                </div>\n                <div class=\"col-lg-6\">\n                    <div class=\"tp-product-details-desc-thumb\">\n                        <img src=\"/storage/jewelry/products/product-1.png\" alt=\"Diamond Tennis Bracelet\">\n                    </div>\n                </div>\n            </div>\n        </div>\n        <div class=\"tp-product-details-desc-item pb-75\">\n            <div class=\"row\">\n                <div class=\"col-lg-7\">\n                    <div class=\"tp-product-details-desc-thumb\">\n                        <img src=\"/storage/jewelry/products/product-2.png\" alt=\"Close-up of Diamond Tennis Bracelet\">\n                    </div>\n                </div>\n\n                <div class=\"col-lg-5 order-first order-lg-last\">\n                    <div class=\"des-content-2 pl-40\">\n                        <h3 class=\"tp-product-details-desc-title\">\n                            Versatile Style\n                        </h3>\n                        <p>\n                            Effortlessly transition from day to night with our versatile diamond tennis bracelet. Whether paired with a casual outfit or a formal gown, it adds a touch of glamour and sophistication to any look. Treat yourself or someone special to this timeless piece that\'s destined to be cherished for years to come.\n                        </p>\n                    </div>\n                </div>\n            </div>\n        </div>\n        <div class=\"tp-product-details-desc-item\">\n            <div class=\"row\">\n                <div class=\"col-xl-12\">\n                    <div class=\"tp-product-details-desc-banner text-center m-img\">\n                        <h3 class=\"tp-product-details-desc-banner-title tp-product-details-desc-title\">Exquisite Craftsmanship</h3>\n                        <img src=\"/storage/jewelry/products/product-3.png\" alt=\"Jewelry Workshop\">\n                    </div>\n                </div>\n            </div>\n        </div>\n    </div>\n</div>\n','published','[\"main\\/products\\/product-details-desc-2.jpg\",\"main\\/products\\/product-7.jpg\",\"main\\/products\\/product-11.jpg\",\"main\\/products\\/product-8.jpg\",\"main\\/products\\/product-16.jpg\",\"main\\/products\\/product-6.jpg\"]','[[{\"key\":\"file\",\"value\":\"main\\/video\\/video-1.mp4\"},{\"key\":\"url\",\"value\":null},{\"key\":\"thumbnail\",\"value\":\"main\\/video\\/1.jpg\"}]]','E0-173-A1',0,14,0,1,'in_stock',1,3,0,0,2413,NULL,NULL,NULL,17,15,18,569,NULL,128053,'2025-07-28 01:51:10','2025-07-28 01:51:11',6,0,'Botble\\ACL\\Models\\User',0,NULL,'physical','3878784355329',NULL,0,'auto_generate',0,0,0,1),(42,'Faux Leather Leggings','Stay cozy and chic in this knit turtleneck sweater, featuring a ribbed texture and a timeless design. Perfect for chilly days and nights.','<div class=\"row justify-content-center\">\n    <div class=\"col-xl-10\">\n        <div class=\"tp-product-details-desc-item pb-105\">\n            <div class=\"row\">\n                <div class=\"col-lg-6\">\n                    <div class=\"pt-25\">\n                        <span>Diamond Tennis Bracelet</span>\n                        <h3 class=\"tp-product-details-desc-title\">Timeless Elegance</h3>\n                        <p>\n                            Elevate your style with our exquisite diamond tennis bracelet. Crafted with precision and attention to detail, each sparkling diamond is expertly set in lustrous white gold, creating a piece of jewelry that exudes sophistication and luxury. Whether worn alone or layered with other bracelets, this timeless accessory adds a touch of glamour to any ensemble.\n                        </p>\n                    </div>\n                    <div>\n                        <h3 class=\"tp-product-details-desc-title\">Exceptional Quality</h3>\n                        <p>\n                            Our diamond tennis bracelet is crafted from the finest materials to ensure lasting beauty and brilliance. Each diamond is carefully selected for its clarity, cut, and color, resulting in a piece of jewelry that\'s truly exceptional. Indulge in luxury and elegance with this stunning bracelet that\'s sure to become a cherished heirloom.\n                        </p>\n                    </div>\n                </div>\n                <div class=\"col-lg-6\">\n                    <div class=\"tp-product-details-desc-thumb\">\n                        <img src=\"/storage/jewelry/products/product-1.png\" alt=\"Diamond Tennis Bracelet\">\n                    </div>\n                </div>\n            </div>\n        </div>\n        <div class=\"tp-product-details-desc-item pb-75\">\n            <div class=\"row\">\n                <div class=\"col-lg-7\">\n                    <div class=\"tp-product-details-desc-thumb\">\n                        <img src=\"/storage/jewelry/products/product-2.png\" alt=\"Close-up of Diamond Tennis Bracelet\">\n                    </div>\n                </div>\n\n                <div class=\"col-lg-5 order-first order-lg-last\">\n                    <div class=\"des-content-2 pl-40\">\n                        <h3 class=\"tp-product-details-desc-title\">\n                            Versatile Style\n                        </h3>\n                        <p>\n                            Effortlessly transition from day to night with our versatile diamond tennis bracelet. Whether paired with a casual outfit or a formal gown, it adds a touch of glamour and sophistication to any look. Treat yourself or someone special to this timeless piece that\'s destined to be cherished for years to come.\n                        </p>\n                    </div>\n                </div>\n            </div>\n        </div>\n        <div class=\"tp-product-details-desc-item\">\n            <div class=\"row\">\n                <div class=\"col-xl-12\">\n                    <div class=\"tp-product-details-desc-banner text-center m-img\">\n                        <h3 class=\"tp-product-details-desc-banner-title tp-product-details-desc-title\">Exquisite Craftsmanship</h3>\n                        <img src=\"/storage/jewelry/products/product-3.png\" alt=\"Jewelry Workshop\">\n                    </div>\n                </div>\n            </div>\n        </div>\n    </div>\n</div>\n','published','[\"main\\/products\\/product-14.jpg\",\"main\\/products\\/product-13.jpg\",\"main\\/products\\/product-16.jpg\",\"main\\/products\\/product-9.jpg\",\"main\\/products\\/product-details-desc-1.jpg\",\"main\\/products\\/product-20.jpg\",\"main\\/products\\/product-4.jpg\"]','[[{\"key\":\"file\",\"value\":\"main\\/video\\/video-1.mp4\"},{\"key\":\"url\",\"value\":null},{\"key\":\"thumbnail\",\"value\":\"main\\/video\\/1.jpg\"}]]','69-166',0,18,0,1,'in_stock',1,1,0,0,1361,1223,NULL,NULL,10,10,11,732,NULL,190932,'2025-07-28 01:51:10','2025-07-28 01:51:11',3,0,'Botble\\ACL\\Models\\User',0,NULL,'physical','9325139410645',NULL,0,'auto_generate',0,0,0,1),(43,'Metallic Pleated Maxi Skirt','Make a statement in this floral maxi dress, perfect for summer events or a casual day out. The flowy silhouette and vibrant print will turn heads wherever you go.','<div class=\"row justify-content-center\">\n    <div class=\"col-xl-10\">\n        <div class=\"tp-product-details-desc-item pb-105\">\n            <div class=\"row\">\n                <div class=\"col-lg-6\">\n                    <div class=\"pt-25\">\n                        <span>Diamond Tennis Bracelet</span>\n                        <h3 class=\"tp-product-details-desc-title\">Timeless Elegance</h3>\n                        <p>\n                            Elevate your style with our exquisite diamond tennis bracelet. Crafted with precision and attention to detail, each sparkling diamond is expertly set in lustrous white gold, creating a piece of jewelry that exudes sophistication and luxury. Whether worn alone or layered with other bracelets, this timeless accessory adds a touch of glamour to any ensemble.\n                        </p>\n                    </div>\n                    <div>\n                        <h3 class=\"tp-product-details-desc-title\">Exceptional Quality</h3>\n                        <p>\n                            Our diamond tennis bracelet is crafted from the finest materials to ensure lasting beauty and brilliance. Each diamond is carefully selected for its clarity, cut, and color, resulting in a piece of jewelry that\'s truly exceptional. Indulge in luxury and elegance with this stunning bracelet that\'s sure to become a cherished heirloom.\n                        </p>\n                    </div>\n                </div>\n                <div class=\"col-lg-6\">\n                    <div class=\"tp-product-details-desc-thumb\">\n                        <img src=\"/storage/jewelry/products/product-1.png\" alt=\"Diamond Tennis Bracelet\">\n                    </div>\n                </div>\n            </div>\n        </div>\n        <div class=\"tp-product-details-desc-item pb-75\">\n            <div class=\"row\">\n                <div class=\"col-lg-7\">\n                    <div class=\"tp-product-details-desc-thumb\">\n                        <img src=\"/storage/jewelry/products/product-2.png\" alt=\"Close-up of Diamond Tennis Bracelet\">\n                    </div>\n                </div>\n\n                <div class=\"col-lg-5 order-first order-lg-last\">\n                    <div class=\"des-content-2 pl-40\">\n                        <h3 class=\"tp-product-details-desc-title\">\n                            Versatile Style\n                        </h3>\n                        <p>\n                            Effortlessly transition from day to night with our versatile diamond tennis bracelet. Whether paired with a casual outfit or a formal gown, it adds a touch of glamour and sophistication to any look. Treat yourself or someone special to this timeless piece that\'s destined to be cherished for years to come.\n                        </p>\n                    </div>\n                </div>\n            </div>\n        </div>\n        <div class=\"tp-product-details-desc-item\">\n            <div class=\"row\">\n                <div class=\"col-xl-12\">\n                    <div class=\"tp-product-details-desc-banner text-center m-img\">\n                        <h3 class=\"tp-product-details-desc-banner-title tp-product-details-desc-title\">Exquisite Craftsmanship</h3>\n                        <img src=\"/storage/jewelry/products/product-3.png\" alt=\"Jewelry Workshop\">\n                    </div>\n                </div>\n            </div>\n        </div>\n    </div>\n</div>\n','published','[\"main\\/products\\/product-15.jpg\",\"main\\/products\\/product-5.jpg\",\"main\\/products\\/product-20.jpg\",\"main\\/products\\/product-11.jpg\",\"main\\/products\\/product-3.jpg\",\"main\\/products\\/product-2.jpg\",\"main\\/products\\/product-14.jpg\"]','[[{\"key\":\"file\",\"value\":null},{\"key\":\"url\",\"value\":\"https:\\/\\/www.youtube.com\\/watch?v=6JYIGclVQdw\"},{\"key\":\"thumbnail\",\"value\":\"main\\/video\\/1.jpg\"}]]','PJ-128',0,11,0,1,'in_stock',1,4,0,0,1535,1225,NULL,NULL,15,19,15,553,NULL,150222,'2025-07-28 01:51:10','2025-07-28 01:51:11',7,0,'Botble\\ACL\\Models\\User',0,NULL,'physical','2233651218328',NULL,0,'auto_generate',0,0,0,1),(44,'Vintage Denim Jacket',NULL,NULL,'published','[\"main\\/products\\/product-5.jpg\"]',NULL,'DM-119-A1',0,20,0,1,'in_stock',0,5,1,0,1391,NULL,NULL,NULL,10,12,20,775,NULL,0,'2025-07-28 01:51:10','2025-07-28 01:51:11',NULL,0,'Botble\\ACL\\Models\\User',0,NULL,'physical','6399552179369',NULL,0,'auto_generate',0,0,0,NULL),(45,'Vintage Denim Jacket',NULL,NULL,'published','[\"main\\/products\\/product-17.jpg\"]',NULL,'DM-119-A1-A2',0,20,0,1,'in_stock',0,5,1,0,1391,NULL,NULL,NULL,10,12,20,775,NULL,0,'2025-07-28 01:51:10','2025-07-28 01:51:11',NULL,0,'Botble\\ACL\\Models\\User',0,NULL,'physical','1000834210759',NULL,0,'auto_generate',0,0,0,NULL),(46,'Vintage Denim Jacket',NULL,NULL,'published','[\"main\\/products\\/product-13.jpg\"]',NULL,'DM-119-A1-A3',0,20,0,1,'in_stock',0,5,1,0,1391,NULL,NULL,NULL,10,12,20,775,NULL,0,'2025-07-28 01:51:10','2025-07-28 01:51:11',NULL,0,'Botble\\ACL\\Models\\User',0,NULL,'physical','4080816920217',NULL,0,'auto_generate',0,0,0,NULL),(47,'Floral Maxi Dress',NULL,NULL,'published','[\"main\\/products\\/product-2.jpg\"]',NULL,'KP-169-A1',0,15,0,1,'in_stock',0,2,1,0,678,NULL,NULL,NULL,19,18,12,596,NULL,0,'2025-07-28 01:51:10','2025-07-28 01:51:11',NULL,0,'Botble\\ACL\\Models\\User',0,NULL,'physical','2706892167057',NULL,0,'auto_generate',0,0,0,NULL),(48,'Floral Maxi Dress',NULL,NULL,'published','[\"main\\/products\\/product-18.jpg\"]',NULL,'KP-169-A1-A2',0,15,0,1,'in_stock',0,2,1,0,678,NULL,NULL,NULL,19,18,12,596,NULL,0,'2025-07-28 01:51:10','2025-07-28 01:51:11',NULL,0,'Botble\\ACL\\Models\\User',0,NULL,'physical','9765646602506',NULL,0,'auto_generate',0,0,0,NULL),(49,'Floral Maxi Dress',NULL,NULL,'published','[\"main\\/products\\/product-20.jpg\"]',NULL,'KP-169-A1-A3',0,15,0,1,'in_stock',0,2,1,0,678,NULL,NULL,NULL,19,18,12,596,NULL,0,'2025-07-28 01:51:10','2025-07-28 01:51:11',NULL,0,'Botble\\ACL\\Models\\User',0,NULL,'physical','6228216566699',NULL,0,'auto_generate',0,0,0,NULL),(50,'Leather Ankle Boots',NULL,NULL,'published','[\"main\\/products\\/product-13.jpg\"]',NULL,'UJ-157-A1',0,16,0,1,'in_stock',0,2,1,0,301,NULL,NULL,NULL,17,11,15,684,NULL,0,'2025-07-28 01:51:10','2025-07-28 01:51:11',NULL,0,'Botble\\ACL\\Models\\User',0,NULL,'physical','2795602376490',NULL,0,'auto_generate',0,0,0,NULL),(51,'Leather Ankle Boots',NULL,NULL,'published','[\"main\\/products\\/product-18.jpg\"]',NULL,'UJ-157-A1-A2',0,16,0,1,'in_stock',0,2,1,0,301,NULL,NULL,NULL,17,11,15,684,NULL,0,'2025-07-28 01:51:10','2025-07-28 01:51:11',NULL,0,'Botble\\ACL\\Models\\User',0,NULL,'physical','6462592532255',NULL,0,'auto_generate',0,0,0,NULL),(52,'Knit Turtleneck Sweater (Digital)',NULL,NULL,'published','[\"main\\/products\\/product-10.jpg\"]',NULL,'G4-110-A1',0,10,0,1,'in_stock',0,1,1,0,1781,1496.04,NULL,NULL,19,15,14,733,NULL,0,'2025-07-28 01:51:10','2025-07-28 01:51:11',NULL,0,'Botble\\ACL\\Models\\User',0,NULL,'digital','3683429890413',NULL,0,'auto_generate',0,0,0,NULL),(53,'Tailored Wool Blazer',NULL,NULL,'published','[\"main\\/products\\/product-20.jpg\"]',NULL,'IL-129-A1',0,17,0,1,'in_stock',0,4,1,0,1548,NULL,NULL,NULL,15,18,19,518,NULL,0,'2025-07-28 01:51:10','2025-07-28 01:51:11',NULL,0,'Botble\\ACL\\Models\\User',0,NULL,'physical','2103022074283',NULL,0,'auto_generate',0,0,0,NULL),(54,'Tailored Wool Blazer',NULL,NULL,'published','[\"main\\/products\\/product-2.jpg\"]',NULL,'IL-129-A1-A2',0,17,0,1,'in_stock',0,4,1,0,1548,NULL,NULL,NULL,15,18,19,518,NULL,0,'2025-07-28 01:51:10','2025-07-28 01:51:11',NULL,0,'Botble\\ACL\\Models\\User',0,NULL,'physical','9370287538086',NULL,0,'auto_generate',0,0,0,NULL),(55,'Bohemian Fringe Handbag',NULL,NULL,'published','[\"main\\/products\\/product-17.jpg\"]',NULL,'9G-106-A1',0,19,0,1,'in_stock',0,1,1,0,2205,NULL,NULL,NULL,10,19,12,500,NULL,0,'2025-07-28 01:51:10','2025-07-28 01:51:11',NULL,0,'Botble\\ACL\\Models\\User',0,NULL,'physical','4820599843118',NULL,0,'auto_generate',0,0,0,NULL),(56,'Bohemian Fringe Handbag',NULL,NULL,'published','[\"main\\/products\\/product-6.jpg\"]',NULL,'9G-106-A1-A2',0,19,0,1,'in_stock',0,1,1,0,2205,NULL,NULL,NULL,10,19,12,500,NULL,0,'2025-07-28 01:51:10','2025-07-28 01:51:11',NULL,0,'Botble\\ACL\\Models\\User',0,NULL,'physical','4580245084110',NULL,0,'auto_generate',0,0,0,NULL),(57,'Silk Scarf with Geometric Print (Digital)',NULL,NULL,'published','[\"main\\/products\\/product-20.jpg\"]',NULL,'NG-150-A1',0,13,0,1,'in_stock',0,3,1,0,1352,1041.04,NULL,NULL,16,12,19,629,NULL,0,'2025-07-28 01:51:10','2025-07-28 01:51:11',NULL,0,'Botble\\ACL\\Models\\User',0,NULL,'digital','5077849767178',NULL,0,'auto_generate',0,0,0,NULL),(58,'High-Waisted Wide Leg Trousers',NULL,NULL,'published','[\"main\\/products\\/product-4.jpg\"]',NULL,'9E-117-A1',0,17,0,1,'in_stock',0,1,1,0,2099,NULL,NULL,NULL,13,12,14,821,NULL,0,'2025-07-28 01:51:10','2025-07-28 01:51:11',NULL,0,'Botble\\ACL\\Models\\User',0,NULL,'physical','3001202050289',NULL,0,'auto_generate',0,0,0,NULL),(59,'Embroidered Boho Blouse',NULL,NULL,'published','[\"main\\/products\\/product-10.jpg\"]',NULL,'H0-150-A1',0,11,0,1,'in_stock',0,2,1,0,2479,NULL,NULL,NULL,15,13,18,879,NULL,0,'2025-07-28 01:51:10','2025-07-28 01:51:11',NULL,0,'Botble\\ACL\\Models\\User',0,NULL,'physical','7913140773341',NULL,0,'auto_generate',0,0,0,NULL),(60,'Statement Chunky Necklace',NULL,NULL,'published','[\"main\\/products\\/product-19.jpg\"]',NULL,'RJ-121-A1',0,20,0,1,'in_stock',0,5,1,0,1711,NULL,NULL,NULL,12,11,19,526,NULL,0,'2025-07-28 01:51:10','2025-07-28 01:51:11',NULL,0,'Botble\\ACL\\Models\\User',0,NULL,'physical','1242901623400',NULL,0,'auto_generate',0,0,0,NULL),(61,'Statement Chunky Necklace',NULL,NULL,'published','[\"main\\/products\\/product-18.jpg\"]',NULL,'RJ-121-A1-A2',0,20,0,1,'in_stock',0,5,1,0,1711,NULL,NULL,NULL,12,11,19,526,NULL,0,'2025-07-28 01:51:10','2025-07-28 01:51:11',NULL,0,'Botble\\ACL\\Models\\User',0,NULL,'physical','8899158536323',NULL,0,'auto_generate',0,0,0,NULL),(62,'Statement Chunky Necklace',NULL,NULL,'published','[\"main\\/products\\/product-14.jpg\"]',NULL,'RJ-121-A1-A3',0,20,0,1,'in_stock',0,5,1,0,1711,NULL,NULL,NULL,12,11,19,526,NULL,0,'2025-07-28 01:51:10','2025-07-28 01:51:11',NULL,0,'Botble\\ACL\\Models\\User',0,NULL,'physical','7933059845403',NULL,0,'auto_generate',0,0,0,NULL),(63,'Strappy Block Heel Sandals',NULL,NULL,'published','[\"main\\/products\\/product-17.jpg\"]',NULL,'4F-131-A1',0,19,0,1,'in_stock',0,1,1,0,904,NULL,NULL,NULL,15,16,10,534,NULL,0,'2025-07-28 01:51:10','2025-07-28 01:51:11',NULL,0,'Botble\\ACL\\Models\\User',0,NULL,'physical','1170439768075',NULL,0,'auto_generate',0,0,0,NULL),(64,'Velvet Evening Gown',NULL,NULL,'published','[\"main\\/products\\/product-15.jpg\"]',NULL,'UP-137-A1',0,15,0,1,'in_stock',0,4,1,0,882,NULL,NULL,NULL,10,12,19,707,NULL,0,'2025-07-28 01:51:10','2025-07-28 01:51:11',NULL,0,'Botble\\ACL\\Models\\User',0,NULL,'physical','9320547659976',NULL,0,'auto_generate',0,0,0,NULL),(65,'Velvet Evening Gown',NULL,NULL,'published','[\"main\\/products\\/product-14.jpg\"]',NULL,'UP-137-A1-A2',0,15,0,1,'in_stock',0,4,1,0,882,NULL,NULL,NULL,10,12,19,707,NULL,0,'2025-07-28 01:51:10','2025-07-28 01:51:11',NULL,0,'Botble\\ACL\\Models\\User',0,NULL,'physical','2325753739990',NULL,0,'auto_generate',0,0,0,NULL),(66,'Velvet Evening Gown',NULL,NULL,'published','[\"main\\/products\\/product-5.jpg\"]',NULL,'UP-137-A1-A3',0,15,0,1,'in_stock',0,4,1,0,882,NULL,NULL,NULL,10,12,19,707,NULL,0,'2025-07-28 01:51:10','2025-07-28 01:51:11',NULL,0,'Botble\\ACL\\Models\\User',0,NULL,'physical','0609208922666',NULL,0,'auto_generate',0,0,0,NULL),(67,'Quilted Crossbody Bag',NULL,NULL,'published','[\"main\\/products\\/product-17.jpg\"]',NULL,'SQ-134-A1',0,13,0,1,'in_stock',0,4,1,0,1004,NULL,NULL,NULL,17,13,12,779,NULL,0,'2025-07-28 01:51:10','2025-07-28 01:51:11',NULL,0,'Botble\\ACL\\Models\\User',0,NULL,'physical','9880357379339',NULL,0,'auto_generate',0,0,0,NULL),(68,'Quilted Crossbody Bag',NULL,NULL,'published','[\"main\\/products\\/product-details-desc-3.jpg\"]',NULL,'SQ-134-A1-A2',0,13,0,1,'in_stock',0,4,1,0,1004,NULL,NULL,NULL,17,13,12,779,NULL,0,'2025-07-28 01:51:10','2025-07-28 01:51:11',NULL,0,'Botble\\ACL\\Models\\User',0,NULL,'physical','2794139082294',NULL,0,'auto_generate',0,0,0,NULL),(69,'Distressed Skinny Jeans (Digital)',NULL,NULL,'published','[\"main\\/products\\/product-3.jpg\"]',NULL,'EY-191-A1',0,10,0,1,'in_stock',0,4,1,0,1700,1292,NULL,NULL,16,11,11,862,NULL,0,'2025-07-28 01:51:10','2025-07-28 01:51:11',NULL,0,'Botble\\ACL\\Models\\User',0,NULL,'digital','0653122805451',NULL,0,'auto_generate',0,0,0,NULL),(70,'Distressed Skinny Jeans (Digital)',NULL,NULL,'published','[\"main\\/products\\/product-19.jpg\"]',NULL,'EY-191-A1-A2',0,10,0,1,'in_stock',0,4,1,0,1700,1411,NULL,NULL,16,11,11,862,NULL,0,'2025-07-28 01:51:10','2025-07-28 01:51:11',NULL,0,'Botble\\ACL\\Models\\User',0,NULL,'digital','1921934734221',NULL,0,'auto_generate',0,0,0,NULL),(71,'Structured Satchel Bag (Digital)',NULL,NULL,'published','[\"main\\/products\\/product-6.jpg\"]',NULL,'TP-145-A1',0,19,0,1,'in_stock',0,1,1,0,334,300.6,NULL,NULL,14,15,10,526,NULL,0,'2025-07-28 01:51:10','2025-07-28 01:51:11',NULL,0,'Botble\\ACL\\Models\\User',0,NULL,'digital','3314624025026',NULL,0,'auto_generate',0,0,0,NULL),(72,'Suede Pointed-Toe Pumps',NULL,NULL,'published','[\"main\\/products\\/product-14.jpg\"]',NULL,'XO-188-A1',0,10,0,1,'in_stock',0,5,1,0,946,NULL,NULL,NULL,20,10,12,821,NULL,0,'2025-07-28 01:51:10','2025-07-28 01:51:11',NULL,0,'Botble\\ACL\\Models\\User',0,NULL,'physical','6354626892742',NULL,0,'auto_generate',0,0,0,NULL),(73,'Suede Pointed-Toe Pumps',NULL,NULL,'published','[\"main\\/products\\/product-2.jpg\"]',NULL,'XO-188-A1-A2',0,10,0,1,'in_stock',0,5,1,0,946,NULL,NULL,NULL,20,10,12,821,NULL,0,'2025-07-28 01:51:11','2025-07-28 01:51:11',NULL,0,'Botble\\ACL\\Models\\User',0,NULL,'physical','0127323794123',NULL,0,'auto_generate',0,0,0,NULL),(74,'Cropped Cable Knit Sweater',NULL,NULL,'published','[\"main\\/products\\/product-3.jpg\"]',NULL,'LZ-181-A1',0,16,0,1,'in_stock',0,3,1,0,1495,NULL,NULL,NULL,19,17,15,605,NULL,0,'2025-07-28 01:51:11','2025-07-28 01:51:11',NULL,0,'Botble\\ACL\\Models\\User',0,NULL,'physical','2321267179420',NULL,0,'auto_generate',0,0,0,NULL),(75,'Cropped Cable Knit Sweater',NULL,NULL,'published','[\"main\\/products\\/product-19.jpg\"]',NULL,'LZ-181-A1-A2',0,16,0,1,'in_stock',0,3,1,0,1495,NULL,NULL,NULL,19,17,15,605,NULL,0,'2025-07-28 01:51:11','2025-07-28 01:51:11',NULL,0,'Botble\\ACL\\Models\\User',0,NULL,'physical','7230100049880',NULL,0,'auto_generate',0,0,0,NULL),(76,'Cropped Cable Knit Sweater',NULL,NULL,'published','[\"main\\/products\\/product-16.jpg\"]',NULL,'LZ-181-A1-A3',0,16,0,1,'in_stock',0,3,1,0,1495,NULL,NULL,NULL,19,17,15,605,NULL,0,'2025-07-28 01:51:11','2025-07-28 01:51:11',NULL,0,'Botble\\ACL\\Models\\User',0,NULL,'physical','2963629223978',NULL,0,'auto_generate',0,0,0,NULL),(77,'Athleisure Jogger Pants (Digital)',NULL,NULL,'published','[\"main\\/products\\/product-20.jpg\"]',NULL,'F1-160-A1',0,19,0,1,'in_stock',0,5,1,0,1541,1309.85,NULL,NULL,13,11,20,627,NULL,0,'2025-07-28 01:51:11','2025-07-28 01:51:11',NULL,0,'Botble\\ACL\\Models\\User',0,NULL,'digital','8389187692454',NULL,0,'auto_generate',0,0,0,NULL),(78,'Athleisure Jogger Pants (Digital)',NULL,NULL,'published','[\"main\\/products\\/product-6.jpg\"]',NULL,'F1-160-A1-A2',0,19,0,1,'in_stock',0,5,1,0,1541,1279.03,NULL,NULL,13,11,20,627,NULL,0,'2025-07-28 01:51:11','2025-07-28 01:51:11',NULL,0,'Botble\\ACL\\Models\\User',0,NULL,'digital','7747547562990',NULL,0,'auto_generate',0,0,0,NULL),(79,'Athleisure Jogger Pants (Digital)',NULL,NULL,'published','[\"main\\/products\\/product-19.jpg\"]',NULL,'F1-160-A1-A3',0,19,0,1,'in_stock',0,5,1,0,1541,1371.49,NULL,NULL,13,11,20,627,NULL,0,'2025-07-28 01:51:11','2025-07-28 01:51:11',NULL,0,'Botble\\ACL\\Models\\User',0,NULL,'digital','8007167908592',NULL,0,'auto_generate',0,0,0,NULL),(80,'Athleisure Jogger Pants (Digital)',NULL,NULL,'published','[\"main\\/products\\/product-4.jpg\"]',NULL,'F1-160-A1-A4',0,19,0,1,'in_stock',0,5,1,0,1541,1248.21,NULL,NULL,13,11,20,627,NULL,0,'2025-07-28 01:51:11','2025-07-28 01:51:11',NULL,0,'Botble\\ACL\\Models\\User',0,NULL,'digital','4891208252584',NULL,0,'auto_generate',0,0,0,NULL),(81,'Retro Cat-Eye Sunglasses',NULL,NULL,'published','[\"main\\/products\\/product-5.jpg\"]',NULL,'IX-146-A1',0,14,0,1,'in_stock',0,3,1,0,1701,NULL,NULL,NULL,16,14,14,702,NULL,0,'2025-07-28 01:51:11','2025-07-28 01:51:11',NULL,0,'Botble\\ACL\\Models\\User',0,NULL,'physical','9337677161231',NULL,0,'auto_generate',0,0,0,NULL),(82,'Retro Cat-Eye Sunglasses',NULL,NULL,'published','[\"main\\/products\\/product-19.jpg\"]',NULL,'IX-146-A1-A2',0,14,0,1,'in_stock',0,3,1,0,1701,NULL,NULL,NULL,16,14,14,702,NULL,0,'2025-07-28 01:51:11','2025-07-28 01:51:11',NULL,0,'Botble\\ACL\\Models\\User',0,NULL,'physical','1143603999551',NULL,0,'auto_generate',0,0,0,NULL),(83,'Retro Cat-Eye Sunglasses',NULL,NULL,'published','[\"main\\/products\\/product-details-desc-2.jpg\"]',NULL,'IX-146-A1-A3',0,14,0,1,'in_stock',0,3,1,0,1701,NULL,NULL,NULL,16,14,14,702,NULL,0,'2025-07-28 01:51:11','2025-07-28 01:51:11',NULL,0,'Botble\\ACL\\Models\\User',0,NULL,'physical','2893285498765',NULL,0,'auto_generate',0,0,0,NULL),(84,'Retro Cat-Eye Sunglasses',NULL,NULL,'published','[\"main\\/products\\/product-1.jpg\"]',NULL,'IX-146-A1-A4',0,14,0,1,'in_stock',0,3,1,0,1701,NULL,NULL,NULL,16,14,14,702,NULL,0,'2025-07-28 01:51:11','2025-07-28 01:51:11',NULL,0,'Botble\\ACL\\Models\\User',0,NULL,'physical','3703884761773',NULL,0,'auto_generate',0,0,0,NULL),(85,'Ruffled Wrap Dress',NULL,NULL,'published','[\"main\\/products\\/product-15.jpg\"]',NULL,'LI-176-A1',0,13,0,1,'in_stock',0,5,1,0,1419,NULL,NULL,NULL,14,10,18,561,NULL,0,'2025-07-28 01:51:11','2025-07-28 01:51:11',NULL,0,'Botble\\ACL\\Models\\User',0,NULL,'physical','1885188325850',NULL,0,'auto_generate',0,0,0,NULL),(86,'Ruffled Wrap Dress',NULL,NULL,'published','[\"main\\/products\\/product-19.jpg\"]',NULL,'LI-176-A1-A2',0,13,0,1,'in_stock',0,5,1,0,1419,NULL,NULL,NULL,14,10,18,561,NULL,0,'2025-07-28 01:51:11','2025-07-28 01:51:11',NULL,0,'Botble\\ACL\\Models\\User',0,NULL,'physical','6775803483278',NULL,0,'auto_generate',0,0,0,NULL),(87,'Ruffled Wrap Dress',NULL,NULL,'published','[\"main\\/products\\/product-16.jpg\"]',NULL,'LI-176-A1-A3',0,13,0,1,'in_stock',0,5,1,0,1419,NULL,NULL,NULL,14,10,18,561,NULL,0,'2025-07-28 01:51:11','2025-07-28 01:51:11',NULL,0,'Botble\\ACL\\Models\\User',0,NULL,'physical','1649163551296',NULL,0,'auto_generate',0,0,0,NULL),(88,'Ruffled Wrap Dress',NULL,NULL,'published','[\"main\\/products\\/product-10.jpg\"]',NULL,'LI-176-A1-A4',0,13,0,1,'in_stock',0,5,1,0,1419,NULL,NULL,NULL,14,10,18,561,NULL,0,'2025-07-28 01:51:11','2025-07-28 01:51:11',NULL,0,'Botble\\ACL\\Models\\User',0,NULL,'physical','3863457830043',NULL,0,'auto_generate',0,0,0,NULL),(89,'Beaded Evening Clutch',NULL,NULL,'published','[\"main\\/products\\/product-11.jpg\"]',NULL,'0Z-111-A1',0,20,0,1,'in_stock',0,4,1,0,1738,NULL,NULL,NULL,12,14,11,709,NULL,0,'2025-07-28 01:51:11','2025-07-28 01:51:11',NULL,0,'Botble\\ACL\\Models\\User',0,NULL,'physical','9566732734336',NULL,0,'auto_generate',0,0,0,NULL),(90,'Denim Overall Jumpsuit (Digital)',NULL,NULL,'published','[\"main\\/products\\/product-4.jpg\"]',NULL,'BW-160-A1',0,20,0,1,'in_stock',0,5,1,0,1719,1529.91,NULL,NULL,11,16,15,619,NULL,0,'2025-07-28 01:51:11','2025-07-28 01:51:11',NULL,0,'Botble\\ACL\\Models\\User',0,NULL,'digital','2742536331767',NULL,0,'auto_generate',0,0,0,NULL),(91,'Geometric Patterned Cardigan (Digital)',NULL,NULL,'published','[\"main\\/products\\/product-16.jpg\"]',NULL,'VW-125-A1',0,20,0,1,'in_stock',0,4,1,0,506,414.92,NULL,NULL,12,14,12,531,NULL,0,'2025-07-28 01:51:11','2025-07-28 01:51:11',NULL,0,'Botble\\ACL\\Models\\User',0,NULL,'digital','6749698317666',NULL,0,'auto_generate',0,0,0,NULL),(92,'Geometric Patterned Cardigan (Digital)',NULL,NULL,'published','[\"main\\/products\\/product-18.jpg\"]',NULL,'VW-125-A1-A2',0,20,0,1,'in_stock',0,4,1,0,506,419.98,NULL,NULL,12,14,12,531,NULL,0,'2025-07-28 01:51:11','2025-07-28 01:51:11',NULL,0,'Botble\\ACL\\Models\\User',0,NULL,'digital','4692468989483',NULL,0,'auto_generate',0,0,0,NULL),(93,'Geometric Patterned Cardigan (Digital)',NULL,NULL,'published','[\"main\\/products\\/product-4.jpg\"]',NULL,'VW-125-A1-A3',0,20,0,1,'in_stock',0,4,1,0,506,389.62,NULL,NULL,12,14,12,531,NULL,0,'2025-07-28 01:51:11','2025-07-28 01:51:11',NULL,0,'Botble\\ACL\\Models\\User',0,NULL,'digital','0669894893411',NULL,0,'auto_generate',0,0,0,NULL),(94,'Retro High-Top Sneakers',NULL,NULL,'published','[\"main\\/products\\/product-7.jpg\"]',NULL,'E0-173-A1',0,14,0,1,'in_stock',0,3,1,0,2413,NULL,NULL,NULL,17,15,18,569,NULL,0,'2025-07-28 01:51:11','2025-07-28 01:51:11',NULL,0,'Botble\\ACL\\Models\\User',0,NULL,'physical','8467709707111',NULL,0,'auto_generate',0,0,0,NULL),(95,'Retro High-Top Sneakers',NULL,NULL,'published','[\"main\\/products\\/product-11.jpg\"]',NULL,'E0-173-A1-A2',0,14,0,1,'in_stock',0,3,1,0,2413,NULL,NULL,NULL,17,15,18,569,NULL,0,'2025-07-28 01:51:11','2025-07-28 01:51:11',NULL,0,'Botble\\ACL\\Models\\User',0,NULL,'physical','3800782741071',NULL,0,'auto_generate',0,0,0,NULL);

--
