--
-- Host: 127.0.0.1    Database: shofy
-- ------------------------------------------------------


--
-- Table structure for table `activations`
--

CREATE TABLE `activations` (
  `id` bigint unsigned NOT NULL AUTO_INCREMENT,
  `user_id` bigint unsigned NOT NULL,
  `code` varchar(120) COLLATE utf8mb4_unicode_ci NOT NULL,
  `completed` tinyint(1) NOT NULL DEFAULT '0',
  `completed_at` timestamp NULL DEFAULT NULL,
  `created_at` timestamp NULL DEFAULT NULL,
  `updated_at` timestamp NULL DEFAULT NULL,
  PRIMARY KEY (`id`),
  KEY `activations_user_id_index` (`user_id`)
) ENGINE=InnoDB AUTO_INCREMENT=2 DEFAULT CHARSET=utf8mb4 COLLATE=utf8mb4_unicode_ci;

--
-- Dumping data for table `activations`
--

INSERT INTO `activations` VALUES (1,1,'Ef5xUk2oSTd9uKzTMoYKKlbMVMcxtOWs',1,'2025-07-28 03:48:14','2025-07-28 03:48:14','2025-07-28 03:48:14');

--
-- Table structure for table `admin_notifications`
--

CREATE TABLE `admin_notifications` (
  `id` bigint unsigned NOT NULL AUTO_INCREMENT,
  `title` varchar(191) COLLATE utf8mb4_unicode_ci NOT NULL,
  `action_label` varchar(191) COLLATE utf8mb4_unicode_ci DEFAULT NULL,
  `action_url` varchar(191) COLLATE utf8mb4_unicode_ci DEFAULT NULL,
  `description` varchar(400) COLLATE utf8mb4_unicode_ci DEFAULT NULL,
  `read_at` timestamp NULL DEFAULT NULL,
  `created_at` timestamp NULL DEFAULT NULL,
  `updated_at` timestamp NULL DEFAULT NULL,
  `permission` varchar(191) COLLATE utf8mb4_unicode_ci DEFAULT NULL,
  PRIMARY KEY (`id`)
) ENGINE=InnoDB DEFAULT CHARSET=utf8mb4 COLLATE=utf8mb4_unicode_ci;

--
-- Dumping data for table `admin_notifications`
--


--
-- Table structure for table `ads`
--

CREATE TABLE `ads` (
  `id` bigint unsigned NOT NULL AUTO_INCREMENT,
  `name` varchar(191) COLLATE utf8mb4_unicode_ci NOT NULL,
  `expired_at` datetime DEFAULT NULL,
  `location` varchar(120) COLLATE utf8mb4_unicode_ci DEFAULT NULL,
  `key` varchar(120) COLLATE utf8mb4_unicode_ci NOT NULL,
  `image` varchar(191) COLLATE utf8mb4_unicode_ci DEFAULT NULL,
  `url` varchar(191) COLLATE utf8mb4_unicode_ci DEFAULT NULL,
  `clicked` bigint NOT NULL DEFAULT '0',
  `order` int DEFAULT '0',
  `status` varchar(60) COLLATE utf8mb4_unicode_ci NOT NULL DEFAULT 'published',
  `created_at` timestamp NULL DEFAULT NULL,
  `updated_at` timestamp NULL DEFAULT NULL,
  `open_in_new_tab` tinyint(1) NOT NULL DEFAULT '1',
  `tablet_image` varchar(191) COLLATE utf8mb4_unicode_ci DEFAULT NULL,
  `mobile_image` varchar(191) COLLATE utf8mb4_unicode_ci DEFAULT NULL,
  `ads_type` varchar(191) COLLATE utf8mb4_unicode_ci DEFAULT NULL,
  `google_adsense_slot_id` varchar(191) COLLATE utf8mb4_unicode_ci DEFAULT NULL,
  PRIMARY KEY (`id`),
  UNIQUE KEY `ads_key_unique` (`key`)
) ENGINE=InnoDB AUTO_INCREMENT=8 DEFAULT CHARSET=utf8mb4 COLLATE=utf8mb4_unicode_ci;

--
-- Dumping data for table `ads`
--

INSERT INTO `ads` VALUES (1,'Ads 1','2030-07-28 00:00:00','not_set','UROL9F9ZZVAA','main/banners/1.jpg','/products',0,1,'published','2025-07-28 03:48:48','2025-07-28 03:48:48',1,NULL,NULL,'custom_ad',NULL),(2,'Ads 2','2030-07-28 00:00:00','not_set','B30VDBKO7SBF','main/banners/2.jpg','/products',0,2,'published','2025-07-28 03:48:48','2025-07-28 03:48:48',1,NULL,NULL,'custom_ad',NULL),(3,'Ads 3','2030-07-28 00:00:00','not_set','BN3ZCHLIE95I','main/gadgets/gadget-banner-1.jpg','/products',0,3,'published','2025-07-28 03:48:48','2025-07-28 03:48:48',1,NULL,NULL,'custom_ad',NULL),(4,'Ads 4','2030-07-28 00:00:00','not_set','QGPRRJ2MPZYA','main/gadgets/gadget-banner-2.jpg','/products',0,4,'published','2025-07-28 03:48:48','2025-07-28 03:48:48',1,NULL,NULL,'custom_ad',NULL),(5,'Ads 5','2030-07-28 00:00:00','not_set','B5ZA76ZWMWAE','main/banners/slider-1.png','http://shofy.test',0,5,'published','2025-07-28 03:48:48','2025-07-28 03:48:48',1,NULL,NULL,'custom_ad',NULL),(6,'Ads 6','2030-07-28 00:00:00','not_set','F1LTQS976YPY','main/banners/slider-2.png','http://shofy.test',0,6,'published','2025-07-28 03:48:48','2025-07-28 03:48:48',1,NULL,NULL,'custom_ad',NULL),(7,'Ads 7','2030-07-28 00:00:00','not_set','IHPZ2WBSYJUK','main/banners/slider-3.png','http://shofy.test/products/sony-a90j-4k-oled-smart-tv',0,7,'published','2025-07-28 03:48:48','2025-07-28 03:48:48',1,NULL,NULL,'custom_ad',NULL);

--
-- Table structure for table `ads_translations`
--

CREATE TABLE `ads_translations` (
  `lang_code` varchar(191) COLLATE utf8mb4_unicode_ci NOT NULL,
  `ads_id` bigint unsigned NOT NULL,
  `name` varchar(191) COLLATE utf8mb4_unicode_ci DEFAULT NULL,
  `image` varchar(191) COLLATE utf8mb4_unicode_ci DEFAULT NULL,
  `url` varchar(191) COLLATE utf8mb4_unicode_ci DEFAULT NULL,
  `tablet_image` varchar(191) COLLATE utf8mb4_unicode_ci DEFAULT NULL,
  `mobile_image` varchar(191) COLLATE utf8mb4_unicode_ci DEFAULT NULL,
  PRIMARY KEY (`lang_code`,`ads_id`)
) ENGINE=InnoDB DEFAULT CHARSET=utf8mb4 COLLATE=utf8mb4_unicode_ci;

--
-- Dumping data for table `ads_translations`
--


--
-- Table structure for table `announcements`
--

CREATE TABLE `announcements` (
  `id` bigint unsigned NOT NULL AUTO_INCREMENT,
  `name` varchar(191) COLLATE utf8mb4_unicode_ci NOT NULL,
  `content` text COLLATE utf8mb4_unicode_ci NOT NULL,
  `has_action` tinyint(1) NOT NULL DEFAULT '0',
  `action_label` varchar(60) COLLATE utf8mb4_unicode_ci DEFAULT NULL,
  `action_url` varchar(400) COLLATE utf8mb4_unicode_ci DEFAULT NULL,
  `action_open_new_tab` tinyint(1) NOT NULL DEFAULT '0',
  `dismissible` tinyint(1) NOT NULL DEFAULT '0',
  `start_date` datetime DEFAULT NULL,
  `end_date` datetime DEFAULT NULL,
  `is_active` tinyint(1) NOT NULL DEFAULT '1',
  `created_at` timestamp NULL DEFAULT NULL,
  `updated_at` timestamp NULL DEFAULT NULL,
  PRIMARY KEY (`id`)
) ENGINE=InnoDB AUTO_INCREMENT=4 DEFAULT CHARSET=utf8mb4 COLLATE=utf8mb4_unicode_ci;

--
-- Dumping data for table `announcements`
--

INSERT INTO `announcements` VALUES (1,'Announcement 1','Enjoy free shipping on all orders over $99! Shop now and save on delivery costs.',0,NULL,NULL,0,1,'2025-07-28 10:48:33',NULL,1,'2025-07-28 03:48:33','2025-07-28 03:48:33'),(2,'Announcement 2','Need assistance? Our customer support is available 24/7 to help you with any questions or concerns.',0,NULL,NULL,0,1,'2025-07-28 10:48:33',NULL,1,'2025-07-28 03:48:33','2025-07-28 03:48:33'),(3,'Announcement 3','Shop with confidence! We offer a hassle-free 30 days return service for your peace of mind.',0,NULL,NULL,0,1,'2025-07-28 10:48:33',NULL,1,'2025-07-28 03:48:33','2025-07-28 03:48:33');

--
-- Table structure for table `announcements_translations`
--

CREATE TABLE `announcements_translations` (
  `lang_code` varchar(191) COLLATE utf8mb4_unicode_ci NOT NULL,
  `announcements_id` bigint unsigned NOT NULL,
  `content` text COLLATE utf8mb4_unicode_ci,
  `action_label` varchar(60) COLLATE utf8mb4_unicode_ci DEFAULT NULL,
  PRIMARY KEY (`lang_code`,`announcements_id`)
) ENGINE=InnoDB DEFAULT CHARSET=utf8mb4 COLLATE=utf8mb4_unicode_ci;

--
-- Dumping data for table `announcements_translations`
--


--
-- Table structure for table `audit_histories`
--

CREATE TABLE `audit_histories` (
  `id` bigint unsigned NOT NULL AUTO_INCREMENT,
  `user_id` bigint unsigned NOT NULL,
  `user_type` varchar(191) COLLATE utf8mb4_unicode_ci DEFAULT 'Botble\\ACL\\Models\\User',
  `module` varchar(60) COLLATE utf8mb4_unicode_ci NOT NULL,
  `request` longtext COLLATE utf8mb4_unicode_ci,
  `action` varchar(120) COLLATE utf8mb4_unicode_ci NOT NULL,
  `user_agent` text COLLATE utf8mb4_unicode_ci,
  `ip_address` varchar(45) COLLATE utf8mb4_unicode_ci DEFAULT NULL,
  `actor_id` bigint unsigned NOT NULL,
  `actor_type` varchar(191) COLLATE utf8mb4_unicode_ci DEFAULT 'Botble\\ACL\\Models\\User',
  `reference_id` bigint unsigned NOT NULL,
  `reference_name` varchar(191) COLLATE utf8mb4_unicode_ci NOT NULL,
  `type` varchar(20) COLLATE utf8mb4_unicode_ci NOT NULL,
  `created_at` timestamp NULL DEFAULT NULL,
  `updated_at` timestamp NULL DEFAULT NULL,
  PRIMARY KEY (`id`),
  KEY `audit_histories_user_id_index` (`user_id`),
  KEY `audit_histories_module_index` (`module`)
) ENGINE=InnoDB DEFAULT CHARSET=utf8mb4 COLLATE=utf8mb4_unicode_ci;

--
-- Dumping data for table `audit_histories`
--


--
-- Table structure for table `cache`
--

CREATE TABLE `cache` (
  `key` varchar(191) COLLATE utf8mb4_unicode_ci NOT NULL,
  `value` mediumtext COLLATE utf8mb4_unicode_ci NOT NULL,
  `expiration` int NOT NULL,
  PRIMARY KEY (`key`)
) ENGINE=InnoDB DEFAULT CHARSET=utf8mb4 COLLATE=utf8mb4_unicode_ci;

--
-- Dumping data for table `cache`
--


--
-- Table structure for table `cache_locks`
--

CREATE TABLE `cache_locks` (
  `key` varchar(191) COLLATE utf8mb4_unicode_ci NOT NULL,
  `owner` varchar(191) COLLATE utf8mb4_unicode_ci NOT NULL,
  `expiration` int NOT NULL,
  PRIMARY KEY (`key`)
) ENGINE=InnoDB DEFAULT CHARSET=utf8mb4 COLLATE=utf8mb4_unicode_ci;

--
-- Dumping data for table `cache_locks`
--


--
-- Table structure for table `categories`
--

CREATE TABLE `categories` (
  `id` bigint unsigned NOT NULL AUTO_INCREMENT,
  `name` varchar(120) COLLATE utf8mb4_unicode_ci NOT NULL,
  `parent_id` bigint unsigned NOT NULL DEFAULT '0',
  `description` varchar(400) COLLATE utf8mb4_unicode_ci DEFAULT NULL,
  `status` varchar(60) COLLATE utf8mb4_unicode_ci NOT NULL DEFAULT 'published',
  `author_id` bigint unsigned DEFAULT NULL,
  `author_type` varchar(191) COLLATE utf8mb4_unicode_ci NOT NULL DEFAULT 'Botble\\ACL\\Models\\User',
  `icon` varchar(60) COLLATE utf8mb4_unicode_ci DEFAULT NULL,
  `order` int unsigned NOT NULL DEFAULT '0',
  `is_featured` tinyint NOT NULL DEFAULT '0',
  `is_default` tinyint unsigned NOT NULL DEFAULT '0',
  `created_at` timestamp NULL DEFAULT NULL,
  `updated_at` timestamp NULL DEFAULT NULL,
  PRIMARY KEY (`id`),
  KEY `categories_parent_id_index` (`parent_id`),
  KEY `categories_status_index` (`status`),
  KEY `categories_created_at_index` (`created_at`)
) ENGINE=InnoDB AUTO_INCREMENT=7 DEFAULT CHARSET=utf8mb4 COLLATE=utf8mb4_unicode_ci;

--
-- Dumping data for table `categories`
--

INSERT INTO `categories` VALUES (1,'Crisp Bread &amp; Cake',0,'Autem quia rem aut fugit. Molestiae optio facere voluptatem alias dolores sunt magni. Velit eum dignissimos soluta quos suscipit eaque alias. Ut natus sit quaerat voluptatem.','published',1,'Botble\\ACL\\Models\\User',NULL,0,0,0,'2025-07-28 03:48:25','2025-07-28 03:48:25'),(2,'Fashion',0,'Quas numquam iure quos veniam. Blanditiis quidem quia aut et dolores id officia. Itaque deserunt eveniet maxime temporibus. Occaecati dolorem officiis reprehenderit corrupti magnam.','published',1,'Botble\\ACL\\Models\\User',NULL,0,1,0,'2025-07-28 03:48:25','2025-07-28 03:48:25'),(3,'Electronic',0,'Porro nihil veritatis deserunt sit. Aperiam doloremque ut sunt dicta reprehenderit. Cupiditate perspiciatis nisi ut illo. Vero quod occaecati velit alias hic quos.','published',1,'Botble\\ACL\\Models\\User',NULL,0,1,0,'2025-07-28 03:48:25','2025-07-28 03:48:25'),(4,'Commercial',0,'Quisquam est maiores qui veniam. Labore iste velit officiis incidunt provident cupiditate. Et voluptas id est veniam aut aliquid sint. Ullam ipsam unde delectus aut blanditiis.','published',1,'Botble\\ACL\\Models\\User',NULL,0,1,0,'2025-07-28 03:48:25','2025-07-28 03:48:25'),(5,'Organic Fruits',0,'Consequuntur qui qui labore rerum non blanditiis optio. Cumque repudiandae corrupti quo sit ipsum rerum sit. Eum occaecati quia qui debitis.','published',1,'Botble\\ACL\\Models\\User',NULL,0,1,0,'2025-07-28 03:48:25','2025-07-28 03:48:25'),(6,'Ecological',0,'Laudantium earum modi quas tempora et. Ab doloremque omnis eum perspiciatis quidem ex sit. Sint error optio exercitationem incidunt aliquid. Amet ad pariatur et dolor voluptatibus sunt.','published',1,'Botble\\ACL\\Models\\User',NULL,0,1,0,'2025-07-28 03:48:25','2025-07-28 03:48:25');

--
-- Table structure for table `categories_translations`
--

CREATE TABLE `categories_translations` (
  `lang_code` varchar(20) COLLATE utf8mb4_unicode_ci NOT NULL,
  `categories_id` bigint unsigned NOT NULL,
  `name` varchar(191) COLLATE utf8mb4_unicode_ci DEFAULT NULL,
  `description` varchar(400) COLLATE utf8mb4_unicode_ci DEFAULT NULL,
  PRIMARY KEY (`lang_code`,`categories_id`)
) ENGINE=InnoDB DEFAULT CHARSET=utf8mb4 COLLATE=utf8mb4_unicode_ci;

--
-- Dumping data for table `categories_translations`
--


--
-- Table structure for table `cities`
--

CREATE TABLE `cities` (
  `id` bigint unsigned NOT NULL AUTO_INCREMENT,
  `name` varchar(120) COLLATE utf8mb4_unicode_ci NOT NULL,
  `slug` varchar(120) COLLATE utf8mb4_unicode_ci DEFAULT NULL,
  `state_id` bigint unsigned DEFAULT NULL,
  `country_id` bigint unsigned DEFAULT NULL,
  `record_id` varchar(40) COLLATE utf8mb4_unicode_ci DEFAULT NULL,
  `order` tinyint NOT NULL DEFAULT '0',
  `image` varchar(191) COLLATE utf8mb4_unicode_ci DEFAULT NULL,
  `is_default` tinyint unsigned NOT NULL DEFAULT '0',
  `status` varchar(60) COLLATE utf8mb4_unicode_ci NOT NULL DEFAULT 'published',
  `created_at` timestamp NULL DEFAULT NULL,
  `updated_at` timestamp NULL DEFAULT NULL,
  `zip_code` varchar(20) COLLATE utf8mb4_unicode_ci DEFAULT NULL,
  PRIMARY KEY (`id`),
  UNIQUE KEY `cities_slug_unique` (`slug`)
) ENGINE=InnoDB DEFAULT CHARSET=utf8mb4 COLLATE=utf8mb4_unicode_ci;

--
-- Dumping data for table `cities`
--


--
-- Table structure for table `cities_translations`
--

CREATE TABLE `cities_translations` (
  `lang_code` varchar(20) COLLATE utf8mb4_unicode_ci NOT NULL,
  `cities_id` bigint unsigned NOT NULL,
  `name` varchar(120) COLLATE utf8mb4_unicode_ci DEFAULT NULL,
  `slug` varchar(120) COLLATE utf8mb4_unicode_ci DEFAULT NULL,
  PRIMARY KEY (`lang_code`,`cities_id`)
) ENGINE=InnoDB DEFAULT CHARSET=utf8mb4 COLLATE=utf8mb4_unicode_ci;

--
-- Dumping data for table `cities_translations`
--


--
-- Table structure for table `contact_custom_field_options`
--

CREATE TABLE `contact_custom_field_options` (
  `id` bigint unsigned NOT NULL AUTO_INCREMENT,
  `custom_field_id` bigint unsigned NOT NULL,
  `label` varchar(191) COLLATE utf8mb4_unicode_ci DEFAULT NULL,
  `value` varchar(191) COLLATE utf8mb4_unicode_ci NOT NULL,
  `order` int NOT NULL DEFAULT '999',
  `created_at` timestamp NULL DEFAULT NULL,
  `updated_at` timestamp NULL DEFAULT NULL,
  PRIMARY KEY (`id`)
) ENGINE=InnoDB DEFAULT CHARSET=utf8mb4 COLLATE=utf8mb4_unicode_ci;

--
-- Dumping data for table `contact_custom_field_options`
--


--
-- Table structure for table `contact_custom_field_options_translations`
--

CREATE TABLE `contact_custom_field_options_translations` (
  `contact_custom_field_options_id` bigint unsigned NOT NULL,
  `lang_code` varchar(191) COLLATE utf8mb4_unicode_ci NOT NULL,
  `label` varchar(191) COLLATE utf8mb4_unicode_ci DEFAULT NULL,
  `value` varchar(191) COLLATE utf8mb4_unicode_ci DEFAULT NULL,
  PRIMARY KEY (`lang_code`,`contact_custom_field_options_id`)
) ENGINE=InnoDB DEFAULT CHARSET=utf8mb4 COLLATE=utf8mb4_unicode_ci;

--
-- Dumping data for table `contact_custom_field_options_translations`
--


--
-- Table structure for table `contact_custom_fields`
--

CREATE TABLE `contact_custom_fields` (
  `id` bigint unsigned NOT NULL AUTO_INCREMENT,
  `type` varchar(191) COLLATE utf8mb4_unicode_ci NOT NULL,
  `required` tinyint(1) NOT NULL DEFAULT '0',
  `name` varchar(191) COLLATE utf8mb4_unicode_ci NOT NULL,
  `placeholder` varchar(191) COLLATE utf8mb4_unicode_ci DEFAULT NULL,
  `order` int NOT NULL DEFAULT '999',
  `status` varchar(191) COLLATE utf8mb4_unicode_ci NOT NULL DEFAULT 'published',
  `created_at` timestamp NULL DEFAULT NULL,
  `updated_at` timestamp NULL DEFAULT NULL,
  PRIMARY KEY (`id`)
) ENGINE=InnoDB DEFAULT CHARSET=utf8mb4 COLLATE=utf8mb4_unicode_ci;

--
-- Dumping data for table `contact_custom_fields`
--


--
-- Table structure for table `contact_custom_fields_translations`
--

CREATE TABLE `contact_custom_fields_translations` (
  `contact_custom_fields_id` bigint unsigned NOT NULL,
  `lang_code` varchar(191) COLLATE utf8mb4_unicode_ci NOT NULL,
  `name` varchar(191) COLLATE utf8mb4_unicode_ci DEFAULT NULL,
  `placeholder` varchar(191) COLLATE utf8mb4_unicode_ci DEFAULT NULL,
  PRIMARY KEY (`lang_code`,`contact_custom_fields_id`)
) ENGINE=InnoDB DEFAULT CHARSET=utf8mb4 COLLATE=utf8mb4_unicode_ci;

--
-- Dumping data for table `contact_custom_fields_translations`
--


--
-- Table structure for table `contact_replies`
--

CREATE TABLE `contact_replies` (
  `id` bigint unsigned NOT NULL AUTO_INCREMENT,
  `message` longtext COLLATE utf8mb4_unicode_ci NOT NULL,
  `contact_id` bigint unsigned NOT NULL,
  `created_at` timestamp NULL DEFAULT NULL,
  `updated_at` timestamp NULL DEFAULT NULL,
  PRIMARY KEY (`id`)
) ENGINE=InnoDB DEFAULT CHARSET=utf8mb4 COLLATE=utf8mb4_unicode_ci;

--
-- Dumping data for table `contact_replies`
--


--
-- Table structure for table `contacts`
--

CREATE TABLE `contacts` (
  `id` bigint unsigned NOT NULL AUTO_INCREMENT,
  `name` varchar(60) COLLATE utf8mb4_unicode_ci NOT NULL,
  `email` varchar(60) COLLATE utf8mb4_unicode_ci DEFAULT NULL,
  `phone` varchar(60) COLLATE utf8mb4_unicode_ci DEFAULT NULL,
  `address` varchar(120) COLLATE utf8mb4_unicode_ci DEFAULT NULL,
  `subject` varchar(120) COLLATE utf8mb4_unicode_ci DEFAULT NULL,
  `content` longtext COLLATE utf8mb4_unicode_ci NOT NULL,
  `custom_fields` text COLLATE utf8mb4_unicode_ci,
  `status` varchar(60) COLLATE utf8mb4_unicode_ci NOT NULL DEFAULT 'unread',
  `created_at` timestamp NULL DEFAULT NULL,
  `updated_at` timestamp NULL DEFAULT NULL,
  PRIMARY KEY (`id`)
) ENGINE=InnoDB AUTO_INCREMENT=11 DEFAULT CHARSET=utf8mb4 COLLATE=utf8mb4_unicode_ci;

--
-- Dumping data for table `contacts`
--

INSERT INTO `contacts` VALUES (1,'Toby Lindgren','verna.bode@example.org','434-306-2738','5439 Waelchi Branch Suite 265\nNorth Melyna, FL 99432','Et enim et excepturi omnis.','Minus fugiat et omnis voluptatum non fugiat ipsam. Adipisci et nesciunt dolor occaecati magnam consequuntur sunt. Modi voluptatem recusandae aperiam deleniti. Eos expedita et neque. Enim earum expedita iusto. Odio est dolore rerum aut nobis dolor quaerat. Quia atque magni earum in. Non quod similique ut quos ut. Ut voluptatibus accusantium aliquam. Corporis sit id maiores iste recusandae. Velit aut alias velit aliquam laboriosam. Quo dolores rerum ipsam dolor cum.',NULL,'read','2025-07-28 03:48:22','2025-07-28 03:48:22'),(2,'Alayna Nikolaus','virgil78@example.org','818-837-7648','73974 Parisian Passage Suite 251\nSouth Melynatown, NE 23565-8665','Voluptas libero sed soluta pariatur.','Error doloribus veniam accusantium culpa cum error. Veniam voluptatem earum enim aspernatur cum. Ut ipsum qui ut aut atque deleniti provident occaecati. Ut iure qui repellat eveniet. Rerum sed autem culpa aut. Ex voluptas non rerum rerum. Facilis ducimus doloribus animi similique. Exercitationem suscipit cupiditate veritatis et molestiae totam veniam. Cumque dicta debitis qui aut sed molestiae vero. Ipsa labore rem culpa qui.',NULL,'unread','2025-07-28 03:48:22','2025-07-28 03:48:22'),(3,'Kavon Pfannerstill','buckridge.jarrell@example.net','1-805-676-2330','99306 Joseph Well\nEast Anastasiastad, NH 13494','Labore vel sapiente deleniti debitis labore.','Et atque ipsum quidem et vel aut pariatur. Dolorem sunt sit exercitationem sed illum ex autem. Odio qui aperiam fuga quia et. Dolorem asperiores consequatur quasi odit nam error. Quo id quod quam. Corporis sed recusandae quibusdam ullam. Aperiam nostrum aut temporibus in velit. Aut in sapiente voluptatem tempora dolores ducimus. Voluptatem ducimus eveniet voluptate assumenda. Neque mollitia sed id accusantium.',NULL,'read','2025-07-28 03:48:22','2025-07-28 03:48:22'),(4,'Cicero Jakubowski','homenick.savanah@example.com','269-415-3638','4254 Mueller Springs\nWest Wernerbury, ME 45658-8884','Sed nemo sint blanditiis.','Facere et nam accusantium harum similique. Assumenda recusandae illum similique corporis nam corrupti itaque et. Assumenda earum omnis aut aut. Magnam aliquam sunt temporibus ad est fugiat voluptas. Sit adipisci rerum eveniet molestiae odit a dolore ut. Labore quis aut possimus totam dolor distinctio eos. Ab cupiditate magni sed ipsam similique consequuntur eum.',NULL,'unread','2025-07-28 03:48:22','2025-07-28 03:48:22'),(5,'Lilian Emard III','madalyn77@example.org','+1-517-999-3502','29952 Luettgen Plains Suite 866\nLenoreton, NJ 78511','Minus aut temporibus ipsam eos ullam.','Possimus commodi qui minus non aut aut aut. Adipisci quia aspernatur rem rerum necessitatibus. Sed nam omnis blanditiis suscipit nesciunt repellendus. Recusandae autem explicabo voluptatum necessitatibus nihil et ex perspiciatis. Alias tempore enim dolor rerum incidunt laudantium laudantium accusamus. Saepe voluptatibus facilis id ad. Fuga repellat aliquam aut ipsam dolores harum quod. Ut velit aut et. Accusantium qui voluptatem sapiente dolorem nulla omnis quia. Qui porro eum eos rerum.',NULL,'read','2025-07-28 03:48:22','2025-07-28 03:48:22'),(6,'Cullen Bergstrom','hamill.emil@example.net','1-585-468-2043','253 Klocko Port Apt. 718\nWhitneyport, MA 76534','Ex molestiae ducimus non eius.','Reiciendis eaque rerum qui eum esse. Molestiae impedit iusto architecto qui sit et. Expedita ipsa animi et in quos. Iure qui animi et sint consequatur fuga. Natus perferendis eveniet inventore voluptate quia laborum consectetur. Sapiente esse quia eum corporis voluptate reprehenderit. At eos voluptatem officia quia. Animi illo explicabo ipsam esse. Magni voluptatibus saepe cumque vitae. Velit vero praesentium animi velit et consectetur. Optio enim est sunt.',NULL,'unread','2025-07-28 03:48:22','2025-07-28 03:48:22'),(7,'Bettie Mayer II','braden40@example.org','1-334-432-2501','94775 Hudson Avenue Suite 722\nEast Phyllis, MA 51965-2108','Eius ipsam repudiandae quia harum sint amet.','At quo fuga tenetur fuga sit repudiandae. Sit ex aut nemo animi ut ducimus expedita. Impedit eveniet corporis quis et. Doloremque magnam ut quisquam deleniti similique. Facilis ut explicabo doloribus perspiciatis est et consequatur. Quam eum illum quis corporis excepturi. Qui cupiditate ipsum deleniti aspernatur at. Ut dolores tempore aspernatur quo nihil rerum. Earum commodi illum unde necessitatibus et.',NULL,'unread','2025-07-28 03:48:22','2025-07-28 03:48:22'),(8,'Lea Hackett PhD','verda52@example.org','+1-815-342-3167','84233 Marisa Villages\nLake Orphachester, WV 87067-3426','Quia ut qui eos.','Necessitatibus hic eveniet est at. Voluptatem libero sint nostrum ea amet. Quia sunt illo ut voluptates. Repudiandae cumque aut blanditiis voluptas error. Maiores qui placeat adipisci voluptas esse ea suscipit. Debitis nostrum officia reprehenderit itaque distinctio omnis cupiditate. Earum alias ut eligendi at. Facere eligendi minus a quo quod. Qui qui voluptatem minus. Consectetur ea est qui quasi pariatur eum.',NULL,'unread','2025-07-28 03:48:22','2025-07-28 03:48:22'),(9,'Jennifer Ernser','tremblay.valentin@example.org','737-353-7613','8856 Annette Hill Apt. 382\nNew Melyssa, UT 96646','Aut repellendus quidem optio eligendi laboriosam.','At deleniti et consectetur fugit ipsam temporibus ducimus ea. Nihil nisi tenetur tenetur labore ut vel. Nemo quibusdam ad qui quisquam. Sint et quibusdam quia sunt sit. Possimus doloribus soluta hic aperiam qui. Consequatur omnis perspiciatis maiores rerum. Cumque explicabo illo eveniet ex. Est minima voluptatibus iure. Et libero provident ut ut vitae nostrum mollitia. Optio aut suscipit officiis porro. Sit quia repellendus magnam ullam.',NULL,'unread','2025-07-28 03:48:22','2025-07-28 03:48:22'),(10,'Luella Barton','francis.wilderman@example.net','+1.929.575.6270','577 Lockman Curve\nNorth Tyshawn, NE 91724','Iste dicta at aut quia at assumenda commodi.','Harum vel non omnis excepturi aut quam. Et aut velit doloribus sed aperiam pariatur tempora. Delectus velit numquam debitis perspiciatis mollitia dignissimos. Vel modi odio blanditiis officiis explicabo. Eos nobis facilis similique non amet molestias. Quidem hic velit illum non. Vitae omnis est culpa blanditiis neque ut est. Non et pariatur iste a placeat dolorem. Similique at quis dignissimos fugiat asperiores porro aut.',NULL,'read','2025-07-28 03:48:22','2025-07-28 03:48:22');

--
-- Table structure for table `countries`
--

CREATE TABLE `countries` (
  `id` bigint unsigned NOT NULL AUTO_INCREMENT,
  `name` varchar(120) COLLATE utf8mb4_unicode_ci NOT NULL,
  `nationality` varchar(120) COLLATE utf8mb4_unicode_ci DEFAULT NULL,
  `order` tinyint NOT NULL DEFAULT '0',
  `image` varchar(191) COLLATE utf8mb4_unicode_ci DEFAULT NULL,
  `is_default` tinyint unsigned NOT NULL DEFAULT '0',
  `status` varchar(60) COLLATE utf8mb4_unicode_ci NOT NULL DEFAULT 'published',
  `created_at` timestamp NULL DEFAULT NULL,
  `updated_at` timestamp NULL DEFAULT NULL,
  `code` varchar(10) COLLATE utf8mb4_unicode_ci DEFAULT NULL,
  PRIMARY KEY (`id`)
) ENGINE=InnoDB DEFAULT CHARSET=utf8mb4 COLLATE=utf8mb4_unicode_ci;

--
-- Dumping data for table `countries`
--


--
-- Table structure for table `countries_translations`
--

CREATE TABLE `countries_translations` (
  `lang_code` varchar(20) COLLATE utf8mb4_unicode_ci NOT NULL,
  `countries_id` bigint unsigned NOT NULL,
  `name` varchar(120) COLLATE utf8mb4_unicode_ci DEFAULT NULL,
  `nationality` varchar(120) COLLATE utf8mb4_unicode_ci DEFAULT NULL,
  PRIMARY KEY (`lang_code`,`countries_id`)
) ENGINE=InnoDB DEFAULT CHARSET=utf8mb4 COLLATE=utf8mb4_unicode_ci;

--
-- Dumping data for table `countries_translations`
--


--
-- Table structure for table `dashboard_widget_settings`
--

CREATE TABLE `dashboard_widget_settings` (
  `id` bigint unsigned NOT NULL AUTO_INCREMENT,
  `settings` text COLLATE utf8mb4_unicode_ci,
  `user_id` bigint unsigned NOT NULL,
  `widget_id` bigint unsigned NOT NULL,
  `order` tinyint unsigned NOT NULL DEFAULT '0',
  `status` tinyint unsigned NOT NULL DEFAULT '1',
  `created_at` timestamp NULL DEFAULT NULL,
  `updated_at` timestamp NULL DEFAULT NULL,
  PRIMARY KEY (`id`),
  KEY `dashboard_widget_settings_user_id_index` (`user_id`),
  KEY `dashboard_widget_settings_widget_id_index` (`widget_id`)
) ENGINE=InnoDB DEFAULT CHARSET=utf8mb4 COLLATE=utf8mb4_unicode_ci;

--
-- Dumping data for table `dashboard_widget_settings`
--


--
-- Table structure for table `dashboard_widgets`
--

CREATE TABLE `dashboard_widgets` (
  `id` bigint unsigned NOT NULL AUTO_INCREMENT,
  `name` varchar(120) COLLATE utf8mb4_unicode_ci NOT NULL,
  `created_at` timestamp NULL DEFAULT NULL,
  `updated_at` timestamp NULL DEFAULT NULL,
  PRIMARY KEY (`id`)
) ENGINE=InnoDB DEFAULT CHARSET=utf8mb4 COLLATE=utf8mb4_unicode_ci;

--
-- Dumping data for table `dashboard_widgets`
--


--
-- Table structure for table `device_tokens`
--

CREATE TABLE `device_tokens` (
  `id` bigint unsigned NOT NULL AUTO_INCREMENT,
  `token` varchar(191) COLLATE utf8mb4_unicode_ci NOT NULL,
  `platform` varchar(191) COLLATE utf8mb4_unicode_ci DEFAULT NULL,
  `app_version` varchar(191) COLLATE utf8mb4_unicode_ci DEFAULT NULL,
  `device_id` varchar(191) COLLATE utf8mb4_unicode_ci DEFAULT NULL,
  `user_type` varchar(191) COLLATE utf8mb4_unicode_ci DEFAULT NULL,
  `user_id` bigint unsigned DEFAULT NULL,
  `is_active` tinyint(1) NOT NULL DEFAULT '1',
  `last_used_at` timestamp NULL DEFAULT NULL,
  `created_at` timestamp NULL DEFAULT NULL,
  `updated_at` timestamp NULL DEFAULT NULL,
  PRIMARY KEY (`id`),
  UNIQUE KEY `device_tokens_token_unique` (`token`),
  KEY `device_tokens_user_type_user_id_index` (`user_type`,`user_id`),
  KEY `device_tokens_platform_is_active_index` (`platform`,`is_active`),
  KEY `device_tokens_is_active_index` (`is_active`)
) ENGINE=InnoDB DEFAULT CHARSET=utf8mb4 COLLATE=utf8mb4_unicode_ci;

--
-- Dumping data for table `device_tokens`
--


--
-- Table structure for table `ec_abandoned_carts`
--

CREATE TABLE `ec_abandoned_carts` (
  `id` bigint unsigned NOT NULL AUTO_INCREMENT,
  `customer_id` bigint unsigned DEFAULT NULL,
  `session_id` varchar(191) COLLATE utf8mb4_unicode_ci DEFAULT NULL,
  `cart_data` json NOT NULL,
  `total_amount` decimal(15,2) NOT NULL DEFAULT '0.00',
  `items_count` int NOT NULL DEFAULT '0',
  `email` varchar(191) COLLATE utf8mb4_unicode_ci DEFAULT NULL,
  `phone` varchar(191) COLLATE utf8mb4_unicode_ci DEFAULT NULL,
  `customer_name` varchar(191) COLLATE utf8mb4_unicode_ci DEFAULT NULL,
  `abandoned_at` timestamp NULL DEFAULT NULL,
  `reminder_sent_at` timestamp NULL DEFAULT NULL,
  `reminders_sent` int NOT NULL DEFAULT '0',
  `is_recovered` tinyint(1) NOT NULL DEFAULT '0',
  `recovered_at` timestamp NULL DEFAULT NULL,
  `recovered_order_id` bigint unsigned DEFAULT NULL,
  `created_at` timestamp NULL DEFAULT NULL,
  `updated_at` timestamp NULL DEFAULT NULL,
  PRIMARY KEY (`id`),
  KEY `ec_abandoned_carts_abandoned_at_is_recovered_index` (`abandoned_at`,`is_recovered`),
  KEY `ec_abandoned_carts_created_at_is_recovered_index` (`created_at`,`is_recovered`),
  KEY `ec_abandoned_carts_customer_id_index` (`customer_id`),
  KEY `ec_abandoned_carts_session_id_index` (`session_id`),
  KEY `ec_abandoned_carts_email_index` (`email`),
  KEY `ec_abandoned_carts_recovered_order_id_index` (`recovered_order_id`)
) ENGINE=InnoDB DEFAULT CHARSET=utf8mb4 COLLATE=utf8mb4_unicode_ci;

--
-- Dumping data for table `ec_abandoned_carts`
--


--
-- Table structure for table `ec_brands`
--

CREATE TABLE `ec_brands` (
  `id` bigint unsigned NOT NULL AUTO_INCREMENT,
  `name` varchar(191) COLLATE utf8mb4_unicode_ci NOT NULL,
  `description` mediumtext COLLATE utf8mb4_unicode_ci,
  `website` varchar(191) COLLATE utf8mb4_unicode_ci DEFAULT NULL,
  `logo` varchar(191) COLLATE utf8mb4_unicode_ci DEFAULT NULL,
  `status` varchar(60) COLLATE utf8mb4_unicode_ci NOT NULL DEFAULT 'published',
  `order` tinyint unsigned NOT NULL DEFAULT '0',
  `is_featured` tinyint unsigned NOT NULL DEFAULT '0',
  `created_at` timestamp NULL DEFAULT NULL,
  `updated_at` timestamp NULL DEFAULT NULL,
  PRIMARY KEY (`id`)
) ENGINE=InnoDB AUTO_INCREMENT=6 DEFAULT CHARSET=utf8mb4 COLLATE=utf8mb4_unicode_ci;

--
-- Dumping data for table `ec_brands`
--

INSERT INTO `ec_brands` VALUES (1,'FoodPound','New Snacks Release',NULL,'main/brands/1.png','published',0,1,'2025-07-28 03:48:15','2025-07-28 03:48:15'),(2,'iTea JSC','Happy Tea 100% Organic. From $29.9',NULL,'main/brands/2.png','published',1,1,'2025-07-28 03:48:15','2025-07-28 03:48:15'),(3,'Soda Brand','Fresh Meat Sausage. BUY 2 GET 1!',NULL,'main/brands/3.png','published',2,1,'2025-07-28 03:48:15','2025-07-28 03:48:15'),(4,'Shofy','Fresh Meat Sausage. BUY 2 GET 1!',NULL,'main/brands/4.png','published',3,1,'2025-07-28 03:48:15','2025-07-28 03:48:15'),(5,'Soda Brand','Fresh Meat Sausage. BUY 2 GET 1!',NULL,'main/brands/5.png','published',4,1,'2025-07-28 03:48:15','2025-07-28 03:48:15');

--
-- Table structure for table `ec_brands_translations`
--

CREATE TABLE `ec_brands_translations` (
  `lang_code` varchar(191) COLLATE utf8mb4_unicode_ci NOT NULL,
  `ec_brands_id` bigint unsigned NOT NULL,
  `name` varchar(191) COLLATE utf8mb4_unicode_ci DEFAULT NULL,
  `description` mediumtext COLLATE utf8mb4_unicode_ci,
  PRIMARY KEY (`lang_code`,`ec_brands_id`)
) ENGINE=InnoDB DEFAULT CHARSET=utf8mb4 COLLATE=utf8mb4_unicode_ci;

--
-- Dumping data for table `ec_brands_translations`
--


--
-- Table structure for table `ec_cart`
--

CREATE TABLE `ec_cart` (
  `identifier` varchar(60) COLLATE utf8mb4_unicode_ci NOT NULL,
  `instance` varchar(60) COLLATE utf8mb4_unicode_ci NOT NULL,
  `content` longtext COLLATE utf8mb4_unicode_ci NOT NULL,
  `created_at` timestamp NULL DEFAULT NULL,
  `updated_at` timestamp NULL DEFAULT NULL,
  PRIMARY KEY (`identifier`,`instance`)
) ENGINE=InnoDB DEFAULT CHARSET=utf8mb4 COLLATE=utf8mb4_unicode_ci;

--
-- Dumping data for table `ec_cart`
--


--
-- Table structure for table `ec_currencies`
--

CREATE TABLE `ec_currencies` (
  `id` bigint unsigned NOT NULL AUTO_INCREMENT,
  `title` varchar(191) COLLATE utf8mb4_unicode_ci NOT NULL,
  `symbol` varchar(10) COLLATE utf8mb4_unicode_ci NOT NULL,
  `is_prefix_symbol` tinyint unsigned NOT NULL DEFAULT '0',
  `decimals` tinyint unsigned DEFAULT '0',
  `order` int unsigned DEFAULT '0',
  `is_default` tinyint NOT NULL DEFAULT '0',
  `exchange_rate` double NOT NULL DEFAULT '1',
  `created_at` timestamp NULL DEFAULT NULL,
  `updated_at` timestamp NULL DEFAULT NULL,
  PRIMARY KEY (`id`)
) ENGINE=InnoDB AUTO_INCREMENT=5 DEFAULT CHARSET=utf8mb4 COLLATE=utf8mb4_unicode_ci;

--
-- Dumping data for table `ec_currencies`
--

INSERT INTO `ec_currencies` VALUES (1,'USD','$',1,2,0,1,1,'2025-07-28 03:48:15','2025-07-28 03:48:15'),(2,'EUR','€',0,2,1,0,0.84,'2025-07-28 03:48:15','2025-07-28 03:48:15'),(3,'VND','₫',0,0,2,0,23203,'2025-07-28 03:48:15','2025-07-28 03:48:15'),(4,'NGN','₦',1,2,2,0,895.52,'2025-07-28 03:48:15','2025-07-28 03:48:15');

--
-- Table structure for table `ec_customer_addresses`
--

CREATE TABLE `ec_customer_addresses` (
  `id` bigint unsigned NOT NULL AUTO_INCREMENT,
  `name` varchar(191) COLLATE utf8mb4_unicode_ci NOT NULL,
  `email` varchar(60) COLLATE utf8mb4_unicode_ci DEFAULT NULL,
  `phone` varchar(20) COLLATE utf8mb4_unicode_ci DEFAULT NULL,
  `country` varchar(120) COLLATE utf8mb4_unicode_ci DEFAULT NULL,
  `state` varchar(120) COLLATE utf8mb4_unicode_ci DEFAULT NULL,
  `city` varchar(120) COLLATE utf8mb4_unicode_ci DEFAULT NULL,
  `address` varchar(191) COLLATE utf8mb4_unicode_ci DEFAULT NULL,
  `customer_id` bigint unsigned NOT NULL,
  `is_default` tinyint unsigned NOT NULL DEFAULT '0',
  `created_at` timestamp NULL DEFAULT NULL,
  `updated_at` timestamp NULL DEFAULT NULL,
  `zip_code` varchar(20) COLLATE utf8mb4_unicode_ci DEFAULT NULL,
  PRIMARY KEY (`id`)
) ENGINE=InnoDB AUTO_INCREMENT=13 DEFAULT CHARSET=utf8mb4 COLLATE=utf8mb4_unicode_ci;

--
-- Dumping data for table `ec_customer_addresses`
--

INSERT INTO `ec_customer_addresses` VALUES (1,'Leanna Wisozk PhD','customer@botble.com','+14845721070','PF','Oregon','North Jackeline','10747 Greenfelder Village',1,1,'2025-07-28 03:48:17','2025-07-28 03:48:17','58313'),(2,'Leanna Wisozk PhD','customer@botble.com','+12793032122','TZ','Mississippi','Jazlynborough','480 Clovis Ridges',1,0,'2025-07-28 03:48:17','2025-07-28 03:48:17','69686'),(3,'Jeff Walker Jr.','vendor@botble.com','+16519912133','MM','New Mexico','South Arnoldstad','6944 West Well Apt. 844',2,1,'2025-07-28 03:48:17','2025-07-28 03:48:17','60459-5120'),(4,'Jeff Walker Jr.','vendor@botble.com','+15103107152','LC','Oklahoma','Lake Shyannstad','8650 Miller Vista',2,0,'2025-07-28 03:48:17','2025-07-28 03:48:17','38363'),(5,'Diamond Mueller','mosciski.cale@example.net','+16317149790','JO','North Carolina','Kohlertown','6327 Marks Burg',3,1,'2025-07-28 03:48:18','2025-07-28 03:48:18','50175-2974'),(6,'Mr. Green Schaefer DDS','bode.maddison@example.net','+12168768240','GD','Delaware','Dejuanton','242 Liliana Shoals',4,1,'2025-07-28 03:48:18','2025-07-28 03:48:18','21184'),(7,'Horacio Roberts III','mavis17@example.org','+12819778298','ID','Texas','Haneside','8914 Brown Inlet',5,1,'2025-07-28 03:48:19','2025-07-28 03:48:19','07153-2018'),(8,'Birdie Rath Jr.','ryan.gerhold@example.net','+19083232258','LR','North Dakota','East Uriah','660 Murazik Via Suite 668',6,1,'2025-07-28 03:48:19','2025-07-28 03:48:19','93939'),(9,'Ruben Schoen','mario67@example.org','+15033970299','EG','Kansas','Yostberg','5002 Fausto Mills',7,1,'2025-07-28 03:48:20','2025-07-28 03:48:20','36747-2562'),(10,'Gillian D\'Amore','nannie72@example.com','+13613584065','MS','Alabama','Kozeyfurt','14304 Cronin Stravenue',8,1,'2025-07-28 03:48:20','2025-07-28 03:48:20','84900'),(11,'Prof. Maud Wolf III','gulgowski.jordane@example.org','+12346642250','SK','Delaware','Ginoview','99025 Langosh Pike',9,1,'2025-07-28 03:48:21','2025-07-28 03:48:21','83830'),(12,'Prof. Kennedy Bins DDS','zechariah.zboncak@example.org','+13179961692','MV','South Dakota','Gerardshire','284 Janae Via Suite 061',10,1,'2025-07-28 03:48:21','2025-07-28 03:48:21','80466-9231');

--
-- Table structure for table `ec_customer_deletion_requests`
--

CREATE TABLE `ec_customer_deletion_requests` (
  `id` bigint unsigned NOT NULL AUTO_INCREMENT,
  `customer_id` bigint unsigned NOT NULL,
  `customer_name` varchar(191) COLLATE utf8mb4_unicode_ci DEFAULT NULL,
  `customer_phone` varchar(191) COLLATE utf8mb4_unicode_ci DEFAULT NULL,
  `customer_email` varchar(191) COLLATE utf8mb4_unicode_ci DEFAULT NULL,
  `token` varchar(191) COLLATE utf8mb4_unicode_ci NOT NULL,
  `status` varchar(50) COLLATE utf8mb4_unicode_ci NOT NULL DEFAULT 'waiting_for_confirmation',
  `reason` text COLLATE utf8mb4_unicode_ci,
  `confirmed_at` datetime DEFAULT NULL,
  `created_at` timestamp NULL DEFAULT NULL,
  `updated_at` timestamp NULL DEFAULT NULL,
  PRIMARY KEY (`id`),
  UNIQUE KEY `ec_customer_deletion_requests_token_unique` (`token`)
) ENGINE=InnoDB DEFAULT CHARSET=utf8mb4 COLLATE=utf8mb4_unicode_ci;

--
-- Dumping data for table `ec_customer_deletion_requests`
--


--
-- Table structure for table `ec_customer_password_resets`
--

CREATE TABLE `ec_customer_password_resets` (
  `email` varchar(191) COLLATE utf8mb4_unicode_ci NOT NULL,
  `token` varchar(191) COLLATE utf8mb4_unicode_ci NOT NULL,
  `created_at` timestamp NULL DEFAULT NULL,
  KEY `ec_customer_password_resets_email_index` (`email`),
  KEY `ec_customer_password_resets_token_index` (`token`)
) ENGINE=InnoDB DEFAULT CHARSET=utf8mb4 COLLATE=utf8mb4_unicode_ci;

--
-- Dumping data for table `ec_customer_password_resets`
--


--
-- Table structure for table `ec_customer_recently_viewed_products`
--

CREATE TABLE `ec_customer_recently_viewed_products` (
  `id` bigint unsigned NOT NULL AUTO_INCREMENT,
  `customer_id` bigint unsigned NOT NULL,
  `product_id` bigint unsigned NOT NULL,
  PRIMARY KEY (`id`)
) ENGINE=InnoDB DEFAULT CHARSET=utf8mb4 COLLATE=utf8mb4_unicode_ci;

--
-- Dumping data for table `ec_customer_recently_viewed_products`
--


--
-- Table structure for table `ec_customer_used_coupons`
--

CREATE TABLE `ec_customer_used_coupons` (
  `discount_id` bigint unsigned NOT NULL,
  `customer_id` bigint unsigned NOT NULL,
  PRIMARY KEY (`discount_id`,`customer_id`)
) ENGINE=InnoDB DEFAULT CHARSET=utf8mb4 COLLATE=utf8mb4_unicode_ci;

--
-- Dumping data for table `ec_customer_used_coupons`
--


--
-- Table structure for table `ec_customers`
--

CREATE TABLE `ec_customers` (
  `id` bigint unsigned NOT NULL AUTO_INCREMENT,
  `name` varchar(191) COLLATE utf8mb4_unicode_ci NOT NULL,
  `email` varchar(191) COLLATE utf8mb4_unicode_ci DEFAULT NULL,
  `password` varchar(191) COLLATE utf8mb4_unicode_ci NOT NULL,
  `avatar` varchar(191) COLLATE utf8mb4_unicode_ci DEFAULT NULL,
  `dob` date DEFAULT NULL,
  `phone` varchar(20) COLLATE utf8mb4_unicode_ci DEFAULT NULL,
  `remember_token` varchar(100) COLLATE utf8mb4_unicode_ci DEFAULT NULL,
  `created_at` timestamp NULL DEFAULT NULL,
  `updated_at` timestamp NULL DEFAULT NULL,
  `confirmed_at` datetime DEFAULT NULL,
  `email_verify_token` varchar(120) COLLATE utf8mb4_unicode_ci DEFAULT NULL,
  `status` varchar(60) COLLATE utf8mb4_unicode_ci NOT NULL DEFAULT 'activated',
  `block_reason` varchar(400) COLLATE utf8mb4_unicode_ci DEFAULT NULL,
  `private_notes` text COLLATE utf8mb4_unicode_ci,
  `stripe_account_id` varchar(191) COLLATE utf8mb4_unicode_ci DEFAULT NULL,
  `stripe_account_active` tinyint(1) NOT NULL DEFAULT '0',
  `is_vendor` tinyint(1) NOT NULL DEFAULT '0',
  `vendor_verified_at` datetime DEFAULT NULL,
  PRIMARY KEY (`id`)
) ENGINE=InnoDB AUTO_INCREMENT=11 DEFAULT CHARSET=utf8mb4 COLLATE=utf8mb4_unicode_ci;

--
-- Dumping data for table `ec_customers`
--

INSERT INTO `ec_customers` VALUES (1,'Leanna Wisozk PhD','customer@botble.com','$2y$12$l2oeP8lq1uOBrhDGEjqQReZQB6i49aHD4ydCcEEQ52EjVKEjQBwu6','main/customers/10.jpg','1985-07-17','+14433374624',NULL,'2025-07-28 03:48:17','2025-07-28 03:48:17','1985-07-17 10:48:16',NULL,'activated',NULL,NULL,NULL,0,0,NULL),(2,'Jeff Walker Jr.','vendor@botble.com','$2y$12$hY1ILA/ZyYImYGUzVgHZZuOL7ezeOSaB1pT/N2J5mqtZRR1t9MTYe','main/customers/2.jpg','1962-07-15','+17068157090',NULL,'2025-07-28 03:48:17','2025-07-28 03:48:29','1962-07-15 10:48:16',NULL,'activated',NULL,NULL,NULL,0,1,'2025-07-28 10:48:29'),(3,'Diamond Mueller','mosciski.cale@example.net','$2y$12$4asj2c8nlmh1cW5wScl5gesyowliS8Zx8fIERurbijhjqD.jgjeN6','main/customers/1.jpg','1940-07-02','+12408226822',NULL,'2025-07-28 03:48:18','2025-07-28 03:48:30','1940-07-02 10:48:16',NULL,'activated',NULL,NULL,NULL,0,1,'2025-07-28 10:48:29'),(4,'Mr. Green Schaefer DDS','bode.maddison@example.net','$2y$12$DMtbxMxiwuRHWEQ7khS.oOU0niSNqS55xVylYxCuz.hWfIjmbzc0.','main/customers/2.jpg','1899-07-01','+13193941971',NULL,'2025-07-28 03:48:18','2025-07-28 03:48:30','1899-07-01 10:48:16',NULL,'activated',NULL,NULL,NULL,0,1,'2025-07-28 10:48:29'),(5,'Horacio Roberts III','mavis17@example.org','$2y$12$6urfSqtVBsE7I15HOHpmQOBizV1FJlkvU6s1DoSOBdWA2yQX6/qcK','main/customers/3.jpg','1852-06-05','+19546836421',NULL,'2025-07-28 03:48:19','2025-07-28 03:48:31','1852-06-05 10:48:16',NULL,'activated',NULL,NULL,NULL,0,1,'2025-07-28 10:48:29'),(6,'Birdie Rath Jr.','ryan.gerhold@example.net','$2y$12$FMwZivtjDxNuW0eqZ9NatekemqJtEUWA1GlK7AoOjhUglUL0ZdtLK','main/customers/4.jpg','1811-05-21','+14406030069',NULL,'2025-07-28 03:48:19','2025-07-28 03:48:31','1811-05-21 10:48:16',NULL,'activated',NULL,NULL,NULL,0,1,'2025-07-28 10:48:29'),(7,'Ruben Schoen','mario67@example.org','$2y$12$MyNO5UDCwjPP9e6meGuIReKLrwNe.mtYTFYui2qF0GVgtjWpDp5Se','main/customers/5.jpg','1781-05-17','+16602714526',NULL,'2025-07-28 03:48:20','2025-07-28 03:48:32','1781-05-17 10:48:16',NULL,'activated',NULL,NULL,NULL,0,1,'2025-07-28 10:48:29'),(8,'Gillian D\'Amore','nannie72@example.com','$2y$12$Kn1SS5pEZ8lUraigBNUzpebv5zuGS6FmKljsMNqBQVLjiafCehFq6','main/customers/6.jpg','1752-05-07','+18637104780',NULL,'2025-07-28 03:48:20','2025-07-28 03:48:32','1752-05-07 10:48:16',NULL,'activated',NULL,NULL,NULL,0,1,'2025-07-28 10:48:29'),(9,'Prof. Maud Wolf III','gulgowski.jordane@example.org','$2y$12$oNBpZ.jE/S.LVarCvN8U8e9t66WOsUeqS.GACwFCJKkXdFH90hidK','main/customers/7.jpg','1713-04-18','+19343793833',NULL,'2025-07-28 03:48:21','2025-07-28 03:48:33','1713-04-18 10:48:16',NULL,'activated',NULL,NULL,NULL,0,0,NULL),(10,'Prof. Kennedy Bins DDS','zechariah.zboncak@example.org','$2y$12$HrHvDudLhHqxFtRod.HrKek7Pouss5eB4WPZsW6svxaUtO7NOXFEu','main/customers/8.jpg','1690-04-15','+17024404459',NULL,'2025-07-28 03:48:21','2025-07-28 03:48:33','1690-04-15 10:48:16',NULL,'activated',NULL,NULL,NULL,0,0,NULL);

--
-- Table structure for table `ec_discount_customers`
--

CREATE TABLE `ec_discount_customers` (
  `discount_id` bigint unsigned NOT NULL,
  `customer_id` bigint unsigned NOT NULL,
  PRIMARY KEY (`discount_id`,`customer_id`)
) ENGINE=InnoDB DEFAULT CHARSET=utf8mb4 COLLATE=utf8mb4_unicode_ci;

--
-- Dumping data for table `ec_discount_customers`
--


--
-- Table structure for table `ec_discount_product_categories`
--

CREATE TABLE `ec_discount_product_categories` (
  `discount_id` bigint unsigned NOT NULL,
  `product_category_id` bigint unsigned NOT NULL,
  PRIMARY KEY (`discount_id`,`product_category_id`)
) ENGINE=InnoDB DEFAULT CHARSET=utf8mb4 COLLATE=utf8mb4_unicode_ci;

--
-- Dumping data for table `ec_discount_product_categories`
--


--
-- Table structure for table `ec_discount_product_collections`
--

CREATE TABLE `ec_discount_product_collections` (
  `discount_id` bigint unsigned NOT NULL,
  `product_collection_id` bigint unsigned NOT NULL,
  PRIMARY KEY (`discount_id`,`product_collection_id`)
) ENGINE=InnoDB DEFAULT CHARSET=utf8mb4 COLLATE=utf8mb4_unicode_ci;

--
-- Dumping data for table `ec_discount_product_collections`
--


--
-- Table structure for table `ec_discount_products`
--

CREATE TABLE `ec_discount_products` (
  `discount_id` bigint unsigned NOT NULL,
  `product_id` bigint unsigned NOT NULL,
  PRIMARY KEY (`discount_id`,`product_id`)
) ENGINE=InnoDB DEFAULT CHARSET=utf8mb4 COLLATE=utf8mb4_unicode_ci;

--
-- Dumping data for table `ec_discount_products`
--


--
-- Table structure for table `ec_discounts`
--

CREATE TABLE `ec_discounts` (
  `id` bigint unsigned NOT NULL AUTO_INCREMENT,
  `title` varchar(120) COLLATE utf8mb4_unicode_ci DEFAULT NULL,
  `code` varchar(20) COLLATE utf8mb4_unicode_ci DEFAULT NULL,
  `start_date` datetime DEFAULT NULL,
  `end_date` datetime DEFAULT NULL,
  `quantity` int DEFAULT NULL,
  `total_used` int unsigned NOT NULL DEFAULT '0',
  `value` double DEFAULT NULL,
  `type` varchar(60) COLLATE utf8mb4_unicode_ci DEFAULT 'coupon',
  `can_use_with_promotion` tinyint(1) NOT NULL DEFAULT '0',
  `can_use_with_flash_sale` tinyint(1) NOT NULL DEFAULT '0',
  `discount_on` varchar(20) COLLATE utf8mb4_unicode_ci DEFAULT NULL,
  `product_quantity` int unsigned DEFAULT NULL,
  `type_option` varchar(100) COLLATE utf8mb4_unicode_ci NOT NULL DEFAULT 'amount',
  `target` varchar(100) COLLATE utf8mb4_unicode_ci NOT NULL DEFAULT 'all-orders',
  `min_order_price` decimal(15,2) DEFAULT NULL,
  `apply_via_url` tinyint(1) NOT NULL DEFAULT '0',
  `display_at_checkout` tinyint(1) NOT NULL DEFAULT '0',
  `created_at` timestamp NULL DEFAULT NULL,
  `updated_at` timestamp NULL DEFAULT NULL,
  `description` varchar(400) COLLATE utf8mb4_unicode_ci DEFAULT NULL,
  `store_id` bigint unsigned DEFAULT NULL,
  PRIMARY KEY (`id`),
  UNIQUE KEY `ec_discounts_code_unique` (`code`)
) ENGINE=InnoDB AUTO_INCREMENT=11 DEFAULT CHARSET=utf8mb4 COLLATE=utf8mb4_unicode_ci;

--
-- Dumping data for table `ec_discounts`
--

INSERT INTO `ec_discounts` VALUES (1,'Discount 1','BF0IEJ8VHZMJ','2025-07-27 10:48:25','2025-08-22 10:48:25',NULL,0,86,'coupon',0,0,NULL,NULL,'percentage','all-orders',NULL,0,1,'2025-07-28 03:48:25','2025-07-28 03:48:25',NULL,NULL),(2,'Discount 2','YI1SCBPEWC7E','2025-07-27 10:48:25','2025-08-20 10:48:25',NULL,0,287,'coupon',0,0,NULL,NULL,'same-price','all-orders',NULL,0,1,'2025-07-28 03:48:25','2025-07-28 03:48:25',NULL,NULL),(3,'Discount 3','DAZ6BO8VMTWN','2025-07-27 10:48:25','2025-07-30 10:48:25',NULL,0,77,'coupon',0,0,NULL,NULL,'percentage','all-orders',NULL,0,1,'2025-07-28 03:48:25','2025-07-28 03:48:25',NULL,NULL),(4,'Discount 4','6IDRQ4THTNOT','2025-07-27 10:48:25','2025-07-31 10:48:25',NULL,0,792,'coupon',0,0,NULL,NULL,'shipping','all-orders',NULL,0,1,'2025-07-28 03:48:25','2025-07-28 03:48:25',NULL,NULL),(5,'Discount 5','KGPUXK3CTEJU','2025-07-27 10:48:25',NULL,NULL,0,90,'coupon',0,0,NULL,NULL,'percentage','all-orders',NULL,0,1,'2025-07-28 03:48:25','2025-07-28 03:48:25',NULL,NULL),(6,'Discount 6','JYCAJYCQMNYJ','2025-07-27 10:48:25',NULL,NULL,0,964,'coupon',0,0,NULL,NULL,'shipping','all-orders',NULL,0,1,'2025-07-28 03:48:25','2025-07-28 03:48:25',NULL,NULL),(7,'Discount 7','QACLDVBXOHMK','2025-07-27 10:48:25','2025-08-23 10:48:25',NULL,0,16,'coupon',0,0,NULL,NULL,'percentage','all-orders',NULL,0,1,'2025-07-28 03:48:25','2025-07-28 03:48:25',NULL,NULL),(8,'Discount 8','XVMZKAV6V9DF','2025-07-27 10:48:25','2025-08-08 10:48:25',NULL,0,75,'coupon',0,0,NULL,NULL,'amount','all-orders',NULL,0,1,'2025-07-28 03:48:25','2025-07-28 03:48:25',NULL,NULL),(9,'Discount 9','69G8F60LCEQT','2025-07-27 10:48:25',NULL,NULL,0,357,'coupon',0,0,NULL,NULL,'amount','all-orders',NULL,0,1,'2025-07-28 03:48:25','2025-07-28 03:48:25',NULL,NULL),(10,'Discount 10','5EK9YCYIG8SN','2025-07-27 10:48:25','2025-08-02 10:48:25',NULL,0,10,'coupon',0,0,NULL,NULL,'amount','all-orders',NULL,0,1,'2025-07-28 03:48:25','2025-07-28 03:48:25',NULL,NULL);

--
-- Table structure for table `ec_flash_sale_products`
--

CREATE TABLE `ec_flash_sale_products` (
  `flash_sale_id` bigint unsigned NOT NULL,
  `product_id` bigint unsigned NOT NULL,
  `price` double unsigned DEFAULT NULL,
  `quantity` int unsigned DEFAULT NULL,
  `sold` int unsigned NOT NULL DEFAULT '0'
) ENGINE=InnoDB DEFAULT CHARSET=utf8mb4 COLLATE=utf8mb4_unicode_ci;

--
-- Dumping data for table `ec_flash_sale_products`
--

INSERT INTO `ec_flash_sale_products` VALUES (1,1,707.52,17,3),(1,2,613.36,8,2),(1,3,802.56,8,4),(1,4,106.0124,17,5),(1,5,1255.32,6,3),(1,6,610.5,12,3),(1,7,408.24,12,3),(1,8,273.4236,12,1),(1,9,1193.5,19,3),(1,10,1287.06,19,5);

--
-- Table structure for table `ec_flash_sales`
--

CREATE TABLE `ec_flash_sales` (
  `id` bigint unsigned NOT NULL AUTO_INCREMENT,
  `name` varchar(191) COLLATE utf8mb4_unicode_ci NOT NULL,
  `end_date` datetime NOT NULL,
  `status` varchar(60) COLLATE utf8mb4_unicode_ci NOT NULL DEFAULT 'published',
  `created_at` timestamp NULL DEFAULT NULL,
  `updated_at` timestamp NULL DEFAULT NULL,
  PRIMARY KEY (`id`)
) ENGINE=InnoDB AUTO_INCREMENT=2 DEFAULT CHARSET=utf8mb4 COLLATE=utf8mb4_unicode_ci;

--
-- Dumping data for table `ec_flash_sales`
--

INSERT INTO `ec_flash_sales` VALUES (1,'Winter Sale','2025-11-13 00:00:00','published','2025-07-28 03:48:48','2025-07-28 03:48:48');

--
-- Table structure for table `ec_flash_sales_translations`
--

CREATE TABLE `ec_flash_sales_translations` (
  `lang_code` varchar(191) COLLATE utf8mb4_unicode_ci NOT NULL,
  `ec_flash_sales_id` bigint unsigned NOT NULL,
  `name` varchar(191) COLLATE utf8mb4_unicode_ci DEFAULT NULL,
  PRIMARY KEY (`lang_code`,`ec_flash_sales_id`)
) ENGINE=InnoDB DEFAULT CHARSET=utf8mb4 COLLATE=utf8mb4_unicode_ci;

--
-- Dumping data for table `ec_flash_sales_translations`
--


--
-- Table structure for table `ec_global_option_value`
--

CREATE TABLE `ec_global_option_value` (
  `id` bigint unsigned NOT NULL AUTO_INCREMENT,
  `option_id` bigint unsigned NOT NULL COMMENT 'option id',
  `option_value` tinytext COLLATE utf8mb4_unicode_ci COMMENT 'option value',
  `affect_price` double DEFAULT NULL COMMENT 'value of price of this option affect',
  `order` int NOT NULL DEFAULT '9999',
  `affect_type` tinyint NOT NULL DEFAULT '0' COMMENT '0. fixed 1. percent',
  `created_at` timestamp NULL DEFAULT NULL,
  `updated_at` timestamp NULL DEFAULT NULL,
  PRIMARY KEY (`id`)
) ENGINE=InnoDB AUTO_INCREMENT=13 DEFAULT CHARSET=utf8mb4 COLLATE=utf8mb4_unicode_ci;

--
-- Dumping data for table `ec_global_option_value`
--

INSERT INTO `ec_global_option_value` VALUES (1,1,'1 Year',0,9999,0,'2025-07-28 03:48:26','2025-07-28 03:48:26'),(2,1,'2 Year',10,9999,0,'2025-07-28 03:48:26','2025-07-28 03:48:26'),(3,1,'3 Year',20,9999,0,'2025-07-28 03:48:26','2025-07-28 03:48:26'),(4,2,'4GB',0,9999,0,'2025-07-28 03:48:26','2025-07-28 03:48:26'),(5,2,'8GB',10,9999,0,'2025-07-28 03:48:26','2025-07-28 03:48:26'),(6,2,'16GB',20,9999,0,'2025-07-28 03:48:26','2025-07-28 03:48:26'),(7,3,'Core i5',0,9999,0,'2025-07-28 03:48:26','2025-07-28 03:48:26'),(8,3,'Core i7',10,9999,0,'2025-07-28 03:48:26','2025-07-28 03:48:26'),(9,3,'Core i9',20,9999,0,'2025-07-28 03:48:26','2025-07-28 03:48:26'),(10,4,'128GB',0,9999,0,'2025-07-28 03:48:26','2025-07-28 03:48:26'),(11,4,'256GB',10,9999,0,'2025-07-28 03:48:26','2025-07-28 03:48:26'),(12,4,'512GB',20,9999,0,'2025-07-28 03:48:26','2025-07-28 03:48:26');

--
-- Table structure for table `ec_global_option_value_translations`
--

CREATE TABLE `ec_global_option_value_translations` (
  `lang_code` varchar(191) COLLATE utf8mb4_unicode_ci NOT NULL,
  `ec_global_option_value_id` bigint unsigned NOT NULL,
  `option_value` varchar(191) COLLATE utf8mb4_unicode_ci DEFAULT NULL,
  PRIMARY KEY (`lang_code`,`ec_global_option_value_id`)
) ENGINE=InnoDB DEFAULT CHARSET=utf8mb4 COLLATE=utf8mb4_unicode_ci;

--
-- Dumping data for table `ec_global_option_value_translations`
--


--
-- Table structure for table `ec_global_options`
--

CREATE TABLE `ec_global_options` (
  `id` bigint unsigned NOT NULL AUTO_INCREMENT,
  `name` varchar(191) COLLATE utf8mb4_unicode_ci NOT NULL COMMENT 'Name of options',
  `option_type` varchar(191) COLLATE utf8mb4_unicode_ci NOT NULL COMMENT 'option type',
  `required` tinyint(1) NOT NULL DEFAULT '0' COMMENT 'Checked if this option is required',
  `created_at` timestamp NULL DEFAULT NULL,
  `updated_at` timestamp NULL DEFAULT NULL,
  PRIMARY KEY (`id`)
) ENGINE=InnoDB AUTO_INCREMENT=5 DEFAULT CHARSET=utf8mb4 COLLATE=utf8mb4_unicode_ci;

--
-- Dumping data for table `ec_global_options`
--

INSERT INTO `ec_global_options` VALUES (1,'Warranty','Botble\\Ecommerce\\Option\\OptionType\\RadioButton',1,'2025-07-28 03:48:26','2025-07-28 03:48:26'),(2,'RAM','Botble\\Ecommerce\\Option\\OptionType\\RadioButton',1,'2025-07-28 03:48:26','2025-07-28 03:48:26'),(3,'CPU','Botble\\Ecommerce\\Option\\OptionType\\RadioButton',1,'2025-07-28 03:48:26','2025-07-28 03:48:26'),(4,'HDD','Botble\\Ecommerce\\Option\\OptionType\\Dropdown',0,'2025-07-28 03:48:26','2025-07-28 03:48:26');

--
-- Table structure for table `ec_global_options_translations`
--

CREATE TABLE `ec_global_options_translations` (
  `lang_code` varchar(191) COLLATE utf8mb4_unicode_ci NOT NULL,
  `ec_global_options_id` bigint unsigned NOT NULL,
  `name` varchar(191) COLLATE utf8mb4_unicode_ci DEFAULT NULL,
  PRIMARY KEY (`lang_code`,`ec_global_options_id`)
) ENGINE=InnoDB DEFAULT CHARSET=utf8mb4 COLLATE=utf8mb4_unicode_ci;

--
-- Dumping data for table `ec_global_options_translations`
--


--
-- Table structure for table `ec_grouped_products`
--

CREATE TABLE `ec_grouped_products` (
  `id` bigint unsigned NOT NULL AUTO_INCREMENT,
  `parent_product_id` bigint unsigned NOT NULL,
  `product_id` bigint unsigned NOT NULL,
  `fixed_qty` int NOT NULL DEFAULT '1',
  PRIMARY KEY (`id`)
) ENGINE=InnoDB DEFAULT CHARSET=utf8mb4 COLLATE=utf8mb4_unicode_ci;

--
-- Dumping data for table `ec_grouped_products`
--


--
-- Table structure for table `ec_invoice_items`
--

CREATE TABLE `ec_invoice_items` (
  `id` bigint unsigned NOT NULL AUTO_INCREMENT,
  `invoice_id` bigint unsigned NOT NULL,
  `reference_type` varchar(191) COLLATE utf8mb4_unicode_ci NOT NULL,
  `reference_id` bigint unsigned NOT NULL,
  `name` varchar(191) COLLATE utf8mb4_unicode_ci NOT NULL,
  `description` varchar(400) COLLATE utf8mb4_unicode_ci DEFAULT NULL,
  `image` varchar(191) COLLATE utf8mb4_unicode_ci DEFAULT NULL,
  `qty` int unsigned NOT NULL,
  `price` decimal(15,2) NOT NULL DEFAULT '0.00',
  `sub_total` decimal(15,2) unsigned NOT NULL,
  `tax_amount` decimal(15,2) unsigned NOT NULL DEFAULT '0.00',
  `discount_amount` decimal(15,2) unsigned NOT NULL DEFAULT '0.00',
  `amount` decimal(15,2) unsigned NOT NULL,
  `options` text COLLATE utf8mb4_unicode_ci,
  `created_at` timestamp NULL DEFAULT NULL,
  `updated_at` timestamp NULL DEFAULT NULL,
  PRIMARY KEY (`id`),
  KEY `ec_invoice_items_reference_type_reference_id_index` (`reference_type`,`reference_id`)
) ENGINE=InnoDB DEFAULT CHARSET=utf8mb4 COLLATE=utf8mb4_unicode_ci;

--
-- Dumping data for table `ec_invoice_items`
--


--
-- Table structure for table `ec_invoices`
--

CREATE TABLE `ec_invoices` (
  `id` bigint unsigned NOT NULL AUTO_INCREMENT,
  `reference_type` varchar(191) COLLATE utf8mb4_unicode_ci NOT NULL,
  `reference_id` bigint unsigned NOT NULL,
  `code` varchar(191) COLLATE utf8mb4_unicode_ci NOT NULL,
  `customer_name` varchar(191) COLLATE utf8mb4_unicode_ci DEFAULT NULL,
  `company_name` varchar(191) COLLATE utf8mb4_unicode_ci DEFAULT NULL,
  `company_logo` varchar(191) COLLATE utf8mb4_unicode_ci DEFAULT NULL,
  `customer_email` varchar(191) COLLATE utf8mb4_unicode_ci DEFAULT NULL,
  `customer_phone` varchar(191) COLLATE utf8mb4_unicode_ci DEFAULT NULL,
  `customer_address` varchar(191) COLLATE utf8mb4_unicode_ci DEFAULT NULL,
  `customer_country` varchar(191) COLLATE utf8mb4_unicode_ci DEFAULT NULL,
  `customer_state` varchar(191) COLLATE utf8mb4_unicode_ci DEFAULT NULL,
  `customer_city` varchar(191) COLLATE utf8mb4_unicode_ci DEFAULT NULL,
  `customer_zip_code` varchar(191) COLLATE utf8mb4_unicode_ci DEFAULT NULL,
  `customer_address_line` varchar(191) COLLATE utf8mb4_unicode_ci DEFAULT NULL,
  `customer_tax_id` varchar(191) COLLATE utf8mb4_unicode_ci DEFAULT NULL,
  `sub_total` decimal(15,2) unsigned NOT NULL,
  `tax_amount` decimal(15,2) DEFAULT '0.00',
  `shipping_amount` decimal(15,2) unsigned NOT NULL DEFAULT '0.00',
  `payment_fee` decimal(15,2) DEFAULT '0.00',
  `discount_amount` decimal(15,2) unsigned NOT NULL DEFAULT '0.00',
  `shipping_option` varchar(60) COLLATE utf8mb4_unicode_ci DEFAULT NULL,
  `shipping_method` varchar(60) COLLATE utf8mb4_unicode_ci NOT NULL DEFAULT 'default',
  `coupon_code` varchar(120) COLLATE utf8mb4_unicode_ci DEFAULT NULL,
  `discount_description` varchar(191) COLLATE utf8mb4_unicode_ci DEFAULT NULL,
  `amount` decimal(15,2) unsigned NOT NULL,
  `description` text COLLATE utf8mb4_unicode_ci,
  `payment_id` bigint unsigned DEFAULT NULL,
  `status` varchar(191) COLLATE utf8mb4_unicode_ci NOT NULL DEFAULT 'pending',
  `paid_at` timestamp NULL DEFAULT NULL,
  `created_at` timestamp NULL DEFAULT NULL,
  `updated_at` timestamp NULL DEFAULT NULL,
  PRIMARY KEY (`id`),
  UNIQUE KEY `ec_invoices_code_unique` (`code`),
  KEY `ec_invoices_reference_type_reference_id_index` (`reference_type`,`reference_id`),
  KEY `ec_invoices_payment_id_index` (`payment_id`),
  KEY `ec_invoices_status_index` (`status`)
) ENGINE=InnoDB DEFAULT CHARSET=utf8mb4 COLLATE=utf8mb4_unicode_ci;

--
-- Dumping data for table `ec_invoices`
--


--
-- Table structure for table `ec_option_value`
--

CREATE TABLE `ec_option_value` (
  `id` bigint unsigned NOT NULL AUTO_INCREMENT,
  `option_id` bigint unsigned NOT NULL COMMENT 'option id',
  `option_value` tinytext COLLATE utf8mb4_unicode_ci COMMENT 'option value',
  `affect_price` double DEFAULT NULL COMMENT 'value of price of this option affect',
  `order` int NOT NULL DEFAULT '9999',
  `affect_type` tinyint NOT NULL DEFAULT '0' COMMENT '0. fixed 1. percent',
  `created_at` timestamp NULL DEFAULT NULL,
  `updated_at` timestamp NULL DEFAULT NULL,
  PRIMARY KEY (`id`)
) ENGINE=InnoDB DEFAULT CHARSET=utf8mb4 COLLATE=utf8mb4_unicode_ci;

--
-- Dumping data for table `ec_option_value`
--


--
-- Table structure for table `ec_option_value_translations`
--

CREATE TABLE `ec_option_value_translations` (
  `lang_code` varchar(191) COLLATE utf8mb4_unicode_ci NOT NULL,
  `ec_option_value_id` bigint unsigned NOT NULL,
  `option_value` varchar(191) COLLATE utf8mb4_unicode_ci DEFAULT NULL,
  PRIMARY KEY (`lang_code`,`ec_option_value_id`)
) ENGINE=InnoDB DEFAULT CHARSET=utf8mb4 COLLATE=utf8mb4_unicode_ci;

--
-- Dumping data for table `ec_option_value_translations`
--


--
-- Table structure for table `ec_options`
--

CREATE TABLE `ec_options` (
  `id` bigint unsigned NOT NULL AUTO_INCREMENT,
  `name` varchar(191) COLLATE utf8mb4_unicode_ci NOT NULL COMMENT 'Name of options',
  `option_type` varchar(191) COLLATE utf8mb4_unicode_ci DEFAULT NULL COMMENT 'option type',
  `product_id` bigint unsigned NOT NULL DEFAULT '0',
  `order` int NOT NULL DEFAULT '9999',
  `required` tinyint(1) NOT NULL DEFAULT '0' COMMENT 'Checked if this option is required',
  `created_at` timestamp NULL DEFAULT NULL,
  `updated_at` timestamp NULL DEFAULT NULL,
  PRIMARY KEY (`id`)
) ENGINE=InnoDB DEFAULT CHARSET=utf8mb4 COLLATE=utf8mb4_unicode_ci;

--
-- Dumping data for table `ec_options`
--


--
-- Table structure for table `ec_options_translations`
--

CREATE TABLE `ec_options_translations` (
  `lang_code` varchar(191) COLLATE utf8mb4_unicode_ci NOT NULL,
  `ec_options_id` bigint unsigned NOT NULL,
  `name` varchar(191) COLLATE utf8mb4_unicode_ci DEFAULT NULL,
  PRIMARY KEY (`lang_code`,`ec_options_id`)
) ENGINE=InnoDB DEFAULT CHARSET=utf8mb4 COLLATE=utf8mb4_unicode_ci;

--
-- Dumping data for table `ec_options_translations`
--


--
-- Table structure for table `ec_order_addresses`
--

CREATE TABLE `ec_order_addresses` (
  `id` bigint unsigned NOT NULL AUTO_INCREMENT,
  `name` varchar(191) COLLATE utf8mb4_unicode_ci NOT NULL,
  `phone` varchar(20) COLLATE utf8mb4_unicode_ci DEFAULT NULL,
  `email` varchar(191) COLLATE utf8mb4_unicode_ci DEFAULT NULL,
  `country` varchar(120) COLLATE utf8mb4_unicode_ci DEFAULT NULL,
  `state` varchar(120) COLLATE utf8mb4_unicode_ci DEFAULT NULL,
  `city` varchar(120) COLLATE utf8mb4_unicode_ci DEFAULT NULL,
  `address` varchar(191) COLLATE utf8mb4_unicode_ci DEFAULT NULL,
  `order_id` bigint unsigned NOT NULL,
  `zip_code` varchar(20) COLLATE utf8mb4_unicode_ci DEFAULT NULL,
  `type` varchar(60) COLLATE utf8mb4_unicode_ci NOT NULL DEFAULT 'shipping_address',
  PRIMARY KEY (`id`)
) ENGINE=InnoDB DEFAULT CHARSET=utf8mb4 COLLATE=utf8mb4_unicode_ci;

--
-- Dumping data for table `ec_order_addresses`
--


--
-- Table structure for table `ec_order_histories`
--

CREATE TABLE `ec_order_histories` (
  `id` bigint unsigned NOT NULL AUTO_INCREMENT,
  `action` varchar(120) COLLATE utf8mb4_unicode_ci NOT NULL,
  `description` varchar(400) COLLATE utf8mb4_unicode_ci DEFAULT NULL,
  `user_id` bigint unsigned DEFAULT NULL,
  `order_id` bigint unsigned NOT NULL,
  `extras` text COLLATE utf8mb4_unicode_ci,
  `created_at` timestamp NULL DEFAULT NULL,
  `updated_at` timestamp NULL DEFAULT NULL,
  PRIMARY KEY (`id`)
) ENGINE=InnoDB DEFAULT CHARSET=utf8mb4 COLLATE=utf8mb4_unicode_ci;

--
-- Dumping data for table `ec_order_histories`
--


--
-- Table structure for table `ec_order_product`
--

CREATE TABLE `ec_order_product` (
  `id` bigint unsigned NOT NULL AUTO_INCREMENT,
  `order_id` bigint unsigned NOT NULL,
  `qty` int NOT NULL,
  `price` decimal(15,2) NOT NULL,
  `tax_amount` decimal(15,2) DEFAULT '0.00',
  `options` text COLLATE utf8mb4_unicode_ci,
  `product_options` text COLLATE utf8mb4_unicode_ci COMMENT 'product option data',
  `product_id` bigint unsigned DEFAULT NULL,
  `product_name` varchar(191) COLLATE utf8mb4_unicode_ci NOT NULL,
  `product_image` varchar(191) COLLATE utf8mb4_unicode_ci DEFAULT NULL,
  `weight` double DEFAULT '0',
  `restock_quantity` int unsigned DEFAULT '0',
  `created_at` timestamp NULL DEFAULT NULL,
  `updated_at` timestamp NULL DEFAULT NULL,
  `product_type` varchar(60) COLLATE utf8mb4_unicode_ci NOT NULL DEFAULT 'physical',
  `times_downloaded` int NOT NULL DEFAULT '0',
  `license_code` text COLLATE utf8mb4_unicode_ci,
  `downloaded_at` timestamp NULL DEFAULT NULL,
  PRIMARY KEY (`id`)
) ENGINE=InnoDB DEFAULT CHARSET=utf8mb4 COLLATE=utf8mb4_unicode_ci;

--
-- Dumping data for table `ec_order_product`
--


--
-- Table structure for table `ec_order_referrals`
--

CREATE TABLE `ec_order_referrals` (
  `id` bigint unsigned NOT NULL AUTO_INCREMENT,
  `ip` varchar(39) COLLATE utf8mb4_unicode_ci DEFAULT NULL,
  `landing_domain` varchar(191) COLLATE utf8mb4_unicode_ci DEFAULT NULL,
  `landing_page` varchar(191) COLLATE utf8mb4_unicode_ci DEFAULT NULL,
  `landing_params` varchar(191) COLLATE utf8mb4_unicode_ci DEFAULT NULL,
  `referral` varchar(191) COLLATE utf8mb4_unicode_ci DEFAULT NULL,
  `gclid` varchar(191) COLLATE utf8mb4_unicode_ci DEFAULT NULL,
  `fclid` varchar(191) COLLATE utf8mb4_unicode_ci DEFAULT NULL,
  `utm_source` varchar(191) COLLATE utf8mb4_unicode_ci DEFAULT NULL,
  `utm_campaign` varchar(191) COLLATE utf8mb4_unicode_ci DEFAULT NULL,
  `utm_medium` varchar(191) COLLATE utf8mb4_unicode_ci DEFAULT NULL,
  `utm_term` varchar(191) COLLATE utf8mb4_unicode_ci DEFAULT NULL,
  `utm_content` varchar(191) COLLATE utf8mb4_unicode_ci DEFAULT NULL,
  `referrer_url` text COLLATE utf8mb4_unicode_ci,
  `referrer_domain` varchar(191) COLLATE utf8mb4_unicode_ci DEFAULT NULL,
  `order_id` bigint unsigned DEFAULT NULL,
  `created_at` timestamp NULL DEFAULT NULL,
  `updated_at` timestamp NULL DEFAULT NULL,
  PRIMARY KEY (`id`),
  KEY `ec_order_referrals_order_id_index` (`order_id`)
) ENGINE=InnoDB DEFAULT CHARSET=utf8mb4 COLLATE=utf8mb4_unicode_ci;

--
-- Dumping data for table `ec_order_referrals`
--


--
-- Table structure for table `ec_order_return_histories`
--

CREATE TABLE `ec_order_return_histories` (
  `id` bigint unsigned NOT NULL AUTO_INCREMENT,
  `user_id` bigint unsigned DEFAULT NULL,
  `order_return_id` bigint unsigned NOT NULL,
  `action` varchar(191) COLLATE utf8mb4_unicode_ci NOT NULL,
  `description` varchar(400) COLLATE utf8mb4_unicode_ci DEFAULT NULL,
  `reason` varchar(191) COLLATE utf8mb4_unicode_ci DEFAULT NULL,
  `created_at` timestamp NULL DEFAULT NULL,
  `updated_at` timestamp NULL DEFAULT NULL,
  PRIMARY KEY (`id`)
) ENGINE=InnoDB DEFAULT CHARSET=utf8mb4 COLLATE=utf8mb4_unicode_ci;

--
-- Dumping data for table `ec_order_return_histories`
--


--
-- Table structure for table `ec_order_return_items`
--

CREATE TABLE `ec_order_return_items` (
  `id` bigint unsigned NOT NULL AUTO_INCREMENT,
  `order_return_id` bigint unsigned NOT NULL COMMENT 'Order return id',
  `order_product_id` bigint unsigned NOT NULL COMMENT 'Order product id',
  `product_id` bigint unsigned NOT NULL COMMENT 'Product id',
  `product_name` varchar(191) COLLATE utf8mb4_unicode_ci NOT NULL,
  `product_image` varchar(191) COLLATE utf8mb4_unicode_ci DEFAULT NULL,
  `qty` int NOT NULL COMMENT 'Quantity return',
  `price` decimal(15,2) NOT NULL COMMENT 'Price Product',
  `reason` text COLLATE utf8mb4_unicode_ci,
  `created_at` timestamp NULL DEFAULT NULL,
  `updated_at` timestamp NULL DEFAULT NULL,
  `refund_amount` decimal(12,2) DEFAULT '0.00',
  PRIMARY KEY (`id`)
) ENGINE=InnoDB DEFAULT CHARSET=utf8mb4 COLLATE=utf8mb4_unicode_ci;

--
-- Dumping data for table `ec_order_return_items`
--


--
-- Table structure for table `ec_order_returns`
--

CREATE TABLE `ec_order_returns` (
  `id` bigint unsigned NOT NULL AUTO_INCREMENT,
  `code` varchar(191) COLLATE utf8mb4_unicode_ci DEFAULT NULL,
  `order_id` bigint unsigned NOT NULL COMMENT 'Order ID',
  `store_id` bigint unsigned DEFAULT NULL COMMENT 'Store ID',
  `user_id` bigint unsigned NOT NULL COMMENT 'Customer ID',
  `reason` text COLLATE utf8mb4_unicode_ci COMMENT 'Reason return order',
  `order_status` varchar(191) COLLATE utf8mb4_unicode_ci DEFAULT NULL COMMENT 'Order current status',
  `return_status` varchar(191) COLLATE utf8mb4_unicode_ci NOT NULL COMMENT 'Return status',
  `created_at` timestamp NULL DEFAULT NULL,
  `updated_at` timestamp NULL DEFAULT NULL,
  PRIMARY KEY (`id`),
  UNIQUE KEY `ec_order_returns_code_unique` (`code`)
) ENGINE=InnoDB DEFAULT CHARSET=utf8mb4 COLLATE=utf8mb4_unicode_ci;

--
-- Dumping data for table `ec_order_returns`
--


--
-- Table structure for table `ec_order_tax_information`
--

CREATE TABLE `ec_order_tax_information` (
  `id` bigint unsigned NOT NULL AUTO_INCREMENT,
  `order_id` bigint unsigned NOT NULL,
  `company_name` varchar(120) COLLATE utf8mb4_unicode_ci NOT NULL,
  `company_address` varchar(191) COLLATE utf8mb4_unicode_ci NOT NULL,
  `company_tax_code` varchar(20) COLLATE utf8mb4_unicode_ci NOT NULL,
  `company_email` varchar(60) COLLATE utf8mb4_unicode_ci NOT NULL,
  `created_at` timestamp NULL DEFAULT NULL,
  `updated_at` timestamp NULL DEFAULT NULL,
  PRIMARY KEY (`id`),
  KEY `ec_order_tax_information_order_id_index` (`order_id`)
) ENGINE=InnoDB DEFAULT CHARSET=utf8mb4 COLLATE=utf8mb4_unicode_ci;

--
-- Dumping data for table `ec_order_tax_information`
--


--
-- Table structure for table `ec_orders`
--

CREATE TABLE `ec_orders` (
  `id` bigint unsigned NOT NULL AUTO_INCREMENT,
  `code` varchar(191) COLLATE utf8mb4_unicode_ci DEFAULT NULL,
  `user_id` bigint unsigned DEFAULT NULL,
  `shipping_option` varchar(60) COLLATE utf8mb4_unicode_ci DEFAULT NULL,
  `shipping_method` varchar(60) COLLATE utf8mb4_unicode_ci NOT NULL DEFAULT 'default',
  `status` varchar(120) COLLATE utf8mb4_unicode_ci NOT NULL DEFAULT 'pending',
  `amount` decimal(15,2) NOT NULL,
  `tax_amount` decimal(15,2) DEFAULT '0.00',
  `shipping_amount` decimal(15,2) DEFAULT NULL,
  `payment_fee` decimal(15,2) DEFAULT '0.00',
  `description` text COLLATE utf8mb4_unicode_ci,
  `coupon_code` varchar(120) COLLATE utf8mb4_unicode_ci DEFAULT NULL,
  `discount_amount` decimal(15,2) DEFAULT NULL,
  `sub_total` decimal(15,2) NOT NULL,
  `is_confirmed` tinyint(1) NOT NULL DEFAULT '0',
  `discount_description` varchar(191) COLLATE utf8mb4_unicode_ci DEFAULT NULL,
  `is_finished` tinyint(1) DEFAULT '0',
  `cancellation_reason` varchar(191) COLLATE utf8mb4_unicode_ci DEFAULT NULL,
  `cancellation_reason_description` varchar(191) COLLATE utf8mb4_unicode_ci DEFAULT NULL,
  `completed_at` timestamp NULL DEFAULT NULL,
  `token` varchar(120) COLLATE utf8mb4_unicode_ci DEFAULT NULL,
  `payment_id` bigint unsigned DEFAULT NULL,
  `created_at` timestamp NULL DEFAULT NULL,
  `updated_at` timestamp NULL DEFAULT NULL,
  `proof_file` varchar(191) COLLATE utf8mb4_unicode_ci DEFAULT NULL,
  `private_notes` text COLLATE utf8mb4_unicode_ci,
  `store_id` bigint unsigned DEFAULT NULL,
  PRIMARY KEY (`id`),
  UNIQUE KEY `ec_orders_code_unique` (`code`),
  KEY `ec_orders_user_id_status_created_at_index` (`user_id`,`status`,`created_at`)
) ENGINE=InnoDB DEFAULT CHARSET=utf8mb4 COLLATE=utf8mb4_unicode_ci;

--
-- Dumping data for table `ec_orders`
--


--
-- Table structure for table `ec_product_attribute_sets`
--

CREATE TABLE `ec_product_attribute_sets` (
  `id` bigint unsigned NOT NULL AUTO_INCREMENT,
  `title` varchar(120) COLLATE utf8mb4_unicode_ci NOT NULL,
  `slug` varchar(120) COLLATE utf8mb4_unicode_ci DEFAULT NULL,
  `display_layout` varchar(191) COLLATE utf8mb4_unicode_ci NOT NULL DEFAULT 'dropdown',
  `is_searchable` tinyint unsigned NOT NULL DEFAULT '1',
  `is_comparable` tinyint unsigned NOT NULL DEFAULT '1',
  `is_use_in_product_listing` tinyint unsigned NOT NULL DEFAULT '0',
  `status` varchar(60) COLLATE utf8mb4_unicode_ci NOT NULL DEFAULT 'published',
  `order` tinyint unsigned NOT NULL DEFAULT '0',
  `created_at` timestamp NULL DEFAULT NULL,
  `updated_at` timestamp NULL DEFAULT NULL,
  `use_image_from_product_variation` tinyint unsigned NOT NULL DEFAULT '0',
  PRIMARY KEY (`id`)
) ENGINE=InnoDB AUTO_INCREMENT=5 DEFAULT CHARSET=utf8mb4 COLLATE=utf8mb4_unicode_ci;

--
-- Dumping data for table `ec_product_attribute_sets`
--

INSERT INTO `ec_product_attribute_sets` VALUES (1,'Color','color','visual',1,1,1,'published',0,'2025-07-28 03:48:15','2025-07-28 03:48:15',0),(2,'Size','size','text',1,1,1,'published',1,'2025-07-28 03:48:15','2025-07-28 03:48:15',0),(3,'Weight','weight','text',1,1,1,'published',0,'2025-07-28 03:48:15','2025-07-28 03:48:15',0),(4,'Boxes','boxes','text',1,1,1,'published',1,'2025-07-28 03:48:15','2025-07-28 03:48:15',0);

--
-- Table structure for table `ec_product_attribute_sets_translations`
--

CREATE TABLE `ec_product_attribute_sets_translations` (
  `lang_code` varchar(191) COLLATE utf8mb4_unicode_ci NOT NULL,
  `ec_product_attribute_sets_id` bigint unsigned NOT NULL,
  `title` varchar(191) COLLATE utf8mb4_unicode_ci DEFAULT NULL,
  PRIMARY KEY (`lang_code`,`ec_product_attribute_sets_id`)
) ENGINE=InnoDB DEFAULT CHARSET=utf8mb4 COLLATE=utf8mb4_unicode_ci;

--
-- Dumping data for table `ec_product_attribute_sets_translations`
--


--
-- Table structure for table `ec_product_attributes`
--

CREATE TABLE `ec_product_attributes` (
  `id` bigint unsigned NOT NULL AUTO_INCREMENT,
  `attribute_set_id` bigint unsigned NOT NULL,
  `title` varchar(120) COLLATE utf8mb4_unicode_ci NOT NULL,
  `slug` varchar(120) COLLATE utf8mb4_unicode_ci DEFAULT NULL,
  `color` varchar(120) COLLATE utf8mb4_unicode_ci DEFAULT NULL,
  `image` varchar(191) COLLATE utf8mb4_unicode_ci DEFAULT NULL,
  `is_default` tinyint unsigned NOT NULL DEFAULT '0',
  `order` tinyint unsigned NOT NULL DEFAULT '0',
  `created_at` timestamp NULL DEFAULT NULL,
  `updated_at` timestamp NULL DEFAULT NULL,
  PRIMARY KEY (`id`),
  KEY `attribute_set_status_index` (`attribute_set_id`)
) ENGINE=InnoDB AUTO_INCREMENT=21 DEFAULT CHARSET=utf8mb4 COLLATE=utf8mb4_unicode_ci;

--
-- Dumping data for table `ec_product_attributes`
--

INSERT INTO `ec_product_attributes` VALUES (1,1,'Green','green','#5FB7D4',NULL,1,1,'2025-07-28 03:48:15','2025-07-28 03:48:15'),(2,1,'Blue','blue','#333333',NULL,0,2,'2025-07-28 03:48:15','2025-07-28 03:48:15'),(3,1,'Red','red','#DA323F',NULL,0,3,'2025-07-28 03:48:15','2025-07-28 03:48:15'),(4,1,'Black','black','#2F366C',NULL,0,4,'2025-07-28 03:48:15','2025-07-28 03:48:15'),(5,1,'Brown','brown','#87554B',NULL,0,5,'2025-07-28 03:48:15','2025-07-28 03:48:15'),(6,2,'S','s',NULL,NULL,1,1,'2025-07-28 03:48:15','2025-07-28 03:48:15'),(7,2,'M','m',NULL,NULL,0,2,'2025-07-28 03:48:15','2025-07-28 03:48:15'),(8,2,'L','l',NULL,NULL,0,3,'2025-07-28 03:48:15','2025-07-28 03:48:15'),(9,2,'XL','xl',NULL,NULL,0,4,'2025-07-28 03:48:15','2025-07-28 03:48:15'),(10,2,'XXL','xxl',NULL,NULL,0,5,'2025-07-28 03:48:15','2025-07-28 03:48:15'),(11,3,'1KG','1kg',NULL,NULL,1,1,'2025-07-28 03:48:15','2025-07-28 03:48:15'),(12,3,'2KG','2kg',NULL,NULL,0,2,'2025-07-28 03:48:15','2025-07-28 03:48:15'),(13,3,'3KG','3kg',NULL,NULL,0,3,'2025-07-28 03:48:15','2025-07-28 03:48:15'),(14,3,'4KG','4kg',NULL,NULL,0,4,'2025-07-28 03:48:15','2025-07-28 03:48:15'),(15,3,'5KG','5kg',NULL,NULL,0,5,'2025-07-28 03:48:15','2025-07-28 03:48:15'),(16,4,'1 Box','1-box',NULL,NULL,1,1,'2025-07-28 03:48:15','2025-07-28 03:48:15'),(17,4,'2 Boxes','2-boxes',NULL,NULL,0,2,'2025-07-28 03:48:15','2025-07-28 03:48:15'),(18,4,'3 Boxes','3-boxes',NULL,NULL,0,3,'2025-07-28 03:48:15','2025-07-28 03:48:15'),(19,4,'4 Boxes','4-boxes',NULL,NULL,0,4,'2025-07-28 03:48:15','2025-07-28 03:48:15'),(20,4,'5 Boxes','5-boxes',NULL,NULL,0,5,'2025-07-28 03:48:15','2025-07-28 03:48:15');

--
-- Table structure for table `ec_product_attributes_translations`
--

CREATE TABLE `ec_product_attributes_translations` (
  `lang_code` varchar(191) COLLATE utf8mb4_unicode_ci NOT NULL,
  `ec_product_attributes_id` bigint unsigned NOT NULL,
  `title` varchar(191) COLLATE utf8mb4_unicode_ci DEFAULT NULL,
  PRIMARY KEY (`lang_code`,`ec_product_attributes_id`)
) ENGINE=InnoDB DEFAULT CHARSET=utf8mb4 COLLATE=utf8mb4_unicode_ci;

--
-- Dumping data for table `ec_product_attributes_translations`
--


--
-- Table structure for table `ec_product_categories`
--

CREATE TABLE `ec_product_categories` (
  `id` bigint unsigned NOT NULL AUTO_INCREMENT,
  `name` varchar(191) COLLATE utf8mb4_unicode_ci NOT NULL,
  `parent_id` bigint unsigned NOT NULL DEFAULT '0',
  `description` mediumtext COLLATE utf8mb4_unicode_ci,
  `status` varchar(60) COLLATE utf8mb4_unicode_ci NOT NULL DEFAULT 'published',
  `order` int unsigned NOT NULL DEFAULT '0',
  `image` varchar(191) COLLATE utf8mb4_unicode_ci DEFAULT NULL,
  `is_featured` tinyint unsigned NOT NULL DEFAULT '0',
  `created_at` timestamp NULL DEFAULT NULL,
  `updated_at` timestamp NULL DEFAULT NULL,
  `icon` varchar(191) COLLATE utf8mb4_unicode_ci DEFAULT NULL,
  `icon_image` varchar(191) COLLATE utf8mb4_unicode_ci DEFAULT NULL,
  PRIMARY KEY (`id`),
  KEY `ec_product_categories_parent_id_status_created_at_index` (`parent_id`,`status`,`created_at`),
  KEY `ec_product_categories_parent_id_status_index` (`parent_id`,`status`)
) ENGINE=InnoDB AUTO_INCREMENT=39 DEFAULT CHARSET=utf8mb4 COLLATE=utf8mb4_unicode_ci;

--
-- Dumping data for table `ec_product_categories`
--

INSERT INTO `ec_product_categories` VALUES (1,'New Arrivals',0,NULL,'published',0,NULL,0,'2025-07-28 03:48:36','2025-07-28 03:48:36','ti ti-home',NULL),(2,'Electronics',0,NULL,'published',1,NULL,0,'2025-07-28 03:48:36','2025-07-28 03:48:36','ti ti-device-tv',NULL),(3,'Featured',2,NULL,'published',0,'main/product-categories/menu-1.jpg',0,'2025-07-28 03:48:36','2025-07-28 03:48:36',NULL,NULL),(4,'New Arrivals',3,NULL,'published',0,NULL,0,'2025-07-28 03:48:36','2025-07-28 03:48:36',NULL,NULL),(5,'Best Sellers',3,NULL,'published',1,NULL,0,'2025-07-28 03:48:36','2025-07-28 03:48:36',NULL,NULL),(6,'Mobile Phone',3,NULL,'published',2,'main/product-categories/2.png',1,'2025-07-28 03:48:36','2025-07-28 03:48:36',NULL,NULL),(7,'Computers & Laptops',2,NULL,'published',1,'main/product-categories/menu-2.jpg',1,'2025-07-28 03:48:36','2025-07-28 03:48:36',NULL,NULL),(8,'Top Brands',7,NULL,'published',0,NULL,0,'2025-07-28 03:48:36','2025-07-28 03:48:36',NULL,NULL),(9,'Weekly Best Selling',7,NULL,'published',1,NULL,0,'2025-07-28 03:48:36','2025-07-28 03:48:36',NULL,NULL),(10,'CPU Heat Pipes',7,NULL,'published',2,'main/product-categories/3.png',1,'2025-07-28 03:48:36','2025-07-28 03:48:36',NULL,NULL),(11,'CPU Coolers',7,NULL,'published',3,'main/product-categories/category-thumb-9.jpg',0,'2025-07-28 03:48:36','2025-07-28 03:48:36',NULL,NULL),(12,'Accessories',2,NULL,'published',2,'main/product-categories/menu-3.jpg',0,'2025-07-28 03:48:36','2025-07-28 03:48:36',NULL,NULL),(13,'Headphones',12,NULL,'published',0,'main/product-categories/1.png',1,'2025-07-28 03:48:36','2025-07-28 03:48:36',NULL,NULL),(14,'Wireless Headphones',12,NULL,'published',1,'main/product-categories/category-thumb-1.jpg',0,'2025-07-28 03:48:36','2025-07-28 03:48:36',NULL,NULL),(15,'TWS Earphones',12,NULL,'published',2,'main/product-categories/category-thumb-6.jpg',0,'2025-07-28 03:48:36','2025-07-28 03:48:36',NULL,NULL),(16,'Smart Watch',12,NULL,'published',3,'main/product-categories/4.png',1,'2025-07-28 03:48:36','2025-07-28 03:48:36',NULL,NULL),(17,'Gaming Console',2,NULL,'published',3,'main/product-categories/category-thumb-8.jpg',0,'2025-07-28 03:48:36','2025-07-28 03:48:36',NULL,NULL),(18,'Playstation',2,NULL,'published',4,'main/product-categories/category-thumb-12.jpg',0,'2025-07-28 03:48:36','2025-07-28 03:48:36',NULL,NULL),(19,'Gifts',0,NULL,'published',2,NULL,0,'2025-07-28 03:48:36','2025-07-28 03:48:36','ti ti-gift',NULL),(20,'Computers',0,NULL,'published',3,NULL,0,'2025-07-28 03:48:36','2025-07-28 03:48:36','ti ti-device-laptop',NULL),(21,'Desktop',20,NULL,'published',0,'main/product-categories/category-thumb-5.jpg',0,'2025-07-28 03:48:36','2025-07-28 03:48:36','ti ti-device-desktop',NULL),(22,'Laptop',20,NULL,'published',1,'main/product-categories/category-thumb-3.jpg',0,'2025-07-28 03:48:36','2025-07-28 03:48:36','ti ti-device-laptop',NULL),(23,'Tablet',20,NULL,'published',2,'main/product-categories/category-thumb-4.jpg',0,'2025-07-28 03:48:36','2025-07-28 03:48:36','ti ti-device-tablet',NULL),(24,'Accessories',20,NULL,'published',3,NULL,0,'2025-07-28 03:48:36','2025-07-28 03:48:36','ti ti-keyboard',NULL),(25,'Smartphones & Tablets',0,NULL,'published',4,'main/product-categories/category-thumb-10.jpg',0,'2025-07-28 03:48:36','2025-07-28 03:48:36','ti ti-device-mobile',NULL),(26,'TV,\n                Video & Music',0,NULL,'published',5,NULL,0,'2025-07-28 03:48:36','2025-07-28 03:48:36','ti ti-device-tv',NULL),(27,'Cameras',0,NULL,'published',6,NULL,0,'2025-07-28 03:48:36','2025-07-28 03:48:36','ti ti-camera',NULL),(28,'Cooking',0,NULL,'published',7,NULL,0,'2025-07-28 03:48:36','2025-07-28 03:48:36','ti ti-grill-spatula',NULL),(29,'Accessories',0,NULL,'published',8,NULL,0,'2025-07-28 03:48:36','2025-07-28 03:48:36','ti ti-building-store',NULL),(30,'With Bluetooth',29,NULL,'published',0,'main/product-categories/5.png',1,'2025-07-28 03:48:36','2025-07-28 03:48:36',NULL,NULL),(31,'Sports',0,NULL,'published',9,NULL,0,'2025-07-28 03:48:36','2025-07-28 03:48:36','ti ti-ball-football',NULL),(32,'Electronics Gadgets',0,NULL,'published',10,NULL,0,'2025-07-28 03:48:37','2025-07-28 03:48:37','ti ti-cpu-2',NULL),(33,'Micrscope',32,NULL,'published',0,NULL,0,'2025-07-28 03:48:37','2025-07-28 03:48:37',NULL,NULL),(34,'Remote Control',32,NULL,'published',1,NULL,0,'2025-07-28 03:48:37','2025-07-28 03:48:37',NULL,NULL),(35,'Monitor',32,NULL,'published',2,NULL,0,'2025-07-28 03:48:37','2025-07-28 03:48:37',NULL,NULL),(36,'Thermometer',32,NULL,'published',3,NULL,0,'2025-07-28 03:48:37','2025-07-28 03:48:37',NULL,NULL),(37,'Backpack',32,NULL,'published',4,NULL,0,'2025-07-28 03:48:37','2025-07-28 03:48:37',NULL,NULL),(38,'Headphones',32,NULL,'published',5,'main/product-categories/category-thumb-1.jpg',0,'2025-07-28 03:48:37','2025-07-28 03:48:37',NULL,NULL);

--
-- Table structure for table `ec_product_categories_translations`
--

CREATE TABLE `ec_product_categories_translations` (
  `lang_code` varchar(191) COLLATE utf8mb4_unicode_ci NOT NULL,
  `ec_product_categories_id` bigint unsigned NOT NULL,
  `name` varchar(191) COLLATE utf8mb4_unicode_ci DEFAULT NULL,
  `description` mediumtext COLLATE utf8mb4_unicode_ci,
  PRIMARY KEY (`lang_code`,`ec_product_categories_id`)
) ENGINE=InnoDB DEFAULT CHARSET=utf8mb4 COLLATE=utf8mb4_unicode_ci;

--
-- Dumping data for table `ec_product_categories_translations`
--


--
-- Table structure for table `ec_product_categorizables`
--

CREATE TABLE `ec_product_categorizables` (
  `category_id` bigint unsigned NOT NULL,
  `reference_id` bigint unsigned NOT NULL,
  `reference_type` varchar(120) COLLATE utf8mb4_unicode_ci NOT NULL,
  PRIMARY KEY (`category_id`,`reference_id`,`reference_type`),
  KEY `ec_product_categorizables_category_id_index` (`category_id`),
  KEY `ec_product_categorizables_reference_id_index` (`reference_id`),
  KEY `ec_product_categorizables_reference_type_index` (`reference_type`)
) ENGINE=InnoDB DEFAULT CHARSET=utf8mb4 COLLATE=utf8mb4_unicode_ci;

--
-- Dumping data for table `ec_product_categorizables`
--


--
-- Table structure for table `ec_product_category_product`
--

CREATE TABLE `ec_product_category_product` (
  `category_id` bigint unsigned NOT NULL,
  `product_id` bigint unsigned NOT NULL,
  PRIMARY KEY (`product_id`,`category_id`),
  KEY `ec_product_category_product_category_id_index` (`category_id`),
  KEY `ec_product_category_product_product_id_index` (`product_id`)
) ENGINE=InnoDB DEFAULT CHARSET=utf8mb4 COLLATE=utf8mb4_unicode_ci;

--
-- Dumping data for table `ec_product_category_product`
--

INSERT INTO `ec_product_category_product` VALUES (1,21),(1,31),(1,36),(1,41),(1,51),(2,5),(2,12),(2,14),(2,25),(2,39),(2,50),(2,51),(2,54),(3,12),(3,13),(3,23),(3,42),(3,46),(3,49),(4,34),(4,47),(4,53),(5,3),(5,20),(5,25),(5,27),(5,29),(5,42),(5,51),(5,54),(5,55),(5,56),(6,5),(6,6),(6,7),(6,13),(6,23),(6,24),(6,38),(6,39),(6,40),(6,44),(6,52),(7,4),(7,5),(7,7),(7,15),(7,17),(7,30),(8,7),(8,11),(8,12),(8,24),(8,27),(8,29),(8,31),(8,43),(9,4),(9,9),(9,38),(10,1),(10,16),(10,24),(10,36),(10,45),(11,18),(11,26),(11,27),(11,35),(11,37),(11,38),(11,46),(12,14),(12,15),(12,40),(12,47),(12,54),(12,55),(13,30),(13,33),(13,44),(13,56),(14,1),(14,12),(14,14),(14,18),(14,28),(14,32),(15,2),(15,5),(15,19),(15,37),(15,52),(16,8),(16,9),(16,16),(16,17),(16,29),(16,38),(16,47),(16,48),(16,50),(16,53),(17,9),(17,31),(17,43),(17,44),(17,53),(17,57),(18,10),(18,19),(18,37),(18,39),(18,41),(19,1),(19,11),(19,22),(20,4),(20,18),(20,45),(20,48),(20,53),(21,17),(21,22),(21,46),(21,50),(22,1),(22,8),(22,30),(22,45),(23,11),(23,21),(23,23),(23,31),(23,32),(23,35),(23,41),(23,44),(23,48),(24,3),(24,8),(24,15),(24,25),(24,29),(24,52),(25,7),(25,15),(25,17),(25,34),(25,49),(25,54),(26,3),(26,11),(26,20),(26,21),(26,23),(26,35),(26,57),(27,2),(27,6),(27,10),(27,21),(27,39),(27,45),(27,48),(27,55),(27,57),(28,18),(28,19),(28,25),(29,4),(29,26),(29,27),(29,28),(29,30),(29,32),(29,35),(29,42),(30,8),(30,13),(30,14),(30,22),(30,24),(30,32),(30,33),(30,41),(30,43),(30,49),(30,52),(31,3),(31,6),(31,13),(31,33),(31,34),(32,50),(33,10),(33,28),(33,36),(33,37),(33,56),(34,9),(34,26),(34,28),(34,36),(34,56),(35,2),(35,26),(35,42),(36,6),(36,20),(36,33),(36,40),(36,55),(37,2),(37,10),(37,16),(37,20),(37,22),(37,40),(37,46),(37,47),(37,49),(37,51),(38,16),(38,19),(38,34),(38,43),(38,57);

--
-- Table structure for table `ec_product_collection_products`
--

CREATE TABLE `ec_product_collection_products` (
  `product_collection_id` bigint unsigned NOT NULL,
  `product_id` bigint unsigned NOT NULL,
  PRIMARY KEY (`product_id`,`product_collection_id`),
  KEY `ec_product_collection_products_product_collection_id_index` (`product_collection_id`),
  KEY `ec_product_collection_products_product_id_index` (`product_id`)
) ENGINE=InnoDB DEFAULT CHARSET=utf8mb4 COLLATE=utf8mb4_unicode_ci;

--
-- Dumping data for table `ec_product_collection_products`
--

INSERT INTO `ec_product_collection_products` VALUES (1,1),(1,7),(1,11),(1,12),(1,13),(1,17),(1,21),(1,27),(1,30),(1,39),(1,41),(1,43),(1,49),(2,4),(2,8),(2,14),(2,16),(2,22),(2,23),(2,24),(2,32),(2,33),(2,38),(2,40),(2,48),(2,50),(2,53),(2,54),(2,56),(2,57),(3,2),(3,5),(3,10),(3,15),(3,20),(3,25),(3,28),(3,31),(3,35),(3,36),(3,44),(3,46),(3,47),(3,52),(3,55),(4,3),(4,6),(4,9),(4,18),(4,19),(4,26),(4,29),(4,34),(4,37),(4,42),(4,45),(4,51);

--
-- Table structure for table `ec_product_collections`
--

CREATE TABLE `ec_product_collections` (
  `id` bigint unsigned NOT NULL AUTO_INCREMENT,
  `name` varchar(191) COLLATE utf8mb4_unicode_ci NOT NULL,
  `slug` varchar(191) COLLATE utf8mb4_unicode_ci NOT NULL,
  `description` varchar(400) COLLATE utf8mb4_unicode_ci DEFAULT NULL,
  `image` varchar(191) COLLATE utf8mb4_unicode_ci DEFAULT NULL,
  `status` varchar(60) COLLATE utf8mb4_unicode_ci NOT NULL DEFAULT 'published',
  `created_at` timestamp NULL DEFAULT NULL,
  `updated_at` timestamp NULL DEFAULT NULL,
  `is_featured` tinyint unsigned NOT NULL DEFAULT '0',
  PRIMARY KEY (`id`)
) ENGINE=InnoDB AUTO_INCREMENT=5 DEFAULT CHARSET=utf8mb4 COLLATE=utf8mb4_unicode_ci;

--
-- Dumping data for table `ec_product_collections`
--

INSERT INTO `ec_product_collections` VALUES (1,'Weekly Gadget Spotlight','weekly-gadget-spotlight',NULL,NULL,'published','2025-07-28 03:48:37','2025-07-28 03:48:37',0),(2,'Electronics Trendsetters','electronics-trendsetters',NULL,NULL,'published','2025-07-28 03:48:37','2025-07-28 03:48:37',0),(3,'Digital Workspace Gear','digital-workspace-gear',NULL,NULL,'published','2025-07-28 03:48:37','2025-07-28 03:48:37',0),(4,'Cutting-Edge Tech Showcase','cutting-edge-tech-showcase',NULL,NULL,'published','2025-07-28 03:48:37','2025-07-28 03:48:37',0);

--
-- Table structure for table `ec_product_collections_translations`
--

CREATE TABLE `ec_product_collections_translations` (
  `lang_code` varchar(191) COLLATE utf8mb4_unicode_ci NOT NULL,
  `ec_product_collections_id` bigint unsigned NOT NULL,
  `name` varchar(191) COLLATE utf8mb4_unicode_ci DEFAULT NULL,
  `description` varchar(400) COLLATE utf8mb4_unicode_ci DEFAULT NULL,
  PRIMARY KEY (`lang_code`,`ec_product_collections_id`)
) ENGINE=InnoDB DEFAULT CHARSET=utf8mb4 COLLATE=utf8mb4_unicode_ci;

--
-- Dumping data for table `ec_product_collections_translations`
--


--
-- Table structure for table `ec_product_cross_sale_relations`
--

CREATE TABLE `ec_product_cross_sale_relations` (
  `from_product_id` bigint unsigned NOT NULL,
  `to_product_id` bigint unsigned NOT NULL,
  `is_variant` tinyint(1) NOT NULL DEFAULT '0',
  `price` decimal(15,2) DEFAULT '0.00',
  `price_type` varchar(191) COLLATE utf8mb4_unicode_ci NOT NULL DEFAULT 'fixed',
  `apply_to_all_variations` tinyint(1) NOT NULL DEFAULT '1',
  PRIMARY KEY (`from_product_id`,`to_product_id`),
  KEY `ec_product_cross_sale_relations_from_product_id_index` (`from_product_id`),
  KEY `ec_product_cross_sale_relations_to_product_id_index` (`to_product_id`)
) ENGINE=InnoDB DEFAULT CHARSET=utf8mb4 COLLATE=utf8mb4_unicode_ci;

--
-- Dumping data for table `ec_product_cross_sale_relations`
--

INSERT INTO `ec_product_cross_sale_relations` VALUES (1,12,0,0.00,'fixed',1),(1,16,0,0.00,'fixed',1),(1,18,0,0.00,'fixed',1),(1,43,0,0.00,'fixed',1),(1,49,0,0.00,'fixed',1),(1,56,0,0.00,'fixed',1),(2,29,0,0.00,'fixed',1),(2,40,0,0.00,'fixed',1),(2,49,0,0.00,'fixed',1),(2,54,0,0.00,'fixed',1),(3,5,0,0.00,'fixed',1),(3,21,0,0.00,'fixed',1),(3,33,0,0.00,'fixed',1),(3,34,0,0.00,'fixed',1),(3,37,0,0.00,'fixed',1),(3,43,0,0.00,'fixed',1),(3,54,0,0.00,'fixed',1),(4,19,0,0.00,'fixed',1),(4,21,0,0.00,'fixed',1),(4,33,0,0.00,'fixed',1),(4,37,0,0.00,'fixed',1),(4,39,0,0.00,'fixed',1),(4,44,0,0.00,'fixed',1),(4,51,0,0.00,'fixed',1),(5,7,0,0.00,'fixed',1),(5,16,0,0.00,'fixed',1),(5,17,0,0.00,'fixed',1),(5,21,0,0.00,'fixed',1),(5,36,0,0.00,'fixed',1),(5,47,0,0.00,'fixed',1),(5,48,0,0.00,'fixed',1),(6,25,0,0.00,'fixed',1),(6,32,0,0.00,'fixed',1),(6,36,0,0.00,'fixed',1),(6,38,0,0.00,'fixed',1),(6,57,0,0.00,'fixed',1),(7,18,0,0.00,'fixed',1),(7,26,0,0.00,'fixed',1),(7,32,0,0.00,'fixed',1),(7,39,0,0.00,'fixed',1),(7,40,0,0.00,'fixed',1),(7,41,0,0.00,'fixed',1),(7,51,0,0.00,'fixed',1),(8,3,0,0.00,'fixed',1),(8,11,0,0.00,'fixed',1),(8,15,0,0.00,'fixed',1),(8,22,0,0.00,'fixed',1),(8,24,0,0.00,'fixed',1),(8,48,0,0.00,'fixed',1),(8,52,0,0.00,'fixed',1),(9,4,0,0.00,'fixed',1),(9,11,0,0.00,'fixed',1),(9,18,0,0.00,'fixed',1),(9,25,0,0.00,'fixed',1),(9,30,0,0.00,'fixed',1),(9,48,0,0.00,'fixed',1),(9,49,0,0.00,'fixed',1),(10,2,0,0.00,'fixed',1),(10,4,0,0.00,'fixed',1),(10,32,0,0.00,'fixed',1),(10,33,0,0.00,'fixed',1),(10,36,0,0.00,'fixed',1),(10,52,0,0.00,'fixed',1),(10,56,0,0.00,'fixed',1),(11,13,0,0.00,'fixed',1),(11,27,0,0.00,'fixed',1),(11,31,0,0.00,'fixed',1),(11,33,0,0.00,'fixed',1),(11,42,0,0.00,'fixed',1),(11,48,0,0.00,'fixed',1),(11,53,0,0.00,'fixed',1),(12,3,0,0.00,'fixed',1),(12,5,0,0.00,'fixed',1),(12,14,0,0.00,'fixed',1),(12,18,0,0.00,'fixed',1),(12,19,0,0.00,'fixed',1),(12,33,0,0.00,'fixed',1),(12,35,0,0.00,'fixed',1),(13,8,0,0.00,'fixed',1),(13,11,0,0.00,'fixed',1),(13,23,0,0.00,'fixed',1),(13,34,0,0.00,'fixed',1),(13,51,0,0.00,'fixed',1),(13,53,0,0.00,'fixed',1),(13,54,0,0.00,'fixed',1),(14,10,0,0.00,'fixed',1),(14,34,0,0.00,'fixed',1),(14,36,0,0.00,'fixed',1),(14,41,0,0.00,'fixed',1),(14,44,0,0.00,'fixed',1),(15,11,0,0.00,'fixed',1),(15,14,0,0.00,'fixed',1),(15,16,0,0.00,'fixed',1),(15,23,0,0.00,'fixed',1),(15,33,0,0.00,'fixed',1),(15,34,0,0.00,'fixed',1),(15,53,0,0.00,'fixed',1),(16,9,0,0.00,'fixed',1),(16,13,0,0.00,'fixed',1),(16,28,0,0.00,'fixed',1),(16,32,0,0.00,'fixed',1),(16,43,0,0.00,'fixed',1),(16,53,0,0.00,'fixed',1),(17,14,0,0.00,'fixed',1),(17,25,0,0.00,'fixed',1),(17,34,0,0.00,'fixed',1),(17,44,0,0.00,'fixed',1),(17,53,0,0.00,'fixed',1),(17,57,0,0.00,'fixed',1),(18,9,0,0.00,'fixed',1),(18,14,0,0.00,'fixed',1),(18,20,0,0.00,'fixed',1),(18,23,0,0.00,'fixed',1),(18,26,0,0.00,'fixed',1),(18,29,0,0.00,'fixed',1),(18,43,0,0.00,'fixed',1),(19,20,0,0.00,'fixed',1),(19,36,0,0.00,'fixed',1),(19,39,0,0.00,'fixed',1),(19,47,0,0.00,'fixed',1),(19,54,0,0.00,'fixed',1),(19,55,0,0.00,'fixed',1),(20,7,0,0.00,'fixed',1),(20,15,0,0.00,'fixed',1),(20,16,0,0.00,'fixed',1),(20,17,0,0.00,'fixed',1),(20,23,0,0.00,'fixed',1),(20,55,0,0.00,'fixed',1),(20,57,0,0.00,'fixed',1),(21,6,0,0.00,'fixed',1),(21,13,0,0.00,'fixed',1),(21,36,0,0.00,'fixed',1),(21,41,0,0.00,'fixed',1),(21,53,0,0.00,'fixed',1),(22,5,0,0.00,'fixed',1),(22,8,0,0.00,'fixed',1),(22,24,0,0.00,'fixed',1),(22,26,0,0.00,'fixed',1),(22,37,0,0.00,'fixed',1),(22,39,0,0.00,'fixed',1),(22,56,0,0.00,'fixed',1),(23,9,0,0.00,'fixed',1),(23,22,0,0.00,'fixed',1),(23,27,0,0.00,'fixed',1),(23,34,0,0.00,'fixed',1),(23,42,0,0.00,'fixed',1),(24,15,0,0.00,'fixed',1),(24,38,0,0.00,'fixed',1),(24,41,0,0.00,'fixed',1),(24,44,0,0.00,'fixed',1),(24,45,0,0.00,'fixed',1),(24,49,0,0.00,'fixed',1),(24,57,0,0.00,'fixed',1),(25,2,0,0.00,'fixed',1),(25,4,0,0.00,'fixed',1),(25,9,0,0.00,'fixed',1),(25,35,0,0.00,'fixed',1),(25,40,0,0.00,'fixed',1),(25,46,0,0.00,'fixed',1),(25,52,0,0.00,'fixed',1),(26,2,0,0.00,'fixed',1),(26,8,0,0.00,'fixed',1),(26,30,0,0.00,'fixed',1),(26,31,0,0.00,'fixed',1),(26,42,0,0.00,'fixed',1),(26,44,0,0.00,'fixed',1),(26,48,0,0.00,'fixed',1),(27,6,0,0.00,'fixed',1),(27,13,0,0.00,'fixed',1),(27,18,0,0.00,'fixed',1),(27,19,0,0.00,'fixed',1),(27,42,0,0.00,'fixed',1),(27,43,0,0.00,'fixed',1),(27,48,0,0.00,'fixed',1),(28,2,0,0.00,'fixed',1),(28,3,0,0.00,'fixed',1),(28,8,0,0.00,'fixed',1),(28,27,0,0.00,'fixed',1),(28,36,0,0.00,'fixed',1),(28,37,0,0.00,'fixed',1),(28,47,0,0.00,'fixed',1),(29,3,0,0.00,'fixed',1),(29,6,0,0.00,'fixed',1),(29,8,0,0.00,'fixed',1),(29,36,0,0.00,'fixed',1),(29,39,0,0.00,'fixed',1),(29,40,0,0.00,'fixed',1),(29,48,0,0.00,'fixed',1),(30,17,0,0.00,'fixed',1),(30,21,0,0.00,'fixed',1),(30,45,0,0.00,'fixed',1),(30,46,0,0.00,'fixed',1),(30,56,0,0.00,'fixed',1),(30,57,0,0.00,'fixed',1),(31,9,0,0.00,'fixed',1),(31,11,0,0.00,'fixed',1),(31,15,0,0.00,'fixed',1),(31,25,0,0.00,'fixed',1),(31,40,0,0.00,'fixed',1),(31,49,0,0.00,'fixed',1),(31,51,0,0.00,'fixed',1),(32,7,0,0.00,'fixed',1),(32,8,0,0.00,'fixed',1),(32,10,0,0.00,'fixed',1),(32,16,0,0.00,'fixed',1),(32,18,0,0.00,'fixed',1),(32,29,0,0.00,'fixed',1),(32,49,0,0.00,'fixed',1),(33,1,0,0.00,'fixed',1),(33,8,0,0.00,'fixed',1),(33,35,0,0.00,'fixed',1),(33,36,0,0.00,'fixed',1),(33,46,0,0.00,'fixed',1),(33,50,0,0.00,'fixed',1),(33,55,0,0.00,'fixed',1),(34,3,0,0.00,'fixed',1),(34,17,0,0.00,'fixed',1),(34,29,0,0.00,'fixed',1),(34,32,0,0.00,'fixed',1),(34,36,0,0.00,'fixed',1),(34,50,0,0.00,'fixed',1),(35,1,0,0.00,'fixed',1),(35,7,0,0.00,'fixed',1),(35,10,0,0.00,'fixed',1),(35,11,0,0.00,'fixed',1),(35,25,0,0.00,'fixed',1),(35,39,0,0.00,'fixed',1),(35,52,0,0.00,'fixed',1),(36,1,0,0.00,'fixed',1),(36,4,0,0.00,'fixed',1),(36,6,0,0.00,'fixed',1),(36,7,0,0.00,'fixed',1),(36,11,0,0.00,'fixed',1),(36,43,0,0.00,'fixed',1),(36,48,0,0.00,'fixed',1),(37,4,0,0.00,'fixed',1),(37,10,0,0.00,'fixed',1),(37,17,0,0.00,'fixed',1),(37,34,0,0.00,'fixed',1),(37,40,0,0.00,'fixed',1),(37,49,0,0.00,'fixed',1),(37,57,0,0.00,'fixed',1),(38,7,0,0.00,'fixed',1),(38,10,0,0.00,'fixed',1),(38,19,0,0.00,'fixed',1),(38,21,0,0.00,'fixed',1),(38,34,0,0.00,'fixed',1),(38,53,0,0.00,'fixed',1),(38,56,0,0.00,'fixed',1),(39,3,0,0.00,'fixed',1),(39,9,0,0.00,'fixed',1),(39,15,0,0.00,'fixed',1),(39,25,0,0.00,'fixed',1),(39,31,0,0.00,'fixed',1),(39,45,0,0.00,'fixed',1),(39,54,0,0.00,'fixed',1),(40,8,0,0.00,'fixed',1),(40,10,0,0.00,'fixed',1),(40,22,0,0.00,'fixed',1),(40,23,0,0.00,'fixed',1),(40,34,0,0.00,'fixed',1),(40,53,0,0.00,'fixed',1),(40,55,0,0.00,'fixed',1),(41,8,0,0.00,'fixed',1),(41,14,0,0.00,'fixed',1),(41,17,0,0.00,'fixed',1),(41,18,0,0.00,'fixed',1),(41,24,0,0.00,'fixed',1),(41,34,0,0.00,'fixed',1),(42,1,0,0.00,'fixed',1),(42,16,0,0.00,'fixed',1),(42,34,0,0.00,'fixed',1),(42,38,0,0.00,'fixed',1),(42,47,0,0.00,'fixed',1),(42,50,0,0.00,'fixed',1),(42,53,0,0.00,'fixed',1),(43,2,0,0.00,'fixed',1),(43,26,0,0.00,'fixed',1),(43,33,0,0.00,'fixed',1),(43,35,0,0.00,'fixed',1),(43,40,0,0.00,'fixed',1),(43,48,0,0.00,'fixed',1),(43,54,0,0.00,'fixed',1),(44,5,0,0.00,'fixed',1),(44,22,0,0.00,'fixed',1),(44,23,0,0.00,'fixed',1),(44,25,0,0.00,'fixed',1),(44,42,0,0.00,'fixed',1),(44,51,0,0.00,'fixed',1),(44,52,0,0.00,'fixed',1),(45,2,0,0.00,'fixed',1),(45,6,0,0.00,'fixed',1),(45,7,0,0.00,'fixed',1),(45,18,0,0.00,'fixed',1),(45,36,0,0.00,'fixed',1),(45,42,0,0.00,'fixed',1),(45,54,0,0.00,'fixed',1),(46,18,0,0.00,'fixed',1),(46,22,0,0.00,'fixed',1),(46,23,0,0.00,'fixed',1),(46,29,0,0.00,'fixed',1),(46,43,0,0.00,'fixed',1),(46,51,0,0.00,'fixed',1),(47,1,0,0.00,'fixed',1),(47,11,0,0.00,'fixed',1),(47,29,0,0.00,'fixed',1),(47,30,0,0.00,'fixed',1),(47,32,0,0.00,'fixed',1),(47,40,0,0.00,'fixed',1),(48,1,0,0.00,'fixed',1),(48,17,0,0.00,'fixed',1),(48,20,0,0.00,'fixed',1),(48,23,0,0.00,'fixed',1),(48,36,0,0.00,'fixed',1),(48,44,0,0.00,'fixed',1),(48,57,0,0.00,'fixed',1),(49,4,0,0.00,'fixed',1),(49,21,0,0.00,'fixed',1),(49,23,0,0.00,'fixed',1),(49,29,0,0.00,'fixed',1),(49,46,0,0.00,'fixed',1),(49,52,0,0.00,'fixed',1),(50,1,0,0.00,'fixed',1),(50,8,0,0.00,'fixed',1),(50,20,0,0.00,'fixed',1),(50,24,0,0.00,'fixed',1),(50,26,0,0.00,'fixed',1),(50,35,0,0.00,'fixed',1),(50,45,0,0.00,'fixed',1),(51,22,0,0.00,'fixed',1),(51,27,0,0.00,'fixed',1),(51,34,0,0.00,'fixed',1),(51,36,0,0.00,'fixed',1),(51,37,0,0.00,'fixed',1),(51,44,0,0.00,'fixed',1),(52,3,0,0.00,'fixed',1),(52,5,0,0.00,'fixed',1),(52,18,0,0.00,'fixed',1),(52,23,0,0.00,'fixed',1),(52,29,0,0.00,'fixed',1),(52,44,0,0.00,'fixed',1),(52,50,0,0.00,'fixed',1),(53,1,0,0.00,'fixed',1),(53,2,0,0.00,'fixed',1),(53,26,0,0.00,'fixed',1),(53,30,0,0.00,'fixed',1),(53,44,0,0.00,'fixed',1),(53,57,0,0.00,'fixed',1),(54,15,0,0.00,'fixed',1),(54,16,0,0.00,'fixed',1),(54,19,0,0.00,'fixed',1),(54,34,0,0.00,'fixed',1),(54,46,0,0.00,'fixed',1),(54,55,0,0.00,'fixed',1),(54,57,0,0.00,'fixed',1),(55,12,0,0.00,'fixed',1),(55,15,0,0.00,'fixed',1),(55,19,0,0.00,'fixed',1),(55,20,0,0.00,'fixed',1),(55,38,0,0.00,'fixed',1),(55,46,0,0.00,'fixed',1),(55,50,0,0.00,'fixed',1),(56,5,0,0.00,'fixed',1),(56,13,0,0.00,'fixed',1),(56,15,0,0.00,'fixed',1),(56,24,0,0.00,'fixed',1),(56,38,0,0.00,'fixed',1),(56,44,0,0.00,'fixed',1),(56,50,0,0.00,'fixed',1),(57,3,0,0.00,'fixed',1),(57,17,0,0.00,'fixed',1),(57,20,0,0.00,'fixed',1),(57,23,0,0.00,'fixed',1),(57,28,0,0.00,'fixed',1),(57,45,0,0.00,'fixed',1),(57,48,0,0.00,'fixed',1);

--
-- Table structure for table `ec_product_files`
--

CREATE TABLE `ec_product_files` (
  `id` bigint unsigned NOT NULL AUTO_INCREMENT,
  `product_id` bigint unsigned DEFAULT NULL,
  `url` varchar(400) COLLATE utf8mb4_unicode_ci DEFAULT NULL,
  `extras` mediumtext COLLATE utf8mb4_unicode_ci,
  `created_at` timestamp NULL DEFAULT NULL,
  `updated_at` timestamp NULL DEFAULT NULL,
  PRIMARY KEY (`id`),
  KEY `ec_product_files_product_id_index` (`product_id`)
) ENGINE=InnoDB AUTO_INCREMENT=56 DEFAULT CHARSET=utf8mb4 COLLATE=utf8mb4_unicode_ci;

--
-- Dumping data for table `ec_product_files`
--

INSERT INTO `ec_product_files` VALUES (1,4,'ecommerce/digital-product-files/product-details-desc-1.jpg','{\"filename\":\"product-details-desc-1.jpg\",\"url\":\"ecommerce\\/digital-product-files\\/product-details-desc-1.jpg\",\"mime_type\":\"image\\/jpeg\",\"size\":9803,\"modified\":\"2025-07-28 10:48:46\",\"name\":\"product-details-desc-1\",\"extension\":\"jpg\"}','2025-07-28 03:48:46','2025-07-28 03:48:46'),(2,4,'ecommerce/digital-product-files/product-6.jpg','{\"filename\":\"product-6.jpg\",\"url\":\"ecommerce\\/digital-product-files\\/product-6.jpg\",\"mime_type\":\"image\\/jpeg\",\"size\":9803,\"modified\":\"2025-07-28 10:48:46\",\"name\":\"product-6\",\"extension\":\"jpg\"}','2025-07-28 03:48:46','2025-07-28 03:48:46'),(3,8,'ecommerce/digital-product-files/product-5.jpg','{\"filename\":\"product-5.jpg\",\"url\":\"ecommerce\\/digital-product-files\\/product-5.jpg\",\"mime_type\":\"image\\/jpeg\",\"size\":9803,\"modified\":\"2025-07-28 10:48:46\",\"name\":\"product-5\",\"extension\":\"jpg\"}','2025-07-28 03:48:46','2025-07-28 03:48:46'),(4,8,'ecommerce/digital-product-files/product-3.jpg','{\"filename\":\"product-3.jpg\",\"url\":\"ecommerce\\/digital-product-files\\/product-3.jpg\",\"mime_type\":\"image\\/jpeg\",\"size\":9803,\"modified\":\"2025-07-28 10:48:46\",\"name\":\"product-3\",\"extension\":\"jpg\"}','2025-07-28 03:48:46','2025-07-28 03:48:46'),(5,12,'ecommerce/digital-product-files/product-13.jpg','{\"filename\":\"product-13.jpg\",\"url\":\"ecommerce\\/digital-product-files\\/product-13.jpg\",\"mime_type\":\"image\\/jpeg\",\"size\":9803,\"modified\":\"2025-07-28 10:48:46\",\"name\":\"product-13\",\"extension\":\"jpg\"}','2025-07-28 03:48:46','2025-07-28 03:48:46'),(6,12,'ecommerce/digital-product-files/product-details-desc-3.jpg','{\"filename\":\"product-details-desc-3.jpg\",\"url\":\"ecommerce\\/digital-product-files\\/product-details-desc-3.jpg\",\"mime_type\":\"image\\/jpeg\",\"size\":9803,\"modified\":\"2025-07-28 10:48:46\",\"name\":\"product-details-desc-3\",\"extension\":\"jpg\"}','2025-07-28 03:48:46','2025-07-28 03:48:46'),(7,16,'ecommerce/digital-product-files/product-20.jpg','{\"filename\":\"product-20.jpg\",\"url\":\"ecommerce\\/digital-product-files\\/product-20.jpg\",\"mime_type\":\"image\\/jpeg\",\"size\":9803,\"modified\":\"2025-07-28 10:48:46\",\"name\":\"product-20\",\"extension\":\"jpg\"}','2025-07-28 03:48:46','2025-07-28 03:48:46'),(8,16,'ecommerce/digital-product-files/product-3.jpg','{\"filename\":\"product-3.jpg\",\"url\":\"ecommerce\\/digital-product-files\\/product-3.jpg\",\"mime_type\":\"image\\/jpeg\",\"size\":9803,\"modified\":\"2025-07-28 10:48:46\",\"name\":\"product-3\",\"extension\":\"jpg\"}','2025-07-28 03:48:46','2025-07-28 03:48:46'),(9,20,'ecommerce/digital-product-files/product-14.jpg','{\"filename\":\"product-14.jpg\",\"url\":\"ecommerce\\/digital-product-files\\/product-14.jpg\",\"mime_type\":\"image\\/jpeg\",\"size\":9803,\"modified\":\"2025-07-28 10:48:46\",\"name\":\"product-14\",\"extension\":\"jpg\"}','2025-07-28 03:48:46','2025-07-28 03:48:46'),(10,20,'ecommerce/digital-product-files/product-19.jpg','{\"filename\":\"product-19.jpg\",\"url\":\"ecommerce\\/digital-product-files\\/product-19.jpg\",\"mime_type\":\"image\\/jpeg\",\"size\":9803,\"modified\":\"2025-07-28 10:48:46\",\"name\":\"product-19\",\"extension\":\"jpg\"}','2025-07-28 03:48:46','2025-07-28 03:48:46'),(11,24,'ecommerce/digital-product-files/product-14.jpg','{\"filename\":\"product-14.jpg\",\"url\":\"ecommerce\\/digital-product-files\\/product-14.jpg\",\"mime_type\":\"image\\/jpeg\",\"size\":9803,\"modified\":\"2025-07-28 10:48:46\",\"name\":\"product-14\",\"extension\":\"jpg\"}','2025-07-28 03:48:46','2025-07-28 03:48:46'),(12,24,'ecommerce/digital-product-files/product-1.jpg','{\"filename\":\"product-1.jpg\",\"url\":\"ecommerce\\/digital-product-files\\/product-1.jpg\",\"mime_type\":\"image\\/jpeg\",\"size\":9803,\"modified\":\"2025-07-28 10:48:46\",\"name\":\"product-1\",\"extension\":\"jpg\"}','2025-07-28 03:48:46','2025-07-28 03:48:46'),(13,28,'ecommerce/digital-product-files/product-16.jpg','{\"filename\":\"product-16.jpg\",\"url\":\"ecommerce\\/digital-product-files\\/product-16.jpg\",\"mime_type\":\"image\\/jpeg\",\"size\":9803,\"modified\":\"2025-07-28 10:48:46\",\"name\":\"product-16\",\"extension\":\"jpg\"}','2025-07-28 03:48:46','2025-07-28 03:48:46'),(14,28,'ecommerce/digital-product-files/product-7.jpg','{\"filename\":\"product-7.jpg\",\"url\":\"ecommerce\\/digital-product-files\\/product-7.jpg\",\"mime_type\":\"image\\/jpeg\",\"size\":9803,\"modified\":\"2025-07-28 10:48:46\",\"name\":\"product-7\",\"extension\":\"jpg\"}','2025-07-28 03:48:46','2025-07-28 03:48:46'),(15,32,'ecommerce/digital-product-files/product-9.jpg','{\"filename\":\"product-9.jpg\",\"url\":\"ecommerce\\/digital-product-files\\/product-9.jpg\",\"mime_type\":\"image\\/jpeg\",\"size\":9803,\"modified\":\"2025-07-28 10:48:46\",\"name\":\"product-9\",\"extension\":\"jpg\"}','2025-07-28 03:48:46','2025-07-28 03:48:46'),(16,32,'ecommerce/digital-product-files/product-15.jpg','{\"filename\":\"product-15.jpg\",\"url\":\"ecommerce\\/digital-product-files\\/product-15.jpg\",\"mime_type\":\"image\\/jpeg\",\"size\":9803,\"modified\":\"2025-07-28 10:48:46\",\"name\":\"product-15\",\"extension\":\"jpg\"}','2025-07-28 03:48:46','2025-07-28 03:48:46'),(17,36,'ecommerce/digital-product-files/product-14.jpg','{\"filename\":\"product-14.jpg\",\"url\":\"ecommerce\\/digital-product-files\\/product-14.jpg\",\"mime_type\":\"image\\/jpeg\",\"size\":9803,\"modified\":\"2025-07-28 10:48:46\",\"name\":\"product-14\",\"extension\":\"jpg\"}','2025-07-28 03:48:46','2025-07-28 03:48:46'),(18,36,'ecommerce/digital-product-files/product-3.jpg','{\"filename\":\"product-3.jpg\",\"url\":\"ecommerce\\/digital-product-files\\/product-3.jpg\",\"mime_type\":\"image\\/jpeg\",\"size\":9803,\"modified\":\"2025-07-28 10:48:46\",\"name\":\"product-3\",\"extension\":\"jpg\"}','2025-07-28 03:48:46','2025-07-28 03:48:46'),(19,40,'ecommerce/digital-product-files/product-16.jpg','{\"filename\":\"product-16.jpg\",\"url\":\"ecommerce\\/digital-product-files\\/product-16.jpg\",\"mime_type\":\"image\\/jpeg\",\"size\":9803,\"modified\":\"2025-07-28 10:48:46\",\"name\":\"product-16\",\"extension\":\"jpg\"}','2025-07-28 03:48:46','2025-07-28 03:48:46'),(20,40,'ecommerce/digital-product-files/product-1.jpg','{\"filename\":\"product-1.jpg\",\"url\":\"ecommerce\\/digital-product-files\\/product-1.jpg\",\"mime_type\":\"image\\/jpeg\",\"size\":9803,\"modified\":\"2025-07-28 10:48:46\",\"name\":\"product-1\",\"extension\":\"jpg\"}','2025-07-28 03:48:46','2025-07-28 03:48:46'),(21,44,'ecommerce/digital-product-files/product-2.jpg','{\"filename\":\"product-2.jpg\",\"url\":\"ecommerce\\/digital-product-files\\/product-2.jpg\",\"mime_type\":\"image\\/jpeg\",\"size\":9803,\"modified\":\"2025-07-28 10:48:46\",\"name\":\"product-2\",\"extension\":\"jpg\"}','2025-07-28 03:48:46','2025-07-28 03:48:46'),(22,44,'ecommerce/digital-product-files/product-3.jpg','{\"filename\":\"product-3.jpg\",\"url\":\"ecommerce\\/digital-product-files\\/product-3.jpg\",\"mime_type\":\"image\\/jpeg\",\"size\":9803,\"modified\":\"2025-07-28 10:48:46\",\"name\":\"product-3\",\"extension\":\"jpg\"}','2025-07-28 03:48:46','2025-07-28 03:48:46'),(23,48,'ecommerce/digital-product-files/product-20.jpg','{\"filename\":\"product-20.jpg\",\"url\":\"ecommerce\\/digital-product-files\\/product-20.jpg\",\"mime_type\":\"image\\/jpeg\",\"size\":9803,\"modified\":\"2025-07-28 10:48:46\",\"name\":\"product-20\",\"extension\":\"jpg\"}','2025-07-28 03:48:46','2025-07-28 03:48:46'),(24,48,'ecommerce/digital-product-files/product-5.jpg','{\"filename\":\"product-5.jpg\",\"url\":\"ecommerce\\/digital-product-files\\/product-5.jpg\",\"mime_type\":\"image\\/jpeg\",\"size\":9803,\"modified\":\"2025-07-28 10:48:46\",\"name\":\"product-5\",\"extension\":\"jpg\"}','2025-07-28 03:48:46','2025-07-28 03:48:46'),(25,52,'ecommerce/digital-product-files/product-9.jpg','{\"filename\":\"product-9.jpg\",\"url\":\"ecommerce\\/digital-product-files\\/product-9.jpg\",\"mime_type\":\"image\\/jpeg\",\"size\":9803,\"modified\":\"2025-07-28 10:48:46\",\"name\":\"product-9\",\"extension\":\"jpg\"}','2025-07-28 03:48:46','2025-07-28 03:48:46'),(26,52,'ecommerce/digital-product-files/product-10.jpg','{\"filename\":\"product-10.jpg\",\"url\":\"ecommerce\\/digital-product-files\\/product-10.jpg\",\"mime_type\":\"image\\/jpeg\",\"size\":9803,\"modified\":\"2025-07-28 10:48:46\",\"name\":\"product-10\",\"extension\":\"jpg\"}','2025-07-28 03:48:46','2025-07-28 03:48:46'),(27,56,'ecommerce/digital-product-files/product-11.jpg','{\"filename\":\"product-11.jpg\",\"url\":\"ecommerce\\/digital-product-files\\/product-11.jpg\",\"mime_type\":\"image\\/jpeg\",\"size\":9803,\"modified\":\"2025-07-28 10:48:46\",\"name\":\"product-11\",\"extension\":\"jpg\"}','2025-07-28 03:48:46','2025-07-28 03:48:46'),(28,56,'ecommerce/digital-product-files/product-12.jpg','{\"filename\":\"product-12.jpg\",\"url\":\"ecommerce\\/digital-product-files\\/product-12.jpg\",\"mime_type\":\"image\\/jpeg\",\"size\":9803,\"modified\":\"2025-07-28 10:48:46\",\"name\":\"product-12\",\"extension\":\"jpg\"}','2025-07-28 03:48:46','2025-07-28 03:48:46'),(29,65,'ecommerce/digital-product-files/product-6.jpg','{\"filename\":\"product-6.jpg\",\"url\":\"ecommerce\\/digital-product-files\\/product-6.jpg\",\"mime_type\":\"image\\/jpeg\",\"size\":9803,\"modified\":\"2025-07-28 10:48:46\",\"name\":\"product-6\",\"extension\":\"jpg\"}','2025-07-28 03:48:46','2025-07-28 03:48:46'),(30,71,'ecommerce/digital-product-files/product-3.jpg','{\"filename\":\"product-3.jpg\",\"url\":\"ecommerce\\/digital-product-files\\/product-3.jpg\",\"mime_type\":\"image\\/jpeg\",\"size\":9803,\"modified\":\"2025-07-28 10:48:46\",\"name\":\"product-3\",\"extension\":\"jpg\"}','2025-07-28 03:48:46','2025-07-28 03:48:46'),(31,72,'ecommerce/digital-product-files/product-details-desc-3.jpg','{\"filename\":\"product-details-desc-3.jpg\",\"url\":\"ecommerce\\/digital-product-files\\/product-details-desc-3.jpg\",\"mime_type\":\"image\\/jpeg\",\"size\":9803,\"modified\":\"2025-07-28 10:48:46\",\"name\":\"product-details-desc-3\",\"extension\":\"jpg\"}','2025-07-28 03:48:46','2025-07-28 03:48:46'),(32,73,'ecommerce/digital-product-files/product-1.jpg','{\"filename\":\"product-1.jpg\",\"url\":\"ecommerce\\/digital-product-files\\/product-1.jpg\",\"mime_type\":\"image\\/jpeg\",\"size\":9803,\"modified\":\"2025-07-28 10:48:46\",\"name\":\"product-1\",\"extension\":\"jpg\"}','2025-07-28 03:48:46','2025-07-28 03:48:46'),(33,74,'ecommerce/digital-product-files/product-5.jpg','{\"filename\":\"product-5.jpg\",\"url\":\"ecommerce\\/digital-product-files\\/product-5.jpg\",\"mime_type\":\"image\\/jpeg\",\"size\":9803,\"modified\":\"2025-07-28 10:48:46\",\"name\":\"product-5\",\"extension\":\"jpg\"}','2025-07-28 03:48:46','2025-07-28 03:48:46'),(34,75,'ecommerce/digital-product-files/product-5.jpg','{\"filename\":\"product-5.jpg\",\"url\":\"ecommerce\\/digital-product-files\\/product-5.jpg\",\"mime_type\":\"image\\/jpeg\",\"size\":9803,\"modified\":\"2025-07-28 10:48:46\",\"name\":\"product-5\",\"extension\":\"jpg\"}','2025-07-28 03:48:46','2025-07-28 03:48:46'),(35,82,'ecommerce/digital-product-files/product-19.jpg','{\"filename\":\"product-19.jpg\",\"url\":\"ecommerce\\/digital-product-files\\/product-19.jpg\",\"mime_type\":\"image\\/jpeg\",\"size\":9803,\"modified\":\"2025-07-28 10:48:46\",\"name\":\"product-19\",\"extension\":\"jpg\"}','2025-07-28 03:48:46','2025-07-28 03:48:46'),(36,83,'ecommerce/digital-product-files/product-13.jpg','{\"filename\":\"product-13.jpg\",\"url\":\"ecommerce\\/digital-product-files\\/product-13.jpg\",\"mime_type\":\"image\\/jpeg\",\"size\":9803,\"modified\":\"2025-07-28 10:48:46\",\"name\":\"product-13\",\"extension\":\"jpg\"}','2025-07-28 03:48:46','2025-07-28 03:48:46'),(37,84,'ecommerce/digital-product-files/product-details-desc-1.jpg','{\"filename\":\"product-details-desc-1.jpg\",\"url\":\"ecommerce\\/digital-product-files\\/product-details-desc-1.jpg\",\"mime_type\":\"image\\/jpeg\",\"size\":9803,\"modified\":\"2025-07-28 10:48:46\",\"name\":\"product-details-desc-1\",\"extension\":\"jpg\"}','2025-07-28 03:48:46','2025-07-28 03:48:46'),(38,88,'ecommerce/digital-product-files/product-1.jpg','{\"filename\":\"product-1.jpg\",\"url\":\"ecommerce\\/digital-product-files\\/product-1.jpg\",\"mime_type\":\"image\\/jpeg\",\"size\":9803,\"modified\":\"2025-07-28 10:48:46\",\"name\":\"product-1\",\"extension\":\"jpg\"}','2025-07-28 03:48:46','2025-07-28 03:48:46'),(39,89,'ecommerce/digital-product-files/product-17.jpg','{\"filename\":\"product-17.jpg\",\"url\":\"ecommerce\\/digital-product-files\\/product-17.jpg\",\"mime_type\":\"image\\/jpeg\",\"size\":9803,\"modified\":\"2025-07-28 10:48:46\",\"name\":\"product-17\",\"extension\":\"jpg\"}','2025-07-28 03:48:46','2025-07-28 03:48:46'),(40,94,'ecommerce/digital-product-files/product-7.jpg','{\"filename\":\"product-7.jpg\",\"url\":\"ecommerce\\/digital-product-files\\/product-7.jpg\",\"mime_type\":\"image\\/jpeg\",\"size\":9803,\"modified\":\"2025-07-28 10:48:46\",\"name\":\"product-7\",\"extension\":\"jpg\"}','2025-07-28 03:48:46','2025-07-28 03:48:46'),(41,95,'ecommerce/digital-product-files/product-2.jpg','{\"filename\":\"product-2.jpg\",\"url\":\"ecommerce\\/digital-product-files\\/product-2.jpg\",\"mime_type\":\"image\\/jpeg\",\"size\":9803,\"modified\":\"2025-07-28 10:48:46\",\"name\":\"product-2\",\"extension\":\"jpg\"}','2025-07-28 03:48:46','2025-07-28 03:48:46'),(42,100,'ecommerce/digital-product-files/product-3.jpg','{\"filename\":\"product-3.jpg\",\"url\":\"ecommerce\\/digital-product-files\\/product-3.jpg\",\"mime_type\":\"image\\/jpeg\",\"size\":9803,\"modified\":\"2025-07-28 10:48:46\",\"name\":\"product-3\",\"extension\":\"jpg\"}','2025-07-28 03:48:46','2025-07-28 03:48:46'),(43,101,'ecommerce/digital-product-files/product-12.jpg','{\"filename\":\"product-12.jpg\",\"url\":\"ecommerce\\/digital-product-files\\/product-12.jpg\",\"mime_type\":\"image\\/jpeg\",\"size\":9803,\"modified\":\"2025-07-28 10:48:46\",\"name\":\"product-12\",\"extension\":\"jpg\"}','2025-07-28 03:48:46','2025-07-28 03:48:46'),(44,107,'ecommerce/digital-product-files/product-1.jpg','{\"filename\":\"product-1.jpg\",\"url\":\"ecommerce\\/digital-product-files\\/product-1.jpg\",\"mime_type\":\"image\\/jpeg\",\"size\":9803,\"modified\":\"2025-07-28 10:48:46\",\"name\":\"product-1\",\"extension\":\"jpg\"}','2025-07-28 03:48:46','2025-07-28 03:48:46'),(45,108,'ecommerce/digital-product-files/product-7.jpg','{\"filename\":\"product-7.jpg\",\"url\":\"ecommerce\\/digital-product-files\\/product-7.jpg\",\"mime_type\":\"image\\/jpeg\",\"size\":9803,\"modified\":\"2025-07-28 10:48:46\",\"name\":\"product-7\",\"extension\":\"jpg\"}','2025-07-28 03:48:46','2025-07-28 03:48:46'),(46,115,'ecommerce/digital-product-files/product-3.jpg','{\"filename\":\"product-3.jpg\",\"url\":\"ecommerce\\/digital-product-files\\/product-3.jpg\",\"mime_type\":\"image\\/jpeg\",\"size\":9803,\"modified\":\"2025-07-28 10:48:46\",\"name\":\"product-3\",\"extension\":\"jpg\"}','2025-07-28 03:48:46','2025-07-28 03:48:46'),(47,116,'ecommerce/digital-product-files/product-8.jpg','{\"filename\":\"product-8.jpg\",\"url\":\"ecommerce\\/digital-product-files\\/product-8.jpg\",\"mime_type\":\"image\\/jpeg\",\"size\":9803,\"modified\":\"2025-07-28 10:48:46\",\"name\":\"product-8\",\"extension\":\"jpg\"}','2025-07-28 03:48:46','2025-07-28 03:48:46'),(48,119,'ecommerce/digital-product-files/product-5.jpg','{\"filename\":\"product-5.jpg\",\"url\":\"ecommerce\\/digital-product-files\\/product-5.jpg\",\"mime_type\":\"image\\/jpeg\",\"size\":9803,\"modified\":\"2025-07-28 10:48:46\",\"name\":\"product-5\",\"extension\":\"jpg\"}','2025-07-28 03:48:46','2025-07-28 03:48:46'),(49,120,'ecommerce/digital-product-files/product-details-desc-1.jpg','{\"filename\":\"product-details-desc-1.jpg\",\"url\":\"ecommerce\\/digital-product-files\\/product-details-desc-1.jpg\",\"mime_type\":\"image\\/jpeg\",\"size\":9803,\"modified\":\"2025-07-28 10:48:46\",\"name\":\"product-details-desc-1\",\"extension\":\"jpg\"}','2025-07-28 03:48:46','2025-07-28 03:48:46'),(50,126,'ecommerce/digital-product-files/product-10.jpg','{\"filename\":\"product-10.jpg\",\"url\":\"ecommerce\\/digital-product-files\\/product-10.jpg\",\"mime_type\":\"image\\/jpeg\",\"size\":9803,\"modified\":\"2025-07-28 10:48:46\",\"name\":\"product-10\",\"extension\":\"jpg\"}','2025-07-28 03:48:46','2025-07-28 03:48:46'),(51,127,'ecommerce/digital-product-files/product-19.jpg','{\"filename\":\"product-19.jpg\",\"url\":\"ecommerce\\/digital-product-files\\/product-19.jpg\",\"mime_type\":\"image\\/jpeg\",\"size\":9803,\"modified\":\"2025-07-28 10:48:46\",\"name\":\"product-19\",\"extension\":\"jpg\"}','2025-07-28 03:48:46','2025-07-28 03:48:46'),(52,128,'ecommerce/digital-product-files/product-1.jpg','{\"filename\":\"product-1.jpg\",\"url\":\"ecommerce\\/digital-product-files\\/product-1.jpg\",\"mime_type\":\"image\\/jpeg\",\"size\":9803,\"modified\":\"2025-07-28 10:48:46\",\"name\":\"product-1\",\"extension\":\"jpg\"}','2025-07-28 03:48:46','2025-07-28 03:48:46'),(53,132,'ecommerce/digital-product-files/product-12.jpg','{\"filename\":\"product-12.jpg\",\"url\":\"ecommerce\\/digital-product-files\\/product-12.jpg\",\"mime_type\":\"image\\/jpeg\",\"size\":9803,\"modified\":\"2025-07-28 10:48:46\",\"name\":\"product-12\",\"extension\":\"jpg\"}','2025-07-28 03:48:46','2025-07-28 03:48:46'),(54,133,'ecommerce/digital-product-files/product-20.jpg','{\"filename\":\"product-20.jpg\",\"url\":\"ecommerce\\/digital-product-files\\/product-20.jpg\",\"mime_type\":\"image\\/jpeg\",\"size\":9803,\"modified\":\"2025-07-28 10:48:46\",\"name\":\"product-20\",\"extension\":\"jpg\"}','2025-07-28 03:48:46','2025-07-28 03:48:46'),(55,134,'ecommerce/digital-product-files/product-1.jpg','{\"filename\":\"product-1.jpg\",\"url\":\"ecommerce\\/digital-product-files\\/product-1.jpg\",\"mime_type\":\"image\\/jpeg\",\"size\":9803,\"modified\":\"2025-07-28 10:48:46\",\"name\":\"product-1\",\"extension\":\"jpg\"}','2025-07-28 03:48:46','2025-07-28 03:48:46');

--
-- Table structure for table `ec_product_label_products`
--

CREATE TABLE `ec_product_label_products` (
  `product_label_id` bigint unsigned NOT NULL,
  `product_id` bigint unsigned NOT NULL,
  PRIMARY KEY (`product_label_id`,`product_id`),
  KEY `ec_product_label_products_product_label_id_index` (`product_label_id`),
  KEY `ec_product_label_products_product_id_index` (`product_id`)
) ENGINE=InnoDB DEFAULT CHARSET=utf8mb4 COLLATE=utf8mb4_unicode_ci;

--
-- Dumping data for table `ec_product_label_products`
--

INSERT INTO `ec_product_label_products` VALUES (1,3),(1,9),(1,18),(1,27),(1,36),(1,39),(1,48),(1,57),(2,15),(2,24),(2,45),(2,51),(3,6),(3,12),(3,21),(3,30),(3,33),(3,42),(3,54);

--
-- Table structure for table `ec_product_labels`
--

CREATE TABLE `ec_product_labels` (
  `id` bigint unsigned NOT NULL AUTO_INCREMENT,
  `name` varchar(191) COLLATE utf8mb4_unicode_ci NOT NULL,
  `color` varchar(120) COLLATE utf8mb4_unicode_ci DEFAULT NULL,
  `status` varchar(60) COLLATE utf8mb4_unicode_ci NOT NULL DEFAULT 'published',
  `created_at` timestamp NULL DEFAULT NULL,
  `updated_at` timestamp NULL DEFAULT NULL,
  `text_color` varchar(120) COLLATE utf8mb4_unicode_ci DEFAULT NULL,
  PRIMARY KEY (`id`)
) ENGINE=InnoDB AUTO_INCREMENT=4 DEFAULT CHARSET=utf8mb4 COLLATE=utf8mb4_unicode_ci;

--
-- Dumping data for table `ec_product_labels`
--

INSERT INTO `ec_product_labels` VALUES (1,'Hot','#AC2200','published','2025-07-28 03:48:15','2025-07-28 03:48:15',NULL),(2,'New','#006554','published','2025-07-28 03:48:15','2025-07-28 03:48:15',NULL),(3,'Sale','#9A3B00','published','2025-07-28 03:48:15','2025-07-28 03:48:15',NULL);

--
-- Table structure for table `ec_product_labels_translations`
--

CREATE TABLE `ec_product_labels_translations` (
  `lang_code` varchar(191) COLLATE utf8mb4_unicode_ci NOT NULL,
  `ec_product_labels_id` bigint unsigned NOT NULL,
  `name` varchar(191) COLLATE utf8mb4_unicode_ci DEFAULT NULL,
  `description` varchar(400) COLLATE utf8mb4_unicode_ci DEFAULT NULL,
  PRIMARY KEY (`lang_code`,`ec_product_labels_id`)
) ENGINE=InnoDB DEFAULT CHARSET=utf8mb4 COLLATE=utf8mb4_unicode_ci;

--
-- Dumping data for table `ec_product_labels_translations`
--


--
-- Table structure for table `ec_product_license_codes`
--

CREATE TABLE `ec_product_license_codes` (
  `id` bigint unsigned NOT NULL AUTO_INCREMENT,
  `product_id` bigint unsigned NOT NULL,
  `license_code` text COLLATE utf8mb4_unicode_ci NOT NULL,
  `status` varchar(60) COLLATE utf8mb4_unicode_ci NOT NULL DEFAULT 'available',
  `assigned_order_product_id` bigint unsigned DEFAULT NULL,
  `assigned_at` timestamp NULL DEFAULT NULL,
  `created_at` timestamp NULL DEFAULT NULL,
  `updated_at` timestamp NULL DEFAULT NULL,
  PRIMARY KEY (`id`),
  KEY `ec_product_license_codes_product_id_status_index` (`product_id`,`status`)
) ENGINE=InnoDB DEFAULT CHARSET=utf8mb4 COLLATE=utf8mb4_unicode_ci;

--
-- Dumping data for table `ec_product_license_codes`
--


--
-- Table structure for table `ec_product_related_relations`
--

CREATE TABLE `ec_product_related_relations` (
  `from_product_id` bigint unsigned NOT NULL,
  `to_product_id` bigint unsigned NOT NULL,
  PRIMARY KEY (`from_product_id`,`to_product_id`),
  KEY `ec_product_related_relations_from_product_id_index` (`from_product_id`),
  KEY `ec_product_related_relations_to_product_id_index` (`to_product_id`)
) ENGINE=InnoDB DEFAULT CHARSET=utf8mb4 COLLATE=utf8mb4_unicode_ci;

--
-- Dumping data for table `ec_product_related_relations`
--


--
-- Table structure for table `ec_product_specification_attribute`
--

CREATE TABLE `ec_product_specification_attribute` (
  `product_id` bigint unsigned NOT NULL,
  `attribute_id` bigint unsigned NOT NULL,
  `value` text COLLATE utf8mb4_unicode_ci,
  `hidden` tinyint(1) NOT NULL DEFAULT '0',
  `order` tinyint NOT NULL DEFAULT '0',
  PRIMARY KEY (`product_id`,`attribute_id`)
) ENGINE=InnoDB DEFAULT CHARSET=utf8mb4 COLLATE=utf8mb4_unicode_ci;

--
-- Dumping data for table `ec_product_specification_attribute`
--

INSERT INTO `ec_product_specification_attribute` VALUES (1,1,'38.81 cm',0,0),(1,2,'75 cm',0,0),(1,3,'92.33 cm',0,0),(1,4,'5.61 cm',0,0),(1,5,'23.7 cm',0,0),(2,1,'57.93 cm',0,0),(2,2,'85.51 cm',0,0),(2,3,'43.75 cm',0,0),(2,4,'41.05 cm',0,0),(2,5,'98.53 cm',0,0),(3,1,'89.06 cm',0,0),(3,2,'38.64 cm',0,0),(3,3,'95.24 cm',0,0),(3,4,'70.3 cm',0,0),(3,5,'75.33 cm',0,0),(4,1,'90.56 cm',0,0),(4,2,'64.91 cm',0,0),(4,3,'76.81 cm',0,0),(4,4,'68.87 cm',0,0),(4,5,'23.31 cm',0,0),(5,1,'43.37 cm',0,0),(5,2,'91.7 cm',0,0),(5,3,'21.41 cm',0,0),(5,4,'87.98 cm',0,0),(5,5,'35.64 cm',0,0),(6,6,'11.01 cm',0,0),(6,7,'28.79 cm',0,0),(6,8,'2560x1440',0,0),(7,1,'25.07 cm',0,0),(7,2,'92.4 cm',0,0),(7,3,'22.03 cm',0,0),(7,4,'48.43 cm',0,0),(7,5,'90.94 cm',0,0),(8,1,'59.94 cm',0,0),(8,2,'29.9 cm',0,0),(8,3,'99.09 cm',0,0),(8,4,'99.95 cm',0,0),(8,5,'69.31 cm',0,0),(9,6,'58.17 cm',0,0),(9,7,'50.85 cm',0,0),(9,8,'3840x2160',0,0),(10,1,'2.69 cm',0,0),(10,2,'29.47 cm',0,0),(10,3,'25.01 cm',0,0),(10,4,'21.89 cm',0,0),(10,5,'6.75 cm',0,0),(11,6,'32.76 cm',0,0),(11,7,'6.28 cm',0,0),(11,8,'2560x1440',0,0),(12,1,'70.17 cm',0,0),(12,2,'46.34 cm',0,0),(12,3,'22.59 cm',0,0),(12,4,'10.39 cm',0,0),(12,5,'13.21 cm',0,0),(13,1,'12.98 cm',0,0),(13,2,'18.27 cm',0,0),(13,3,'87.94 cm',0,0),(13,4,'18.17 cm',0,0),(13,5,'53.76 cm',0,0),(14,6,'53.5 cm',0,0),(14,7,'99.74 cm',0,0),(14,8,'3840x2160',0,0),(15,6,'61.11 cm',0,0),(15,7,'82.48 cm',0,0),(15,8,'2560x1440',0,0),(16,6,'69.75 cm',0,0),(16,7,'75.69 cm',0,0),(16,8,'1920x1080',0,0),(17,6,'88.56 cm',0,0),(17,7,'81.13 cm',0,0),(17,8,'1920x1080',0,0),(18,6,'9.51 cm',0,0),(18,7,'1.44 cm',0,0),(18,8,'3840x2160',0,0),(19,6,'97.46 cm',0,0),(19,7,'60.35 cm',0,0),(19,8,'3840x2160',0,0),(20,6,'5.74 cm',0,0),(20,7,'85.23 cm',0,0),(20,8,'2560x1440',0,0),(21,1,'72.03 cm',0,0),(21,2,'60.87 cm',0,0),(21,3,'99.08 cm',0,0),(21,4,'30.42 cm',0,0),(21,5,'17.35 cm',0,0),(22,1,'11.46 cm',0,0),(22,2,'57.07 cm',0,0),(22,3,'98.58 cm',0,0),(22,4,'24.92 cm',0,0),(22,5,'32.52 cm',0,0),(23,6,'16.54 cm',0,0),(23,7,'57.94 cm',0,0),(23,8,'1920x1080',0,0),(24,6,'75.03 cm',0,0),(24,7,'60.36 cm',0,0),(24,8,'1920x1080',0,0),(25,6,'13.11 cm',0,0),(25,7,'75.53 cm',0,0),(25,8,'3840x2160',0,0),(26,1,'28.37 cm',0,0),(26,2,'41.14 cm',0,0),(26,3,'49.85 cm',0,0),(26,4,'62.3 cm',0,0),(26,5,'39.49 cm',0,0),(27,6,'68.2 cm',0,0),(27,7,'37.42 cm',0,0),(27,8,'2560x1440',0,0),(28,1,'90.83 cm',0,0),(28,2,'15 cm',0,0),(28,3,'56.18 cm',0,0),(28,4,'74.93 cm',0,0),(28,5,'43.99 cm',0,0),(29,6,'36.18 cm',0,0),(29,7,'72.01 cm',0,0),(29,8,'2560x1440',0,0),(30,6,'98.2 cm',0,0),(30,7,'71.1 cm',0,0),(30,8,'1920x1080',0,0),(31,6,'32.59 cm',0,0),(31,7,'37.22 cm',0,0),(31,8,'2560x1440',0,0),(32,1,'71.09 cm',0,0),(32,2,'53.99 cm',0,0),(32,3,'56.6 cm',0,0),(32,4,'44.57 cm',0,0),(32,5,'46.19 cm',0,0),(33,1,'22.65 cm',0,0),(33,2,'25.79 cm',0,0),(33,3,'37.02 cm',0,0),(33,4,'51.58 cm',0,0),(33,5,'61.42 cm',0,0),(34,6,'95.31 cm',0,0),(34,7,'88 cm',0,0),(34,8,'3840x2160',0,0),(35,1,'25.26 cm',0,0),(35,2,'89.07 cm',0,0),(35,3,'67.01 cm',0,0),(35,4,'37.53 cm',0,0),(35,5,'15.51 cm',0,0),(36,1,'46.98 cm',0,0),(36,2,'72.8 cm',0,0),(36,3,'51.36 cm',0,0),(36,4,'40.13 cm',0,0),(36,5,'30.82 cm',0,0),(37,1,'15.23 cm',0,0),(37,2,'63.92 cm',0,0),(37,3,'66.79 cm',0,0),(37,4,'39.53 cm',0,0),(37,5,'90.04 cm',0,0),(38,1,'1.89 cm',0,0),(38,2,'6.41 cm',0,0),(38,3,'33.26 cm',0,0),(38,4,'29.06 cm',0,0),(38,5,'65.16 cm',0,0),(39,1,'49.13 cm',0,0),(39,2,'73.93 cm',0,0),(39,3,'25.66 cm',0,0),(39,4,'74.84 cm',0,0),(39,5,'72.09 cm',0,0),(40,1,'19.28 cm',0,0),(40,2,'25.64 cm',0,0),(40,3,'6.68 cm',0,0),(40,4,'56.73 cm',0,0),(40,5,'41.65 cm',0,0),(41,6,'68.14 cm',0,0),(41,7,'62.95 cm',0,0),(41,8,'3840x2160',0,0),(42,1,'97.63 cm',0,0),(42,2,'44.95 cm',0,0),(42,3,'89.39 cm',0,0),(42,4,'59.87 cm',0,0),(42,5,'37.94 cm',0,0),(43,6,'77.5 cm',0,0),(43,7,'98.81 cm',0,0),(43,8,'1920x1080',0,0),(44,6,'34.37 cm',0,0),(44,7,'56.01 cm',0,0),(44,8,'3840x2160',0,0),(45,1,'46.88 cm',0,0),(45,2,'21.37 cm',0,0),(45,3,'77.73 cm',0,0),(45,4,'56.87 cm',0,0),(45,5,'44.98 cm',0,0),(46,1,'96.6 cm',0,0),(46,2,'17.34 cm',0,0),(46,3,'40 cm',0,0),(46,4,'35.33 cm',0,0),(46,5,'81.33 cm',0,0),(47,1,'54.45 cm',0,0),(47,2,'81.13 cm',0,0),(47,3,'6.03 cm',0,0),(47,4,'19.31 cm',0,0),(47,5,'80.43 cm',0,0),(48,1,'16.29 cm',0,0),(48,2,'88.27 cm',0,0),(48,3,'70.3 cm',0,0),(48,4,'10.77 cm',0,0),(48,5,'51.57 cm',0,0),(49,1,'23.51 cm',0,0),(49,2,'48.38 cm',0,0),(49,3,'93.84 cm',0,0),(49,4,'34.77 cm',0,0),(49,5,'8.51 cm',0,0),(50,6,'97.8 cm',0,0),(50,7,'30.71 cm',0,0),(50,8,'1920x1080',0,0),(51,1,'36.41 cm',0,0),(51,2,'72.45 cm',0,0),(51,3,'14.18 cm',0,0),(51,4,'53.3 cm',0,0),(51,5,'94.18 cm',0,0),(52,1,'72.44 cm',0,0),(52,2,'62.56 cm',0,0),(52,3,'91.65 cm',0,0),(52,4,'71.91 cm',0,0),(52,5,'75.39 cm',0,0),(53,6,'61.77 cm',0,0),(53,7,'88.29 cm',0,0),(53,8,'1920x1080',0,0),(54,6,'3.81 cm',0,0),(54,7,'31.64 cm',0,0),(54,8,'1920x1080',0,0),(55,6,'64.54 cm',0,0),(55,7,'1.41 cm',0,0),(55,8,'1920x1080',0,0),(56,6,'7.71 cm',0,0),(56,7,'45.84 cm',0,0),(56,8,'1920x1080',0,0),(57,6,'69.24 cm',0,0),(57,7,'62.51 cm',0,0),(57,8,'1920x1080',0,0);

--
-- Table structure for table `ec_product_tag_product`
--

CREATE TABLE `ec_product_tag_product` (
  `product_id` bigint unsigned NOT NULL,
  `tag_id` bigint unsigned NOT NULL,
  PRIMARY KEY (`product_id`,`tag_id`),
  KEY `ec_product_tag_product_product_id_index` (`product_id`),
  KEY `ec_product_tag_product_tag_id_index` (`tag_id`)
) ENGINE=InnoDB DEFAULT CHARSET=utf8mb4 COLLATE=utf8mb4_unicode_ci;

--
-- Dumping data for table `ec_product_tag_product`
--

INSERT INTO `ec_product_tag_product` VALUES (1,2),(1,4),(1,5),(2,1),(2,2),(2,6),(3,1),(3,2),(3,4),(4,1),(4,4),(4,6),(5,1),(5,2),(5,4),(6,1),(6,3),(6,4),(7,1),(7,2),(7,5),(8,2),(8,4),(8,6),(9,1),(9,2),(9,4),(10,1),(10,2),(10,4),(11,1),(11,5),(11,6),(12,2),(12,3),(12,4),(13,1),(13,3),(13,6),(14,2),(14,4),(14,6),(15,1),(15,2),(15,5),(16,1),(16,2),(16,4),(17,1),(17,2),(17,6),(18,3),(18,5),(18,6),(19,4),(19,5),(19,6),(20,1),(20,2),(20,3),(21,1),(21,2),(21,3),(22,2),(22,4),(22,5),(23,3),(23,4),(23,5),(24,4),(24,5),(24,6),(25,1),(25,5),(25,6),(26,1),(26,3),(26,4),(27,1),(27,3),(27,6),(28,3),(28,4),(28,6),(29,3),(29,4),(29,6),(30,1),(30,4),(30,6),(31,1),(31,4),(31,6),(32,2),(32,3),(32,5),(33,1),(33,4),(33,6),(34,2),(34,4),(34,6),(35,2),(35,5),(35,6),(36,2),(36,3),(36,4),(37,2),(37,3),(37,5),(38,2),(38,3),(38,5),(39,2),(39,3),(39,5),(40,2),(40,3),(40,6),(41,1),(41,4),(41,5),(42,1),(42,2),(42,6),(43,1),(43,2),(43,5),(44,2),(44,5),(44,6),(45,2),(45,4),(45,6),(46,3),(46,4),(46,5),(47,2),(47,3),(47,6),(48,3),(48,4),(48,5),(49,1),(49,2),(49,6),(50,2),(50,5),(50,6),(51,1),(51,2),(51,5),(52,4),(52,5),(52,6),(53,1),(53,3),(53,5),(54,4),(54,5),(54,6),(55,1),(55,2),(55,3),(56,1),(56,2),(56,6),(57,2),(57,3),(57,6);

--
-- Table structure for table `ec_product_tags`
--

CREATE TABLE `ec_product_tags` (
  `id` bigint unsigned NOT NULL AUTO_INCREMENT,
  `name` varchar(120) COLLATE utf8mb4_unicode_ci NOT NULL,
  `description` varchar(400) COLLATE utf8mb4_unicode_ci DEFAULT NULL,
  `status` varchar(60) COLLATE utf8mb4_unicode_ci NOT NULL DEFAULT 'published',
  `created_at` timestamp NULL DEFAULT NULL,
  `updated_at` timestamp NULL DEFAULT NULL,
  PRIMARY KEY (`id`)
) ENGINE=InnoDB AUTO_INCREMENT=7 DEFAULT CHARSET=utf8mb4 COLLATE=utf8mb4_unicode_ci;

--
-- Dumping data for table `ec_product_tags`
--

INSERT INTO `ec_product_tags` VALUES (1,'Electronic',NULL,'published','2025-07-28 03:48:21','2025-07-28 03:48:21'),(2,'Mobile',NULL,'published','2025-07-28 03:48:21','2025-07-28 03:48:21'),(3,'Iphone',NULL,'published','2025-07-28 03:48:21','2025-07-28 03:48:21'),(4,'Printer',NULL,'published','2025-07-28 03:48:21','2025-07-28 03:48:21'),(5,'Office',NULL,'published','2025-07-28 03:48:21','2025-07-28 03:48:21'),(6,'IT',NULL,'published','2025-07-28 03:48:21','2025-07-28 03:48:21');

--
-- Table structure for table `ec_product_tags_translations`
--

CREATE TABLE `ec_product_tags_translations` (
  `lang_code` varchar(191) COLLATE utf8mb4_unicode_ci NOT NULL,
  `ec_product_tags_id` bigint unsigned NOT NULL,
  `name` varchar(191) COLLATE utf8mb4_unicode_ci DEFAULT NULL,
  PRIMARY KEY (`lang_code`,`ec_product_tags_id`)
) ENGINE=InnoDB DEFAULT CHARSET=utf8mb4 COLLATE=utf8mb4_unicode_ci;

--
-- Dumping data for table `ec_product_tags_translations`
--


--
-- Table structure for table `ec_product_up_sale_relations`
--

CREATE TABLE `ec_product_up_sale_relations` (
  `from_product_id` bigint unsigned NOT NULL,
  `to_product_id` bigint unsigned NOT NULL,
  PRIMARY KEY (`from_product_id`,`to_product_id`),
  KEY `ec_product_up_sale_relations_from_product_id_index` (`from_product_id`),
  KEY `ec_product_up_sale_relations_to_product_id_index` (`to_product_id`)
) ENGINE=InnoDB DEFAULT CHARSET=utf8mb4 COLLATE=utf8mb4_unicode_ci;

--
-- Dumping data for table `ec_product_up_sale_relations`
--


--
-- Table structure for table `ec_product_variation_items`
--

CREATE TABLE `ec_product_variation_items` (
  `id` bigint unsigned NOT NULL AUTO_INCREMENT,
  `attribute_id` bigint unsigned NOT NULL,
  `variation_id` bigint unsigned NOT NULL,
  PRIMARY KEY (`id`),
  UNIQUE KEY `ec_product_variation_items_attribute_id_variation_id_unique` (`attribute_id`,`variation_id`),
  KEY `attribute_variation_index` (`attribute_id`,`variation_id`)
) ENGINE=InnoDB AUTO_INCREMENT=155 DEFAULT CHARSET=utf8mb4 COLLATE=utf8mb4_unicode_ci;

--
-- Dumping data for table `ec_product_variation_items`
--

INSERT INTO `ec_product_variation_items` VALUES (9,1,5),(23,1,12),(5,2,3),(13,2,7),(15,2,8),(35,2,18),(49,2,25),(71,2,36),(3,3,2),(7,3,4),(43,3,22),(47,3,24),(57,3,29),(63,3,32),(1,4,1),(17,4,9),(25,4,13),(31,4,16),(33,4,17),(39,4,20),(41,4,21),(53,4,27),(59,4,30),(61,4,31),(69,4,35),(11,5,6),(19,5,10),(21,5,11),(27,5,14),(29,5,15),(37,5,19),(45,5,23),(51,5,26),(55,5,28),(65,5,33),(67,5,34),(22,6,11),(24,6,12),(30,6,15),(60,6,30),(64,6,32),(68,6,34),(70,6,35),(10,7,5),(16,7,8),(28,7,14),(38,7,19),(48,7,24),(2,8,1),(4,8,2),(26,8,13),(34,8,17),(40,8,20),(62,8,31),(8,9,4),(20,9,10),(32,9,16),(36,9,18),(42,9,21),(52,9,26),(58,9,29),(72,9,36),(6,10,3),(12,10,6),(14,10,7),(18,10,9),(44,10,22),(46,10,23),(50,10,25),(54,10,27),(56,10,28),(66,10,33),(79,11,40),(85,11,43),(91,11,46),(99,11,50),(101,11,51),(107,11,54),(123,11,62),(125,11,63),(127,11,64),(131,11,66),(141,11,71),(143,11,72),(147,11,74),(151,11,76),(153,11,77),(87,12,44),(95,12,48),(109,12,55),(117,12,59),(135,12,68),(89,13,45),(93,13,47),(97,13,49),(113,13,57),(129,13,65),(133,13,67),(137,13,69),(139,13,70),(73,14,37),(77,14,39),(103,14,52),(115,14,58),(119,14,60),(121,14,61),(145,14,73),(75,15,38),(81,15,41),(83,15,42),(105,15,53),(111,15,56),(149,15,75),(84,16,42),(90,16,45),(92,16,46),(94,16,47),(98,16,49),(112,16,56),(120,16,60),(124,16,62),(138,16,69),(152,16,76),(96,17,48),(102,17,51),(110,17,55),(118,17,59),(122,17,61),(128,17,64),(76,18,38),(100,18,50),(114,18,57),(130,18,65),(136,18,68),(144,18,72),(80,19,40),(126,19,63),(140,19,70),(146,19,73),(148,19,74),(74,20,37),(78,20,39),(82,20,41),(86,20,43),(88,20,44),(104,20,52),(106,20,53),(108,20,54),(116,20,58),(132,20,66),(134,20,67),(142,20,71),(150,20,75),(154,20,77);

--
-- Table structure for table `ec_product_variations`
--

CREATE TABLE `ec_product_variations` (
  `id` bigint unsigned NOT NULL AUTO_INCREMENT,
  `product_id` bigint unsigned DEFAULT NULL,
  `configurable_product_id` bigint unsigned NOT NULL,
  `is_default` tinyint NOT NULL DEFAULT '0',
  PRIMARY KEY (`id`),
  UNIQUE KEY `ec_product_variations_product_id_configurable_product_id_unique` (`product_id`,`configurable_product_id`),
  KEY `configurable_product_index` (`product_id`,`configurable_product_id`)
) ENGINE=InnoDB AUTO_INCREMENT=78 DEFAULT CHARSET=utf8mb4 COLLATE=utf8mb4_unicode_ci;

--
-- Dumping data for table `ec_product_variations`
--

INSERT INTO `ec_product_variations` VALUES (1,58,2,1),(2,59,2,0),(3,60,2,0),(4,61,3,1),(5,62,3,0),(6,63,3,0),(7,64,3,0),(8,65,4,1),(9,66,5,1),(10,67,5,0),(11,68,6,1),(12,69,6,0),(13,70,6,0),(14,71,8,1),(15,72,8,0),(16,73,8,0),(17,74,8,0),(18,75,8,0),(19,76,9,1),(20,77,9,0),(21,78,10,1),(22,79,10,0),(23,80,10,0),(24,81,17,1),(25,82,20,1),(26,83,20,0),(27,84,20,0),(28,85,22,1),(29,86,22,0),(30,87,22,0),(31,88,24,1),(32,89,24,0),(33,90,26,1),(34,91,27,1),(35,92,27,0),(36,93,27,0),(37,94,28,1),(38,95,28,0),(39,96,31,1),(40,97,31,0),(41,98,34,1),(42,99,35,1),(43,100,36,1),(44,101,36,0),(45,102,37,1),(46,103,37,0),(47,104,37,0),(48,105,37,0),(49,106,37,0),(50,107,40,1),(51,108,40,0),(52,109,42,1),(53,110,42,0),(54,111,42,0),(55,112,43,1),(56,113,43,0),(57,114,43,0),(58,115,44,1),(59,116,44,0),(60,117,46,1),(61,118,46,0),(62,119,48,1),(63,120,48,0),(64,121,49,1),(65,122,49,0),(66,123,49,0),(67,124,49,0),(68,125,51,1),(69,126,52,1),(70,127,52,0),(71,128,52,0),(72,129,54,1),(73,130,54,0),(74,131,54,0),(75,132,56,1),(76,133,56,0),(77,134,56,0);

--
-- Table structure for table `ec_product_views`
--

CREATE TABLE `ec_product_views` (
  `id` bigint unsigned NOT NULL AUTO_INCREMENT,
  `product_id` bigint unsigned NOT NULL,
  `views` int NOT NULL DEFAULT '1',
  `date` date NOT NULL DEFAULT '2025-07-28',
  PRIMARY KEY (`id`),
  UNIQUE KEY `ec_product_views_product_id_date_unique` (`product_id`,`date`),
  KEY `ec_product_views_product_id_index` (`product_id`)
) ENGINE=InnoDB DEFAULT CHARSET=utf8mb4 COLLATE=utf8mb4_unicode_ci;

--
-- Dumping data for table `ec_product_views`
--


--
-- Table structure for table `ec_product_with_attribute_set`
--

CREATE TABLE `ec_product_with_attribute_set` (
  `attribute_set_id` bigint unsigned NOT NULL,
  `product_id` bigint unsigned NOT NULL,
  `order` tinyint unsigned NOT NULL DEFAULT '0',
  PRIMARY KEY (`product_id`,`attribute_set_id`)
) ENGINE=InnoDB DEFAULT CHARSET=utf8mb4 COLLATE=utf8mb4_unicode_ci;

--
-- Dumping data for table `ec_product_with_attribute_set`
--

INSERT INTO `ec_product_with_attribute_set` VALUES (1,2,0),(2,2,0),(1,3,0),(2,3,0),(1,4,0),(2,4,0),(1,5,0),(2,5,0),(1,6,0),(2,6,0),(1,8,0),(2,8,0),(1,9,0),(2,9,0),(1,10,0),(2,10,0),(1,17,0),(2,17,0),(1,20,0),(2,20,0),(1,22,0),(2,22,0),(1,24,0),(2,24,0),(1,26,0),(2,26,0),(1,27,0),(2,27,0),(3,28,0),(4,28,0),(3,31,0),(4,31,0),(3,34,0),(4,34,0),(3,35,0),(4,35,0),(3,36,0),(4,36,0),(3,37,0),(4,37,0),(3,40,0),(4,40,0),(3,42,0),(4,42,0),(3,43,0),(4,43,0),(3,44,0),(4,44,0),(3,46,0),(4,46,0),(3,48,0),(4,48,0),(3,49,0),(4,49,0),(3,51,0),(4,51,0),(3,52,0),(4,52,0),(3,54,0),(4,54,0),(3,56,0),(4,56,0);

--
-- Table structure for table `ec_products`
--

CREATE TABLE `ec_products` (
  `id` bigint unsigned NOT NULL AUTO_INCREMENT,
  `name` varchar(191) COLLATE utf8mb4_unicode_ci NOT NULL,
  `description` text COLLATE utf8mb4_unicode_ci,
  `content` longtext COLLATE utf8mb4_unicode_ci,
  `status` varchar(60) COLLATE utf8mb4_unicode_ci NOT NULL DEFAULT 'published',
  `images` text COLLATE utf8mb4_unicode_ci,
  `video_media` text COLLATE utf8mb4_unicode_ci,
  `sku` varchar(191) COLLATE utf8mb4_unicode_ci DEFAULT NULL,
  `order` int unsigned NOT NULL DEFAULT '0',
  `quantity` int unsigned DEFAULT NULL,
  `allow_checkout_when_out_of_stock` tinyint unsigned NOT NULL DEFAULT '0',
  `with_storehouse_management` tinyint unsigned NOT NULL DEFAULT '0',
  `stock_status` varchar(191) COLLATE utf8mb4_unicode_ci DEFAULT 'in_stock',
  `is_featured` tinyint unsigned NOT NULL DEFAULT '0',
  `brand_id` bigint unsigned DEFAULT NULL,
  `is_variation` tinyint NOT NULL DEFAULT '0',
  `sale_type` tinyint NOT NULL DEFAULT '0',
  `price` double unsigned DEFAULT NULL,
  `sale_price` double unsigned DEFAULT NULL,
  `start_date` timestamp NULL DEFAULT NULL,
  `end_date` timestamp NULL DEFAULT NULL,
  `length` double DEFAULT NULL,
  `wide` double DEFAULT NULL,
  `height` double DEFAULT NULL,
  `weight` double DEFAULT NULL,
  `tax_id` bigint unsigned DEFAULT NULL,
  `views` bigint NOT NULL DEFAULT '0',
  `created_at` timestamp NULL DEFAULT NULL,
  `updated_at` timestamp NULL DEFAULT NULL,
  `created_by_id` bigint unsigned DEFAULT '0',
  `created_by_type` varchar(191) COLLATE utf8mb4_unicode_ci NOT NULL DEFAULT 'Botble\\ACL\\Models\\User',
  `image` varchar(191) COLLATE utf8mb4_unicode_ci DEFAULT NULL,
  `product_type` varchar(60) COLLATE utf8mb4_unicode_ci DEFAULT 'physical',
  `barcode` varchar(150) COLLATE utf8mb4_unicode_ci DEFAULT NULL,
  `cost_per_item` double DEFAULT NULL,
  `generate_license_code` tinyint(1) NOT NULL DEFAULT '0',
  `license_code_type` enum('auto_generate','pick_from_list') COLLATE utf8mb4_unicode_ci NOT NULL DEFAULT 'auto_generate',
  `minimum_order_quantity` int unsigned DEFAULT '0',
  `maximum_order_quantity` int unsigned DEFAULT '0',
  `notify_attachment_updated` tinyint(1) NOT NULL DEFAULT '0',
  `specification_table_id` bigint unsigned DEFAULT NULL,
  `store_id` bigint unsigned DEFAULT NULL,
  `approved_by` bigint unsigned DEFAULT '0',
  PRIMARY KEY (`id`),
  KEY `ec_products_brand_id_status_is_variation_created_at_index` (`brand_id`,`status`,`is_variation`,`created_at`),
  KEY `sale_type_index` (`sale_type`),
  KEY `start_date_index` (`start_date`),
  KEY `end_date_index` (`end_date`),
  KEY `sale_price_index` (`sale_price`),
  KEY `is_variation_index` (`is_variation`),
  KEY `ec_products_sku_index` (`sku`)
) ENGINE=InnoDB AUTO_INCREMENT=135 DEFAULT CHARSET=utf8mb4 COLLATE=utf8mb4_unicode_ci;

--
-- Dumping data for table `ec_products`
--

INSERT INTO `ec_products` VALUES (1,'EcoTech Marine Radion XR30w G5 Pro LED Light Fixture','The headset also offers MS Teams Certifications and other features like Busylight, Calls controls, Voice guiding, and Wireless range (ft): Up to 100 feet. Best-in-class. Boom The most recent Jabra Evolve2 75 USB-A MS Teams Stereo Headset offers professional-grade call performance that leads the industry, yet Evolve2 75 wins best-in-class.','<div class=\"row justify-content-center\">\n    <div class=\"col-xl-10\">\n        <div class=\"tp-product-details-desc-item pb-105\">\n            <div class=\"row\">\n                <div class=\"col-lg-6\">\n                    <div class=\"pt-25\">\n                        <span>Galaxy A8 tablet</span>\n                        <h3 class=\"tp-product-details-desc-title\">Your world at a glance</h3>\n                        <p>\n                            With a slim design, a vibrant entertainment system, and <br>\n                            outstanding performance, the new Galaxy Tab A7 is a stylish new <br>\n                            companion for your life.Dive head-first into the things you love, <br>\n                            and easily share your favorite moments. Learn, explore, connect <br>\n                            and be inspired.\n                        </p>\n                    </div>\n                    <div>\n                        <h3 class=\"tp-product-details-desc-title\">Draw inspiration with S Pen</h3>\n                        <p>\n                            S Pen is a bundle of writing instruments in one. Its natural grip, <br>\n                            low latency and impressive pressure sensitivity will make it your go-to for everything from drawing to editing documents. And S Pen won\'t get misplaced thanks.\n                        </p>\n                    </div>\n                </div>\n                <div class=\"col-lg-6\">\n                    <div class=\"tp-product-details-desc-thumb\">\n                        <img src=\"/storage/main/products/product-details-desc-1.jpg\" alt=\"product\">\n                    </div>\n                </div>\n            </div>\n        </div>\n        <div class=\"tp-product-details-desc-item pb-75\">\n            <div class=\"row\">\n                <div class=\"col-lg-7\">\n                    <div class=\"tp-product-details-desc-thumb\">\n                        <img src=\"/storage/main/products/product-details-desc-2.jpg\" alt=\"product\">\n                    </div>\n                </div>\n\n                <div class=\"col-lg-5 order-first order-lg-last\">\n                    <div class=\"des-content-2 pl-40\">\n                        <h3 class=\"tp-product-details-desc-title\">\n                            Carry with <br>\n                            Confidence and style\n                        </h3>\n                        <p>\n                            Wrap your tablet in a sleek case that\'s as stylish as it is convenient. Galaxy Tab S6 Lite Book Cover folds around and clings magnetically, so you can easily gear up as you\'re headed out the door. There\'s even a\n                            compartment for S pen, so you can be sure it doesn\'t get left behind.\n                        </p>\n                    </div>\n                </div>\n            </div>\n        </div>\n        <div class=\"tp-product-details-desc-item\">\n            <div class=\"row\">\n                <div class=\"col-xl-12\">\n                    <div class=\"tp-product-details-desc-banner text-center m-img\">\n                        <h3 class=\"tp-product-details-desc-banner-title tp-product-details-desc-title\">Speed Memory Power = Epic Races</h3>\n                        <img src=\"/storage/main/products/product-details-desc-3.jpg\" alt=\"product\">\n                    </div>\n                </div>\n            </div>\n        </div>\n    </div>\n</div>\n','published','[\"main\\/products\\/product-1.jpg\",\"main\\/products\\/product-16.jpg\",\"main\\/products\\/product-details-desc-3.jpg\"]','[[{\"key\":\"file\",\"value\":\"main\\/video\\/video-2.mp4\"},{\"key\":\"url\",\"value\":null},{\"key\":\"thumbnail\",\"value\":\"main\\/video\\/2.jpg\"}]]','WP-161',0,17,0,1,'in_stock',0,5,0,0,2141,1056,NULL,NULL,11,17,19,798,NULL,186939,'2025-07-28 03:48:40','2025-07-28 03:48:46',0,'Botble\\ACL\\Models\\User',NULL,'physical','8269358013724',NULL,0,'auto_generate',0,0,0,1,8,0),(2,'Philips Hue White and Color Ambiance A19 LED Smart Bulb','Additionally, this includes a redesigned microphone boom arm that is 33 percent shorter than the Evolve 75 and offers the industry-leading call performance for which Jabra headsets are known.','<div class=\"row justify-content-center\">\n    <div class=\"col-xl-10\">\n        <div class=\"tp-product-details-desc-item pb-105\">\n            <div class=\"row\">\n                <div class=\"col-lg-6\">\n                    <div class=\"pt-25\">\n                        <span>Galaxy A8 tablet</span>\n                        <h3 class=\"tp-product-details-desc-title\">Your world at a glance</h3>\n                        <p>\n                            With a slim design, a vibrant entertainment system, and <br>\n                            outstanding performance, the new Galaxy Tab A7 is a stylish new <br>\n                            companion for your life.Dive head-first into the things you love, <br>\n                            and easily share your favorite moments. Learn, explore, connect <br>\n                            and be inspired.\n                        </p>\n                    </div>\n                    <div>\n                        <h3 class=\"tp-product-details-desc-title\">Draw inspiration with S Pen</h3>\n                        <p>\n                            S Pen is a bundle of writing instruments in one. Its natural grip, <br>\n                            low latency and impressive pressure sensitivity will make it your go-to for everything from drawing to editing documents. And S Pen won\'t get misplaced thanks.\n                        </p>\n                    </div>\n                </div>\n                <div class=\"col-lg-6\">\n                    <div class=\"tp-product-details-desc-thumb\">\n                        <img src=\"/storage/main/products/product-details-desc-1.jpg\" alt=\"product\">\n                    </div>\n                </div>\n            </div>\n        </div>\n        <div class=\"tp-product-details-desc-item pb-75\">\n            <div class=\"row\">\n                <div class=\"col-lg-7\">\n                    <div class=\"tp-product-details-desc-thumb\">\n                        <img src=\"/storage/main/products/product-details-desc-2.jpg\" alt=\"product\">\n                    </div>\n                </div>\n\n                <div class=\"col-lg-5 order-first order-lg-last\">\n                    <div class=\"des-content-2 pl-40\">\n                        <h3 class=\"tp-product-details-desc-title\">\n                            Carry with <br>\n                            Confidence and style\n                        </h3>\n                        <p>\n                            Wrap your tablet in a sleek case that\'s as stylish as it is convenient. Galaxy Tab S6 Lite Book Cover folds around and clings magnetically, so you can easily gear up as you\'re headed out the door. There\'s even a\n                            compartment for S pen, so you can be sure it doesn\'t get left behind.\n                        </p>\n                    </div>\n                </div>\n            </div>\n        </div>\n        <div class=\"tp-product-details-desc-item\">\n            <div class=\"row\">\n                <div class=\"col-xl-12\">\n                    <div class=\"tp-product-details-desc-banner text-center m-img\">\n                        <h3 class=\"tp-product-details-desc-banner-title tp-product-details-desc-title\">Speed Memory Power = Epic Races</h3>\n                        <img src=\"/storage/main/products/product-details-desc-3.jpg\" alt=\"product\">\n                    </div>\n                </div>\n            </div>\n        </div>\n    </div>\n</div>\n','published','[\"main\\/products\\/product-1.jpg\",\"main\\/products\\/product-8.jpg\",\"main\\/products\\/product-5.jpg\",\"main\\/products\\/product-9.jpg\",\"main\\/products\\/product-12.jpg\",\"main\\/products\\/product-16.jpg\",\"main\\/products\\/product-details-desc-2.jpg\"]','[[{\"key\":\"file\",\"value\":null},{\"key\":\"url\",\"value\":\"https:\\/\\/www.youtube.com\\/watch?v=6JYIGclVQdw\"},{\"key\":\"thumbnail\",\"value\":\"main\\/video\\/2.jpg\"}]]','SC-133-A1',0,10,0,1,'in_stock',0,2,0,0,1804,NULL,NULL,NULL,11,12,14,698,NULL,38202,'2025-07-28 03:48:40','2025-07-28 03:48:46',0,'Botble\\ACL\\Models\\User',NULL,'physical','6743982337880',NULL,0,'auto_generate',0,0,0,1,1,0),(3,'Samsung Galaxy Tab S7+ 12.4-Inch Android Tablet','The headset also offers MS Teams Certifications and other features like Busylight, Calls controls, Voice guiding, and Wireless range (ft): Up to 100 feet. Best-in-class. Boom The most recent Jabra Evolve2 75 USB-A MS Teams Stereo Headset offers professional-grade call performance that leads the industry, yet Evolve2 75 wins best-in-class.','<div class=\"row justify-content-center\">\n    <div class=\"col-xl-10\">\n        <div class=\"tp-product-details-desc-item pb-105\">\n            <div class=\"row\">\n                <div class=\"col-lg-6\">\n                    <div class=\"pt-25\">\n                        <span>Galaxy A8 tablet</span>\n                        <h3 class=\"tp-product-details-desc-title\">Your world at a glance</h3>\n                        <p>\n                            With a slim design, a vibrant entertainment system, and <br>\n                            outstanding performance, the new Galaxy Tab A7 is a stylish new <br>\n                            companion for your life.Dive head-first into the things you love, <br>\n                            and easily share your favorite moments. Learn, explore, connect <br>\n                            and be inspired.\n                        </p>\n                    </div>\n                    <div>\n                        <h3 class=\"tp-product-details-desc-title\">Draw inspiration with S Pen</h3>\n                        <p>\n                            S Pen is a bundle of writing instruments in one. Its natural grip, <br>\n                            low latency and impressive pressure sensitivity will make it your go-to for everything from drawing to editing documents. And S Pen won\'t get misplaced thanks.\n                        </p>\n                    </div>\n                </div>\n                <div class=\"col-lg-6\">\n                    <div class=\"tp-product-details-desc-thumb\">\n                        <img src=\"/storage/main/products/product-details-desc-1.jpg\" alt=\"product\">\n                    </div>\n                </div>\n            </div>\n        </div>\n        <div class=\"tp-product-details-desc-item pb-75\">\n            <div class=\"row\">\n                <div class=\"col-lg-7\">\n                    <div class=\"tp-product-details-desc-thumb\">\n                        <img src=\"/storage/main/products/product-details-desc-2.jpg\" alt=\"product\">\n                    </div>\n                </div>\n\n                <div class=\"col-lg-5 order-first order-lg-last\">\n                    <div class=\"des-content-2 pl-40\">\n                        <h3 class=\"tp-product-details-desc-title\">\n                            Carry with <br>\n                            Confidence and style\n                        </h3>\n                        <p>\n                            Wrap your tablet in a sleek case that\'s as stylish as it is convenient. Galaxy Tab S6 Lite Book Cover folds around and clings magnetically, so you can easily gear up as you\'re headed out the door. There\'s even a\n                            compartment for S pen, so you can be sure it doesn\'t get left behind.\n                        </p>\n                    </div>\n                </div>\n            </div>\n        </div>\n        <div class=\"tp-product-details-desc-item\">\n            <div class=\"row\">\n                <div class=\"col-xl-12\">\n                    <div class=\"tp-product-details-desc-banner text-center m-img\">\n                        <h3 class=\"tp-product-details-desc-banner-title tp-product-details-desc-title\">Speed Memory Power = Epic Races</h3>\n                        <img src=\"/storage/main/products/product-details-desc-3.jpg\" alt=\"product\">\n                    </div>\n                </div>\n            </div>\n        </div>\n    </div>\n</div>\n','published','[\"main\\/products\\/product-5.jpg\",\"main\\/products\\/product-4.jpg\",\"main\\/products\\/product-12.jpg\",\"main\\/products\\/product-11.jpg\"]','[]','RK-192-A1',0,11,0,1,'in_stock',0,3,0,0,1408,NULL,NULL,NULL,17,15,15,759,NULL,94636,'2025-07-28 03:48:40','2025-07-28 03:48:46',0,'Botble\\ACL\\Models\\User',NULL,'physical','8871621589760',NULL,0,'auto_generate',0,0,0,1,8,0),(4,'Apple MacBook Pro 16-Inch Laptop (Digital)','The headset also offers MS Teams Certifications and other features like Busylight, Calls controls, Voice guiding, and Wireless range (ft): Up to 100 feet. Best-in-class. Boom The most recent Jabra Evolve2 75 USB-A MS Teams Stereo Headset offers professional-grade call performance that leads the industry, yet Evolve2 75 wins best-in-class.','<div class=\"row justify-content-center\">\n    <div class=\"col-xl-10\">\n        <div class=\"tp-product-details-desc-item pb-105\">\n            <div class=\"row\">\n                <div class=\"col-lg-6\">\n                    <div class=\"pt-25\">\n                        <span>Galaxy A8 tablet</span>\n                        <h3 class=\"tp-product-details-desc-title\">Your world at a glance</h3>\n                        <p>\n                            With a slim design, a vibrant entertainment system, and <br>\n                            outstanding performance, the new Galaxy Tab A7 is a stylish new <br>\n                            companion for your life.Dive head-first into the things you love, <br>\n                            and easily share your favorite moments. Learn, explore, connect <br>\n                            and be inspired.\n                        </p>\n                    </div>\n                    <div>\n                        <h3 class=\"tp-product-details-desc-title\">Draw inspiration with S Pen</h3>\n                        <p>\n                            S Pen is a bundle of writing instruments in one. Its natural grip, <br>\n                            low latency and impressive pressure sensitivity will make it your go-to for everything from drawing to editing documents. And S Pen won\'t get misplaced thanks.\n                        </p>\n                    </div>\n                </div>\n                <div class=\"col-lg-6\">\n                    <div class=\"tp-product-details-desc-thumb\">\n                        <img src=\"/storage/main/products/product-details-desc-1.jpg\" alt=\"product\">\n                    </div>\n                </div>\n            </div>\n        </div>\n        <div class=\"tp-product-details-desc-item pb-75\">\n            <div class=\"row\">\n                <div class=\"col-lg-7\">\n                    <div class=\"tp-product-details-desc-thumb\">\n                        <img src=\"/storage/main/products/product-details-desc-2.jpg\" alt=\"product\">\n                    </div>\n                </div>\n\n                <div class=\"col-lg-5 order-first order-lg-last\">\n                    <div class=\"des-content-2 pl-40\">\n                        <h3 class=\"tp-product-details-desc-title\">\n                            Carry with <br>\n                            Confidence and style\n                        </h3>\n                        <p>\n                            Wrap your tablet in a sleek case that\'s as stylish as it is convenient. Galaxy Tab S6 Lite Book Cover folds around and clings magnetically, so you can easily gear up as you\'re headed out the door. There\'s even a\n                            compartment for S pen, so you can be sure it doesn\'t get left behind.\n                        </p>\n                    </div>\n                </div>\n            </div>\n        </div>\n        <div class=\"tp-product-details-desc-item\">\n            <div class=\"row\">\n                <div class=\"col-xl-12\">\n                    <div class=\"tp-product-details-desc-banner text-center m-img\">\n                        <h3 class=\"tp-product-details-desc-banner-title tp-product-details-desc-title\">Speed Memory Power = Epic Races</h3>\n                        <img src=\"/storage/main/products/product-details-desc-3.jpg\" alt=\"product\">\n                    </div>\n                </div>\n            </div>\n        </div>\n    </div>\n</div>\n','published','[\"main\\/products\\/product-details-desc-1.jpg\",\"main\\/products\\/product-6.jpg\",\"main\\/products\\/product-9.jpg\",\"main\\/products\\/product-4.jpg\",\"main\\/products\\/product-5.jpg\",\"main\\/products\\/product-17.jpg\"]','[[{\"key\":\"file\",\"value\":null},{\"key\":\"url\",\"value\":\"https:\\/\\/www.youtube.com\\/watch?v=6JYIGclVQdw\"},{\"key\":\"thumbnail\",\"value\":\"main\\/video\\/2.jpg\"}]]','NI-152-A1',0,19,0,1,'in_stock',1,5,0,0,377,286.52,NULL,NULL,17,20,17,518,NULL,40046,'2025-07-28 03:48:40','2025-07-28 03:48:46',0,'Botble\\ACL\\Models\\User',NULL,'digital','8440360271399',NULL,0,'auto_generate',0,0,0,1,5,0),(5,'Sony WH-1000XM4 Wireless Noise-Canceling Headphones','Additionally, this includes a redesigned microphone boom arm that is 33 percent shorter than the Evolve 75 and offers the industry-leading call performance for which Jabra headsets are known.','<div class=\"row justify-content-center\">\n    <div class=\"col-xl-10\">\n        <div class=\"tp-product-details-desc-item pb-105\">\n            <div class=\"row\">\n                <div class=\"col-lg-6\">\n                    <div class=\"pt-25\">\n                        <span>Galaxy A8 tablet</span>\n                        <h3 class=\"tp-product-details-desc-title\">Your world at a glance</h3>\n                        <p>\n                            With a slim design, a vibrant entertainment system, and <br>\n                            outstanding performance, the new Galaxy Tab A7 is a stylish new <br>\n                            companion for your life.Dive head-first into the things you love, <br>\n                            and easily share your favorite moments. Learn, explore, connect <br>\n                            and be inspired.\n                        </p>\n                    </div>\n                    <div>\n                        <h3 class=\"tp-product-details-desc-title\">Draw inspiration with S Pen</h3>\n                        <p>\n                            S Pen is a bundle of writing instruments in one. Its natural grip, <br>\n                            low latency and impressive pressure sensitivity will make it your go-to for everything from drawing to editing documents. And S Pen won\'t get misplaced thanks.\n                        </p>\n                    </div>\n                </div>\n                <div class=\"col-lg-6\">\n                    <div class=\"tp-product-details-desc-thumb\">\n                        <img src=\"/storage/main/products/product-details-desc-1.jpg\" alt=\"product\">\n                    </div>\n                </div>\n            </div>\n        </div>\n        <div class=\"tp-product-details-desc-item pb-75\">\n            <div class=\"row\">\n                <div class=\"col-lg-7\">\n                    <div class=\"tp-product-details-desc-thumb\">\n                        <img src=\"/storage/main/products/product-details-desc-2.jpg\" alt=\"product\">\n                    </div>\n                </div>\n\n                <div class=\"col-lg-5 order-first order-lg-last\">\n                    <div class=\"des-content-2 pl-40\">\n                        <h3 class=\"tp-product-details-desc-title\">\n                            Carry with <br>\n                            Confidence and style\n                        </h3>\n                        <p>\n                            Wrap your tablet in a sleek case that\'s as stylish as it is convenient. Galaxy Tab S6 Lite Book Cover folds around and clings magnetically, so you can easily gear up as you\'re headed out the door. There\'s even a\n                            compartment for S pen, so you can be sure it doesn\'t get left behind.\n                        </p>\n                    </div>\n                </div>\n            </div>\n        </div>\n        <div class=\"tp-product-details-desc-item\">\n            <div class=\"row\">\n                <div class=\"col-xl-12\">\n                    <div class=\"tp-product-details-desc-banner text-center m-img\">\n                        <h3 class=\"tp-product-details-desc-banner-title tp-product-details-desc-title\">Speed Memory Power = Epic Races</h3>\n                        <img src=\"/storage/main/products/product-details-desc-3.jpg\" alt=\"product\">\n                    </div>\n                </div>\n            </div>\n        </div>\n    </div>\n</div>\n','published','[\"main\\/products\\/product-20.jpg\",\"main\\/products\\/product-12.jpg\",\"main\\/products\\/product-6.jpg\",\"main\\/products\\/product-15.jpg\",\"main\\/products\\/product-13.jpg\",\"main\\/products\\/product-5.jpg\",\"main\\/products\\/product-3.jpg\",\"main\\/products\\/product-details-desc-3.jpg\"]','[]','KY-175-A1',0,11,0,1,'in_stock',0,5,0,0,1902,NULL,NULL,NULL,13,16,14,754,NULL,122149,'2025-07-28 03:48:40','2025-07-28 03:48:46',0,'Botble\\ACL\\Models\\User',NULL,'physical','5051538991907',NULL,0,'auto_generate',0,0,0,1,2,0),(6,'DJI Mavic Air 2 Drone','The headset also offers MS Teams Certifications and other features like Busylight, Calls controls, Voice guiding, and Wireless range (ft): Up to 100 feet. Best-in-class. Boom The most recent Jabra Evolve2 75 USB-A MS Teams Stereo Headset offers professional-grade call performance that leads the industry, yet Evolve2 75 wins best-in-class.','<div class=\"row justify-content-center\">\n    <div class=\"col-xl-10\">\n        <div class=\"tp-product-details-desc-item pb-105\">\n            <div class=\"row\">\n                <div class=\"col-lg-6\">\n                    <div class=\"pt-25\">\n                        <span>Galaxy A8 tablet</span>\n                        <h3 class=\"tp-product-details-desc-title\">Your world at a glance</h3>\n                        <p>\n                            With a slim design, a vibrant entertainment system, and <br>\n                            outstanding performance, the new Galaxy Tab A7 is a stylish new <br>\n                            companion for your life.Dive head-first into the things you love, <br>\n                            and easily share your favorite moments. Learn, explore, connect <br>\n                            and be inspired.\n                        </p>\n                    </div>\n                    <div>\n                        <h3 class=\"tp-product-details-desc-title\">Draw inspiration with S Pen</h3>\n                        <p>\n                            S Pen is a bundle of writing instruments in one. Its natural grip, <br>\n                            low latency and impressive pressure sensitivity will make it your go-to for everything from drawing to editing documents. And S Pen won\'t get misplaced thanks.\n                        </p>\n                    </div>\n                </div>\n                <div class=\"col-lg-6\">\n                    <div class=\"tp-product-details-desc-thumb\">\n                        <img src=\"/storage/main/products/product-details-desc-1.jpg\" alt=\"product\">\n                    </div>\n                </div>\n            </div>\n        </div>\n        <div class=\"tp-product-details-desc-item pb-75\">\n            <div class=\"row\">\n                <div class=\"col-lg-7\">\n                    <div class=\"tp-product-details-desc-thumb\">\n                        <img src=\"/storage/main/products/product-details-desc-2.jpg\" alt=\"product\">\n                    </div>\n                </div>\n\n                <div class=\"col-lg-5 order-first order-lg-last\">\n                    <div class=\"des-content-2 pl-40\">\n                        <h3 class=\"tp-product-details-desc-title\">\n                            Carry with <br>\n                            Confidence and style\n                        </h3>\n                        <p>\n                            Wrap your tablet in a sleek case that\'s as stylish as it is convenient. Galaxy Tab S6 Lite Book Cover folds around and clings magnetically, so you can easily gear up as you\'re headed out the door. There\'s even a\n                            compartment for S pen, so you can be sure it doesn\'t get left behind.\n                        </p>\n                    </div>\n                </div>\n            </div>\n        </div>\n        <div class=\"tp-product-details-desc-item\">\n            <div class=\"row\">\n                <div class=\"col-xl-12\">\n                    <div class=\"tp-product-details-desc-banner text-center m-img\">\n                        <h3 class=\"tp-product-details-desc-banner-title tp-product-details-desc-title\">Speed Memory Power = Epic Races</h3>\n                        <img src=\"/storage/main/products/product-details-desc-3.jpg\" alt=\"product\">\n                    </div>\n                </div>\n            </div>\n        </div>\n    </div>\n</div>\n','published','[\"main\\/products\\/product-5.jpg\",\"main\\/products\\/product-16.jpg\",\"main\\/products\\/product-details-desc-3.jpg\",\"main\\/products\\/product-2.jpg\",\"main\\/products\\/product-11.jpg\",\"main\\/products\\/product-10.jpg\",\"main\\/products\\/product-4.jpg\"]','[[{\"key\":\"file\",\"value\":null},{\"key\":\"url\",\"value\":\"https:\\/\\/www.youtube.com\\/watch?v=6JYIGclVQdw\"},{\"key\":\"thumbnail\",\"value\":\"main\\/video\\/2.jpg\"}]]','4V-175-A1',0,11,0,1,'in_stock',1,1,0,0,814,NULL,NULL,NULL,19,18,15,651,NULL,53282,'2025-07-28 03:48:40','2025-07-28 03:48:46',0,'Botble\\ACL\\Models\\User',NULL,'physical','8949713659971',NULL,0,'auto_generate',0,0,0,2,3,0),(7,'GoPro HERO9 Black Action Camera','We can provide exceptional noise isolation and the best all-day comfort by mixing firm foam for the outer with soft foam for the interior of the ear cushions. So that you may receive Active Noise-Cancellation (ANC) performance that is even greater in a headset that you can wear for whatever length you wish.','<div class=\"row justify-content-center\">\n    <div class=\"col-xl-10\">\n        <div class=\"tp-product-details-desc-item pb-105\">\n            <div class=\"row\">\n                <div class=\"col-lg-6\">\n                    <div class=\"pt-25\">\n                        <span>Galaxy A8 tablet</span>\n                        <h3 class=\"tp-product-details-desc-title\">Your world at a glance</h3>\n                        <p>\n                            With a slim design, a vibrant entertainment system, and <br>\n                            outstanding performance, the new Galaxy Tab A7 is a stylish new <br>\n                            companion for your life.Dive head-first into the things you love, <br>\n                            and easily share your favorite moments. Learn, explore, connect <br>\n                            and be inspired.\n                        </p>\n                    </div>\n                    <div>\n                        <h3 class=\"tp-product-details-desc-title\">Draw inspiration with S Pen</h3>\n                        <p>\n                            S Pen is a bundle of writing instruments in one. Its natural grip, <br>\n                            low latency and impressive pressure sensitivity will make it your go-to for everything from drawing to editing documents. And S Pen won\'t get misplaced thanks.\n                        </p>\n                    </div>\n                </div>\n                <div class=\"col-lg-6\">\n                    <div class=\"tp-product-details-desc-thumb\">\n                        <img src=\"/storage/main/products/product-details-desc-1.jpg\" alt=\"product\">\n                    </div>\n                </div>\n            </div>\n        </div>\n        <div class=\"tp-product-details-desc-item pb-75\">\n            <div class=\"row\">\n                <div class=\"col-lg-7\">\n                    <div class=\"tp-product-details-desc-thumb\">\n                        <img src=\"/storage/main/products/product-details-desc-2.jpg\" alt=\"product\">\n                    </div>\n                </div>\n\n                <div class=\"col-lg-5 order-first order-lg-last\">\n                    <div class=\"des-content-2 pl-40\">\n                        <h3 class=\"tp-product-details-desc-title\">\n                            Carry with <br>\n                            Confidence and style\n                        </h3>\n                        <p>\n                            Wrap your tablet in a sleek case that\'s as stylish as it is convenient. Galaxy Tab S6 Lite Book Cover folds around and clings magnetically, so you can easily gear up as you\'re headed out the door. There\'s even a\n                            compartment for S pen, so you can be sure it doesn\'t get left behind.\n                        </p>\n                    </div>\n                </div>\n            </div>\n        </div>\n        <div class=\"tp-product-details-desc-item\">\n            <div class=\"row\">\n                <div class=\"col-xl-12\">\n                    <div class=\"tp-product-details-desc-banner text-center m-img\">\n                        <h3 class=\"tp-product-details-desc-banner-title tp-product-details-desc-title\">Speed Memory Power = Epic Races</h3>\n                        <img src=\"/storage/main/products/product-details-desc-3.jpg\" alt=\"product\">\n                    </div>\n                </div>\n            </div>\n        </div>\n    </div>\n</div>\n','published','[\"main\\/products\\/product-18.jpg\",\"main\\/products\\/product-19.jpg\",\"main\\/products\\/product-20.jpg\",\"main\\/products\\/product-3.jpg\",\"main\\/products\\/product-8.jpg\"]','[[{\"key\":\"file\",\"value\":null},{\"key\":\"url\",\"value\":\"https:\\/\\/www.youtube.com\\/watch?v=6JYIGclVQdw\"},{\"key\":\"thumbnail\",\"value\":\"main\\/video\\/1.jpg\"}]]','JA-142',0,10,0,1,'in_stock',1,2,0,0,548,486,NULL,NULL,14,12,15,889,NULL,54417,'2025-07-28 03:48:40','2025-07-28 03:48:46',0,'Botble\\ACL\\Models\\User',NULL,'physical','7099226283895',NULL,0,'auto_generate',0,0,0,1,5,0),(8,'Bose SoundLink Revolve+ Portable Bluetooth Speaker (Digital)','The headset also offers MS Teams Certifications and other features like Busylight, Calls controls, Voice guiding, and Wireless range (ft): Up to 100 feet. Best-in-class. Boom The most recent Jabra Evolve2 75 USB-A MS Teams Stereo Headset offers professional-grade call performance that leads the industry, yet Evolve2 75 wins best-in-class.','<div class=\"row justify-content-center\">\n    <div class=\"col-xl-10\">\n        <div class=\"tp-product-details-desc-item pb-105\">\n            <div class=\"row\">\n                <div class=\"col-lg-6\">\n                    <div class=\"pt-25\">\n                        <span>Galaxy A8 tablet</span>\n                        <h3 class=\"tp-product-details-desc-title\">Your world at a glance</h3>\n                        <p>\n                            With a slim design, a vibrant entertainment system, and <br>\n                            outstanding performance, the new Galaxy Tab A7 is a stylish new <br>\n                            companion for your life.Dive head-first into the things you love, <br>\n                            and easily share your favorite moments. Learn, explore, connect <br>\n                            and be inspired.\n                        </p>\n                    </div>\n                    <div>\n                        <h3 class=\"tp-product-details-desc-title\">Draw inspiration with S Pen</h3>\n                        <p>\n                            S Pen is a bundle of writing instruments in one. Its natural grip, <br>\n                            low latency and impressive pressure sensitivity will make it your go-to for everything from drawing to editing documents. And S Pen won\'t get misplaced thanks.\n                        </p>\n                    </div>\n                </div>\n                <div class=\"col-lg-6\">\n                    <div class=\"tp-product-details-desc-thumb\">\n                        <img src=\"/storage/main/products/product-details-desc-1.jpg\" alt=\"product\">\n                    </div>\n                </div>\n            </div>\n        </div>\n        <div class=\"tp-product-details-desc-item pb-75\">\n            <div class=\"row\">\n                <div class=\"col-lg-7\">\n                    <div class=\"tp-product-details-desc-thumb\">\n                        <img src=\"/storage/main/products/product-details-desc-2.jpg\" alt=\"product\">\n                    </div>\n                </div>\n\n                <div class=\"col-lg-5 order-first order-lg-last\">\n                    <div class=\"des-content-2 pl-40\">\n                        <h3 class=\"tp-product-details-desc-title\">\n                            Carry with <br>\n                            Confidence and style\n                        </h3>\n                        <p>\n                            Wrap your tablet in a sleek case that\'s as stylish as it is convenient. Galaxy Tab S6 Lite Book Cover folds around and clings magnetically, so you can easily gear up as you\'re headed out the door. There\'s even a\n                            compartment for S pen, so you can be sure it doesn\'t get left behind.\n                        </p>\n                    </div>\n                </div>\n            </div>\n        </div>\n        <div class=\"tp-product-details-desc-item\">\n            <div class=\"row\">\n                <div class=\"col-xl-12\">\n                    <div class=\"tp-product-details-desc-banner text-center m-img\">\n                        <h3 class=\"tp-product-details-desc-banner-title tp-product-details-desc-title\">Speed Memory Power = Epic Races</h3>\n                        <img src=\"/storage/main/products/product-details-desc-3.jpg\" alt=\"product\">\n                    </div>\n                </div>\n            </div>\n        </div>\n    </div>\n</div>\n','published','[\"main\\/products\\/product-5.jpg\",\"main\\/products\\/product-3.jpg\",\"main\\/products\\/product-details-desc-3.jpg\",\"main\\/products\\/product-1.jpg\"]','[]','T1-154-A1',0,11,0,1,'in_stock',0,3,0,0,388,337.56,NULL,NULL,17,17,19,811,NULL,21726,'2025-07-28 03:48:40','2025-07-28 03:48:46',0,'Botble\\ACL\\Models\\User',NULL,'digital','3188415254489',NULL,0,'auto_generate',0,0,0,1,2,0),(9,'Nest Learning Thermostat (3rd Generation)','With this intelligent headset, you can stay connected and productive from the first call of the day to the last train home. With an ergonomic earcup design, this headset invented a brand-new dual-foam technology. You will be comfortable from the first call to the last thanks to the re-engineered leatherette ear cushion design that allows for better airflow.','<div class=\"row justify-content-center\">\n    <div class=\"col-xl-10\">\n        <div class=\"tp-product-details-desc-item pb-105\">\n            <div class=\"row\">\n                <div class=\"col-lg-6\">\n                    <div class=\"pt-25\">\n                        <span>Galaxy A8 tablet</span>\n                        <h3 class=\"tp-product-details-desc-title\">Your world at a glance</h3>\n                        <p>\n                            With a slim design, a vibrant entertainment system, and <br>\n                            outstanding performance, the new Galaxy Tab A7 is a stylish new <br>\n                            companion for your life.Dive head-first into the things you love, <br>\n                            and easily share your favorite moments. Learn, explore, connect <br>\n                            and be inspired.\n                        </p>\n                    </div>\n                    <div>\n                        <h3 class=\"tp-product-details-desc-title\">Draw inspiration with S Pen</h3>\n                        <p>\n                            S Pen is a bundle of writing instruments in one. Its natural grip, <br>\n                            low latency and impressive pressure sensitivity will make it your go-to for everything from drawing to editing documents. And S Pen won\'t get misplaced thanks.\n                        </p>\n                    </div>\n                </div>\n                <div class=\"col-lg-6\">\n                    <div class=\"tp-product-details-desc-thumb\">\n                        <img src=\"/storage/main/products/product-details-desc-1.jpg\" alt=\"product\">\n                    </div>\n                </div>\n            </div>\n        </div>\n        <div class=\"tp-product-details-desc-item pb-75\">\n            <div class=\"row\">\n                <div class=\"col-lg-7\">\n                    <div class=\"tp-product-details-desc-thumb\">\n                        <img src=\"/storage/main/products/product-details-desc-2.jpg\" alt=\"product\">\n                    </div>\n                </div>\n\n                <div class=\"col-lg-5 order-first order-lg-last\">\n                    <div class=\"des-content-2 pl-40\">\n                        <h3 class=\"tp-product-details-desc-title\">\n                            Carry with <br>\n                            Confidence and style\n                        </h3>\n                        <p>\n                            Wrap your tablet in a sleek case that\'s as stylish as it is convenient. Galaxy Tab S6 Lite Book Cover folds around and clings magnetically, so you can easily gear up as you\'re headed out the door. There\'s even a\n                            compartment for S pen, so you can be sure it doesn\'t get left behind.\n                        </p>\n                    </div>\n                </div>\n            </div>\n        </div>\n        <div class=\"tp-product-details-desc-item\">\n            <div class=\"row\">\n                <div class=\"col-xl-12\">\n                    <div class=\"tp-product-details-desc-banner text-center m-img\">\n                        <h3 class=\"tp-product-details-desc-banner-title tp-product-details-desc-title\">Speed Memory Power = Epic Races</h3>\n                        <img src=\"/storage/main/products/product-details-desc-3.jpg\" alt=\"product\">\n                    </div>\n                </div>\n            </div>\n        </div>\n    </div>\n</div>\n','published','[\"main\\/products\\/product-12.jpg\",\"main\\/products\\/product-10.jpg\",\"main\\/products\\/product-9.jpg\",\"main\\/products\\/product-17.jpg\",\"main\\/products\\/product-11.jpg\",\"main\\/products\\/product-13.jpg\",\"main\\/products\\/product-6.jpg\",\"main\\/products\\/product-details-desc-3.jpg\"]','[[{\"key\":\"file\",\"value\":null},{\"key\":\"url\",\"value\":\"https:\\/\\/www.youtube.com\\/watch?v=6JYIGclVQdw\"},{\"key\":\"thumbnail\",\"value\":\"main\\/video\\/2.jpg\"}]]','A0-156-A1',0,12,0,1,'in_stock',1,1,0,0,1705,NULL,NULL,NULL,14,11,19,610,NULL,82079,'2025-07-28 03:48:41','2025-07-28 03:48:46',0,'Botble\\ACL\\Models\\User',NULL,'physical','1552153985462',NULL,0,'auto_generate',0,0,0,2,5,0),(10,'Ring Video Doorbell Pro','Jabra Evolve2 75 USB-A MS Teams Stereo Headset The Jabra Evolve2 75 USB-A MS Teams Stereo Headset has replaced previous hybrid working standards. Industry-leading call quality thanks to top-notch audio engineering.','<div class=\"row justify-content-center\">\n    <div class=\"col-xl-10\">\n        <div class=\"tp-product-details-desc-item pb-105\">\n            <div class=\"row\">\n                <div class=\"col-lg-6\">\n                    <div class=\"pt-25\">\n                        <span>Galaxy A8 tablet</span>\n                        <h3 class=\"tp-product-details-desc-title\">Your world at a glance</h3>\n                        <p>\n                            With a slim design, a vibrant entertainment system, and <br>\n                            outstanding performance, the new Galaxy Tab A7 is a stylish new <br>\n                            companion for your life.Dive head-first into the things you love, <br>\n                            and easily share your favorite moments. Learn, explore, connect <br>\n                            and be inspired.\n                        </p>\n                    </div>\n                    <div>\n                        <h3 class=\"tp-product-details-desc-title\">Draw inspiration with S Pen</h3>\n                        <p>\n                            S Pen is a bundle of writing instruments in one. Its natural grip, <br>\n                            low latency and impressive pressure sensitivity will make it your go-to for everything from drawing to editing documents. And S Pen won\'t get misplaced thanks.\n                        </p>\n                    </div>\n                </div>\n                <div class=\"col-lg-6\">\n                    <div class=\"tp-product-details-desc-thumb\">\n                        <img src=\"/storage/main/products/product-details-desc-1.jpg\" alt=\"product\">\n                    </div>\n                </div>\n            </div>\n        </div>\n        <div class=\"tp-product-details-desc-item pb-75\">\n            <div class=\"row\">\n                <div class=\"col-lg-7\">\n                    <div class=\"tp-product-details-desc-thumb\">\n                        <img src=\"/storage/main/products/product-details-desc-2.jpg\" alt=\"product\">\n                    </div>\n                </div>\n\n                <div class=\"col-lg-5 order-first order-lg-last\">\n                    <div class=\"des-content-2 pl-40\">\n                        <h3 class=\"tp-product-details-desc-title\">\n                            Carry with <br>\n                            Confidence and style\n                        </h3>\n                        <p>\n                            Wrap your tablet in a sleek case that\'s as stylish as it is convenient. Galaxy Tab S6 Lite Book Cover folds around and clings magnetically, so you can easily gear up as you\'re headed out the door. There\'s even a\n                            compartment for S pen, so you can be sure it doesn\'t get left behind.\n                        </p>\n                    </div>\n                </div>\n            </div>\n        </div>\n        <div class=\"tp-product-details-desc-item\">\n            <div class=\"row\">\n                <div class=\"col-xl-12\">\n                    <div class=\"tp-product-details-desc-banner text-center m-img\">\n                        <h3 class=\"tp-product-details-desc-banner-title tp-product-details-desc-title\">Speed Memory Power = Epic Races</h3>\n                        <img src=\"/storage/main/products/product-details-desc-3.jpg\" alt=\"product\">\n                    </div>\n                </div>\n            </div>\n        </div>\n    </div>\n</div>\n','published','[\"main\\/products\\/product-10.jpg\",\"main\\/products\\/product-19.jpg\",\"main\\/products\\/product-20.jpg\",\"main\\/products\\/product-14.jpg\",\"main\\/products\\/product-6.jpg\"]','[[{\"key\":\"file\",\"value\":\"main\\/video\\/video-2.mp4\"},{\"key\":\"url\",\"value\":null},{\"key\":\"thumbnail\",\"value\":\"main\\/video\\/2.jpg\"}]]','OX-126-A1',0,18,0,1,'in_stock',0,1,0,0,2258,NULL,NULL,NULL,15,16,10,814,NULL,124190,'2025-07-28 03:48:41','2025-07-28 03:48:46',0,'Botble\\ACL\\Models\\User',NULL,'physical','8645407744328',NULL,0,'auto_generate',0,0,0,1,5,0),(11,'Amazon Echo Show 10 (3rd Gen)','Jabra Evolve2 75 USB-A MS Teams Stereo Headset The Jabra Evolve2 75 USB-A MS Teams Stereo Headset has replaced previous hybrid working standards. Industry-leading call quality thanks to top-notch audio engineering.','<div class=\"row justify-content-center\">\n    <div class=\"col-xl-10\">\n        <div class=\"tp-product-details-desc-item pb-105\">\n            <div class=\"row\">\n                <div class=\"col-lg-6\">\n                    <div class=\"pt-25\">\n                        <span>Galaxy A8 tablet</span>\n                        <h3 class=\"tp-product-details-desc-title\">Your world at a glance</h3>\n                        <p>\n                            With a slim design, a vibrant entertainment system, and <br>\n                            outstanding performance, the new Galaxy Tab A7 is a stylish new <br>\n                            companion for your life.Dive head-first into the things you love, <br>\n                            and easily share your favorite moments. Learn, explore, connect <br>\n                            and be inspired.\n                        </p>\n                    </div>\n                    <div>\n                        <h3 class=\"tp-product-details-desc-title\">Draw inspiration with S Pen</h3>\n                        <p>\n                            S Pen is a bundle of writing instruments in one. Its natural grip, <br>\n                            low latency and impressive pressure sensitivity will make it your go-to for everything from drawing to editing documents. And S Pen won\'t get misplaced thanks.\n                        </p>\n                    </div>\n                </div>\n                <div class=\"col-lg-6\">\n                    <div class=\"tp-product-details-desc-thumb\">\n                        <img src=\"/storage/main/products/product-details-desc-1.jpg\" alt=\"product\">\n                    </div>\n                </div>\n            </div>\n        </div>\n        <div class=\"tp-product-details-desc-item pb-75\">\n            <div class=\"row\">\n                <div class=\"col-lg-7\">\n                    <div class=\"tp-product-details-desc-thumb\">\n                        <img src=\"/storage/main/products/product-details-desc-2.jpg\" alt=\"product\">\n                    </div>\n                </div>\n\n                <div class=\"col-lg-5 order-first order-lg-last\">\n                    <div class=\"des-content-2 pl-40\">\n                        <h3 class=\"tp-product-details-desc-title\">\n                            Carry with <br>\n                            Confidence and style\n                        </h3>\n                        <p>\n                            Wrap your tablet in a sleek case that\'s as stylish as it is convenient. Galaxy Tab S6 Lite Book Cover folds around and clings magnetically, so you can easily gear up as you\'re headed out the door. There\'s even a\n                            compartment for S pen, so you can be sure it doesn\'t get left behind.\n                        </p>\n                    </div>\n                </div>\n            </div>\n        </div>\n        <div class=\"tp-product-details-desc-item\">\n            <div class=\"row\">\n                <div class=\"col-xl-12\">\n                    <div class=\"tp-product-details-desc-banner text-center m-img\">\n                        <h3 class=\"tp-product-details-desc-banner-title tp-product-details-desc-title\">Speed Memory Power = Epic Races</h3>\n                        <img src=\"/storage/main/products/product-details-desc-3.jpg\" alt=\"product\">\n                    </div>\n                </div>\n            </div>\n        </div>\n    </div>\n</div>\n','published','[\"main\\/products\\/product-1.jpg\",\"main\\/products\\/product-5.jpg\",\"main\\/products\\/product-4.jpg\",\"main\\/products\\/product-16.jpg\",\"main\\/products\\/product-10.jpg\"]','[[{\"key\":\"file\",\"value\":null},{\"key\":\"url\",\"value\":\"https:\\/\\/www.youtube.com\\/watch?v=6JYIGclVQdw\"},{\"key\":\"thumbnail\",\"value\":\"main\\/video\\/2.jpg\"}]]','AQ-195',0,19,0,1,'in_stock',0,4,0,0,1434,289,NULL,NULL,12,20,18,734,NULL,178736,'2025-07-28 03:48:41','2025-07-28 03:48:46',0,'Botble\\ACL\\Models\\User',NULL,'physical','7414600902429',NULL,0,'auto_generate',0,0,0,2,5,0),(12,'Samsung QN90A Neo QLED 4K Smart TV (Digital)','We can provide exceptional noise isolation and the best all-day comfort by mixing firm foam for the outer with soft foam for the interior of the ear cushions. So that you may receive Active Noise-Cancellation (ANC) performance that is even greater in a headset that you can wear for whatever length you wish.','<div class=\"row justify-content-center\">\n    <div class=\"col-xl-10\">\n        <div class=\"tp-product-details-desc-item pb-105\">\n            <div class=\"row\">\n                <div class=\"col-lg-6\">\n                    <div class=\"pt-25\">\n                        <span>Galaxy A8 tablet</span>\n                        <h3 class=\"tp-product-details-desc-title\">Your world at a glance</h3>\n                        <p>\n                            With a slim design, a vibrant entertainment system, and <br>\n                            outstanding performance, the new Galaxy Tab A7 is a stylish new <br>\n                            companion for your life.Dive head-first into the things you love, <br>\n                            and easily share your favorite moments. Learn, explore, connect <br>\n                            and be inspired.\n                        </p>\n                    </div>\n                    <div>\n                        <h3 class=\"tp-product-details-desc-title\">Draw inspiration with S Pen</h3>\n                        <p>\n                            S Pen is a bundle of writing instruments in one. Its natural grip, <br>\n                            low latency and impressive pressure sensitivity will make it your go-to for everything from drawing to editing documents. And S Pen won\'t get misplaced thanks.\n                        </p>\n                    </div>\n                </div>\n                <div class=\"col-lg-6\">\n                    <div class=\"tp-product-details-desc-thumb\">\n                        <img src=\"/storage/main/products/product-details-desc-1.jpg\" alt=\"product\">\n                    </div>\n                </div>\n            </div>\n        </div>\n        <div class=\"tp-product-details-desc-item pb-75\">\n            <div class=\"row\">\n                <div class=\"col-lg-7\">\n                    <div class=\"tp-product-details-desc-thumb\">\n                        <img src=\"/storage/main/products/product-details-desc-2.jpg\" alt=\"product\">\n                    </div>\n                </div>\n\n                <div class=\"col-lg-5 order-first order-lg-last\">\n                    <div class=\"des-content-2 pl-40\">\n                        <h3 class=\"tp-product-details-desc-title\">\n                            Carry with <br>\n                            Confidence and style\n                        </h3>\n                        <p>\n                            Wrap your tablet in a sleek case that\'s as stylish as it is convenient. Galaxy Tab S6 Lite Book Cover folds around and clings magnetically, so you can easily gear up as you\'re headed out the door. There\'s even a\n                            compartment for S pen, so you can be sure it doesn\'t get left behind.\n                        </p>\n                    </div>\n                </div>\n            </div>\n        </div>\n        <div class=\"tp-product-details-desc-item\">\n            <div class=\"row\">\n                <div class=\"col-xl-12\">\n                    <div class=\"tp-product-details-desc-banner text-center m-img\">\n                        <h3 class=\"tp-product-details-desc-banner-title tp-product-details-desc-title\">Speed Memory Power = Epic Races</h3>\n                        <img src=\"/storage/main/products/product-details-desc-3.jpg\" alt=\"product\">\n                    </div>\n                </div>\n            </div>\n        </div>\n    </div>\n</div>\n','published','[\"main\\/products\\/product-13.jpg\",\"main\\/products\\/product-details-desc-3.jpg\",\"main\\/products\\/product-6.jpg\",\"main\\/products\\/product-1.jpg\",\"main\\/products\\/product-details-desc-2.jpg\",\"main\\/products\\/product-11.jpg\",\"main\\/products\\/product-16.jpg\"]','[[{\"key\":\"file\",\"value\":null},{\"key\":\"url\",\"value\":\"https:\\/\\/www.youtube.com\\/watch?v=6JYIGclVQdw\"},{\"key\":\"thumbnail\",\"value\":\"main\\/video\\/2.jpg\"}]]','CL-122',0,17,0,1,'in_stock',1,1,0,0,2072,682,NULL,NULL,15,14,16,501,NULL,171234,'2025-07-28 03:48:41','2025-07-28 03:48:46',0,'Botble\\ACL\\Models\\User',NULL,'digital','6215120395132',NULL,0,'auto_generate',0,0,0,1,1,0),(13,'LG OLED C1 Series 4K Smart TV','We can provide exceptional noise isolation and the best all-day comfort by mixing firm foam for the outer with soft foam for the interior of the ear cushions. So that you may receive Active Noise-Cancellation (ANC) performance that is even greater in a headset that you can wear for whatever length you wish.','<div class=\"row justify-content-center\">\n    <div class=\"col-xl-10\">\n        <div class=\"tp-product-details-desc-item pb-105\">\n            <div class=\"row\">\n                <div class=\"col-lg-6\">\n                    <div class=\"pt-25\">\n                        <span>Galaxy A8 tablet</span>\n                        <h3 class=\"tp-product-details-desc-title\">Your world at a glance</h3>\n                        <p>\n                            With a slim design, a vibrant entertainment system, and <br>\n                            outstanding performance, the new Galaxy Tab A7 is a stylish new <br>\n                            companion for your life.Dive head-first into the things you love, <br>\n                            and easily share your favorite moments. Learn, explore, connect <br>\n                            and be inspired.\n                        </p>\n                    </div>\n                    <div>\n                        <h3 class=\"tp-product-details-desc-title\">Draw inspiration with S Pen</h3>\n                        <p>\n                            S Pen is a bundle of writing instruments in one. Its natural grip, <br>\n                            low latency and impressive pressure sensitivity will make it your go-to for everything from drawing to editing documents. And S Pen won\'t get misplaced thanks.\n                        </p>\n                    </div>\n                </div>\n                <div class=\"col-lg-6\">\n                    <div class=\"tp-product-details-desc-thumb\">\n                        <img src=\"/storage/main/products/product-details-desc-1.jpg\" alt=\"product\">\n                    </div>\n                </div>\n            </div>\n        </div>\n        <div class=\"tp-product-details-desc-item pb-75\">\n            <div class=\"row\">\n                <div class=\"col-lg-7\">\n                    <div class=\"tp-product-details-desc-thumb\">\n                        <img src=\"/storage/main/products/product-details-desc-2.jpg\" alt=\"product\">\n                    </div>\n                </div>\n\n                <div class=\"col-lg-5 order-first order-lg-last\">\n                    <div class=\"des-content-2 pl-40\">\n                        <h3 class=\"tp-product-details-desc-title\">\n                            Carry with <br>\n                            Confidence and style\n                        </h3>\n                        <p>\n                            Wrap your tablet in a sleek case that\'s as stylish as it is convenient. Galaxy Tab S6 Lite Book Cover folds around and clings magnetically, so you can easily gear up as you\'re headed out the door. There\'s even a\n                            compartment for S pen, so you can be sure it doesn\'t get left behind.\n                        </p>\n                    </div>\n                </div>\n            </div>\n        </div>\n        <div class=\"tp-product-details-desc-item\">\n            <div class=\"row\">\n                <div class=\"col-xl-12\">\n                    <div class=\"tp-product-details-desc-banner text-center m-img\">\n                        <h3 class=\"tp-product-details-desc-banner-title tp-product-details-desc-title\">Speed Memory Power = Epic Races</h3>\n                        <img src=\"/storage/main/products/product-details-desc-3.jpg\" alt=\"product\">\n                    </div>\n                </div>\n            </div>\n        </div>\n    </div>\n</div>\n','published','[\"main\\/products\\/product-2.jpg\",\"main\\/products\\/product-17.jpg\",\"main\\/products\\/product-details-desc-1.jpg\",\"main\\/products\\/product-14.jpg\",\"main\\/products\\/product-details-desc-2.jpg\",\"main\\/products\\/product-11.jpg\",\"main\\/products\\/product-20.jpg\"]','[]','Q8-114',0,10,0,1,'in_stock',1,4,0,0,2355,389,NULL,NULL,14,16,18,635,NULL,147374,'2025-07-28 03:48:41','2025-07-28 03:48:46',0,'Botble\\ACL\\Models\\User',NULL,'physical','2943714707330',NULL,0,'auto_generate',0,0,0,1,1,0),(14,'Sony X950H 4K Ultra HD Smart LED TV','With this intelligent headset, you can stay connected and productive from the first call of the day to the last train home. With an ergonomic earcup design, this headset invented a brand-new dual-foam technology. You will be comfortable from the first call to the last thanks to the re-engineered leatherette ear cushion design that allows for better airflow.','<div class=\"row justify-content-center\">\n    <div class=\"col-xl-10\">\n        <div class=\"tp-product-details-desc-item pb-105\">\n            <div class=\"row\">\n                <div class=\"col-lg-6\">\n                    <div class=\"pt-25\">\n                        <span>Galaxy A8 tablet</span>\n                        <h3 class=\"tp-product-details-desc-title\">Your world at a glance</h3>\n                        <p>\n                            With a slim design, a vibrant entertainment system, and <br>\n                            outstanding performance, the new Galaxy Tab A7 is a stylish new <br>\n                            companion for your life.Dive head-first into the things you love, <br>\n                            and easily share your favorite moments. Learn, explore, connect <br>\n                            and be inspired.\n                        </p>\n                    </div>\n                    <div>\n                        <h3 class=\"tp-product-details-desc-title\">Draw inspiration with S Pen</h3>\n                        <p>\n                            S Pen is a bundle of writing instruments in one. Its natural grip, <br>\n                            low latency and impressive pressure sensitivity will make it your go-to for everything from drawing to editing documents. And S Pen won\'t get misplaced thanks.\n                        </p>\n                    </div>\n                </div>\n                <div class=\"col-lg-6\">\n                    <div class=\"tp-product-details-desc-thumb\">\n                        <img src=\"/storage/main/products/product-details-desc-1.jpg\" alt=\"product\">\n                    </div>\n                </div>\n            </div>\n        </div>\n        <div class=\"tp-product-details-desc-item pb-75\">\n            <div class=\"row\">\n                <div class=\"col-lg-7\">\n                    <div class=\"tp-product-details-desc-thumb\">\n                        <img src=\"/storage/main/products/product-details-desc-2.jpg\" alt=\"product\">\n                    </div>\n                </div>\n\n                <div class=\"col-lg-5 order-first order-lg-last\">\n                    <div class=\"des-content-2 pl-40\">\n                        <h3 class=\"tp-product-details-desc-title\">\n                            Carry with <br>\n                            Confidence and style\n                        </h3>\n                        <p>\n                            Wrap your tablet in a sleek case that\'s as stylish as it is convenient. Galaxy Tab S6 Lite Book Cover folds around and clings magnetically, so you can easily gear up as you\'re headed out the door. There\'s even a\n                            compartment for S pen, so you can be sure it doesn\'t get left behind.\n                        </p>\n                    </div>\n                </div>\n            </div>\n        </div>\n        <div class=\"tp-product-details-desc-item\">\n            <div class=\"row\">\n                <div class=\"col-xl-12\">\n                    <div class=\"tp-product-details-desc-banner text-center m-img\">\n                        <h3 class=\"tp-product-details-desc-banner-title tp-product-details-desc-title\">Speed Memory Power = Epic Races</h3>\n                        <img src=\"/storage/main/products/product-details-desc-3.jpg\" alt=\"product\">\n                    </div>\n                </div>\n            </div>\n        </div>\n    </div>\n</div>\n','published','[\"main\\/products\\/product-19.jpg\",\"main\\/products\\/product-7.jpg\",\"main\\/products\\/product-18.jpg\",\"main\\/products\\/product-15.jpg\",\"main\\/products\\/product-5.jpg\"]','[[{\"key\":\"file\",\"value\":null},{\"key\":\"url\",\"value\":\"https:\\/\\/www.youtube.com\\/watch?v=6JYIGclVQdw\"},{\"key\":\"thumbnail\",\"value\":\"main\\/video\\/2.jpg\"}]]','4S-181',0,14,0,1,'in_stock',0,1,0,0,611,429,NULL,NULL,10,12,11,563,NULL,66979,'2025-07-28 03:48:41','2025-07-28 03:48:46',0,'Botble\\ACL\\Models\\User',NULL,'physical','7614405451539',NULL,0,'auto_generate',0,0,0,2,1,0),(15,'Apple Watch Series 7','We can provide exceptional noise isolation and the best all-day comfort by mixing firm foam for the outer with soft foam for the interior of the ear cushions. So that you may receive Active Noise-Cancellation (ANC) performance that is even greater in a headset that you can wear for whatever length you wish.','<div class=\"row justify-content-center\">\n    <div class=\"col-xl-10\">\n        <div class=\"tp-product-details-desc-item pb-105\">\n            <div class=\"row\">\n                <div class=\"col-lg-6\">\n                    <div class=\"pt-25\">\n                        <span>Galaxy A8 tablet</span>\n                        <h3 class=\"tp-product-details-desc-title\">Your world at a glance</h3>\n                        <p>\n                            With a slim design, a vibrant entertainment system, and <br>\n                            outstanding performance, the new Galaxy Tab A7 is a stylish new <br>\n                            companion for your life.Dive head-first into the things you love, <br>\n                            and easily share your favorite moments. Learn, explore, connect <br>\n                            and be inspired.\n                        </p>\n                    </div>\n                    <div>\n                        <h3 class=\"tp-product-details-desc-title\">Draw inspiration with S Pen</h3>\n                        <p>\n                            S Pen is a bundle of writing instruments in one. Its natural grip, <br>\n                            low latency and impressive pressure sensitivity will make it your go-to for everything from drawing to editing documents. And S Pen won\'t get misplaced thanks.\n                        </p>\n                    </div>\n                </div>\n                <div class=\"col-lg-6\">\n                    <div class=\"tp-product-details-desc-thumb\">\n                        <img src=\"/storage/main/products/product-details-desc-1.jpg\" alt=\"product\">\n                    </div>\n                </div>\n            </div>\n        </div>\n        <div class=\"tp-product-details-desc-item pb-75\">\n            <div class=\"row\">\n                <div class=\"col-lg-7\">\n                    <div class=\"tp-product-details-desc-thumb\">\n                        <img src=\"/storage/main/products/product-details-desc-2.jpg\" alt=\"product\">\n                    </div>\n                </div>\n\n                <div class=\"col-lg-5 order-first order-lg-last\">\n                    <div class=\"des-content-2 pl-40\">\n                        <h3 class=\"tp-product-details-desc-title\">\n                            Carry with <br>\n                            Confidence and style\n                        </h3>\n                        <p>\n                            Wrap your tablet in a sleek case that\'s as stylish as it is convenient. Galaxy Tab S6 Lite Book Cover folds around and clings magnetically, so you can easily gear up as you\'re headed out the door. There\'s even a\n                            compartment for S pen, so you can be sure it doesn\'t get left behind.\n                        </p>\n                    </div>\n                </div>\n            </div>\n        </div>\n        <div class=\"tp-product-details-desc-item\">\n            <div class=\"row\">\n                <div class=\"col-xl-12\">\n                    <div class=\"tp-product-details-desc-banner text-center m-img\">\n                        <h3 class=\"tp-product-details-desc-banner-title tp-product-details-desc-title\">Speed Memory Power = Epic Races</h3>\n                        <img src=\"/storage/main/products/product-details-desc-3.jpg\" alt=\"product\">\n                    </div>\n                </div>\n            </div>\n        </div>\n    </div>\n</div>\n','published','[\"main\\/products\\/product-4.jpg\",\"main\\/products\\/product-3.jpg\",\"main\\/products\\/product-7.jpg\"]','[[{\"key\":\"file\",\"value\":null},{\"key\":\"url\",\"value\":\"https:\\/\\/www.youtube.com\\/watch?v=6JYIGclVQdw\"},{\"key\":\"thumbnail\",\"value\":\"main\\/video\\/1.jpg\"}]]','QE-184',0,19,0,1,'in_stock',0,3,0,0,1078,895,NULL,NULL,17,19,14,613,NULL,158489,'2025-07-28 03:48:41','2025-07-28 03:48:46',0,'Botble\\ACL\\Models\\User',NULL,'physical','2494533478036',NULL,0,'auto_generate',0,0,0,2,2,0),(16,'Fitbit Charge 5 Fitness Tracker (Digital)','Jabra Evolve2 75 USB-A MS Teams Stereo Headset The Jabra Evolve2 75 USB-A MS Teams Stereo Headset has replaced previous hybrid working standards. Industry-leading call quality thanks to top-notch audio engineering.','<div class=\"row justify-content-center\">\n    <div class=\"col-xl-10\">\n        <div class=\"tp-product-details-desc-item pb-105\">\n            <div class=\"row\">\n                <div class=\"col-lg-6\">\n                    <div class=\"pt-25\">\n                        <span>Galaxy A8 tablet</span>\n                        <h3 class=\"tp-product-details-desc-title\">Your world at a glance</h3>\n                        <p>\n                            With a slim design, a vibrant entertainment system, and <br>\n                            outstanding performance, the new Galaxy Tab A7 is a stylish new <br>\n                            companion for your life.Dive head-first into the things you love, <br>\n                            and easily share your favorite moments. Learn, explore, connect <br>\n                            and be inspired.\n                        </p>\n                    </div>\n                    <div>\n                        <h3 class=\"tp-product-details-desc-title\">Draw inspiration with S Pen</h3>\n                        <p>\n                            S Pen is a bundle of writing instruments in one. Its natural grip, <br>\n                            low latency and impressive pressure sensitivity will make it your go-to for everything from drawing to editing documents. And S Pen won\'t get misplaced thanks.\n                        </p>\n                    </div>\n                </div>\n                <div class=\"col-lg-6\">\n                    <div class=\"tp-product-details-desc-thumb\">\n                        <img src=\"/storage/main/products/product-details-desc-1.jpg\" alt=\"product\">\n                    </div>\n                </div>\n            </div>\n        </div>\n        <div class=\"tp-product-details-desc-item pb-75\">\n            <div class=\"row\">\n                <div class=\"col-lg-7\">\n                    <div class=\"tp-product-details-desc-thumb\">\n                        <img src=\"/storage/main/products/product-details-desc-2.jpg\" alt=\"product\">\n                    </div>\n                </div>\n\n                <div class=\"col-lg-5 order-first order-lg-last\">\n                    <div class=\"des-content-2 pl-40\">\n                        <h3 class=\"tp-product-details-desc-title\">\n                            Carry with <br>\n                            Confidence and style\n                        </h3>\n                        <p>\n                            Wrap your tablet in a sleek case that\'s as stylish as it is convenient. Galaxy Tab S6 Lite Book Cover folds around and clings magnetically, so you can easily gear up as you\'re headed out the door. There\'s even a\n                            compartment for S pen, so you can be sure it doesn\'t get left behind.\n                        </p>\n                    </div>\n                </div>\n            </div>\n        </div>\n        <div class=\"tp-product-details-desc-item\">\n            <div class=\"row\">\n                <div class=\"col-xl-12\">\n                    <div class=\"tp-product-details-desc-banner text-center m-img\">\n                        <h3 class=\"tp-product-details-desc-banner-title tp-product-details-desc-title\">Speed Memory Power = Epic Races</h3>\n                        <img src=\"/storage/main/products/product-details-desc-3.jpg\" alt=\"product\">\n                    </div>\n                </div>\n            </div>\n        </div>\n    </div>\n</div>\n','published','[\"main\\/products\\/product-20.jpg\",\"main\\/products\\/product-3.jpg\",\"main\\/products\\/product-6.jpg\",\"main\\/products\\/product-details-desc-1.jpg\",\"main\\/products\\/product-13.jpg\",\"main\\/products\\/product-8.jpg\",\"main\\/products\\/product-2.jpg\",\"main\\/products\\/product-11.jpg\"]','[[{\"key\":\"file\",\"value\":\"main\\/video\\/video-2.mp4\"},{\"key\":\"url\",\"value\":null},{\"key\":\"thumbnail\",\"value\":\"main\\/video\\/2.jpg\"}]]','MX-192',0,10,0,1,'in_stock',0,3,0,0,2287,571,NULL,NULL,10,15,17,845,NULL,159391,'2025-07-28 03:48:41','2025-07-28 03:48:46',0,'Botble\\ACL\\Models\\User',NULL,'digital','0230182533373',NULL,0,'auto_generate',0,0,0,2,3,0),(17,'Garmin Fenix 7X Sapphire Solar GPS Watch','Jabra Evolve2 75 USB-A MS Teams Stereo Headset The Jabra Evolve2 75 USB-A MS Teams Stereo Headset has replaced previous hybrid working standards. Industry-leading call quality thanks to top-notch audio engineering.','<div class=\"row justify-content-center\">\n    <div class=\"col-xl-10\">\n        <div class=\"tp-product-details-desc-item pb-105\">\n            <div class=\"row\">\n                <div class=\"col-lg-6\">\n                    <div class=\"pt-25\">\n                        <span>Galaxy A8 tablet</span>\n                        <h3 class=\"tp-product-details-desc-title\">Your world at a glance</h3>\n                        <p>\n                            With a slim design, a vibrant entertainment system, and <br>\n                            outstanding performance, the new Galaxy Tab A7 is a stylish new <br>\n                            companion for your life.Dive head-first into the things you love, <br>\n                            and easily share your favorite moments. Learn, explore, connect <br>\n                            and be inspired.\n                        </p>\n                    </div>\n                    <div>\n                        <h3 class=\"tp-product-details-desc-title\">Draw inspiration with S Pen</h3>\n                        <p>\n                            S Pen is a bundle of writing instruments in one. Its natural grip, <br>\n                            low latency and impressive pressure sensitivity will make it your go-to for everything from drawing to editing documents. And S Pen won\'t get misplaced thanks.\n                        </p>\n                    </div>\n                </div>\n                <div class=\"col-lg-6\">\n                    <div class=\"tp-product-details-desc-thumb\">\n                        <img src=\"/storage/main/products/product-details-desc-1.jpg\" alt=\"product\">\n                    </div>\n                </div>\n            </div>\n        </div>\n        <div class=\"tp-product-details-desc-item pb-75\">\n            <div class=\"row\">\n                <div class=\"col-lg-7\">\n                    <div class=\"tp-product-details-desc-thumb\">\n                        <img src=\"/storage/main/products/product-details-desc-2.jpg\" alt=\"product\">\n                    </div>\n                </div>\n\n                <div class=\"col-lg-5 order-first order-lg-last\">\n                    <div class=\"des-content-2 pl-40\">\n                        <h3 class=\"tp-product-details-desc-title\">\n                            Carry with <br>\n                            Confidence and style\n                        </h3>\n                        <p>\n                            Wrap your tablet in a sleek case that\'s as stylish as it is convenient. Galaxy Tab S6 Lite Book Cover folds around and clings magnetically, so you can easily gear up as you\'re headed out the door. There\'s even a\n                            compartment for S pen, so you can be sure it doesn\'t get left behind.\n                        </p>\n                    </div>\n                </div>\n            </div>\n        </div>\n        <div class=\"tp-product-details-desc-item\">\n            <div class=\"row\">\n                <div class=\"col-xl-12\">\n                    <div class=\"tp-product-details-desc-banner text-center m-img\">\n                        <h3 class=\"tp-product-details-desc-banner-title tp-product-details-desc-title\">Speed Memory Power = Epic Races</h3>\n                        <img src=\"/storage/main/products/product-details-desc-3.jpg\" alt=\"product\">\n                    </div>\n                </div>\n            </div>\n        </div>\n    </div>\n</div>\n','published','[\"main\\/products\\/product-11.jpg\",\"main\\/products\\/product-1.jpg\",\"main\\/products\\/product-16.jpg\",\"main\\/products\\/product-13.jpg\",\"main\\/products\\/product-details-desc-1.jpg\",\"main\\/products\\/product-9.jpg\",\"main\\/products\\/product-10.jpg\",\"main\\/products\\/product-6.jpg\"]','[[{\"key\":\"file\",\"value\":null},{\"key\":\"url\",\"value\":\"https:\\/\\/www.youtube.com\\/watch?v=6JYIGclVQdw\"},{\"key\":\"thumbnail\",\"value\":\"main\\/video\\/2.jpg\"}]]','LA-147-A1',0,13,0,1,'in_stock',1,1,0,0,639,NULL,NULL,NULL,20,18,13,515,NULL,196282,'2025-07-28 03:48:41','2025-07-28 03:48:46',0,'Botble\\ACL\\Models\\User',NULL,'physical','4531087440237',NULL,0,'auto_generate',0,0,0,2,6,0),(18,'Microsoft Surface Pro 8','Additionally, this includes a redesigned microphone boom arm that is 33 percent shorter than the Evolve 75 and offers the industry-leading call performance for which Jabra headsets are known.','<div class=\"row justify-content-center\">\n    <div class=\"col-xl-10\">\n        <div class=\"tp-product-details-desc-item pb-105\">\n            <div class=\"row\">\n                <div class=\"col-lg-6\">\n                    <div class=\"pt-25\">\n                        <span>Galaxy A8 tablet</span>\n                        <h3 class=\"tp-product-details-desc-title\">Your world at a glance</h3>\n                        <p>\n                            With a slim design, a vibrant entertainment system, and <br>\n                            outstanding performance, the new Galaxy Tab A7 is a stylish new <br>\n                            companion for your life.Dive head-first into the things you love, <br>\n                            and easily share your favorite moments. Learn, explore, connect <br>\n                            and be inspired.\n                        </p>\n                    </div>\n                    <div>\n                        <h3 class=\"tp-product-details-desc-title\">Draw inspiration with S Pen</h3>\n                        <p>\n                            S Pen is a bundle of writing instruments in one. Its natural grip, <br>\n                            low latency and impressive pressure sensitivity will make it your go-to for everything from drawing to editing documents. And S Pen won\'t get misplaced thanks.\n                        </p>\n                    </div>\n                </div>\n                <div class=\"col-lg-6\">\n                    <div class=\"tp-product-details-desc-thumb\">\n                        <img src=\"/storage/main/products/product-details-desc-1.jpg\" alt=\"product\">\n                    </div>\n                </div>\n            </div>\n        </div>\n        <div class=\"tp-product-details-desc-item pb-75\">\n            <div class=\"row\">\n                <div class=\"col-lg-7\">\n                    <div class=\"tp-product-details-desc-thumb\">\n                        <img src=\"/storage/main/products/product-details-desc-2.jpg\" alt=\"product\">\n                    </div>\n                </div>\n\n                <div class=\"col-lg-5 order-first order-lg-last\">\n                    <div class=\"des-content-2 pl-40\">\n                        <h3 class=\"tp-product-details-desc-title\">\n                            Carry with <br>\n                            Confidence and style\n                        </h3>\n                        <p>\n                            Wrap your tablet in a sleek case that\'s as stylish as it is convenient. Galaxy Tab S6 Lite Book Cover folds around and clings magnetically, so you can easily gear up as you\'re headed out the door. There\'s even a\n                            compartment for S pen, so you can be sure it doesn\'t get left behind.\n                        </p>\n                    </div>\n                </div>\n            </div>\n        </div>\n        <div class=\"tp-product-details-desc-item\">\n            <div class=\"row\">\n                <div class=\"col-xl-12\">\n                    <div class=\"tp-product-details-desc-banner text-center m-img\">\n                        <h3 class=\"tp-product-details-desc-banner-title tp-product-details-desc-title\">Speed Memory Power = Epic Races</h3>\n                        <img src=\"/storage/main/products/product-details-desc-3.jpg\" alt=\"product\">\n                    </div>\n                </div>\n            </div>\n        </div>\n    </div>\n</div>\n','published','[\"main\\/products\\/product-details-desc-2.jpg\",\"main\\/products\\/product-12.jpg\",\"main\\/products\\/product-20.jpg\",\"main\\/products\\/product-3.jpg\",\"main\\/products\\/product-6.jpg\",\"main\\/products\\/product-9.jpg\"]','[]','RG-152',0,18,0,1,'in_stock',1,3,0,0,2052,264,NULL,NULL,19,12,14,616,NULL,44060,'2025-07-28 03:48:41','2025-07-28 03:48:46',0,'Botble\\ACL\\Models\\User',NULL,'physical','0738622476216',NULL,0,'auto_generate',0,0,0,2,7,0),(19,'Lenovo ThinkPad X1 Carbon Gen 9 Laptop','The headset also offers MS Teams Certifications and other features like Busylight, Calls controls, Voice guiding, and Wireless range (ft): Up to 100 feet. Best-in-class. Boom The most recent Jabra Evolve2 75 USB-A MS Teams Stereo Headset offers professional-grade call performance that leads the industry, yet Evolve2 75 wins best-in-class.','<div class=\"row justify-content-center\">\n    <div class=\"col-xl-10\">\n        <div class=\"tp-product-details-desc-item pb-105\">\n            <div class=\"row\">\n                <div class=\"col-lg-6\">\n                    <div class=\"pt-25\">\n                        <span>Galaxy A8 tablet</span>\n                        <h3 class=\"tp-product-details-desc-title\">Your world at a glance</h3>\n                        <p>\n                            With a slim design, a vibrant entertainment system, and <br>\n                            outstanding performance, the new Galaxy Tab A7 is a stylish new <br>\n                            companion for your life.Dive head-first into the things you love, <br>\n                            and easily share your favorite moments. Learn, explore, connect <br>\n                            and be inspired.\n                        </p>\n                    </div>\n                    <div>\n                        <h3 class=\"tp-product-details-desc-title\">Draw inspiration with S Pen</h3>\n                        <p>\n                            S Pen is a bundle of writing instruments in one. Its natural grip, <br>\n                            low latency and impressive pressure sensitivity will make it your go-to for everything from drawing to editing documents. And S Pen won\'t get misplaced thanks.\n                        </p>\n                    </div>\n                </div>\n                <div class=\"col-lg-6\">\n                    <div class=\"tp-product-details-desc-thumb\">\n                        <img src=\"/storage/main/products/product-details-desc-1.jpg\" alt=\"product\">\n                    </div>\n                </div>\n            </div>\n        </div>\n        <div class=\"tp-product-details-desc-item pb-75\">\n            <div class=\"row\">\n                <div class=\"col-lg-7\">\n                    <div class=\"tp-product-details-desc-thumb\">\n                        <img src=\"/storage/main/products/product-details-desc-2.jpg\" alt=\"product\">\n                    </div>\n                </div>\n\n                <div class=\"col-lg-5 order-first order-lg-last\">\n                    <div class=\"des-content-2 pl-40\">\n                        <h3 class=\"tp-product-details-desc-title\">\n                            Carry with <br>\n                            Confidence and style\n                        </h3>\n                        <p>\n                            Wrap your tablet in a sleek case that\'s as stylish as it is convenient. Galaxy Tab S6 Lite Book Cover folds around and clings magnetically, so you can easily gear up as you\'re headed out the door. There\'s even a\n                            compartment for S pen, so you can be sure it doesn\'t get left behind.\n                        </p>\n                    </div>\n                </div>\n            </div>\n        </div>\n        <div class=\"tp-product-details-desc-item\">\n            <div class=\"row\">\n                <div class=\"col-xl-12\">\n                    <div class=\"tp-product-details-desc-banner text-center m-img\">\n                        <h3 class=\"tp-product-details-desc-banner-title tp-product-details-desc-title\">Speed Memory Power = Epic Races</h3>\n                        <img src=\"/storage/main/products/product-details-desc-3.jpg\" alt=\"product\">\n                    </div>\n                </div>\n            </div>\n        </div>\n    </div>\n</div>\n','published','[\"main\\/products\\/product-details-desc-2.jpg\",\"main\\/products\\/product-5.jpg\",\"main\\/products\\/product-19.jpg\",\"main\\/products\\/product-7.jpg\",\"main\\/products\\/product-17.jpg\",\"main\\/products\\/product-16.jpg\"]','[]','GN-167',0,14,0,1,'in_stock',1,1,0,0,310,216,NULL,NULL,19,18,10,543,NULL,24766,'2025-07-28 03:48:41','2025-07-28 03:48:46',0,'Botble\\ACL\\Models\\User',NULL,'physical','0246808582274',NULL,0,'auto_generate',0,0,0,2,7,0),(20,'HP Spectre x360 14-Inch Convertible Laptop (Digital)','Additionally, this includes a redesigned microphone boom arm that is 33 percent shorter than the Evolve 75 and offers the industry-leading call performance for which Jabra headsets are known.','<div class=\"row justify-content-center\">\n    <div class=\"col-xl-10\">\n        <div class=\"tp-product-details-desc-item pb-105\">\n            <div class=\"row\">\n                <div class=\"col-lg-6\">\n                    <div class=\"pt-25\">\n                        <span>Galaxy A8 tablet</span>\n                        <h3 class=\"tp-product-details-desc-title\">Your world at a glance</h3>\n                        <p>\n                            With a slim design, a vibrant entertainment system, and <br>\n                            outstanding performance, the new Galaxy Tab A7 is a stylish new <br>\n                            companion for your life.Dive head-first into the things you love, <br>\n                            and easily share your favorite moments. Learn, explore, connect <br>\n                            and be inspired.\n                        </p>\n                    </div>\n                    <div>\n                        <h3 class=\"tp-product-details-desc-title\">Draw inspiration with S Pen</h3>\n                        <p>\n                            S Pen is a bundle of writing instruments in one. Its natural grip, <br>\n                            low latency and impressive pressure sensitivity will make it your go-to for everything from drawing to editing documents. And S Pen won\'t get misplaced thanks.\n                        </p>\n                    </div>\n                </div>\n                <div class=\"col-lg-6\">\n                    <div class=\"tp-product-details-desc-thumb\">\n                        <img src=\"/storage/main/products/product-details-desc-1.jpg\" alt=\"product\">\n                    </div>\n                </div>\n            </div>\n        </div>\n        <div class=\"tp-product-details-desc-item pb-75\">\n            <div class=\"row\">\n                <div class=\"col-lg-7\">\n                    <div class=\"tp-product-details-desc-thumb\">\n                        <img src=\"/storage/main/products/product-details-desc-2.jpg\" alt=\"product\">\n                    </div>\n                </div>\n\n                <div class=\"col-lg-5 order-first order-lg-last\">\n                    <div class=\"des-content-2 pl-40\">\n                        <h3 class=\"tp-product-details-desc-title\">\n                            Carry with <br>\n                            Confidence and style\n                        </h3>\n                        <p>\n                            Wrap your tablet in a sleek case that\'s as stylish as it is convenient. Galaxy Tab S6 Lite Book Cover folds around and clings magnetically, so you can easily gear up as you\'re headed out the door. There\'s even a\n                            compartment for S pen, so you can be sure it doesn\'t get left behind.\n                        </p>\n                    </div>\n                </div>\n            </div>\n        </div>\n        <div class=\"tp-product-details-desc-item\">\n            <div class=\"row\">\n                <div class=\"col-xl-12\">\n                    <div class=\"tp-product-details-desc-banner text-center m-img\">\n                        <h3 class=\"tp-product-details-desc-banner-title tp-product-details-desc-title\">Speed Memory Power = Epic Races</h3>\n                        <img src=\"/storage/main/products/product-details-desc-3.jpg\" alt=\"product\">\n                    </div>\n                </div>\n            </div>\n        </div>\n    </div>\n</div>\n','published','[\"main\\/products\\/product-14.jpg\",\"main\\/products\\/product-19.jpg\",\"main\\/products\\/product-13.jpg\",\"main\\/products\\/product-details-desc-1.jpg\",\"main\\/products\\/product-6.jpg\",\"main\\/products\\/product-12.jpg\"]','[[{\"key\":\"file\",\"value\":\"main\\/video\\/video-2.mp4\"},{\"key\":\"url\",\"value\":null},{\"key\":\"thumbnail\",\"value\":\"main\\/video\\/2.jpg\"}]]','CM-122-A1',0,13,0,1,'in_stock',0,2,0,0,1345,1197.05,NULL,NULL,13,10,11,735,NULL,165392,'2025-07-28 03:48:41','2025-07-28 03:48:46',0,'Botble\\ACL\\Models\\User',NULL,'digital','7748926557439',NULL,0,'auto_generate',0,0,0,2,4,0),(21,'Razer Blade 15 Advanced Gaming Laptop','Additionally, this includes a redesigned microphone boom arm that is 33 percent shorter than the Evolve 75 and offers the industry-leading call performance for which Jabra headsets are known.','<div class=\"row justify-content-center\">\n    <div class=\"col-xl-10\">\n        <div class=\"tp-product-details-desc-item pb-105\">\n            <div class=\"row\">\n                <div class=\"col-lg-6\">\n                    <div class=\"pt-25\">\n                        <span>Galaxy A8 tablet</span>\n                        <h3 class=\"tp-product-details-desc-title\">Your world at a glance</h3>\n                        <p>\n                            With a slim design, a vibrant entertainment system, and <br>\n                            outstanding performance, the new Galaxy Tab A7 is a stylish new <br>\n                            companion for your life.Dive head-first into the things you love, <br>\n                            and easily share your favorite moments. Learn, explore, connect <br>\n                            and be inspired.\n                        </p>\n                    </div>\n                    <div>\n                        <h3 class=\"tp-product-details-desc-title\">Draw inspiration with S Pen</h3>\n                        <p>\n                            S Pen is a bundle of writing instruments in one. Its natural grip, <br>\n                            low latency and impressive pressure sensitivity will make it your go-to for everything from drawing to editing documents. And S Pen won\'t get misplaced thanks.\n                        </p>\n                    </div>\n                </div>\n                <div class=\"col-lg-6\">\n                    <div class=\"tp-product-details-desc-thumb\">\n                        <img src=\"/storage/main/products/product-details-desc-1.jpg\" alt=\"product\">\n                    </div>\n                </div>\n            </div>\n        </div>\n        <div class=\"tp-product-details-desc-item pb-75\">\n            <div class=\"row\">\n                <div class=\"col-lg-7\">\n                    <div class=\"tp-product-details-desc-thumb\">\n                        <img src=\"/storage/main/products/product-details-desc-2.jpg\" alt=\"product\">\n                    </div>\n                </div>\n\n                <div class=\"col-lg-5 order-first order-lg-last\">\n                    <div class=\"des-content-2 pl-40\">\n                        <h3 class=\"tp-product-details-desc-title\">\n                            Carry with <br>\n                            Confidence and style\n                        </h3>\n                        <p>\n                            Wrap your tablet in a sleek case that\'s as stylish as it is convenient. Galaxy Tab S6 Lite Book Cover folds around and clings magnetically, so you can easily gear up as you\'re headed out the door. There\'s even a\n                            compartment for S pen, so you can be sure it doesn\'t get left behind.\n                        </p>\n                    </div>\n                </div>\n            </div>\n        </div>\n        <div class=\"tp-product-details-desc-item\">\n            <div class=\"row\">\n                <div class=\"col-xl-12\">\n                    <div class=\"tp-product-details-desc-banner text-center m-img\">\n                        <h3 class=\"tp-product-details-desc-banner-title tp-product-details-desc-title\">Speed Memory Power = Epic Races</h3>\n                        <img src=\"/storage/main/products/product-details-desc-3.jpg\" alt=\"product\">\n                    </div>\n                </div>\n            </div>\n        </div>\n    </div>\n</div>\n','published','[\"main\\/products\\/product-7.jpg\",\"main\\/products\\/product-details-desc-3.jpg\",\"main\\/products\\/product-11.jpg\",\"main\\/products\\/product-16.jpg\",\"main\\/products\\/product-18.jpg\",\"main\\/products\\/product-17.jpg\",\"main\\/products\\/product-3.jpg\",\"main\\/products\\/product-1.jpg\"]','[[{\"key\":\"file\",\"value\":null},{\"key\":\"url\",\"value\":\"https:\\/\\/www.youtube.com\\/watch?v=6JYIGclVQdw\"},{\"key\":\"thumbnail\",\"value\":\"main\\/video\\/1.jpg\"}]]','V3-179',0,14,0,1,'in_stock',1,4,0,0,2468,625,NULL,NULL,10,16,18,674,NULL,173387,'2025-07-28 03:48:41','2025-07-28 03:48:46',0,'Botble\\ACL\\Models\\User',NULL,'physical','4183390082392',NULL,0,'auto_generate',0,0,0,1,3,0),(22,'Alienware m15 R6 Gaming Laptop','Additionally, this includes a redesigned microphone boom arm that is 33 percent shorter than the Evolve 75 and offers the industry-leading call performance for which Jabra headsets are known.','<div class=\"row justify-content-center\">\n    <div class=\"col-xl-10\">\n        <div class=\"tp-product-details-desc-item pb-105\">\n            <div class=\"row\">\n                <div class=\"col-lg-6\">\n                    <div class=\"pt-25\">\n                        <span>Galaxy A8 tablet</span>\n                        <h3 class=\"tp-product-details-desc-title\">Your world at a glance</h3>\n                        <p>\n                            With a slim design, a vibrant entertainment system, and <br>\n                            outstanding performance, the new Galaxy Tab A7 is a stylish new <br>\n                            companion for your life.Dive head-first into the things you love, <br>\n                            and easily share your favorite moments. Learn, explore, connect <br>\n                            and be inspired.\n                        </p>\n                    </div>\n                    <div>\n                        <h3 class=\"tp-product-details-desc-title\">Draw inspiration with S Pen</h3>\n                        <p>\n                            S Pen is a bundle of writing instruments in one. Its natural grip, <br>\n                            low latency and impressive pressure sensitivity will make it your go-to for everything from drawing to editing documents. And S Pen won\'t get misplaced thanks.\n                        </p>\n                    </div>\n                </div>\n                <div class=\"col-lg-6\">\n                    <div class=\"tp-product-details-desc-thumb\">\n                        <img src=\"/storage/main/products/product-details-desc-1.jpg\" alt=\"product\">\n                    </div>\n                </div>\n            </div>\n        </div>\n        <div class=\"tp-product-details-desc-item pb-75\">\n            <div class=\"row\">\n                <div class=\"col-lg-7\">\n                    <div class=\"tp-product-details-desc-thumb\">\n                        <img src=\"/storage/main/products/product-details-desc-2.jpg\" alt=\"product\">\n                    </div>\n                </div>\n\n                <div class=\"col-lg-5 order-first order-lg-last\">\n                    <div class=\"des-content-2 pl-40\">\n                        <h3 class=\"tp-product-details-desc-title\">\n                            Carry with <br>\n                            Confidence and style\n                        </h3>\n                        <p>\n                            Wrap your tablet in a sleek case that\'s as stylish as it is convenient. Galaxy Tab S6 Lite Book Cover folds around and clings magnetically, so you can easily gear up as you\'re headed out the door. There\'s even a\n                            compartment for S pen, so you can be sure it doesn\'t get left behind.\n                        </p>\n                    </div>\n                </div>\n            </div>\n        </div>\n        <div class=\"tp-product-details-desc-item\">\n            <div class=\"row\">\n                <div class=\"col-xl-12\">\n                    <div class=\"tp-product-details-desc-banner text-center m-img\">\n                        <h3 class=\"tp-product-details-desc-banner-title tp-product-details-desc-title\">Speed Memory Power = Epic Races</h3>\n                        <img src=\"/storage/main/products/product-details-desc-3.jpg\" alt=\"product\">\n                    </div>\n                </div>\n            </div>\n        </div>\n    </div>\n</div>\n','published','[\"main\\/products\\/product-16.jpg\",\"main\\/products\\/product-4.jpg\",\"main\\/products\\/product-3.jpg\",\"main\\/products\\/product-9.jpg\",\"main\\/products\\/product-8.jpg\",\"main\\/products\\/product-15.jpg\"]','[[{\"key\":\"file\",\"value\":\"main\\/video\\/video-2.mp4\"},{\"key\":\"url\",\"value\":null},{\"key\":\"thumbnail\",\"value\":\"main\\/video\\/2.jpg\"}]]','08-125-A1',0,18,0,1,'in_stock',1,4,0,0,897,NULL,NULL,NULL,10,16,15,589,NULL,127016,'2025-07-28 03:48:41','2025-07-28 03:48:46',0,'Botble\\ACL\\Models\\User',NULL,'physical','1540882354109',NULL,0,'auto_generate',0,0,0,1,2,0),(23,'Corsair K95 RGB Platinum XT Mechanical Gaming Keyboard','With this intelligent headset, you can stay connected and productive from the first call of the day to the last train home. With an ergonomic earcup design, this headset invented a brand-new dual-foam technology. You will be comfortable from the first call to the last thanks to the re-engineered leatherette ear cushion design that allows for better airflow.','<div class=\"row justify-content-center\">\n    <div class=\"col-xl-10\">\n        <div class=\"tp-product-details-desc-item pb-105\">\n            <div class=\"row\">\n                <div class=\"col-lg-6\">\n                    <div class=\"pt-25\">\n                        <span>Galaxy A8 tablet</span>\n                        <h3 class=\"tp-product-details-desc-title\">Your world at a glance</h3>\n                        <p>\n                            With a slim design, a vibrant entertainment system, and <br>\n                            outstanding performance, the new Galaxy Tab A7 is a stylish new <br>\n                            companion for your life.Dive head-first into the things you love, <br>\n                            and easily share your favorite moments. Learn, explore, connect <br>\n                            and be inspired.\n                        </p>\n                    </div>\n                    <div>\n                        <h3 class=\"tp-product-details-desc-title\">Draw inspiration with S Pen</h3>\n                        <p>\n                            S Pen is a bundle of writing instruments in one. Its natural grip, <br>\n                            low latency and impressive pressure sensitivity will make it your go-to for everything from drawing to editing documents. And S Pen won\'t get misplaced thanks.\n                        </p>\n                    </div>\n                </div>\n                <div class=\"col-lg-6\">\n                    <div class=\"tp-product-details-desc-thumb\">\n                        <img src=\"/storage/main/products/product-details-desc-1.jpg\" alt=\"product\">\n                    </div>\n                </div>\n            </div>\n        </div>\n        <div class=\"tp-product-details-desc-item pb-75\">\n            <div class=\"row\">\n                <div class=\"col-lg-7\">\n                    <div class=\"tp-product-details-desc-thumb\">\n                        <img src=\"/storage/main/products/product-details-desc-2.jpg\" alt=\"product\">\n                    </div>\n                </div>\n\n                <div class=\"col-lg-5 order-first order-lg-last\">\n                    <div class=\"des-content-2 pl-40\">\n                        <h3 class=\"tp-product-details-desc-title\">\n                            Carry with <br>\n                            Confidence and style\n                        </h3>\n                        <p>\n                            Wrap your tablet in a sleek case that\'s as stylish as it is convenient. Galaxy Tab S6 Lite Book Cover folds around and clings magnetically, so you can easily gear up as you\'re headed out the door. There\'s even a\n                            compartment for S pen, so you can be sure it doesn\'t get left behind.\n                        </p>\n                    </div>\n                </div>\n            </div>\n        </div>\n        <div class=\"tp-product-details-desc-item\">\n            <div class=\"row\">\n                <div class=\"col-xl-12\">\n                    <div class=\"tp-product-details-desc-banner text-center m-img\">\n                        <h3 class=\"tp-product-details-desc-banner-title tp-product-details-desc-title\">Speed Memory Power = Epic Races</h3>\n                        <img src=\"/storage/main/products/product-details-desc-3.jpg\" alt=\"product\">\n                    </div>\n                </div>\n            </div>\n        </div>\n    </div>\n</div>\n','published','[\"main\\/products\\/product-6.jpg\",\"main\\/products\\/product-13.jpg\",\"main\\/products\\/product-4.jpg\",\"main\\/products\\/product-15.jpg\",\"main\\/products\\/product-2.jpg\",\"main\\/products\\/product-16.jpg\",\"main\\/products\\/product-12.jpg\"]','[[{\"key\":\"file\",\"value\":null},{\"key\":\"url\",\"value\":\"https:\\/\\/www.youtube.com\\/watch?v=6JYIGclVQdw\"},{\"key\":\"thumbnail\",\"value\":\"main\\/video\\/2.jpg\"}]]','RN-188',0,19,0,1,'in_stock',0,4,0,0,1515,398,NULL,NULL,18,18,14,603,NULL,177178,'2025-07-28 03:48:41','2025-07-28 03:48:46',0,'Botble\\ACL\\Models\\User',NULL,'physical','3349811983063',NULL,0,'auto_generate',0,0,0,2,2,0),(24,'Logitech G Pro X Superlight Wireless Gaming Mouse (Digital)','The headset also offers MS Teams Certifications and other features like Busylight, Calls controls, Voice guiding, and Wireless range (ft): Up to 100 feet. Best-in-class. Boom The most recent Jabra Evolve2 75 USB-A MS Teams Stereo Headset offers professional-grade call performance that leads the industry, yet Evolve2 75 wins best-in-class.','<div class=\"row justify-content-center\">\n    <div class=\"col-xl-10\">\n        <div class=\"tp-product-details-desc-item pb-105\">\n            <div class=\"row\">\n                <div class=\"col-lg-6\">\n                    <div class=\"pt-25\">\n                        <span>Galaxy A8 tablet</span>\n                        <h3 class=\"tp-product-details-desc-title\">Your world at a glance</h3>\n                        <p>\n                            With a slim design, a vibrant entertainment system, and <br>\n                            outstanding performance, the new Galaxy Tab A7 is a stylish new <br>\n                            companion for your life.Dive head-first into the things you love, <br>\n                            and easily share your favorite moments. Learn, explore, connect <br>\n                            and be inspired.\n                        </p>\n                    </div>\n                    <div>\n                        <h3 class=\"tp-product-details-desc-title\">Draw inspiration with S Pen</h3>\n                        <p>\n                            S Pen is a bundle of writing instruments in one. Its natural grip, <br>\n                            low latency and impressive pressure sensitivity will make it your go-to for everything from drawing to editing documents. And S Pen won\'t get misplaced thanks.\n                        </p>\n                    </div>\n                </div>\n                <div class=\"col-lg-6\">\n                    <div class=\"tp-product-details-desc-thumb\">\n                        <img src=\"/storage/main/products/product-details-desc-1.jpg\" alt=\"product\">\n                    </div>\n                </div>\n            </div>\n        </div>\n        <div class=\"tp-product-details-desc-item pb-75\">\n            <div class=\"row\">\n                <div class=\"col-lg-7\">\n                    <div class=\"tp-product-details-desc-thumb\">\n                        <img src=\"/storage/main/products/product-details-desc-2.jpg\" alt=\"product\">\n                    </div>\n                </div>\n\n                <div class=\"col-lg-5 order-first order-lg-last\">\n                    <div class=\"des-content-2 pl-40\">\n                        <h3 class=\"tp-product-details-desc-title\">\n                            Carry with <br>\n                            Confidence and style\n                        </h3>\n                        <p>\n                            Wrap your tablet in a sleek case that\'s as stylish as it is convenient. Galaxy Tab S6 Lite Book Cover folds around and clings magnetically, so you can easily gear up as you\'re headed out the door. There\'s even a\n                            compartment for S pen, so you can be sure it doesn\'t get left behind.\n                        </p>\n                    </div>\n                </div>\n            </div>\n        </div>\n        <div class=\"tp-product-details-desc-item\">\n            <div class=\"row\">\n                <div class=\"col-xl-12\">\n                    <div class=\"tp-product-details-desc-banner text-center m-img\">\n                        <h3 class=\"tp-product-details-desc-banner-title tp-product-details-desc-title\">Speed Memory Power = Epic Races</h3>\n                        <img src=\"/storage/main/products/product-details-desc-3.jpg\" alt=\"product\">\n                    </div>\n                </div>\n            </div>\n        </div>\n    </div>\n</div>\n','published','[\"main\\/products\\/product-14.jpg\",\"main\\/products\\/product-1.jpg\",\"main\\/products\\/product-17.jpg\",\"main\\/products\\/product-details-desc-2.jpg\",\"main\\/products\\/product-6.jpg\"]','[]','YR-110-A1',0,16,0,1,'in_stock',0,3,0,0,680,612,NULL,NULL,14,18,15,704,NULL,146623,'2025-07-28 03:48:41','2025-07-28 03:48:46',0,'Botble\\ACL\\Models\\User',NULL,'digital','1790857686951',NULL,0,'auto_generate',0,0,0,2,4,0),(25,'SteelSeries Arctis Pro Wireless Gaming Headset','Jabra Evolve2 75 USB-A MS Teams Stereo Headset The Jabra Evolve2 75 USB-A MS Teams Stereo Headset has replaced previous hybrid working standards. Industry-leading call quality thanks to top-notch audio engineering.','<div class=\"row justify-content-center\">\n    <div class=\"col-xl-10\">\n        <div class=\"tp-product-details-desc-item pb-105\">\n            <div class=\"row\">\n                <div class=\"col-lg-6\">\n                    <div class=\"pt-25\">\n                        <span>Galaxy A8 tablet</span>\n                        <h3 class=\"tp-product-details-desc-title\">Your world at a glance</h3>\n                        <p>\n                            With a slim design, a vibrant entertainment system, and <br>\n                            outstanding performance, the new Galaxy Tab A7 is a stylish new <br>\n                            companion for your life.Dive head-first into the things you love, <br>\n                            and easily share your favorite moments. Learn, explore, connect <br>\n                            and be inspired.\n                        </p>\n                    </div>\n                    <div>\n                        <h3 class=\"tp-product-details-desc-title\">Draw inspiration with S Pen</h3>\n                        <p>\n                            S Pen is a bundle of writing instruments in one. Its natural grip, <br>\n                            low latency and impressive pressure sensitivity will make it your go-to for everything from drawing to editing documents. And S Pen won\'t get misplaced thanks.\n                        </p>\n                    </div>\n                </div>\n                <div class=\"col-lg-6\">\n                    <div class=\"tp-product-details-desc-thumb\">\n                        <img src=\"/storage/main/products/product-details-desc-1.jpg\" alt=\"product\">\n                    </div>\n                </div>\n            </div>\n        </div>\n        <div class=\"tp-product-details-desc-item pb-75\">\n            <div class=\"row\">\n                <div class=\"col-lg-7\">\n                    <div class=\"tp-product-details-desc-thumb\">\n                        <img src=\"/storage/main/products/product-details-desc-2.jpg\" alt=\"product\">\n                    </div>\n                </div>\n\n                <div class=\"col-lg-5 order-first order-lg-last\">\n                    <div class=\"des-content-2 pl-40\">\n                        <h3 class=\"tp-product-details-desc-title\">\n                            Carry with <br>\n                            Confidence and style\n                        </h3>\n                        <p>\n                            Wrap your tablet in a sleek case that\'s as stylish as it is convenient. Galaxy Tab S6 Lite Book Cover folds around and clings magnetically, so you can easily gear up as you\'re headed out the door. There\'s even a\n                            compartment for S pen, so you can be sure it doesn\'t get left behind.\n                        </p>\n                    </div>\n                </div>\n            </div>\n        </div>\n        <div class=\"tp-product-details-desc-item\">\n            <div class=\"row\">\n                <div class=\"col-xl-12\">\n                    <div class=\"tp-product-details-desc-banner text-center m-img\">\n                        <h3 class=\"tp-product-details-desc-banner-title tp-product-details-desc-title\">Speed Memory Power = Epic Races</h3>\n                        <img src=\"/storage/main/products/product-details-desc-3.jpg\" alt=\"product\">\n                    </div>\n                </div>\n            </div>\n        </div>\n    </div>\n</div>\n','published','[\"main\\/products\\/product-4.jpg\",\"main\\/products\\/product-6.jpg\",\"main\\/products\\/product-details-desc-1.jpg\",\"main\\/products\\/product-20.jpg\",\"main\\/products\\/product-12.jpg\"]','[[{\"key\":\"file\",\"value\":\"main\\/video\\/video-1.mp4\"},{\"key\":\"url\",\"value\":null},{\"key\":\"thumbnail\",\"value\":\"main\\/video\\/1.jpg\"}]]','CP-133',0,19,0,1,'in_stock',1,5,0,0,853,385,NULL,NULL,14,11,13,691,NULL,100001,'2025-07-28 03:48:41','2025-07-28 03:48:46',0,'Botble\\ACL\\Models\\User',NULL,'physical','2746220961766',NULL,0,'auto_generate',0,0,0,2,4,0),(26,'Elgato Stream Deck XL','Additionally, this includes a redesigned microphone boom arm that is 33 percent shorter than the Evolve 75 and offers the industry-leading call performance for which Jabra headsets are known.','<div class=\"row justify-content-center\">\n    <div class=\"col-xl-10\">\n        <div class=\"tp-product-details-desc-item pb-105\">\n            <div class=\"row\">\n                <div class=\"col-lg-6\">\n                    <div class=\"pt-25\">\n                        <span>Galaxy A8 tablet</span>\n                        <h3 class=\"tp-product-details-desc-title\">Your world at a glance</h3>\n                        <p>\n                            With a slim design, a vibrant entertainment system, and <br>\n                            outstanding performance, the new Galaxy Tab A7 is a stylish new <br>\n                            companion for your life.Dive head-first into the things you love, <br>\n                            and easily share your favorite moments. Learn, explore, connect <br>\n                            and be inspired.\n                        </p>\n                    </div>\n                    <div>\n                        <h3 class=\"tp-product-details-desc-title\">Draw inspiration with S Pen</h3>\n                        <p>\n                            S Pen is a bundle of writing instruments in one. Its natural grip, <br>\n                            low latency and impressive pressure sensitivity will make it your go-to for everything from drawing to editing documents. And S Pen won\'t get misplaced thanks.\n                        </p>\n                    </div>\n                </div>\n                <div class=\"col-lg-6\">\n                    <div class=\"tp-product-details-desc-thumb\">\n                        <img src=\"/storage/main/products/product-details-desc-1.jpg\" alt=\"product\">\n                    </div>\n                </div>\n            </div>\n        </div>\n        <div class=\"tp-product-details-desc-item pb-75\">\n            <div class=\"row\">\n                <div class=\"col-lg-7\">\n                    <div class=\"tp-product-details-desc-thumb\">\n                        <img src=\"/storage/main/products/product-details-desc-2.jpg\" alt=\"product\">\n                    </div>\n                </div>\n\n                <div class=\"col-lg-5 order-first order-lg-last\">\n                    <div class=\"des-content-2 pl-40\">\n                        <h3 class=\"tp-product-details-desc-title\">\n                            Carry with <br>\n                            Confidence and style\n                        </h3>\n                        <p>\n                            Wrap your tablet in a sleek case that\'s as stylish as it is convenient. Galaxy Tab S6 Lite Book Cover folds around and clings magnetically, so you can easily gear up as you\'re headed out the door. There\'s even a\n                            compartment for S pen, so you can be sure it doesn\'t get left behind.\n                        </p>\n                    </div>\n                </div>\n            </div>\n        </div>\n        <div class=\"tp-product-details-desc-item\">\n            <div class=\"row\">\n                <div class=\"col-xl-12\">\n                    <div class=\"tp-product-details-desc-banner text-center m-img\">\n                        <h3 class=\"tp-product-details-desc-banner-title tp-product-details-desc-title\">Speed Memory Power = Epic Races</h3>\n                        <img src=\"/storage/main/products/product-details-desc-3.jpg\" alt=\"product\">\n                    </div>\n                </div>\n            </div>\n        </div>\n    </div>\n</div>\n','published','[\"main\\/products\\/product-19.jpg\",\"main\\/products\\/product-6.jpg\",\"main\\/products\\/product-8.jpg\",\"main\\/products\\/product-4.jpg\",\"main\\/products\\/product-14.jpg\",\"main\\/products\\/product-3.jpg\"]','[[{\"key\":\"file\",\"value\":\"main\\/video\\/video-1.mp4\"},{\"key\":\"url\",\"value\":null},{\"key\":\"thumbnail\",\"value\":\"main\\/video\\/1.jpg\"}]]','MB-151-A1',0,17,0,1,'in_stock',0,3,0,0,656,NULL,NULL,NULL,13,11,16,807,NULL,151131,'2025-07-28 03:48:41','2025-07-28 03:48:46',0,'Botble\\ACL\\Models\\User',NULL,'physical','6077233935861',NULL,0,'auto_generate',0,0,0,1,4,0),(27,'Nintendo Switch OLED Model','Additionally, this includes a redesigned microphone boom arm that is 33 percent shorter than the Evolve 75 and offers the industry-leading call performance for which Jabra headsets are known.','<div class=\"row justify-content-center\">\n    <div class=\"col-xl-10\">\n        <div class=\"tp-product-details-desc-item pb-105\">\n            <div class=\"row\">\n                <div class=\"col-lg-6\">\n                    <div class=\"pt-25\">\n                        <span>Galaxy A8 tablet</span>\n                        <h3 class=\"tp-product-details-desc-title\">Your world at a glance</h3>\n                        <p>\n                            With a slim design, a vibrant entertainment system, and <br>\n                            outstanding performance, the new Galaxy Tab A7 is a stylish new <br>\n                            companion for your life.Dive head-first into the things you love, <br>\n                            and easily share your favorite moments. Learn, explore, connect <br>\n                            and be inspired.\n                        </p>\n                    </div>\n                    <div>\n                        <h3 class=\"tp-product-details-desc-title\">Draw inspiration with S Pen</h3>\n                        <p>\n                            S Pen is a bundle of writing instruments in one. Its natural grip, <br>\n                            low latency and impressive pressure sensitivity will make it your go-to for everything from drawing to editing documents. And S Pen won\'t get misplaced thanks.\n                        </p>\n                    </div>\n                </div>\n                <div class=\"col-lg-6\">\n                    <div class=\"tp-product-details-desc-thumb\">\n                        <img src=\"/storage/main/products/product-details-desc-1.jpg\" alt=\"product\">\n                    </div>\n                </div>\n            </div>\n        </div>\n        <div class=\"tp-product-details-desc-item pb-75\">\n            <div class=\"row\">\n                <div class=\"col-lg-7\">\n                    <div class=\"tp-product-details-desc-thumb\">\n                        <img src=\"/storage/main/products/product-details-desc-2.jpg\" alt=\"product\">\n                    </div>\n                </div>\n\n                <div class=\"col-lg-5 order-first order-lg-last\">\n                    <div class=\"des-content-2 pl-40\">\n                        <h3 class=\"tp-product-details-desc-title\">\n                            Carry with <br>\n                            Confidence and style\n                        </h3>\n                        <p>\n                            Wrap your tablet in a sleek case that\'s as stylish as it is convenient. Galaxy Tab S6 Lite Book Cover folds around and clings magnetically, so you can easily gear up as you\'re headed out the door. There\'s even a\n                            compartment for S pen, so you can be sure it doesn\'t get left behind.\n                        </p>\n                    </div>\n                </div>\n            </div>\n        </div>\n        <div class=\"tp-product-details-desc-item\">\n            <div class=\"row\">\n                <div class=\"col-xl-12\">\n                    <div class=\"tp-product-details-desc-banner text-center m-img\">\n                        <h3 class=\"tp-product-details-desc-banner-title tp-product-details-desc-title\">Speed Memory Power = Epic Races</h3>\n                        <img src=\"/storage/main/products/product-details-desc-3.jpg\" alt=\"product\">\n                    </div>\n                </div>\n            </div>\n        </div>\n    </div>\n</div>\n','published','[\"main\\/products\\/product-1.jpg\",\"main\\/products\\/product-9.jpg\",\"main\\/products\\/product-details-desc-2.jpg\"]','[[{\"key\":\"file\",\"value\":\"main\\/video\\/video-2.mp4\"},{\"key\":\"url\",\"value\":null},{\"key\":\"thumbnail\",\"value\":\"main\\/video\\/2.jpg\"}]]','OL-169-A1',0,12,0,1,'in_stock',0,5,0,0,1203,NULL,NULL,NULL,12,14,11,683,NULL,3318,'2025-07-28 03:48:41','2025-07-28 03:48:46',0,'Botble\\ACL\\Models\\User',NULL,'physical','3155642330217',NULL,0,'auto_generate',0,0,0,2,3,0),(28,'PlayStation 5 Console (Digital)','The headset also offers MS Teams Certifications and other features like Busylight, Calls controls, Voice guiding, and Wireless range (ft): Up to 100 feet. Best-in-class. Boom The most recent Jabra Evolve2 75 USB-A MS Teams Stereo Headset offers professional-grade call performance that leads the industry, yet Evolve2 75 wins best-in-class.','<div class=\"row justify-content-center\">\n    <div class=\"col-xl-10\">\n        <div class=\"tp-product-details-desc-item pb-105\">\n            <div class=\"row\">\n                <div class=\"col-lg-6\">\n                    <div class=\"pt-25\">\n                        <span>Galaxy A8 tablet</span>\n                        <h3 class=\"tp-product-details-desc-title\">Your world at a glance</h3>\n                        <p>\n                            With a slim design, a vibrant entertainment system, and <br>\n                            outstanding performance, the new Galaxy Tab A7 is a stylish new <br>\n                            companion for your life.Dive head-first into the things you love, <br>\n                            and easily share your favorite moments. Learn, explore, connect <br>\n                            and be inspired.\n                        </p>\n                    </div>\n                    <div>\n                        <h3 class=\"tp-product-details-desc-title\">Draw inspiration with S Pen</h3>\n                        <p>\n                            S Pen is a bundle of writing instruments in one. Its natural grip, <br>\n                            low latency and impressive pressure sensitivity will make it your go-to for everything from drawing to editing documents. And S Pen won\'t get misplaced thanks.\n                        </p>\n                    </div>\n                </div>\n                <div class=\"col-lg-6\">\n                    <div class=\"tp-product-details-desc-thumb\">\n                        <img src=\"/storage/main/products/product-details-desc-1.jpg\" alt=\"product\">\n                    </div>\n                </div>\n            </div>\n        </div>\n        <div class=\"tp-product-details-desc-item pb-75\">\n            <div class=\"row\">\n                <div class=\"col-lg-7\">\n                    <div class=\"tp-product-details-desc-thumb\">\n                        <img src=\"/storage/main/products/product-details-desc-2.jpg\" alt=\"product\">\n                    </div>\n                </div>\n\n                <div class=\"col-lg-5 order-first order-lg-last\">\n                    <div class=\"des-content-2 pl-40\">\n                        <h3 class=\"tp-product-details-desc-title\">\n                            Carry with <br>\n                            Confidence and style\n                        </h3>\n                        <p>\n                            Wrap your tablet in a sleek case that\'s as stylish as it is convenient. Galaxy Tab S6 Lite Book Cover folds around and clings magnetically, so you can easily gear up as you\'re headed out the door. There\'s even a\n                            compartment for S pen, so you can be sure it doesn\'t get left behind.\n                        </p>\n                    </div>\n                </div>\n            </div>\n        </div>\n        <div class=\"tp-product-details-desc-item\">\n            <div class=\"row\">\n                <div class=\"col-xl-12\">\n                    <div class=\"tp-product-details-desc-banner text-center m-img\">\n                        <h3 class=\"tp-product-details-desc-banner-title tp-product-details-desc-title\">Speed Memory Power = Epic Races</h3>\n                        <img src=\"/storage/main/products/product-details-desc-3.jpg\" alt=\"product\">\n                    </div>\n                </div>\n            </div>\n        </div>\n    </div>\n</div>\n','published','[\"main\\/products\\/product-16.jpg\",\"main\\/products\\/product-7.jpg\",\"main\\/products\\/product-2.jpg\",\"main\\/products\\/product-9.jpg\",\"main\\/products\\/product-8.jpg\",\"main\\/products\\/product-5.jpg\"]','[[{\"key\":\"file\",\"value\":\"main\\/video\\/video-2.mp4\"},{\"key\":\"url\",\"value\":null},{\"key\":\"thumbnail\",\"value\":\"main\\/video\\/2.jpg\"}]]','J8-135-A1',0,11,0,1,'in_stock',1,3,0,0,491,436.99,NULL,NULL,11,12,11,659,NULL,199804,'2025-07-28 03:48:41','2025-07-28 03:48:46',0,'Botble\\ACL\\Models\\User',NULL,'digital','0174407553565',NULL,0,'auto_generate',0,0,0,1,2,0),(29,'Xbox Series X Console','Jabra Evolve2 75 USB-A MS Teams Stereo Headset The Jabra Evolve2 75 USB-A MS Teams Stereo Headset has replaced previous hybrid working standards. Industry-leading call quality thanks to top-notch audio engineering.','<div class=\"row justify-content-center\">\n    <div class=\"col-xl-10\">\n        <div class=\"tp-product-details-desc-item pb-105\">\n            <div class=\"row\">\n                <div class=\"col-lg-6\">\n                    <div class=\"pt-25\">\n                        <span>Galaxy A8 tablet</span>\n                        <h3 class=\"tp-product-details-desc-title\">Your world at a glance</h3>\n                        <p>\n                            With a slim design, a vibrant entertainment system, and <br>\n                            outstanding performance, the new Galaxy Tab A7 is a stylish new <br>\n                            companion for your life.Dive head-first into the things you love, <br>\n                            and easily share your favorite moments. Learn, explore, connect <br>\n                            and be inspired.\n                        </p>\n                    </div>\n                    <div>\n                        <h3 class=\"tp-product-details-desc-title\">Draw inspiration with S Pen</h3>\n                        <p>\n                            S Pen is a bundle of writing instruments in one. Its natural grip, <br>\n                            low latency and impressive pressure sensitivity will make it your go-to for everything from drawing to editing documents. And S Pen won\'t get misplaced thanks.\n                        </p>\n                    </div>\n                </div>\n                <div class=\"col-lg-6\">\n                    <div class=\"tp-product-details-desc-thumb\">\n                        <img src=\"/storage/main/products/product-details-desc-1.jpg\" alt=\"product\">\n                    </div>\n                </div>\n            </div>\n        </div>\n        <div class=\"tp-product-details-desc-item pb-75\">\n            <div class=\"row\">\n                <div class=\"col-lg-7\">\n                    <div class=\"tp-product-details-desc-thumb\">\n                        <img src=\"/storage/main/products/product-details-desc-2.jpg\" alt=\"product\">\n                    </div>\n                </div>\n\n                <div class=\"col-lg-5 order-first order-lg-last\">\n                    <div class=\"des-content-2 pl-40\">\n                        <h3 class=\"tp-product-details-desc-title\">\n                            Carry with <br>\n                            Confidence and style\n                        </h3>\n                        <p>\n                            Wrap your tablet in a sleek case that\'s as stylish as it is convenient. Galaxy Tab S6 Lite Book Cover folds around and clings magnetically, so you can easily gear up as you\'re headed out the door. There\'s even a\n                            compartment for S pen, so you can be sure it doesn\'t get left behind.\n                        </p>\n                    </div>\n                </div>\n            </div>\n        </div>\n        <div class=\"tp-product-details-desc-item\">\n            <div class=\"row\">\n                <div class=\"col-xl-12\">\n                    <div class=\"tp-product-details-desc-banner text-center m-img\">\n                        <h3 class=\"tp-product-details-desc-banner-title tp-product-details-desc-title\">Speed Memory Power = Epic Races</h3>\n                        <img src=\"/storage/main/products/product-details-desc-3.jpg\" alt=\"product\">\n                    </div>\n                </div>\n            </div>\n        </div>\n    </div>\n</div>\n','published','[\"main\\/products\\/product-16.jpg\",\"main\\/products\\/product-15.jpg\",\"main\\/products\\/product-20.jpg\",\"main\\/products\\/product-details-desc-2.jpg\",\"main\\/products\\/product-18.jpg\"]','[[{\"key\":\"file\",\"value\":\"main\\/video\\/video-2.mp4\"},{\"key\":\"url\",\"value\":null},{\"key\":\"thumbnail\",\"value\":\"main\\/video\\/2.jpg\"}]]','F4-123',0,13,0,1,'in_stock',1,1,0,0,372,189,NULL,NULL,15,20,10,603,NULL,34509,'2025-07-28 03:48:41','2025-07-28 03:48:46',0,'Botble\\ACL\\Models\\User',NULL,'physical','5097710285365',NULL,0,'auto_generate',0,0,0,2,4,0),(30,'Oculus Quest 2 VR Headset','Additionally, this includes a redesigned microphone boom arm that is 33 percent shorter than the Evolve 75 and offers the industry-leading call performance for which Jabra headsets are known.','<div class=\"row justify-content-center\">\n    <div class=\"col-xl-10\">\n        <div class=\"tp-product-details-desc-item pb-105\">\n            <div class=\"row\">\n                <div class=\"col-lg-6\">\n                    <div class=\"pt-25\">\n                        <span>Galaxy A8 tablet</span>\n                        <h3 class=\"tp-product-details-desc-title\">Your world at a glance</h3>\n                        <p>\n                            With a slim design, a vibrant entertainment system, and <br>\n                            outstanding performance, the new Galaxy Tab A7 is a stylish new <br>\n                            companion for your life.Dive head-first into the things you love, <br>\n                            and easily share your favorite moments. Learn, explore, connect <br>\n                            and be inspired.\n                        </p>\n                    </div>\n                    <div>\n                        <h3 class=\"tp-product-details-desc-title\">Draw inspiration with S Pen</h3>\n                        <p>\n                            S Pen is a bundle of writing instruments in one. Its natural grip, <br>\n                            low latency and impressive pressure sensitivity will make it your go-to for everything from drawing to editing documents. And S Pen won\'t get misplaced thanks.\n                        </p>\n                    </div>\n                </div>\n                <div class=\"col-lg-6\">\n                    <div class=\"tp-product-details-desc-thumb\">\n                        <img src=\"/storage/main/products/product-details-desc-1.jpg\" alt=\"product\">\n                    </div>\n                </div>\n            </div>\n        </div>\n        <div class=\"tp-product-details-desc-item pb-75\">\n            <div class=\"row\">\n                <div class=\"col-lg-7\">\n                    <div class=\"tp-product-details-desc-thumb\">\n                        <img src=\"/storage/main/products/product-details-desc-2.jpg\" alt=\"product\">\n                    </div>\n                </div>\n\n                <div class=\"col-lg-5 order-first order-lg-last\">\n                    <div class=\"des-content-2 pl-40\">\n                        <h3 class=\"tp-product-details-desc-title\">\n                            Carry with <br>\n                            Confidence and style\n                        </h3>\n                        <p>\n                            Wrap your tablet in a sleek case that\'s as stylish as it is convenient. Galaxy Tab S6 Lite Book Cover folds around and clings magnetically, so you can easily gear up as you\'re headed out the door. There\'s even a\n                            compartment for S pen, so you can be sure it doesn\'t get left behind.\n                        </p>\n                    </div>\n                </div>\n            </div>\n        </div>\n        <div class=\"tp-product-details-desc-item\">\n            <div class=\"row\">\n                <div class=\"col-xl-12\">\n                    <div class=\"tp-product-details-desc-banner text-center m-img\">\n                        <h3 class=\"tp-product-details-desc-banner-title tp-product-details-desc-title\">Speed Memory Power = Epic Races</h3>\n                        <img src=\"/storage/main/products/product-details-desc-3.jpg\" alt=\"product\">\n                    </div>\n                </div>\n            </div>\n        </div>\n    </div>\n</div>\n','published','[\"main\\/products\\/product-14.jpg\",\"main\\/products\\/product-6.jpg\",\"main\\/products\\/product-13.jpg\",\"main\\/products\\/product-10.jpg\"]','[[{\"key\":\"file\",\"value\":null},{\"key\":\"url\",\"value\":\"https:\\/\\/www.youtube.com\\/watch?v=6JYIGclVQdw\"},{\"key\":\"thumbnail\",\"value\":\"main\\/video\\/2.jpg\"}]]','FG-112',0,12,0,1,'in_stock',1,2,0,0,2439,1083,NULL,NULL,16,10,18,885,NULL,35007,'2025-07-28 03:48:41','2025-07-28 03:48:46',0,'Botble\\ACL\\Models\\User',NULL,'physical','6541117505995',NULL,0,'auto_generate',0,0,0,2,1,0),(31,'HTC Vive Cosmos Elite VR Headset','The headset also offers MS Teams Certifications and other features like Busylight, Calls controls, Voice guiding, and Wireless range (ft): Up to 100 feet. Best-in-class. Boom The most recent Jabra Evolve2 75 USB-A MS Teams Stereo Headset offers professional-grade call performance that leads the industry, yet Evolve2 75 wins best-in-class.','<div class=\"row justify-content-center\">\n    <div class=\"col-xl-10\">\n        <div class=\"tp-product-details-desc-item pb-105\">\n            <div class=\"row\">\n                <div class=\"col-lg-6\">\n                    <div class=\"pt-25\">\n                        <span>Galaxy A8 tablet</span>\n                        <h3 class=\"tp-product-details-desc-title\">Your world at a glance</h3>\n                        <p>\n                            With a slim design, a vibrant entertainment system, and <br>\n                            outstanding performance, the new Galaxy Tab A7 is a stylish new <br>\n                            companion for your life.Dive head-first into the things you love, <br>\n                            and easily share your favorite moments. Learn, explore, connect <br>\n                            and be inspired.\n                        </p>\n                    </div>\n                    <div>\n                        <h3 class=\"tp-product-details-desc-title\">Draw inspiration with S Pen</h3>\n                        <p>\n                            S Pen is a bundle of writing instruments in one. Its natural grip, <br>\n                            low latency and impressive pressure sensitivity will make it your go-to for everything from drawing to editing documents. And S Pen won\'t get misplaced thanks.\n                        </p>\n                    </div>\n                </div>\n                <div class=\"col-lg-6\">\n                    <div class=\"tp-product-details-desc-thumb\">\n                        <img src=\"/storage/main/products/product-details-desc-1.jpg\" alt=\"product\">\n                    </div>\n                </div>\n            </div>\n        </div>\n        <div class=\"tp-product-details-desc-item pb-75\">\n            <div class=\"row\">\n                <div class=\"col-lg-7\">\n                    <div class=\"tp-product-details-desc-thumb\">\n                        <img src=\"/storage/main/products/product-details-desc-2.jpg\" alt=\"product\">\n                    </div>\n                </div>\n\n                <div class=\"col-lg-5 order-first order-lg-last\">\n                    <div class=\"des-content-2 pl-40\">\n                        <h3 class=\"tp-product-details-desc-title\">\n                            Carry with <br>\n                            Confidence and style\n                        </h3>\n                        <p>\n                            Wrap your tablet in a sleek case that\'s as stylish as it is convenient. Galaxy Tab S6 Lite Book Cover folds around and clings magnetically, so you can easily gear up as you\'re headed out the door. There\'s even a\n                            compartment for S pen, so you can be sure it doesn\'t get left behind.\n                        </p>\n                    </div>\n                </div>\n            </div>\n        </div>\n        <div class=\"tp-product-details-desc-item\">\n            <div class=\"row\">\n                <div class=\"col-xl-12\">\n                    <div class=\"tp-product-details-desc-banner text-center m-img\">\n                        <h3 class=\"tp-product-details-desc-banner-title tp-product-details-desc-title\">Speed Memory Power = Epic Races</h3>\n                        <img src=\"/storage/main/products/product-details-desc-3.jpg\" alt=\"product\">\n                    </div>\n                </div>\n            </div>\n        </div>\n    </div>\n</div>\n','published','[\"main\\/products\\/product-16.jpg\",\"main\\/products\\/product-18.jpg\",\"main\\/products\\/product-12.jpg\",\"main\\/products\\/product-19.jpg\"]','[]','JE-189-A1',0,19,0,1,'in_stock',1,2,0,0,1014,NULL,NULL,NULL,14,16,14,620,NULL,37936,'2025-07-28 03:48:41','2025-07-28 03:48:46',0,'Botble\\ACL\\Models\\User',NULL,'physical','9037102093662',NULL,0,'auto_generate',0,0,0,2,5,0),(32,'Samsung Odyssey G9 49-Inch Curved Gaming Monitor (Digital)','The headset also offers MS Teams Certifications and other features like Busylight, Calls controls, Voice guiding, and Wireless range (ft): Up to 100 feet. Best-in-class. Boom The most recent Jabra Evolve2 75 USB-A MS Teams Stereo Headset offers professional-grade call performance that leads the industry, yet Evolve2 75 wins best-in-class.','<div class=\"row justify-content-center\">\n    <div class=\"col-xl-10\">\n        <div class=\"tp-product-details-desc-item pb-105\">\n            <div class=\"row\">\n                <div class=\"col-lg-6\">\n                    <div class=\"pt-25\">\n                        <span>Galaxy A8 tablet</span>\n                        <h3 class=\"tp-product-details-desc-title\">Your world at a glance</h3>\n                        <p>\n                            With a slim design, a vibrant entertainment system, and <br>\n                            outstanding performance, the new Galaxy Tab A7 is a stylish new <br>\n                            companion for your life.Dive head-first into the things you love, <br>\n                            and easily share your favorite moments. Learn, explore, connect <br>\n                            and be inspired.\n                        </p>\n                    </div>\n                    <div>\n                        <h3 class=\"tp-product-details-desc-title\">Draw inspiration with S Pen</h3>\n                        <p>\n                            S Pen is a bundle of writing instruments in one. Its natural grip, <br>\n                            low latency and impressive pressure sensitivity will make it your go-to for everything from drawing to editing documents. And S Pen won\'t get misplaced thanks.\n                        </p>\n                    </div>\n                </div>\n                <div class=\"col-lg-6\">\n                    <div class=\"tp-product-details-desc-thumb\">\n                        <img src=\"/storage/main/products/product-details-desc-1.jpg\" alt=\"product\">\n                    </div>\n                </div>\n            </div>\n        </div>\n        <div class=\"tp-product-details-desc-item pb-75\">\n            <div class=\"row\">\n                <div class=\"col-lg-7\">\n                    <div class=\"tp-product-details-desc-thumb\">\n                        <img src=\"/storage/main/products/product-details-desc-2.jpg\" alt=\"product\">\n                    </div>\n                </div>\n\n                <div class=\"col-lg-5 order-first order-lg-last\">\n                    <div class=\"des-content-2 pl-40\">\n                        <h3 class=\"tp-product-details-desc-title\">\n                            Carry with <br>\n                            Confidence and style\n                        </h3>\n                        <p>\n                            Wrap your tablet in a sleek case that\'s as stylish as it is convenient. Galaxy Tab S6 Lite Book Cover folds around and clings magnetically, so you can easily gear up as you\'re headed out the door. There\'s even a\n                            compartment for S pen, so you can be sure it doesn\'t get left behind.\n                        </p>\n                    </div>\n                </div>\n            </div>\n        </div>\n        <div class=\"tp-product-details-desc-item\">\n            <div class=\"row\">\n                <div class=\"col-xl-12\">\n                    <div class=\"tp-product-details-desc-banner text-center m-img\">\n                        <h3 class=\"tp-product-details-desc-banner-title tp-product-details-desc-title\">Speed Memory Power = Epic Races</h3>\n                        <img src=\"/storage/main/products/product-details-desc-3.jpg\" alt=\"product\">\n                    </div>\n                </div>\n            </div>\n        </div>\n    </div>\n</div>\n','published','[\"main\\/products\\/product-9.jpg\",\"main\\/products\\/product-15.jpg\",\"main\\/products\\/product-18.jpg\",\"main\\/products\\/product-1.jpg\",\"main\\/products\\/product-12.jpg\",\"main\\/products\\/product-3.jpg\"]','[[{\"key\":\"file\",\"value\":\"main\\/video\\/video-1.mp4\"},{\"key\":\"url\",\"value\":null},{\"key\":\"thumbnail\",\"value\":\"main\\/video\\/1.jpg\"}]]','XS-162',0,19,0,1,'in_stock',0,4,0,0,818,559,NULL,NULL,11,13,16,604,NULL,120405,'2025-07-28 03:48:41','2025-07-28 03:48:46',0,'Botble\\ACL\\Models\\User',NULL,'digital','1749603589091',NULL,0,'auto_generate',0,0,0,1,6,0),(33,'LG UltraGear 27GN950-B 4K Gaming Monitor','Additionally, this includes a redesigned microphone boom arm that is 33 percent shorter than the Evolve 75 and offers the industry-leading call performance for which Jabra headsets are known.','<div class=\"row justify-content-center\">\n    <div class=\"col-xl-10\">\n        <div class=\"tp-product-details-desc-item pb-105\">\n            <div class=\"row\">\n                <div class=\"col-lg-6\">\n                    <div class=\"pt-25\">\n                        <span>Galaxy A8 tablet</span>\n                        <h3 class=\"tp-product-details-desc-title\">Your world at a glance</h3>\n                        <p>\n                            With a slim design, a vibrant entertainment system, and <br>\n                            outstanding performance, the new Galaxy Tab A7 is a stylish new <br>\n                            companion for your life.Dive head-first into the things you love, <br>\n                            and easily share your favorite moments. Learn, explore, connect <br>\n                            and be inspired.\n                        </p>\n                    </div>\n                    <div>\n                        <h3 class=\"tp-product-details-desc-title\">Draw inspiration with S Pen</h3>\n                        <p>\n                            S Pen is a bundle of writing instruments in one. Its natural grip, <br>\n                            low latency and impressive pressure sensitivity will make it your go-to for everything from drawing to editing documents. And S Pen won\'t get misplaced thanks.\n                        </p>\n                    </div>\n                </div>\n                <div class=\"col-lg-6\">\n                    <div class=\"tp-product-details-desc-thumb\">\n                        <img src=\"/storage/main/products/product-details-desc-1.jpg\" alt=\"product\">\n                    </div>\n                </div>\n            </div>\n        </div>\n        <div class=\"tp-product-details-desc-item pb-75\">\n            <div class=\"row\">\n                <div class=\"col-lg-7\">\n                    <div class=\"tp-product-details-desc-thumb\">\n                        <img src=\"/storage/main/products/product-details-desc-2.jpg\" alt=\"product\">\n                    </div>\n                </div>\n\n                <div class=\"col-lg-5 order-first order-lg-last\">\n                    <div class=\"des-content-2 pl-40\">\n                        <h3 class=\"tp-product-details-desc-title\">\n                            Carry with <br>\n                            Confidence and style\n                        </h3>\n                        <p>\n                            Wrap your tablet in a sleek case that\'s as stylish as it is convenient. Galaxy Tab S6 Lite Book Cover folds around and clings magnetically, so you can easily gear up as you\'re headed out the door. There\'s even a\n                            compartment for S pen, so you can be sure it doesn\'t get left behind.\n                        </p>\n                    </div>\n                </div>\n            </div>\n        </div>\n        <div class=\"tp-product-details-desc-item\">\n            <div class=\"row\">\n                <div class=\"col-xl-12\">\n                    <div class=\"tp-product-details-desc-banner text-center m-img\">\n                        <h3 class=\"tp-product-details-desc-banner-title tp-product-details-desc-title\">Speed Memory Power = Epic Races</h3>\n                        <img src=\"/storage/main/products/product-details-desc-3.jpg\" alt=\"product\">\n                    </div>\n                </div>\n            </div>\n        </div>\n    </div>\n</div>\n','published','[\"main\\/products\\/product-8.jpg\",\"main\\/products\\/product-6.jpg\",\"main\\/products\\/product-10.jpg\",\"main\\/products\\/product-5.jpg\",\"main\\/products\\/product-details-desc-3.jpg\",\"main\\/products\\/product-17.jpg\"]','[[{\"key\":\"file\",\"value\":null},{\"key\":\"url\",\"value\":\"https:\\/\\/www.youtube.com\\/watch?v=6JYIGclVQdw\"},{\"key\":\"thumbnail\",\"value\":\"main\\/video\\/2.jpg\"}]]','W3-143',0,10,0,1,'in_stock',0,2,0,0,894,344,NULL,NULL,13,19,10,709,NULL,109579,'2025-07-28 03:48:41','2025-07-28 03:48:46',0,'Botble\\ACL\\Models\\User',NULL,'physical','6542507928738',NULL,0,'auto_generate',0,0,0,1,3,0),(34,'Acer Predator X38 Pbmiphzx 38-Inch Curved Gaming Monitor','Additionally, this includes a redesigned microphone boom arm that is 33 percent shorter than the Evolve 75 and offers the industry-leading call performance for which Jabra headsets are known.','<div class=\"row justify-content-center\">\n    <div class=\"col-xl-10\">\n        <div class=\"tp-product-details-desc-item pb-105\">\n            <div class=\"row\">\n                <div class=\"col-lg-6\">\n                    <div class=\"pt-25\">\n                        <span>Galaxy A8 tablet</span>\n                        <h3 class=\"tp-product-details-desc-title\">Your world at a glance</h3>\n                        <p>\n                            With a slim design, a vibrant entertainment system, and <br>\n                            outstanding performance, the new Galaxy Tab A7 is a stylish new <br>\n                            companion for your life.Dive head-first into the things you love, <br>\n                            and easily share your favorite moments. Learn, explore, connect <br>\n                            and be inspired.\n                        </p>\n                    </div>\n                    <div>\n                        <h3 class=\"tp-product-details-desc-title\">Draw inspiration with S Pen</h3>\n                        <p>\n                            S Pen is a bundle of writing instruments in one. Its natural grip, <br>\n                            low latency and impressive pressure sensitivity will make it your go-to for everything from drawing to editing documents. And S Pen won\'t get misplaced thanks.\n                        </p>\n                    </div>\n                </div>\n                <div class=\"col-lg-6\">\n                    <div class=\"tp-product-details-desc-thumb\">\n                        <img src=\"/storage/main/products/product-details-desc-1.jpg\" alt=\"product\">\n                    </div>\n                </div>\n            </div>\n        </div>\n        <div class=\"tp-product-details-desc-item pb-75\">\n            <div class=\"row\">\n                <div class=\"col-lg-7\">\n                    <div class=\"tp-product-details-desc-thumb\">\n                        <img src=\"/storage/main/products/product-details-desc-2.jpg\" alt=\"product\">\n                    </div>\n                </div>\n\n                <div class=\"col-lg-5 order-first order-lg-last\">\n                    <div class=\"des-content-2 pl-40\">\n                        <h3 class=\"tp-product-details-desc-title\">\n                            Carry with <br>\n                            Confidence and style\n                        </h3>\n                        <p>\n                            Wrap your tablet in a sleek case that\'s as stylish as it is convenient. Galaxy Tab S6 Lite Book Cover folds around and clings magnetically, so you can easily gear up as you\'re headed out the door. There\'s even a\n                            compartment for S pen, so you can be sure it doesn\'t get left behind.\n                        </p>\n                    </div>\n                </div>\n            </div>\n        </div>\n        <div class=\"tp-product-details-desc-item\">\n            <div class=\"row\">\n                <div class=\"col-xl-12\">\n                    <div class=\"tp-product-details-desc-banner text-center m-img\">\n                        <h3 class=\"tp-product-details-desc-banner-title tp-product-details-desc-title\">Speed Memory Power = Epic Races</h3>\n                        <img src=\"/storage/main/products/product-details-desc-3.jpg\" alt=\"product\">\n                    </div>\n                </div>\n            </div>\n        </div>\n    </div>\n</div>\n','published','[\"main\\/products\\/product-19.jpg\",\"main\\/products\\/product-2.jpg\",\"main\\/products\\/product-9.jpg\",\"main\\/products\\/product-details-desc-3.jpg\",\"main\\/products\\/product-14.jpg\"]','[[{\"key\":\"file\",\"value\":\"main\\/video\\/video-2.mp4\"},{\"key\":\"url\",\"value\":null},{\"key\":\"thumbnail\",\"value\":\"main\\/video\\/2.jpg\"}]]','NJ-174-A1',0,11,0,1,'in_stock',0,3,0,0,2443,NULL,NULL,NULL,16,17,12,821,NULL,61635,'2025-07-28 03:48:41','2025-07-28 03:48:46',0,'Botble\\ACL\\Models\\User',NULL,'physical','5637491395046',NULL,0,'auto_generate',0,0,0,2,4,0),(35,'ASUS ROG Swift PG279QM 27-Inch Gaming Monitor','Additionally, this includes a redesigned microphone boom arm that is 33 percent shorter than the Evolve 75 and offers the industry-leading call performance for which Jabra headsets are known.','<div class=\"row justify-content-center\">\n    <div class=\"col-xl-10\">\n        <div class=\"tp-product-details-desc-item pb-105\">\n            <div class=\"row\">\n                <div class=\"col-lg-6\">\n                    <div class=\"pt-25\">\n                        <span>Galaxy A8 tablet</span>\n                        <h3 class=\"tp-product-details-desc-title\">Your world at a glance</h3>\n                        <p>\n                            With a slim design, a vibrant entertainment system, and <br>\n                            outstanding performance, the new Galaxy Tab A7 is a stylish new <br>\n                            companion for your life.Dive head-first into the things you love, <br>\n                            and easily share your favorite moments. Learn, explore, connect <br>\n                            and be inspired.\n                        </p>\n                    </div>\n                    <div>\n                        <h3 class=\"tp-product-details-desc-title\">Draw inspiration with S Pen</h3>\n                        <p>\n                            S Pen is a bundle of writing instruments in one. Its natural grip, <br>\n                            low latency and impressive pressure sensitivity will make it your go-to for everything from drawing to editing documents. And S Pen won\'t get misplaced thanks.\n                        </p>\n                    </div>\n                </div>\n                <div class=\"col-lg-6\">\n                    <div class=\"tp-product-details-desc-thumb\">\n                        <img src=\"/storage/main/products/product-details-desc-1.jpg\" alt=\"product\">\n                    </div>\n                </div>\n            </div>\n        </div>\n        <div class=\"tp-product-details-desc-item pb-75\">\n            <div class=\"row\">\n                <div class=\"col-lg-7\">\n                    <div class=\"tp-product-details-desc-thumb\">\n                        <img src=\"/storage/main/products/product-details-desc-2.jpg\" alt=\"product\">\n                    </div>\n                </div>\n\n                <div class=\"col-lg-5 order-first order-lg-last\">\n                    <div class=\"des-content-2 pl-40\">\n                        <h3 class=\"tp-product-details-desc-title\">\n                            Carry with <br>\n                            Confidence and style\n                        </h3>\n                        <p>\n                            Wrap your tablet in a sleek case that\'s as stylish as it is convenient. Galaxy Tab S6 Lite Book Cover folds around and clings magnetically, so you can easily gear up as you\'re headed out the door. There\'s even a\n                            compartment for S pen, so you can be sure it doesn\'t get left behind.\n                        </p>\n                    </div>\n                </div>\n            </div>\n        </div>\n        <div class=\"tp-product-details-desc-item\">\n            <div class=\"row\">\n                <div class=\"col-xl-12\">\n                    <div class=\"tp-product-details-desc-banner text-center m-img\">\n                        <h3 class=\"tp-product-details-desc-banner-title tp-product-details-desc-title\">Speed Memory Power = Epic Races</h3>\n                        <img src=\"/storage/main/products/product-details-desc-3.jpg\" alt=\"product\">\n                    </div>\n                </div>\n            </div>\n        </div>\n    </div>\n</div>\n','published','[\"main\\/products\\/product-12.jpg\",\"main\\/products\\/product-2.jpg\",\"main\\/products\\/product-details-desc-2.jpg\",\"main\\/products\\/product-3.jpg\",\"main\\/products\\/product-details-desc-3.jpg\",\"main\\/products\\/product-6.jpg\",\"main\\/products\\/product-details-desc-1.jpg\"]','[[{\"key\":\"file\",\"value\":\"main\\/video\\/video-2.mp4\"},{\"key\":\"url\",\"value\":null},{\"key\":\"thumbnail\",\"value\":\"main\\/video\\/2.jpg\"}]]','UW-102-A1',0,12,0,1,'in_stock',1,3,0,0,2369,NULL,NULL,NULL,13,17,10,892,NULL,124858,'2025-07-28 03:48:41','2025-07-28 03:48:46',0,'Botble\\ACL\\Models\\User',NULL,'physical','8256357392400',NULL,0,'auto_generate',0,0,0,1,5,0),(36,'BenQ EW3280U 32-Inch 4K HDR Entertainment Monitor (Digital)','Additionally, this includes a redesigned microphone boom arm that is 33 percent shorter than the Evolve 75 and offers the industry-leading call performance for which Jabra headsets are known.','<div class=\"row justify-content-center\">\n    <div class=\"col-xl-10\">\n        <div class=\"tp-product-details-desc-item pb-105\">\n            <div class=\"row\">\n                <div class=\"col-lg-6\">\n                    <div class=\"pt-25\">\n                        <span>Galaxy A8 tablet</span>\n                        <h3 class=\"tp-product-details-desc-title\">Your world at a glance</h3>\n                        <p>\n                            With a slim design, a vibrant entertainment system, and <br>\n                            outstanding performance, the new Galaxy Tab A7 is a stylish new <br>\n                            companion for your life.Dive head-first into the things you love, <br>\n                            and easily share your favorite moments. Learn, explore, connect <br>\n                            and be inspired.\n                        </p>\n                    </div>\n                    <div>\n                        <h3 class=\"tp-product-details-desc-title\">Draw inspiration with S Pen</h3>\n                        <p>\n                            S Pen is a bundle of writing instruments in one. Its natural grip, <br>\n                            low latency and impressive pressure sensitivity will make it your go-to for everything from drawing to editing documents. And S Pen won\'t get misplaced thanks.\n                        </p>\n                    </div>\n                </div>\n                <div class=\"col-lg-6\">\n                    <div class=\"tp-product-details-desc-thumb\">\n                        <img src=\"/storage/main/products/product-details-desc-1.jpg\" alt=\"product\">\n                    </div>\n                </div>\n            </div>\n        </div>\n        <div class=\"tp-product-details-desc-item pb-75\">\n            <div class=\"row\">\n                <div class=\"col-lg-7\">\n                    <div class=\"tp-product-details-desc-thumb\">\n                        <img src=\"/storage/main/products/product-details-desc-2.jpg\" alt=\"product\">\n                    </div>\n                </div>\n\n                <div class=\"col-lg-5 order-first order-lg-last\">\n                    <div class=\"des-content-2 pl-40\">\n                        <h3 class=\"tp-product-details-desc-title\">\n                            Carry with <br>\n                            Confidence and style\n                        </h3>\n                        <p>\n                            Wrap your tablet in a sleek case that\'s as stylish as it is convenient. Galaxy Tab S6 Lite Book Cover folds around and clings magnetically, so you can easily gear up as you\'re headed out the door. There\'s even a\n                            compartment for S pen, so you can be sure it doesn\'t get left behind.\n                        </p>\n                    </div>\n                </div>\n            </div>\n        </div>\n        <div class=\"tp-product-details-desc-item\">\n            <div class=\"row\">\n                <div class=\"col-xl-12\">\n                    <div class=\"tp-product-details-desc-banner text-center m-img\">\n                        <h3 class=\"tp-product-details-desc-banner-title tp-product-details-desc-title\">Speed Memory Power = Epic Races</h3>\n                        <img src=\"/storage/main/products/product-details-desc-3.jpg\" alt=\"product\">\n                    </div>\n                </div>\n            </div>\n        </div>\n    </div>\n</div>\n','published','[\"main\\/products\\/product-14.jpg\",\"main\\/products\\/product-3.jpg\",\"main\\/products\\/product-12.jpg\",\"main\\/products\\/product-6.jpg\"]','[[{\"key\":\"file\",\"value\":\"main\\/video\\/video-1.mp4\"},{\"key\":\"url\",\"value\":null},{\"key\":\"thumbnail\",\"value\":\"main\\/video\\/1.jpg\"}]]','BJ-117-A1',0,19,0,1,'in_stock',0,5,0,0,544,424.32,NULL,NULL,10,19,14,753,NULL,32153,'2025-07-28 03:48:42','2025-07-28 03:48:46',0,'Botble\\ACL\\Models\\User',NULL,'digital','6447688894264',NULL,0,'auto_generate',0,0,0,1,3,0),(37,'Dell UltraSharp U2720Q 27-Inch 4K USB-C Monitor','It complies with Microsoft\'s Open Office criteria and is specially tuned for outstanding conversations in open-plan workplaces and other loud environments when the microphone boom arm is lowered in Performance Mode','<div class=\"row justify-content-center\">\n    <div class=\"col-xl-10\">\n        <div class=\"tp-product-details-desc-item pb-105\">\n            <div class=\"row\">\n                <div class=\"col-lg-6\">\n                    <div class=\"pt-25\">\n                        <span>Galaxy A8 tablet</span>\n                        <h3 class=\"tp-product-details-desc-title\">Your world at a glance</h3>\n                        <p>\n                            With a slim design, a vibrant entertainment system, and <br>\n                            outstanding performance, the new Galaxy Tab A7 is a stylish new <br>\n                            companion for your life.Dive head-first into the things you love, <br>\n                            and easily share your favorite moments. Learn, explore, connect <br>\n                            and be inspired.\n                        </p>\n                    </div>\n                    <div>\n                        <h3 class=\"tp-product-details-desc-title\">Draw inspiration with S Pen</h3>\n                        <p>\n                            S Pen is a bundle of writing instruments in one. Its natural grip, <br>\n                            low latency and impressive pressure sensitivity will make it your go-to for everything from drawing to editing documents. And S Pen won\'t get misplaced thanks.\n                        </p>\n                    </div>\n                </div>\n                <div class=\"col-lg-6\">\n                    <div class=\"tp-product-details-desc-thumb\">\n                        <img src=\"/storage/main/products/product-details-desc-1.jpg\" alt=\"product\">\n                    </div>\n                </div>\n            </div>\n        </div>\n        <div class=\"tp-product-details-desc-item pb-75\">\n            <div class=\"row\">\n                <div class=\"col-lg-7\">\n                    <div class=\"tp-product-details-desc-thumb\">\n                        <img src=\"/storage/main/products/product-details-desc-2.jpg\" alt=\"product\">\n                    </div>\n                </div>\n\n                <div class=\"col-lg-5 order-first order-lg-last\">\n                    <div class=\"des-content-2 pl-40\">\n                        <h3 class=\"tp-product-details-desc-title\">\n                            Carry with <br>\n                            Confidence and style\n                        </h3>\n                        <p>\n                            Wrap your tablet in a sleek case that\'s as stylish as it is convenient. Galaxy Tab S6 Lite Book Cover folds around and clings magnetically, so you can easily gear up as you\'re headed out the door. There\'s even a\n                            compartment for S pen, so you can be sure it doesn\'t get left behind.\n                        </p>\n                    </div>\n                </div>\n            </div>\n        </div>\n        <div class=\"tp-product-details-desc-item\">\n            <div class=\"row\">\n                <div class=\"col-xl-12\">\n                    <div class=\"tp-product-details-desc-banner text-center m-img\">\n                        <h3 class=\"tp-product-details-desc-banner-title tp-product-details-desc-title\">Speed Memory Power = Epic Races</h3>\n                        <img src=\"/storage/main/products/product-details-desc-3.jpg\" alt=\"product\">\n                    </div>\n                </div>\n            </div>\n        </div>\n    </div>\n</div>\n','published','[\"main\\/products\\/product-7.jpg\",\"main\\/products\\/product-16.jpg\",\"main\\/products\\/product-6.jpg\",\"main\\/products\\/product-2.jpg\",\"main\\/products\\/product-3.jpg\",\"main\\/products\\/product-14.jpg\"]','[[{\"key\":\"file\",\"value\":\"main\\/video\\/video-1.mp4\"},{\"key\":\"url\",\"value\":null},{\"key\":\"thumbnail\",\"value\":\"main\\/video\\/1.jpg\"}]]','H2-163-A1',0,19,0,1,'in_stock',1,5,0,0,959,NULL,NULL,NULL,11,18,16,552,NULL,179199,'2025-07-28 03:48:42','2025-07-28 03:48:46',0,'Botble\\ACL\\Models\\User',NULL,'physical','4018035182710',NULL,0,'auto_generate',0,0,0,1,3,0),(38,'HP Z27k G3 4K USB-C Monitor','It complies with Microsoft\'s Open Office criteria and is specially tuned for outstanding conversations in open-plan workplaces and other loud environments when the microphone boom arm is lowered in Performance Mode','<div class=\"row justify-content-center\">\n    <div class=\"col-xl-10\">\n        <div class=\"tp-product-details-desc-item pb-105\">\n            <div class=\"row\">\n                <div class=\"col-lg-6\">\n                    <div class=\"pt-25\">\n                        <span>Galaxy A8 tablet</span>\n                        <h3 class=\"tp-product-details-desc-title\">Your world at a glance</h3>\n                        <p>\n                            With a slim design, a vibrant entertainment system, and <br>\n                            outstanding performance, the new Galaxy Tab A7 is a stylish new <br>\n                            companion for your life.Dive head-first into the things you love, <br>\n                            and easily share your favorite moments. Learn, explore, connect <br>\n                            and be inspired.\n                        </p>\n                    </div>\n                    <div>\n                        <h3 class=\"tp-product-details-desc-title\">Draw inspiration with S Pen</h3>\n                        <p>\n                            S Pen is a bundle of writing instruments in one. Its natural grip, <br>\n                            low latency and impressive pressure sensitivity will make it your go-to for everything from drawing to editing documents. And S Pen won\'t get misplaced thanks.\n                        </p>\n                    </div>\n                </div>\n                <div class=\"col-lg-6\">\n                    <div class=\"tp-product-details-desc-thumb\">\n                        <img src=\"/storage/main/products/product-details-desc-1.jpg\" alt=\"product\">\n                    </div>\n                </div>\n            </div>\n        </div>\n        <div class=\"tp-product-details-desc-item pb-75\">\n            <div class=\"row\">\n                <div class=\"col-lg-7\">\n                    <div class=\"tp-product-details-desc-thumb\">\n                        <img src=\"/storage/main/products/product-details-desc-2.jpg\" alt=\"product\">\n                    </div>\n                </div>\n\n                <div class=\"col-lg-5 order-first order-lg-last\">\n                    <div class=\"des-content-2 pl-40\">\n                        <h3 class=\"tp-product-details-desc-title\">\n                            Carry with <br>\n                            Confidence and style\n                        </h3>\n                        <p>\n                            Wrap your tablet in a sleek case that\'s as stylish as it is convenient. Galaxy Tab S6 Lite Book Cover folds around and clings magnetically, so you can easily gear up as you\'re headed out the door. There\'s even a\n                            compartment for S pen, so you can be sure it doesn\'t get left behind.\n                        </p>\n                    </div>\n                </div>\n            </div>\n        </div>\n        <div class=\"tp-product-details-desc-item\">\n            <div class=\"row\">\n                <div class=\"col-xl-12\">\n                    <div class=\"tp-product-details-desc-banner text-center m-img\">\n                        <h3 class=\"tp-product-details-desc-banner-title tp-product-details-desc-title\">Speed Memory Power = Epic Races</h3>\n                        <img src=\"/storage/main/products/product-details-desc-3.jpg\" alt=\"product\">\n                    </div>\n                </div>\n            </div>\n        </div>\n    </div>\n</div>\n','published','[\"main\\/products\\/product-20.jpg\",\"main\\/products\\/product-19.jpg\",\"main\\/products\\/product-9.jpg\",\"main\\/products\\/product-12.jpg\",\"main\\/products\\/product-18.jpg\",\"main\\/products\\/product-2.jpg\",\"main\\/products\\/product-details-desc-3.jpg\"]','[[{\"key\":\"file\",\"value\":null},{\"key\":\"url\",\"value\":\"https:\\/\\/www.youtube.com\\/watch?v=6JYIGclVQdw\"},{\"key\":\"thumbnail\",\"value\":\"main\\/video\\/2.jpg\"}]]','QR-167',0,13,0,1,'in_stock',0,5,0,0,1998,1660,NULL,NULL,14,12,16,839,NULL,77123,'2025-07-28 03:48:42','2025-07-28 03:48:46',0,'Botble\\ACL\\Models\\User',NULL,'physical','5705971466941',NULL,0,'auto_generate',0,0,0,1,1,0),(39,'LG 27UK850-W 27-Inch 4K UHD IPS Monitor','Jabra Evolve2 75 USB-A MS Teams Stereo Headset The Jabra Evolve2 75 USB-A MS Teams Stereo Headset has replaced previous hybrid working standards. Industry-leading call quality thanks to top-notch audio engineering.','<div class=\"row justify-content-center\">\n    <div class=\"col-xl-10\">\n        <div class=\"tp-product-details-desc-item pb-105\">\n            <div class=\"row\">\n                <div class=\"col-lg-6\">\n                    <div class=\"pt-25\">\n                        <span>Galaxy A8 tablet</span>\n                        <h3 class=\"tp-product-details-desc-title\">Your world at a glance</h3>\n                        <p>\n                            With a slim design, a vibrant entertainment system, and <br>\n                            outstanding performance, the new Galaxy Tab A7 is a stylish new <br>\n                            companion for your life.Dive head-first into the things you love, <br>\n                            and easily share your favorite moments. Learn, explore, connect <br>\n                            and be inspired.\n                        </p>\n                    </div>\n                    <div>\n                        <h3 class=\"tp-product-details-desc-title\">Draw inspiration with S Pen</h3>\n                        <p>\n                            S Pen is a bundle of writing instruments in one. Its natural grip, <br>\n                            low latency and impressive pressure sensitivity will make it your go-to for everything from drawing to editing documents. And S Pen won\'t get misplaced thanks.\n                        </p>\n                    </div>\n                </div>\n                <div class=\"col-lg-6\">\n                    <div class=\"tp-product-details-desc-thumb\">\n                        <img src=\"/storage/main/products/product-details-desc-1.jpg\" alt=\"product\">\n                    </div>\n                </div>\n            </div>\n        </div>\n        <div class=\"tp-product-details-desc-item pb-75\">\n            <div class=\"row\">\n                <div class=\"col-lg-7\">\n                    <div class=\"tp-product-details-desc-thumb\">\n                        <img src=\"/storage/main/products/product-details-desc-2.jpg\" alt=\"product\">\n                    </div>\n                </div>\n\n                <div class=\"col-lg-5 order-first order-lg-last\">\n                    <div class=\"des-content-2 pl-40\">\n                        <h3 class=\"tp-product-details-desc-title\">\n                            Carry with <br>\n                            Confidence and style\n                        </h3>\n                        <p>\n                            Wrap your tablet in a sleek case that\'s as stylish as it is convenient. Galaxy Tab S6 Lite Book Cover folds around and clings magnetically, so you can easily gear up as you\'re headed out the door. There\'s even a\n                            compartment for S pen, so you can be sure it doesn\'t get left behind.\n                        </p>\n                    </div>\n                </div>\n            </div>\n        </div>\n        <div class=\"tp-product-details-desc-item\">\n            <div class=\"row\">\n                <div class=\"col-xl-12\">\n                    <div class=\"tp-product-details-desc-banner text-center m-img\">\n                        <h3 class=\"tp-product-details-desc-banner-title tp-product-details-desc-title\">Speed Memory Power = Epic Races</h3>\n                        <img src=\"/storage/main/products/product-details-desc-3.jpg\" alt=\"product\">\n                    </div>\n                </div>\n            </div>\n        </div>\n    </div>\n</div>\n','published','[\"main\\/products\\/product-1.jpg\",\"main\\/products\\/product-12.jpg\",\"main\\/products\\/product-10.jpg\"]','[[{\"key\":\"file\",\"value\":\"main\\/video\\/video-2.mp4\"},{\"key\":\"url\",\"value\":null},{\"key\":\"thumbnail\",\"value\":\"main\\/video\\/2.jpg\"}]]','NK-179',0,13,0,1,'in_stock',0,1,0,0,1968,314,NULL,NULL,12,17,11,554,NULL,87446,'2025-07-28 03:48:42','2025-07-28 03:48:46',0,'Botble\\ACL\\Models\\User',NULL,'physical','0326656352721',NULL,0,'auto_generate',0,0,0,1,4,0),(40,'Samsung Odyssey G7 32-Inch Curved Gaming Monitor (Digital)','With this intelligent headset, you can stay connected and productive from the first call of the day to the last train home. With an ergonomic earcup design, this headset invented a brand-new dual-foam technology. You will be comfortable from the first call to the last thanks to the re-engineered leatherette ear cushion design that allows for better airflow.','<div class=\"row justify-content-center\">\n    <div class=\"col-xl-10\">\n        <div class=\"tp-product-details-desc-item pb-105\">\n            <div class=\"row\">\n                <div class=\"col-lg-6\">\n                    <div class=\"pt-25\">\n                        <span>Galaxy A8 tablet</span>\n                        <h3 class=\"tp-product-details-desc-title\">Your world at a glance</h3>\n                        <p>\n                            With a slim design, a vibrant entertainment system, and <br>\n                            outstanding performance, the new Galaxy Tab A7 is a stylish new <br>\n                            companion for your life.Dive head-first into the things you love, <br>\n                            and easily share your favorite moments. Learn, explore, connect <br>\n                            and be inspired.\n                        </p>\n                    </div>\n                    <div>\n                        <h3 class=\"tp-product-details-desc-title\">Draw inspiration with S Pen</h3>\n                        <p>\n                            S Pen is a bundle of writing instruments in one. Its natural grip, <br>\n                            low latency and impressive pressure sensitivity will make it your go-to for everything from drawing to editing documents. And S Pen won\'t get misplaced thanks.\n                        </p>\n                    </div>\n                </div>\n                <div class=\"col-lg-6\">\n                    <div class=\"tp-product-details-desc-thumb\">\n                        <img src=\"/storage/main/products/product-details-desc-1.jpg\" alt=\"product\">\n                    </div>\n                </div>\n            </div>\n        </div>\n        <div class=\"tp-product-details-desc-item pb-75\">\n            <div class=\"row\">\n                <div class=\"col-lg-7\">\n                    <div class=\"tp-product-details-desc-thumb\">\n                        <img src=\"/storage/main/products/product-details-desc-2.jpg\" alt=\"product\">\n                    </div>\n                </div>\n\n                <div class=\"col-lg-5 order-first order-lg-last\">\n                    <div class=\"des-content-2 pl-40\">\n                        <h3 class=\"tp-product-details-desc-title\">\n                            Carry with <br>\n                            Confidence and style\n                        </h3>\n                        <p>\n                            Wrap your tablet in a sleek case that\'s as stylish as it is convenient. Galaxy Tab S6 Lite Book Cover folds around and clings magnetically, so you can easily gear up as you\'re headed out the door. There\'s even a\n                            compartment for S pen, so you can be sure it doesn\'t get left behind.\n                        </p>\n                    </div>\n                </div>\n            </div>\n        </div>\n        <div class=\"tp-product-details-desc-item\">\n            <div class=\"row\">\n                <div class=\"col-xl-12\">\n                    <div class=\"tp-product-details-desc-banner text-center m-img\">\n                        <h3 class=\"tp-product-details-desc-banner-title tp-product-details-desc-title\">Speed Memory Power = Epic Races</h3>\n                        <img src=\"/storage/main/products/product-details-desc-3.jpg\" alt=\"product\">\n                    </div>\n                </div>\n            </div>\n        </div>\n    </div>\n</div>\n','published','[\"main\\/products\\/product-16.jpg\",\"main\\/products\\/product-1.jpg\",\"main\\/products\\/product-7.jpg\",\"main\\/products\\/product-details-desc-3.jpg\"]','[[{\"key\":\"file\",\"value\":null},{\"key\":\"url\",\"value\":\"https:\\/\\/www.youtube.com\\/watch?v=6JYIGclVQdw\"},{\"key\":\"thumbnail\",\"value\":\"main\\/video\\/2.jpg\"}]]','K6-127-A1',0,10,0,1,'in_stock',0,4,0,0,2033,1463.76,NULL,NULL,18,17,10,888,NULL,13888,'2025-07-28 03:48:42','2025-07-28 03:48:46',0,'Botble\\ACL\\Models\\User',NULL,'digital','3035658394857',NULL,0,'auto_generate',0,0,0,1,2,0),(41,'Sony X900H 4K Ultra HD Smart LED TV','Additionally, this includes a redesigned microphone boom arm that is 33 percent shorter than the Evolve 75 and offers the industry-leading call performance for which Jabra headsets are known.','<div class=\"row justify-content-center\">\n    <div class=\"col-xl-10\">\n        <div class=\"tp-product-details-desc-item pb-105\">\n            <div class=\"row\">\n                <div class=\"col-lg-6\">\n                    <div class=\"pt-25\">\n                        <span>Galaxy A8 tablet</span>\n                        <h3 class=\"tp-product-details-desc-title\">Your world at a glance</h3>\n                        <p>\n                            With a slim design, a vibrant entertainment system, and <br>\n                            outstanding performance, the new Galaxy Tab A7 is a stylish new <br>\n                            companion for your life.Dive head-first into the things you love, <br>\n                            and easily share your favorite moments. Learn, explore, connect <br>\n                            and be inspired.\n                        </p>\n                    </div>\n                    <div>\n                        <h3 class=\"tp-product-details-desc-title\">Draw inspiration with S Pen</h3>\n                        <p>\n                            S Pen is a bundle of writing instruments in one. Its natural grip, <br>\n                            low latency and impressive pressure sensitivity will make it your go-to for everything from drawing to editing documents. And S Pen won\'t get misplaced thanks.\n                        </p>\n                    </div>\n                </div>\n                <div class=\"col-lg-6\">\n                    <div class=\"tp-product-details-desc-thumb\">\n                        <img src=\"/storage/main/products/product-details-desc-1.jpg\" alt=\"product\">\n                    </div>\n                </div>\n            </div>\n        </div>\n        <div class=\"tp-product-details-desc-item pb-75\">\n            <div class=\"row\">\n                <div class=\"col-lg-7\">\n                    <div class=\"tp-product-details-desc-thumb\">\n                        <img src=\"/storage/main/products/product-details-desc-2.jpg\" alt=\"product\">\n                    </div>\n                </div>\n\n                <div class=\"col-lg-5 order-first order-lg-last\">\n                    <div class=\"des-content-2 pl-40\">\n                        <h3 class=\"tp-product-details-desc-title\">\n                            Carry with <br>\n                            Confidence and style\n                        </h3>\n                        <p>\n                            Wrap your tablet in a sleek case that\'s as stylish as it is convenient. Galaxy Tab S6 Lite Book Cover folds around and clings magnetically, so you can easily gear up as you\'re headed out the door. There\'s even a\n                            compartment for S pen, so you can be sure it doesn\'t get left behind.\n                        </p>\n                    </div>\n                </div>\n            </div>\n        </div>\n        <div class=\"tp-product-details-desc-item\">\n            <div class=\"row\">\n                <div class=\"col-xl-12\">\n                    <div class=\"tp-product-details-desc-banner text-center m-img\">\n                        <h3 class=\"tp-product-details-desc-banner-title tp-product-details-desc-title\">Speed Memory Power = Epic Races</h3>\n                        <img src=\"/storage/main/products/product-details-desc-3.jpg\" alt=\"product\">\n                    </div>\n                </div>\n            </div>\n        </div>\n    </div>\n</div>\n','published','[\"main\\/products\\/product-13.jpg\",\"main\\/products\\/product-7.jpg\",\"main\\/products\\/product-8.jpg\",\"main\\/products\\/product-6.jpg\"]','[[{\"key\":\"file\",\"value\":\"main\\/video\\/video-1.mp4\"},{\"key\":\"url\",\"value\":null},{\"key\":\"thumbnail\",\"value\":\"main\\/video\\/1.jpg\"}]]','EJ-193',0,19,0,1,'in_stock',1,2,0,0,1685,1561,NULL,NULL,11,11,18,521,NULL,55093,'2025-07-28 03:48:42','2025-07-28 03:48:46',0,'Botble\\ACL\\Models\\User',NULL,'physical','0175304421018',NULL,0,'auto_generate',0,0,0,2,5,0),(42,'TCL 6-Series 4K UHD Dolby Vision HDR QLED Roku Smart TV','With this intelligent headset, you can stay connected and productive from the first call of the day to the last train home. With an ergonomic earcup design, this headset invented a brand-new dual-foam technology. You will be comfortable from the first call to the last thanks to the re-engineered leatherette ear cushion design that allows for better airflow.','<div class=\"row justify-content-center\">\n    <div class=\"col-xl-10\">\n        <div class=\"tp-product-details-desc-item pb-105\">\n            <div class=\"row\">\n                <div class=\"col-lg-6\">\n                    <div class=\"pt-25\">\n                        <span>Galaxy A8 tablet</span>\n                        <h3 class=\"tp-product-details-desc-title\">Your world at a glance</h3>\n                        <p>\n                            With a slim design, a vibrant entertainment system, and <br>\n                            outstanding performance, the new Galaxy Tab A7 is a stylish new <br>\n                            companion for your life.Dive head-first into the things you love, <br>\n                            and easily share your favorite moments. Learn, explore, connect <br>\n                            and be inspired.\n                        </p>\n                    </div>\n                    <div>\n                        <h3 class=\"tp-product-details-desc-title\">Draw inspiration with S Pen</h3>\n                        <p>\n                            S Pen is a bundle of writing instruments in one. Its natural grip, <br>\n                            low latency and impressive pressure sensitivity will make it your go-to for everything from drawing to editing documents. And S Pen won\'t get misplaced thanks.\n                        </p>\n                    </div>\n                </div>\n                <div class=\"col-lg-6\">\n                    <div class=\"tp-product-details-desc-thumb\">\n                        <img src=\"/storage/main/products/product-details-desc-1.jpg\" alt=\"product\">\n                    </div>\n                </div>\n            </div>\n        </div>\n        <div class=\"tp-product-details-desc-item pb-75\">\n            <div class=\"row\">\n                <div class=\"col-lg-7\">\n                    <div class=\"tp-product-details-desc-thumb\">\n                        <img src=\"/storage/main/products/product-details-desc-2.jpg\" alt=\"product\">\n                    </div>\n                </div>\n\n                <div class=\"col-lg-5 order-first order-lg-last\">\n                    <div class=\"des-content-2 pl-40\">\n                        <h3 class=\"tp-product-details-desc-title\">\n                            Carry with <br>\n                            Confidence and style\n                        </h3>\n                        <p>\n                            Wrap your tablet in a sleek case that\'s as stylish as it is convenient. Galaxy Tab S6 Lite Book Cover folds around and clings magnetically, so you can easily gear up as you\'re headed out the door. There\'s even a\n                            compartment for S pen, so you can be sure it doesn\'t get left behind.\n                        </p>\n                    </div>\n                </div>\n            </div>\n        </div>\n        <div class=\"tp-product-details-desc-item\">\n            <div class=\"row\">\n                <div class=\"col-xl-12\">\n                    <div class=\"tp-product-details-desc-banner text-center m-img\">\n                        <h3 class=\"tp-product-details-desc-banner-title tp-product-details-desc-title\">Speed Memory Power = Epic Races</h3>\n                        <img src=\"/storage/main/products/product-details-desc-3.jpg\" alt=\"product\">\n                    </div>\n                </div>\n            </div>\n        </div>\n    </div>\n</div>\n','published','[\"main\\/products\\/product-3.jpg\",\"main\\/products\\/product-7.jpg\",\"main\\/products\\/product-6.jpg\",\"main\\/products\\/product-20.jpg\",\"main\\/products\\/product-15.jpg\",\"main\\/products\\/product-5.jpg\"]','[[{\"key\":\"file\",\"value\":\"main\\/video\\/video-1.mp4\"},{\"key\":\"url\",\"value\":null},{\"key\":\"thumbnail\",\"value\":\"main\\/video\\/1.jpg\"}]]','MP-135-A1',0,11,0,1,'in_stock',0,4,0,0,2286,NULL,NULL,NULL,18,11,16,830,NULL,148238,'2025-07-28 03:48:42','2025-07-28 03:48:46',0,'Botble\\ACL\\Models\\User',NULL,'physical','0154772221047',NULL,0,'auto_generate',0,0,0,1,4,0),(43,'Vizio OLED65-H1 65-Inch 4K OLED Smart TV','We can provide exceptional noise isolation and the best all-day comfort by mixing firm foam for the outer with soft foam for the interior of the ear cushions. So that you may receive Active Noise-Cancellation (ANC) performance that is even greater in a headset that you can wear for whatever length you wish.','<div class=\"row justify-content-center\">\n    <div class=\"col-xl-10\">\n        <div class=\"tp-product-details-desc-item pb-105\">\n            <div class=\"row\">\n                <div class=\"col-lg-6\">\n                    <div class=\"pt-25\">\n                        <span>Galaxy A8 tablet</span>\n                        <h3 class=\"tp-product-details-desc-title\">Your world at a glance</h3>\n                        <p>\n                            With a slim design, a vibrant entertainment system, and <br>\n                            outstanding performance, the new Galaxy Tab A7 is a stylish new <br>\n                            companion for your life.Dive head-first into the things you love, <br>\n                            and easily share your favorite moments. Learn, explore, connect <br>\n                            and be inspired.\n                        </p>\n                    </div>\n                    <div>\n                        <h3 class=\"tp-product-details-desc-title\">Draw inspiration with S Pen</h3>\n                        <p>\n                            S Pen is a bundle of writing instruments in one. Its natural grip, <br>\n                            low latency and impressive pressure sensitivity will make it your go-to for everything from drawing to editing documents. And S Pen won\'t get misplaced thanks.\n                        </p>\n                    </div>\n                </div>\n                <div class=\"col-lg-6\">\n                    <div class=\"tp-product-details-desc-thumb\">\n                        <img src=\"/storage/main/products/product-details-desc-1.jpg\" alt=\"product\">\n                    </div>\n                </div>\n            </div>\n        </div>\n        <div class=\"tp-product-details-desc-item pb-75\">\n            <div class=\"row\">\n                <div class=\"col-lg-7\">\n                    <div class=\"tp-product-details-desc-thumb\">\n                        <img src=\"/storage/main/products/product-details-desc-2.jpg\" alt=\"product\">\n                    </div>\n                </div>\n\n                <div class=\"col-lg-5 order-first order-lg-last\">\n                    <div class=\"des-content-2 pl-40\">\n                        <h3 class=\"tp-product-details-desc-title\">\n                            Carry with <br>\n                            Confidence and style\n                        </h3>\n                        <p>\n                            Wrap your tablet in a sleek case that\'s as stylish as it is convenient. Galaxy Tab S6 Lite Book Cover folds around and clings magnetically, so you can easily gear up as you\'re headed out the door. There\'s even a\n                            compartment for S pen, so you can be sure it doesn\'t get left behind.\n                        </p>\n                    </div>\n                </div>\n            </div>\n        </div>\n        <div class=\"tp-product-details-desc-item\">\n            <div class=\"row\">\n                <div class=\"col-xl-12\">\n                    <div class=\"tp-product-details-desc-banner text-center m-img\">\n                        <h3 class=\"tp-product-details-desc-banner-title tp-product-details-desc-title\">Speed Memory Power = Epic Races</h3>\n                        <img src=\"/storage/main/products/product-details-desc-3.jpg\" alt=\"product\">\n                    </div>\n                </div>\n            </div>\n        </div>\n    </div>\n</div>\n','published','[\"main\\/products\\/product-16.jpg\",\"main\\/products\\/product-6.jpg\",\"main\\/products\\/product-1.jpg\",\"main\\/products\\/product-15.jpg\",\"main\\/products\\/product-4.jpg\",\"main\\/products\\/product-20.jpg\",\"main\\/products\\/product-18.jpg\",\"main\\/products\\/product-17.jpg\"]','[[{\"key\":\"file\",\"value\":null},{\"key\":\"url\",\"value\":\"https:\\/\\/www.youtube.com\\/watch?v=6JYIGclVQdw\"},{\"key\":\"thumbnail\",\"value\":\"main\\/video\\/1.jpg\"}]]','L8-137-A1',0,16,0,1,'in_stock',1,1,0,0,1700,NULL,NULL,NULL,18,18,18,893,NULL,124984,'2025-07-28 03:48:42','2025-07-28 03:48:46',0,'Botble\\ACL\\Models\\User',NULL,'physical','1612716435077',NULL,0,'auto_generate',0,0,0,2,3,0),(44,'Hisense U8G Quantum Series 4K ULED Android TV (Digital)','With this intelligent headset, you can stay connected and productive from the first call of the day to the last train home. With an ergonomic earcup design, this headset invented a brand-new dual-foam technology. You will be comfortable from the first call to the last thanks to the re-engineered leatherette ear cushion design that allows for better airflow.','<div class=\"row justify-content-center\">\n    <div class=\"col-xl-10\">\n        <div class=\"tp-product-details-desc-item pb-105\">\n            <div class=\"row\">\n                <div class=\"col-lg-6\">\n                    <div class=\"pt-25\">\n                        <span>Galaxy A8 tablet</span>\n                        <h3 class=\"tp-product-details-desc-title\">Your world at a glance</h3>\n                        <p>\n                            With a slim design, a vibrant entertainment system, and <br>\n                            outstanding performance, the new Galaxy Tab A7 is a stylish new <br>\n                            companion for your life.Dive head-first into the things you love, <br>\n                            and easily share your favorite moments. Learn, explore, connect <br>\n                            and be inspired.\n                        </p>\n                    </div>\n                    <div>\n                        <h3 class=\"tp-product-details-desc-title\">Draw inspiration with S Pen</h3>\n                        <p>\n                            S Pen is a bundle of writing instruments in one. Its natural grip, <br>\n                            low latency and impressive pressure sensitivity will make it your go-to for everything from drawing to editing documents. And S Pen won\'t get misplaced thanks.\n                        </p>\n                    </div>\n                </div>\n                <div class=\"col-lg-6\">\n                    <div class=\"tp-product-details-desc-thumb\">\n                        <img src=\"/storage/main/products/product-details-desc-1.jpg\" alt=\"product\">\n                    </div>\n                </div>\n            </div>\n        </div>\n        <div class=\"tp-product-details-desc-item pb-75\">\n            <div class=\"row\">\n                <div class=\"col-lg-7\">\n                    <div class=\"tp-product-details-desc-thumb\">\n                        <img src=\"/storage/main/products/product-details-desc-2.jpg\" alt=\"product\">\n                    </div>\n                </div>\n\n                <div class=\"col-lg-5 order-first order-lg-last\">\n                    <div class=\"des-content-2 pl-40\">\n                        <h3 class=\"tp-product-details-desc-title\">\n                            Carry with <br>\n                            Confidence and style\n                        </h3>\n                        <p>\n                            Wrap your tablet in a sleek case that\'s as stylish as it is convenient. Galaxy Tab S6 Lite Book Cover folds around and clings magnetically, so you can easily gear up as you\'re headed out the door. There\'s even a\n                            compartment for S pen, so you can be sure it doesn\'t get left behind.\n                        </p>\n                    </div>\n                </div>\n            </div>\n        </div>\n        <div class=\"tp-product-details-desc-item\">\n            <div class=\"row\">\n                <div class=\"col-xl-12\">\n                    <div class=\"tp-product-details-desc-banner text-center m-img\">\n                        <h3 class=\"tp-product-details-desc-banner-title tp-product-details-desc-title\">Speed Memory Power = Epic Races</h3>\n                        <img src=\"/storage/main/products/product-details-desc-3.jpg\" alt=\"product\">\n                    </div>\n                </div>\n            </div>\n        </div>\n    </div>\n</div>\n','published','[\"main\\/products\\/product-2.jpg\",\"main\\/products\\/product-3.jpg\",\"main\\/products\\/product-8.jpg\",\"main\\/products\\/product-17.jpg\",\"main\\/products\\/product-9.jpg\"]','[[{\"key\":\"file\",\"value\":\"main\\/video\\/video-1.mp4\"},{\"key\":\"url\",\"value\":null},{\"key\":\"thumbnail\",\"value\":\"main\\/video\\/1.jpg\"}]]','GN-150-A1',0,12,0,1,'in_stock',0,4,0,0,793,610.61,NULL,NULL,13,10,12,777,NULL,66875,'2025-07-28 03:48:42','2025-07-28 03:48:46',0,'Botble\\ACL\\Models\\User',NULL,'digital','6819249101690',NULL,0,'auto_generate',0,0,0,2,6,0),(45,'LG C1 Series 4K OLED Smart TV','We can provide exceptional noise isolation and the best all-day comfort by mixing firm foam for the outer with soft foam for the interior of the ear cushions. So that you may receive Active Noise-Cancellation (ANC) performance that is even greater in a headset that you can wear for whatever length you wish.','<div class=\"row justify-content-center\">\n    <div class=\"col-xl-10\">\n        <div class=\"tp-product-details-desc-item pb-105\">\n            <div class=\"row\">\n                <div class=\"col-lg-6\">\n                    <div class=\"pt-25\">\n                        <span>Galaxy A8 tablet</span>\n                        <h3 class=\"tp-product-details-desc-title\">Your world at a glance</h3>\n                        <p>\n                            With a slim design, a vibrant entertainment system, and <br>\n                            outstanding performance, the new Galaxy Tab A7 is a stylish new <br>\n                            companion for your life.Dive head-first into the things you love, <br>\n                            and easily share your favorite moments. Learn, explore, connect <br>\n                            and be inspired.\n                        </p>\n                    </div>\n                    <div>\n                        <h3 class=\"tp-product-details-desc-title\">Draw inspiration with S Pen</h3>\n                        <p>\n                            S Pen is a bundle of writing instruments in one. Its natural grip, <br>\n                            low latency and impressive pressure sensitivity will make it your go-to for everything from drawing to editing documents. And S Pen won\'t get misplaced thanks.\n                        </p>\n                    </div>\n                </div>\n                <div class=\"col-lg-6\">\n                    <div class=\"tp-product-details-desc-thumb\">\n                        <img src=\"/storage/main/products/product-details-desc-1.jpg\" alt=\"product\">\n                    </div>\n                </div>\n            </div>\n        </div>\n        <div class=\"tp-product-details-desc-item pb-75\">\n            <div class=\"row\">\n                <div class=\"col-lg-7\">\n                    <div class=\"tp-product-details-desc-thumb\">\n                        <img src=\"/storage/main/products/product-details-desc-2.jpg\" alt=\"product\">\n                    </div>\n                </div>\n\n                <div class=\"col-lg-5 order-first order-lg-last\">\n                    <div class=\"des-content-2 pl-40\">\n                        <h3 class=\"tp-product-details-desc-title\">\n                            Carry with <br>\n                            Confidence and style\n                        </h3>\n                        <p>\n                            Wrap your tablet in a sleek case that\'s as stylish as it is convenient. Galaxy Tab S6 Lite Book Cover folds around and clings magnetically, so you can easily gear up as you\'re headed out the door. There\'s even a\n                            compartment for S pen, so you can be sure it doesn\'t get left behind.\n                        </p>\n                    </div>\n                </div>\n            </div>\n        </div>\n        <div class=\"tp-product-details-desc-item\">\n            <div class=\"row\">\n                <div class=\"col-xl-12\">\n                    <div class=\"tp-product-details-desc-banner text-center m-img\">\n                        <h3 class=\"tp-product-details-desc-banner-title tp-product-details-desc-title\">Speed Memory Power = Epic Races</h3>\n                        <img src=\"/storage/main/products/product-details-desc-3.jpg\" alt=\"product\">\n                    </div>\n                </div>\n            </div>\n        </div>\n    </div>\n</div>\n','published','[\"main\\/products\\/product-1.jpg\",\"main\\/products\\/product-17.jpg\",\"main\\/products\\/product-8.jpg\",\"main\\/products\\/product-9.jpg\",\"main\\/products\\/product-18.jpg\",\"main\\/products\\/product-11.jpg\",\"main\\/products\\/product-details-desc-2.jpg\"]','[]','J9-137',0,11,0,1,'in_stock',1,3,0,0,2059,499,NULL,NULL,19,13,10,573,NULL,110971,'2025-07-28 03:48:42','2025-07-28 03:48:46',0,'Botble\\ACL\\Models\\User',NULL,'physical','5190536092756',NULL,0,'auto_generate',0,0,0,1,3,0),(46,'Samsung QN85A Neo QLED 4K Smart TV','With this intelligent headset, you can stay connected and productive from the first call of the day to the last train home. With an ergonomic earcup design, this headset invented a brand-new dual-foam technology. You will be comfortable from the first call to the last thanks to the re-engineered leatherette ear cushion design that allows for better airflow.','<div class=\"row justify-content-center\">\n    <div class=\"col-xl-10\">\n        <div class=\"tp-product-details-desc-item pb-105\">\n            <div class=\"row\">\n                <div class=\"col-lg-6\">\n                    <div class=\"pt-25\">\n                        <span>Galaxy A8 tablet</span>\n                        <h3 class=\"tp-product-details-desc-title\">Your world at a glance</h3>\n                        <p>\n                            With a slim design, a vibrant entertainment system, and <br>\n                            outstanding performance, the new Galaxy Tab A7 is a stylish new <br>\n                            companion for your life.Dive head-first into the things you love, <br>\n                            and easily share your favorite moments. Learn, explore, connect <br>\n                            and be inspired.\n                        </p>\n                    </div>\n                    <div>\n                        <h3 class=\"tp-product-details-desc-title\">Draw inspiration with S Pen</h3>\n                        <p>\n                            S Pen is a bundle of writing instruments in one. Its natural grip, <br>\n                            low latency and impressive pressure sensitivity will make it your go-to for everything from drawing to editing documents. And S Pen won\'t get misplaced thanks.\n                        </p>\n                    </div>\n                </div>\n                <div class=\"col-lg-6\">\n                    <div class=\"tp-product-details-desc-thumb\">\n                        <img src=\"/storage/main/products/product-details-desc-1.jpg\" alt=\"product\">\n                    </div>\n                </div>\n            </div>\n        </div>\n        <div class=\"tp-product-details-desc-item pb-75\">\n            <div class=\"row\">\n                <div class=\"col-lg-7\">\n                    <div class=\"tp-product-details-desc-thumb\">\n                        <img src=\"/storage/main/products/product-details-desc-2.jpg\" alt=\"product\">\n                    </div>\n                </div>\n\n                <div class=\"col-lg-5 order-first order-lg-last\">\n                    <div class=\"des-content-2 pl-40\">\n                        <h3 class=\"tp-product-details-desc-title\">\n                            Carry with <br>\n                            Confidence and style\n                        </h3>\n                        <p>\n                            Wrap your tablet in a sleek case that\'s as stylish as it is convenient. Galaxy Tab S6 Lite Book Cover folds around and clings magnetically, so you can easily gear up as you\'re headed out the door. There\'s even a\n                            compartment for S pen, so you can be sure it doesn\'t get left behind.\n                        </p>\n                    </div>\n                </div>\n            </div>\n        </div>\n        <div class=\"tp-product-details-desc-item\">\n            <div class=\"row\">\n                <div class=\"col-xl-12\">\n                    <div class=\"tp-product-details-desc-banner text-center m-img\">\n                        <h3 class=\"tp-product-details-desc-banner-title tp-product-details-desc-title\">Speed Memory Power = Epic Races</h3>\n                        <img src=\"/storage/main/products/product-details-desc-3.jpg\" alt=\"product\">\n                    </div>\n                </div>\n            </div>\n        </div>\n    </div>\n</div>\n','published','[\"main\\/products\\/product-details-desc-2.jpg\",\"main\\/products\\/product-8.jpg\",\"main\\/products\\/product-7.jpg\",\"main\\/products\\/product-1.jpg\",\"main\\/products\\/product-20.jpg\",\"main\\/products\\/product-4.jpg\",\"main\\/products\\/product-15.jpg\",\"main\\/products\\/product-details-desc-1.jpg\"]','[]','9I-185-A1',0,20,0,1,'in_stock',0,5,0,0,2345,NULL,NULL,NULL,11,15,14,740,NULL,175124,'2025-07-28 03:48:42','2025-07-28 03:48:47',0,'Botble\\ACL\\Models\\User',NULL,'physical','6712628261599',NULL,0,'auto_generate',0,0,0,1,7,0),(47,'Sony A90J 4K OLED Smart TV','Jabra Evolve2 75 USB-A MS Teams Stereo Headset The Jabra Evolve2 75 USB-A MS Teams Stereo Headset has replaced previous hybrid working standards. Industry-leading call quality thanks to top-notch audio engineering.','<div class=\"row justify-content-center\">\n    <div class=\"col-xl-10\">\n        <div class=\"tp-product-details-desc-item pb-105\">\n            <div class=\"row\">\n                <div class=\"col-lg-6\">\n                    <div class=\"pt-25\">\n                        <span>Galaxy A8 tablet</span>\n                        <h3 class=\"tp-product-details-desc-title\">Your world at a glance</h3>\n                        <p>\n                            With a slim design, a vibrant entertainment system, and <br>\n                            outstanding performance, the new Galaxy Tab A7 is a stylish new <br>\n                            companion for your life.Dive head-first into the things you love, <br>\n                            and easily share your favorite moments. Learn, explore, connect <br>\n                            and be inspired.\n                        </p>\n                    </div>\n                    <div>\n                        <h3 class=\"tp-product-details-desc-title\">Draw inspiration with S Pen</h3>\n                        <p>\n                            S Pen is a bundle of writing instruments in one. Its natural grip, <br>\n                            low latency and impressive pressure sensitivity will make it your go-to for everything from drawing to editing documents. And S Pen won\'t get misplaced thanks.\n                        </p>\n                    </div>\n                </div>\n                <div class=\"col-lg-6\">\n                    <div class=\"tp-product-details-desc-thumb\">\n                        <img src=\"/storage/main/products/product-details-desc-1.jpg\" alt=\"product\">\n                    </div>\n                </div>\n            </div>\n        </div>\n        <div class=\"tp-product-details-desc-item pb-75\">\n            <div class=\"row\">\n                <div class=\"col-lg-7\">\n                    <div class=\"tp-product-details-desc-thumb\">\n                        <img src=\"/storage/main/products/product-details-desc-2.jpg\" alt=\"product\">\n                    </div>\n                </div>\n\n                <div class=\"col-lg-5 order-first order-lg-last\">\n                    <div class=\"des-content-2 pl-40\">\n                        <h3 class=\"tp-product-details-desc-title\">\n                            Carry with <br>\n                            Confidence and style\n                        </h3>\n                        <p>\n                            Wrap your tablet in a sleek case that\'s as stylish as it is convenient. Galaxy Tab S6 Lite Book Cover folds around and clings magnetically, so you can easily gear up as you\'re headed out the door. There\'s even a\n                            compartment for S pen, so you can be sure it doesn\'t get left behind.\n                        </p>\n                    </div>\n                </div>\n            </div>\n        </div>\n        <div class=\"tp-product-details-desc-item\">\n            <div class=\"row\">\n                <div class=\"col-xl-12\">\n                    <div class=\"tp-product-details-desc-banner text-center m-img\">\n                        <h3 class=\"tp-product-details-desc-banner-title tp-product-details-desc-title\">Speed Memory Power = Epic Races</h3>\n                        <img src=\"/storage/main/products/product-details-desc-3.jpg\" alt=\"product\">\n                    </div>\n                </div>\n            </div>\n        </div>\n    </div>\n</div>\n','published','[\"main\\/products\\/product-20.jpg\",\"main\\/products\\/product-11.jpg\",\"main\\/products\\/product-6.jpg\"]','[]','SI-199',0,13,0,1,'in_stock',0,5,0,0,1253,414,NULL,NULL,14,12,11,555,NULL,106872,'2025-07-28 03:48:42','2025-07-28 03:48:47',0,'Botble\\ACL\\Models\\User',NULL,'physical','7827465416961',NULL,0,'auto_generate',0,0,0,1,5,0),(48,'Apple TV 4K (2nd Generation) (Digital)','With this intelligent headset, you can stay connected and productive from the first call of the day to the last train home. With an ergonomic earcup design, this headset invented a brand-new dual-foam technology. You will be comfortable from the first call to the last thanks to the re-engineered leatherette ear cushion design that allows for better airflow.','<div class=\"row justify-content-center\">\n    <div class=\"col-xl-10\">\n        <div class=\"tp-product-details-desc-item pb-105\">\n            <div class=\"row\">\n                <div class=\"col-lg-6\">\n                    <div class=\"pt-25\">\n                        <span>Galaxy A8 tablet</span>\n                        <h3 class=\"tp-product-details-desc-title\">Your world at a glance</h3>\n                        <p>\n                            With a slim design, a vibrant entertainment system, and <br>\n                            outstanding performance, the new Galaxy Tab A7 is a stylish new <br>\n                            companion for your life.Dive head-first into the things you love, <br>\n                            and easily share your favorite moments. Learn, explore, connect <br>\n                            and be inspired.\n                        </p>\n                    </div>\n                    <div>\n                        <h3 class=\"tp-product-details-desc-title\">Draw inspiration with S Pen</h3>\n                        <p>\n                            S Pen is a bundle of writing instruments in one. Its natural grip, <br>\n                            low latency and impressive pressure sensitivity will make it your go-to for everything from drawing to editing documents. And S Pen won\'t get misplaced thanks.\n                        </p>\n                    </div>\n                </div>\n                <div class=\"col-lg-6\">\n                    <div class=\"tp-product-details-desc-thumb\">\n                        <img src=\"/storage/main/products/product-details-desc-1.jpg\" alt=\"product\">\n                    </div>\n                </div>\n            </div>\n        </div>\n        <div class=\"tp-product-details-desc-item pb-75\">\n            <div class=\"row\">\n                <div class=\"col-lg-7\">\n                    <div class=\"tp-product-details-desc-thumb\">\n                        <img src=\"/storage/main/products/product-details-desc-2.jpg\" alt=\"product\">\n                    </div>\n                </div>\n\n                <div class=\"col-lg-5 order-first order-lg-last\">\n                    <div class=\"des-content-2 pl-40\">\n                        <h3 class=\"tp-product-details-desc-title\">\n                            Carry with <br>\n                            Confidence and style\n                        </h3>\n                        <p>\n                            Wrap your tablet in a sleek case that\'s as stylish as it is convenient. Galaxy Tab S6 Lite Book Cover folds around and clings magnetically, so you can easily gear up as you\'re headed out the door. There\'s even a\n                            compartment for S pen, so you can be sure it doesn\'t get left behind.\n                        </p>\n                    </div>\n                </div>\n            </div>\n        </div>\n        <div class=\"tp-product-details-desc-item\">\n            <div class=\"row\">\n                <div class=\"col-xl-12\">\n                    <div class=\"tp-product-details-desc-banner text-center m-img\">\n                        <h3 class=\"tp-product-details-desc-banner-title tp-product-details-desc-title\">Speed Memory Power = Epic Races</h3>\n                        <img src=\"/storage/main/products/product-details-desc-3.jpg\" alt=\"product\">\n                    </div>\n                </div>\n            </div>\n        </div>\n    </div>\n</div>\n','published','[\"main\\/products\\/product-20.jpg\",\"main\\/products\\/product-5.jpg\",\"main\\/products\\/product-details-desc-1.jpg\",\"main\\/products\\/product-19.jpg\"]','[[{\"key\":\"file\",\"value\":null},{\"key\":\"url\",\"value\":\"https:\\/\\/www.youtube.com\\/watch?v=6JYIGclVQdw\"},{\"key\":\"thumbnail\",\"value\":\"main\\/video\\/1.jpg\"}]]','UA-132-A1',0,19,0,1,'in_stock',1,2,0,0,258,229.62,NULL,NULL,13,12,19,542,NULL,14155,'2025-07-28 03:48:42','2025-07-28 03:48:47',0,'Botble\\ACL\\Models\\User',NULL,'digital','0949219830322',NULL,0,'auto_generate',0,0,0,1,5,0),(49,'Roku Ultra 2020 Streaming Media Player','The headset also offers MS Teams Certifications and other features like Busylight, Calls controls, Voice guiding, and Wireless range (ft): Up to 100 feet. Best-in-class. Boom The most recent Jabra Evolve2 75 USB-A MS Teams Stereo Headset offers professional-grade call performance that leads the industry, yet Evolve2 75 wins best-in-class.','<div class=\"row justify-content-center\">\n    <div class=\"col-xl-10\">\n        <div class=\"tp-product-details-desc-item pb-105\">\n            <div class=\"row\">\n                <div class=\"col-lg-6\">\n                    <div class=\"pt-25\">\n                        <span>Galaxy A8 tablet</span>\n                        <h3 class=\"tp-product-details-desc-title\">Your world at a glance</h3>\n                        <p>\n                            With a slim design, a vibrant entertainment system, and <br>\n                            outstanding performance, the new Galaxy Tab A7 is a stylish new <br>\n                            companion for your life.Dive head-first into the things you love, <br>\n                            and easily share your favorite moments. Learn, explore, connect <br>\n                            and be inspired.\n                        </p>\n                    </div>\n                    <div>\n                        <h3 class=\"tp-product-details-desc-title\">Draw inspiration with S Pen</h3>\n                        <p>\n                            S Pen is a bundle of writing instruments in one. Its natural grip, <br>\n                            low latency and impressive pressure sensitivity will make it your go-to for everything from drawing to editing documents. And S Pen won\'t get misplaced thanks.\n                        </p>\n                    </div>\n                </div>\n                <div class=\"col-lg-6\">\n                    <div class=\"tp-product-details-desc-thumb\">\n                        <img src=\"/storage/main/products/product-details-desc-1.jpg\" alt=\"product\">\n                    </div>\n                </div>\n            </div>\n        </div>\n        <div class=\"tp-product-details-desc-item pb-75\">\n            <div class=\"row\">\n                <div class=\"col-lg-7\">\n                    <div class=\"tp-product-details-desc-thumb\">\n                        <img src=\"/storage/main/products/product-details-desc-2.jpg\" alt=\"product\">\n                    </div>\n                </div>\n\n                <div class=\"col-lg-5 order-first order-lg-last\">\n                    <div class=\"des-content-2 pl-40\">\n                        <h3 class=\"tp-product-details-desc-title\">\n                            Carry with <br>\n                            Confidence and style\n                        </h3>\n                        <p>\n                            Wrap your tablet in a sleek case that\'s as stylish as it is convenient. Galaxy Tab S6 Lite Book Cover folds around and clings magnetically, so you can easily gear up as you\'re headed out the door. There\'s even a\n                            compartment for S pen, so you can be sure it doesn\'t get left behind.\n                        </p>\n                    </div>\n                </div>\n            </div>\n        </div>\n        <div class=\"tp-product-details-desc-item\">\n            <div class=\"row\">\n                <div class=\"col-xl-12\">\n                    <div class=\"tp-product-details-desc-banner text-center m-img\">\n                        <h3 class=\"tp-product-details-desc-banner-title tp-product-details-desc-title\">Speed Memory Power = Epic Races</h3>\n                        <img src=\"/storage/main/products/product-details-desc-3.jpg\" alt=\"product\">\n                    </div>\n                </div>\n            </div>\n        </div>\n    </div>\n</div>\n','published','[\"main\\/products\\/product-20.jpg\",\"main\\/products\\/product-1.jpg\",\"main\\/products\\/product-3.jpg\",\"main\\/products\\/product-17.jpg\",\"main\\/products\\/product-10.jpg\"]','[[{\"key\":\"file\",\"value\":null},{\"key\":\"url\",\"value\":\"https:\\/\\/www.youtube.com\\/watch?v=6JYIGclVQdw\"},{\"key\":\"thumbnail\",\"value\":\"main\\/video\\/2.jpg\"}]]','EK-182-A1',0,14,0,1,'in_stock',1,2,0,0,896,NULL,NULL,NULL,10,16,14,629,NULL,54646,'2025-07-28 03:48:42','2025-07-28 03:48:47',0,'Botble\\ACL\\Models\\User',NULL,'physical','1431060322563',NULL,0,'auto_generate',0,0,0,1,3,0),(50,'Amazon Fire TV Stick 4K Max','The headset also offers MS Teams Certifications and other features like Busylight, Calls controls, Voice guiding, and Wireless range (ft): Up to 100 feet. Best-in-class. Boom The most recent Jabra Evolve2 75 USB-A MS Teams Stereo Headset offers professional-grade call performance that leads the industry, yet Evolve2 75 wins best-in-class.','<div class=\"row justify-content-center\">\n    <div class=\"col-xl-10\">\n        <div class=\"tp-product-details-desc-item pb-105\">\n            <div class=\"row\">\n                <div class=\"col-lg-6\">\n                    <div class=\"pt-25\">\n                        <span>Galaxy A8 tablet</span>\n                        <h3 class=\"tp-product-details-desc-title\">Your world at a glance</h3>\n                        <p>\n                            With a slim design, a vibrant entertainment system, and <br>\n                            outstanding performance, the new Galaxy Tab A7 is a stylish new <br>\n                            companion for your life.Dive head-first into the things you love, <br>\n                            and easily share your favorite moments. Learn, explore, connect <br>\n                            and be inspired.\n                        </p>\n                    </div>\n                    <div>\n                        <h3 class=\"tp-product-details-desc-title\">Draw inspiration with S Pen</h3>\n                        <p>\n                            S Pen is a bundle of writing instruments in one. Its natural grip, <br>\n                            low latency and impressive pressure sensitivity will make it your go-to for everything from drawing to editing documents. And S Pen won\'t get misplaced thanks.\n                        </p>\n                    </div>\n                </div>\n                <div class=\"col-lg-6\">\n                    <div class=\"tp-product-details-desc-thumb\">\n                        <img src=\"/storage/main/products/product-details-desc-1.jpg\" alt=\"product\">\n                    </div>\n                </div>\n            </div>\n        </div>\n        <div class=\"tp-product-details-desc-item pb-75\">\n            <div class=\"row\">\n                <div class=\"col-lg-7\">\n                    <div class=\"tp-product-details-desc-thumb\">\n                        <img src=\"/storage/main/products/product-details-desc-2.jpg\" alt=\"product\">\n                    </div>\n                </div>\n\n                <div class=\"col-lg-5 order-first order-lg-last\">\n                    <div class=\"des-content-2 pl-40\">\n                        <h3 class=\"tp-product-details-desc-title\">\n                            Carry with <br>\n                            Confidence and style\n                        </h3>\n                        <p>\n                            Wrap your tablet in a sleek case that\'s as stylish as it is convenient. Galaxy Tab S6 Lite Book Cover folds around and clings magnetically, so you can easily gear up as you\'re headed out the door. There\'s even a\n                            compartment for S pen, so you can be sure it doesn\'t get left behind.\n                        </p>\n                    </div>\n                </div>\n            </div>\n        </div>\n        <div class=\"tp-product-details-desc-item\">\n            <div class=\"row\">\n                <div class=\"col-xl-12\">\n                    <div class=\"tp-product-details-desc-banner text-center m-img\">\n                        <h3 class=\"tp-product-details-desc-banner-title tp-product-details-desc-title\">Speed Memory Power = Epic Races</h3>\n                        <img src=\"/storage/main/products/product-details-desc-3.jpg\" alt=\"product\">\n                    </div>\n                </div>\n            </div>\n        </div>\n    </div>\n</div>\n','published','[\"main\\/products\\/product-details-desc-1.jpg\",\"main\\/products\\/product-14.jpg\",\"main\\/products\\/product-19.jpg\",\"main\\/products\\/product-12.jpg\"]','[]','8R-108',0,16,0,1,'in_stock',1,4,0,0,2299,2063,NULL,NULL,10,16,12,641,NULL,107875,'2025-07-28 03:48:42','2025-07-28 03:48:47',0,'Botble\\ACL\\Models\\User',NULL,'physical','7795631662903',NULL,0,'auto_generate',0,0,0,2,6,0),(51,'Google Chromecast with Google TV','The headset also offers MS Teams Certifications and other features like Busylight, Calls controls, Voice guiding, and Wireless range (ft): Up to 100 feet. Best-in-class. Boom The most recent Jabra Evolve2 75 USB-A MS Teams Stereo Headset offers professional-grade call performance that leads the industry, yet Evolve2 75 wins best-in-class.','<div class=\"row justify-content-center\">\n    <div class=\"col-xl-10\">\n        <div class=\"tp-product-details-desc-item pb-105\">\n            <div class=\"row\">\n                <div class=\"col-lg-6\">\n                    <div class=\"pt-25\">\n                        <span>Galaxy A8 tablet</span>\n                        <h3 class=\"tp-product-details-desc-title\">Your world at a glance</h3>\n                        <p>\n                            With a slim design, a vibrant entertainment system, and <br>\n                            outstanding performance, the new Galaxy Tab A7 is a stylish new <br>\n                            companion for your life.Dive head-first into the things you love, <br>\n                            and easily share your favorite moments. Learn, explore, connect <br>\n                            and be inspired.\n                        </p>\n                    </div>\n                    <div>\n                        <h3 class=\"tp-product-details-desc-title\">Draw inspiration with S Pen</h3>\n                        <p>\n                            S Pen is a bundle of writing instruments in one. Its natural grip, <br>\n                            low latency and impressive pressure sensitivity will make it your go-to for everything from drawing to editing documents. And S Pen won\'t get misplaced thanks.\n                        </p>\n                    </div>\n                </div>\n                <div class=\"col-lg-6\">\n                    <div class=\"tp-product-details-desc-thumb\">\n                        <img src=\"/storage/main/products/product-details-desc-1.jpg\" alt=\"product\">\n                    </div>\n                </div>\n            </div>\n        </div>\n        <div class=\"tp-product-details-desc-item pb-75\">\n            <div class=\"row\">\n                <div class=\"col-lg-7\">\n                    <div class=\"tp-product-details-desc-thumb\">\n                        <img src=\"/storage/main/products/product-details-desc-2.jpg\" alt=\"product\">\n                    </div>\n                </div>\n\n                <div class=\"col-lg-5 order-first order-lg-last\">\n                    <div class=\"des-content-2 pl-40\">\n                        <h3 class=\"tp-product-details-desc-title\">\n                            Carry with <br>\n                            Confidence and style\n                        </h3>\n                        <p>\n                            Wrap your tablet in a sleek case that\'s as stylish as it is convenient. Galaxy Tab S6 Lite Book Cover folds around and clings magnetically, so you can easily gear up as you\'re headed out the door. There\'s even a\n                            compartment for S pen, so you can be sure it doesn\'t get left behind.\n                        </p>\n                    </div>\n                </div>\n            </div>\n        </div>\n        <div class=\"tp-product-details-desc-item\">\n            <div class=\"row\">\n                <div class=\"col-xl-12\">\n                    <div class=\"tp-product-details-desc-banner text-center m-img\">\n                        <h3 class=\"tp-product-details-desc-banner-title tp-product-details-desc-title\">Speed Memory Power = Epic Races</h3>\n                        <img src=\"/storage/main/products/product-details-desc-3.jpg\" alt=\"product\">\n                    </div>\n                </div>\n            </div>\n        </div>\n    </div>\n</div>\n','published','[\"main\\/products\\/product-1.jpg\",\"main\\/products\\/product-7.jpg\",\"main\\/products\\/product-8.jpg\",\"main\\/products\\/product-17.jpg\",\"main\\/products\\/product-16.jpg\",\"main\\/products\\/product-12.jpg\",\"main\\/products\\/product-15.jpg\"]','[[{\"key\":\"file\",\"value\":null},{\"key\":\"url\",\"value\":\"https:\\/\\/www.youtube.com\\/watch?v=6JYIGclVQdw\"},{\"key\":\"thumbnail\",\"value\":\"main\\/video\\/1.jpg\"}]]','PK-107-A1',0,17,0,1,'in_stock',1,1,0,0,817,NULL,NULL,NULL,13,20,11,705,NULL,116890,'2025-07-28 03:48:42','2025-07-28 03:48:47',0,'Botble\\ACL\\Models\\User',NULL,'physical','4473832290134',NULL,0,'auto_generate',0,0,0,1,3,0),(52,'NVIDIA SHIELD TV Pro (Digital)','We can provide exceptional noise isolation and the best all-day comfort by mixing firm foam for the outer with soft foam for the interior of the ear cushions. So that you may receive Active Noise-Cancellation (ANC) performance that is even greater in a headset that you can wear for whatever length you wish.','<div class=\"row justify-content-center\">\n    <div class=\"col-xl-10\">\n        <div class=\"tp-product-details-desc-item pb-105\">\n            <div class=\"row\">\n                <div class=\"col-lg-6\">\n                    <div class=\"pt-25\">\n                        <span>Galaxy A8 tablet</span>\n                        <h3 class=\"tp-product-details-desc-title\">Your world at a glance</h3>\n                        <p>\n                            With a slim design, a vibrant entertainment system, and <br>\n                            outstanding performance, the new Galaxy Tab A7 is a stylish new <br>\n                            companion for your life.Dive head-first into the things you love, <br>\n                            and easily share your favorite moments. Learn, explore, connect <br>\n                            and be inspired.\n                        </p>\n                    </div>\n                    <div>\n                        <h3 class=\"tp-product-details-desc-title\">Draw inspiration with S Pen</h3>\n                        <p>\n                            S Pen is a bundle of writing instruments in one. Its natural grip, <br>\n                            low latency and impressive pressure sensitivity will make it your go-to for everything from drawing to editing documents. And S Pen won\'t get misplaced thanks.\n                        </p>\n                    </div>\n                </div>\n                <div class=\"col-lg-6\">\n                    <div class=\"tp-product-details-desc-thumb\">\n                        <img src=\"/storage/main/products/product-details-desc-1.jpg\" alt=\"product\">\n                    </div>\n                </div>\n            </div>\n        </div>\n        <div class=\"tp-product-details-desc-item pb-75\">\n            <div class=\"row\">\n                <div class=\"col-lg-7\">\n                    <div class=\"tp-product-details-desc-thumb\">\n                        <img src=\"/storage/main/products/product-details-desc-2.jpg\" alt=\"product\">\n                    </div>\n                </div>\n\n                <div class=\"col-lg-5 order-first order-lg-last\">\n                    <div class=\"des-content-2 pl-40\">\n                        <h3 class=\"tp-product-details-desc-title\">\n                            Carry with <br>\n                            Confidence and style\n                        </h3>\n                        <p>\n                            Wrap your tablet in a sleek case that\'s as stylish as it is convenient. Galaxy Tab S6 Lite Book Cover folds around and clings magnetically, so you can easily gear up as you\'re headed out the door. There\'s even a\n                            compartment for S pen, so you can be sure it doesn\'t get left behind.\n                        </p>\n                    </div>\n                </div>\n            </div>\n        </div>\n        <div class=\"tp-product-details-desc-item\">\n            <div class=\"row\">\n                <div class=\"col-xl-12\">\n                    <div class=\"tp-product-details-desc-banner text-center m-img\">\n                        <h3 class=\"tp-product-details-desc-banner-title tp-product-details-desc-title\">Speed Memory Power = Epic Races</h3>\n                        <img src=\"/storage/main/products/product-details-desc-3.jpg\" alt=\"product\">\n                    </div>\n                </div>\n            </div>\n        </div>\n    </div>\n</div>\n','published','[\"main\\/products\\/product-9.jpg\",\"main\\/products\\/product-10.jpg\",\"main\\/products\\/product-19.jpg\",\"main\\/products\\/product-1.jpg\",\"main\\/products\\/product-17.jpg\"]','[[{\"key\":\"file\",\"value\":\"main\\/video\\/video-1.mp4\"},{\"key\":\"url\",\"value\":null},{\"key\":\"thumbnail\",\"value\":\"main\\/video\\/1.jpg\"}]]','Y1-187-A1',0,11,0,1,'in_stock',0,4,0,0,1951,1541.29,NULL,NULL,13,10,13,722,NULL,132369,'2025-07-28 03:48:42','2025-07-28 03:48:47',0,'Botble\\ACL\\Models\\User',NULL,'digital','1103266843936',NULL,0,'auto_generate',0,0,0,1,2,0),(53,'Sonos Beam Gen 2 Soundbar','Jabra Evolve2 75 USB-A MS Teams Stereo Headset The Jabra Evolve2 75 USB-A MS Teams Stereo Headset has replaced previous hybrid working standards. Industry-leading call quality thanks to top-notch audio engineering.','<div class=\"row justify-content-center\">\n    <div class=\"col-xl-10\">\n        <div class=\"tp-product-details-desc-item pb-105\">\n            <div class=\"row\">\n                <div class=\"col-lg-6\">\n                    <div class=\"pt-25\">\n                        <span>Galaxy A8 tablet</span>\n                        <h3 class=\"tp-product-details-desc-title\">Your world at a glance</h3>\n                        <p>\n                            With a slim design, a vibrant entertainment system, and <br>\n                            outstanding performance, the new Galaxy Tab A7 is a stylish new <br>\n                            companion for your life.Dive head-first into the things you love, <br>\n                            and easily share your favorite moments. Learn, explore, connect <br>\n                            and be inspired.\n                        </p>\n                    </div>\n                    <div>\n                        <h3 class=\"tp-product-details-desc-title\">Draw inspiration with S Pen</h3>\n                        <p>\n                            S Pen is a bundle of writing instruments in one. Its natural grip, <br>\n                            low latency and impressive pressure sensitivity will make it your go-to for everything from drawing to editing documents. And S Pen won\'t get misplaced thanks.\n                        </p>\n                    </div>\n                </div>\n                <div class=\"col-lg-6\">\n                    <div class=\"tp-product-details-desc-thumb\">\n                        <img src=\"/storage/main/products/product-details-desc-1.jpg\" alt=\"product\">\n                    </div>\n                </div>\n            </div>\n        </div>\n        <div class=\"tp-product-details-desc-item pb-75\">\n            <div class=\"row\">\n                <div class=\"col-lg-7\">\n                    <div class=\"tp-product-details-desc-thumb\">\n                        <img src=\"/storage/main/products/product-details-desc-2.jpg\" alt=\"product\">\n                    </div>\n                </div>\n\n                <div class=\"col-lg-5 order-first order-lg-last\">\n                    <div class=\"des-content-2 pl-40\">\n                        <h3 class=\"tp-product-details-desc-title\">\n                            Carry with <br>\n                            Confidence and style\n                        </h3>\n                        <p>\n                            Wrap your tablet in a sleek case that\'s as stylish as it is convenient. Galaxy Tab S6 Lite Book Cover folds around and clings magnetically, so you can easily gear up as you\'re headed out the door. There\'s even a\n                            compartment for S pen, so you can be sure it doesn\'t get left behind.\n                        </p>\n                    </div>\n                </div>\n            </div>\n        </div>\n        <div class=\"tp-product-details-desc-item\">\n            <div class=\"row\">\n                <div class=\"col-xl-12\">\n                    <div class=\"tp-product-details-desc-banner text-center m-img\">\n                        <h3 class=\"tp-product-details-desc-banner-title tp-product-details-desc-title\">Speed Memory Power = Epic Races</h3>\n                        <img src=\"/storage/main/products/product-details-desc-3.jpg\" alt=\"product\">\n                    </div>\n                </div>\n            </div>\n        </div>\n    </div>\n</div>\n','published','[\"main\\/products\\/product-details-desc-1.jpg\",\"main\\/products\\/product-16.jpg\",\"main\\/products\\/product-15.jpg\",\"main\\/products\\/product-19.jpg\",\"main\\/products\\/product-4.jpg\",\"main\\/products\\/product-2.jpg\"]','[[{\"key\":\"file\",\"value\":\"main\\/video\\/video-2.mp4\"},{\"key\":\"url\",\"value\":null},{\"key\":\"thumbnail\",\"value\":\"main\\/video\\/2.jpg\"}]]','SG-156',0,18,0,1,'in_stock',0,2,0,0,1502,432,NULL,NULL,15,16,13,634,NULL,146545,'2025-07-28 03:48:42','2025-07-28 03:48:47',0,'Botble\\ACL\\Models\\User',NULL,'physical','8438477701793',NULL,0,'auto_generate',0,0,0,2,1,0),(54,'Bose Smart Soundbar 900','It complies with Microsoft\'s Open Office criteria and is specially tuned for outstanding conversations in open-plan workplaces and other loud environments when the microphone boom arm is lowered in Performance Mode','<div class=\"row justify-content-center\">\n    <div class=\"col-xl-10\">\n        <div class=\"tp-product-details-desc-item pb-105\">\n            <div class=\"row\">\n                <div class=\"col-lg-6\">\n                    <div class=\"pt-25\">\n                        <span>Galaxy A8 tablet</span>\n                        <h3 class=\"tp-product-details-desc-title\">Your world at a glance</h3>\n                        <p>\n                            With a slim design, a vibrant entertainment system, and <br>\n                            outstanding performance, the new Galaxy Tab A7 is a stylish new <br>\n                            companion for your life.Dive head-first into the things you love, <br>\n                            and easily share your favorite moments. Learn, explore, connect <br>\n                            and be inspired.\n                        </p>\n                    </div>\n                    <div>\n                        <h3 class=\"tp-product-details-desc-title\">Draw inspiration with S Pen</h3>\n                        <p>\n                            S Pen is a bundle of writing instruments in one. Its natural grip, <br>\n                            low latency and impressive pressure sensitivity will make it your go-to for everything from drawing to editing documents. And S Pen won\'t get misplaced thanks.\n                        </p>\n                    </div>\n                </div>\n                <div class=\"col-lg-6\">\n                    <div class=\"tp-product-details-desc-thumb\">\n                        <img src=\"/storage/main/products/product-details-desc-1.jpg\" alt=\"product\">\n                    </div>\n                </div>\n            </div>\n        </div>\n        <div class=\"tp-product-details-desc-item pb-75\">\n            <div class=\"row\">\n                <div class=\"col-lg-7\">\n                    <div class=\"tp-product-details-desc-thumb\">\n                        <img src=\"/storage/main/products/product-details-desc-2.jpg\" alt=\"product\">\n                    </div>\n                </div>\n\n                <div class=\"col-lg-5 order-first order-lg-last\">\n                    <div class=\"des-content-2 pl-40\">\n                        <h3 class=\"tp-product-details-desc-title\">\n                            Carry with <br>\n                            Confidence and style\n                        </h3>\n                        <p>\n                            Wrap your tablet in a sleek case that\'s as stylish as it is convenient. Galaxy Tab S6 Lite Book Cover folds around and clings magnetically, so you can easily gear up as you\'re headed out the door. There\'s even a\n                            compartment for S pen, so you can be sure it doesn\'t get left behind.\n                        </p>\n                    </div>\n                </div>\n            </div>\n        </div>\n        <div class=\"tp-product-details-desc-item\">\n            <div class=\"row\">\n                <div class=\"col-xl-12\">\n                    <div class=\"tp-product-details-desc-banner text-center m-img\">\n                        <h3 class=\"tp-product-details-desc-banner-title tp-product-details-desc-title\">Speed Memory Power = Epic Races</h3>\n                        <img src=\"/storage/main/products/product-details-desc-3.jpg\" alt=\"product\">\n                    </div>\n                </div>\n            </div>\n        </div>\n    </div>\n</div>\n','published','[\"main\\/products\\/product-15.jpg\",\"main\\/products\\/product-16.jpg\",\"main\\/products\\/product-1.jpg\"]','[[{\"key\":\"file\",\"value\":null},{\"key\":\"url\",\"value\":\"https:\\/\\/www.youtube.com\\/watch?v=6JYIGclVQdw\"},{\"key\":\"thumbnail\",\"value\":\"main\\/video\\/2.jpg\"}]]','S3-100-A1',0,12,0,1,'in_stock',1,2,0,0,1389,NULL,NULL,NULL,14,16,10,820,NULL,47736,'2025-07-28 03:48:42','2025-07-28 03:48:47',0,'Botble\\ACL\\Models\\User',NULL,'physical','3725398069114',NULL,0,'auto_generate',0,0,0,2,3,0),(55,'JBL Bar 9.1 Soundbar with Dolby Atmos','We can provide exceptional noise isolation and the best all-day comfort by mixing firm foam for the outer with soft foam for the interior of the ear cushions. So that you may receive Active Noise-Cancellation (ANC) performance that is even greater in a headset that you can wear for whatever length you wish.','<div class=\"row justify-content-center\">\n    <div class=\"col-xl-10\">\n        <div class=\"tp-product-details-desc-item pb-105\">\n            <div class=\"row\">\n                <div class=\"col-lg-6\">\n                    <div class=\"pt-25\">\n                        <span>Galaxy A8 tablet</span>\n                        <h3 class=\"tp-product-details-desc-title\">Your world at a glance</h3>\n                        <p>\n                            With a slim design, a vibrant entertainment system, and <br>\n                            outstanding performance, the new Galaxy Tab A7 is a stylish new <br>\n                            companion for your life.Dive head-first into the things you love, <br>\n                            and easily share your favorite moments. Learn, explore, connect <br>\n                            and be inspired.\n                        </p>\n                    </div>\n                    <div>\n                        <h3 class=\"tp-product-details-desc-title\">Draw inspiration with S Pen</h3>\n                        <p>\n                            S Pen is a bundle of writing instruments in one. Its natural grip, <br>\n                            low latency and impressive pressure sensitivity will make it your go-to for everything from drawing to editing documents. And S Pen won\'t get misplaced thanks.\n                        </p>\n                    </div>\n                </div>\n                <div class=\"col-lg-6\">\n                    <div class=\"tp-product-details-desc-thumb\">\n                        <img src=\"/storage/main/products/product-details-desc-1.jpg\" alt=\"product\">\n                    </div>\n                </div>\n            </div>\n        </div>\n        <div class=\"tp-product-details-desc-item pb-75\">\n            <div class=\"row\">\n                <div class=\"col-lg-7\">\n                    <div class=\"tp-product-details-desc-thumb\">\n                        <img src=\"/storage/main/products/product-details-desc-2.jpg\" alt=\"product\">\n                    </div>\n                </div>\n\n                <div class=\"col-lg-5 order-first order-lg-last\">\n                    <div class=\"des-content-2 pl-40\">\n                        <h3 class=\"tp-product-details-desc-title\">\n                            Carry with <br>\n                            Confidence and style\n                        </h3>\n                        <p>\n                            Wrap your tablet in a sleek case that\'s as stylish as it is convenient. Galaxy Tab S6 Lite Book Cover folds around and clings magnetically, so you can easily gear up as you\'re headed out the door. There\'s even a\n                            compartment for S pen, so you can be sure it doesn\'t get left behind.\n                        </p>\n                    </div>\n                </div>\n            </div>\n        </div>\n        <div class=\"tp-product-details-desc-item\">\n            <div class=\"row\">\n                <div class=\"col-xl-12\">\n                    <div class=\"tp-product-details-desc-banner text-center m-img\">\n                        <h3 class=\"tp-product-details-desc-banner-title tp-product-details-desc-title\">Speed Memory Power = Epic Races</h3>\n                        <img src=\"/storage/main/products/product-details-desc-3.jpg\" alt=\"product\">\n                    </div>\n                </div>\n            </div>\n        </div>\n    </div>\n</div>\n','published','[\"main\\/products\\/product-16.jpg\",\"main\\/products\\/product-20.jpg\",\"main\\/products\\/product-13.jpg\",\"main\\/products\\/product-1.jpg\",\"main\\/products\\/product-details-desc-3.jpg\",\"main\\/products\\/product-5.jpg\",\"main\\/products\\/product-17.jpg\",\"main\\/products\\/product-10.jpg\"]','[]','EI-105',0,15,0,1,'in_stock',0,4,0,0,1691,736,NULL,NULL,15,18,19,819,NULL,14933,'2025-07-28 03:48:42','2025-07-28 03:48:47',0,'Botble\\ACL\\Models\\User',NULL,'physical','5765103262278',NULL,0,'auto_generate',0,0,0,2,6,0),(56,'Sennheiser Ambeo Soundbar (Digital)','Additionally, this includes a redesigned microphone boom arm that is 33 percent shorter than the Evolve 75 and offers the industry-leading call performance for which Jabra headsets are known.','<div class=\"row justify-content-center\">\n    <div class=\"col-xl-10\">\n        <div class=\"tp-product-details-desc-item pb-105\">\n            <div class=\"row\">\n                <div class=\"col-lg-6\">\n                    <div class=\"pt-25\">\n                        <span>Galaxy A8 tablet</span>\n                        <h3 class=\"tp-product-details-desc-title\">Your world at a glance</h3>\n                        <p>\n                            With a slim design, a vibrant entertainment system, and <br>\n                            outstanding performance, the new Galaxy Tab A7 is a stylish new <br>\n                            companion for your life.Dive head-first into the things you love, <br>\n                            and easily share your favorite moments. Learn, explore, connect <br>\n                            and be inspired.\n                        </p>\n                    </div>\n                    <div>\n                        <h3 class=\"tp-product-details-desc-title\">Draw inspiration with S Pen</h3>\n                        <p>\n                            S Pen is a bundle of writing instruments in one. Its natural grip, <br>\n                            low latency and impressive pressure sensitivity will make it your go-to for everything from drawing to editing documents. And S Pen won\'t get misplaced thanks.\n                        </p>\n                    </div>\n                </div>\n                <div class=\"col-lg-6\">\n                    <div class=\"tp-product-details-desc-thumb\">\n                        <img src=\"/storage/main/products/product-details-desc-1.jpg\" alt=\"product\">\n                    </div>\n                </div>\n            </div>\n        </div>\n        <div class=\"tp-product-details-desc-item pb-75\">\n            <div class=\"row\">\n                <div class=\"col-lg-7\">\n                    <div class=\"tp-product-details-desc-thumb\">\n                        <img src=\"/storage/main/products/product-details-desc-2.jpg\" alt=\"product\">\n                    </div>\n                </div>\n\n                <div class=\"col-lg-5 order-first order-lg-last\">\n                    <div class=\"des-content-2 pl-40\">\n                        <h3 class=\"tp-product-details-desc-title\">\n                            Carry with <br>\n                            Confidence and style\n                        </h3>\n                        <p>\n                            Wrap your tablet in a sleek case that\'s as stylish as it is convenient. Galaxy Tab S6 Lite Book Cover folds around and clings magnetically, so you can easily gear up as you\'re headed out the door. There\'s even a\n                            compartment for S pen, so you can be sure it doesn\'t get left behind.\n                        </p>\n                    </div>\n                </div>\n            </div>\n        </div>\n        <div class=\"tp-product-details-desc-item\">\n            <div class=\"row\">\n                <div class=\"col-xl-12\">\n                    <div class=\"tp-product-details-desc-banner text-center m-img\">\n                        <h3 class=\"tp-product-details-desc-banner-title tp-product-details-desc-title\">Speed Memory Power = Epic Races</h3>\n                        <img src=\"/storage/main/products/product-details-desc-3.jpg\" alt=\"product\">\n                    </div>\n                </div>\n            </div>\n        </div>\n    </div>\n</div>\n','published','[\"main\\/products\\/product-11.jpg\",\"main\\/products\\/product-12.jpg\",\"main\\/products\\/product-20.jpg\",\"main\\/products\\/product-1.jpg\",\"main\\/products\\/product-9.jpg\"]','[]','DZ-172-A1',0,13,0,1,'in_stock',1,4,0,0,1117,994.13,NULL,NULL,10,13,19,823,NULL,24365,'2025-07-28 03:48:43','2025-07-28 03:48:47',0,'Botble\\ACL\\Models\\User',NULL,'digital','1629905836522',NULL,0,'auto_generate',0,0,0,2,8,0),(57,'Sony HT-A9 Home Theater System','It complies with Microsoft\'s Open Office criteria and is specially tuned for outstanding conversations in open-plan workplaces and other loud environments when the microphone boom arm is lowered in Performance Mode','<div class=\"row justify-content-center\">\n    <div class=\"col-xl-10\">\n        <div class=\"tp-product-details-desc-item pb-105\">\n            <div class=\"row\">\n                <div class=\"col-lg-6\">\n                    <div class=\"pt-25\">\n                        <span>Galaxy A8 tablet</span>\n                        <h3 class=\"tp-product-details-desc-title\">Your world at a glance</h3>\n                        <p>\n                            With a slim design, a vibrant entertainment system, and <br>\n                            outstanding performance, the new Galaxy Tab A7 is a stylish new <br>\n                            companion for your life.Dive head-first into the things you love, <br>\n                            and easily share your favorite moments. Learn, explore, connect <br>\n                            and be inspired.\n                        </p>\n                    </div>\n                    <div>\n                        <h3 class=\"tp-product-details-desc-title\">Draw inspiration with S Pen</h3>\n                        <p>\n                            S Pen is a bundle of writing instruments in one. Its natural grip, <br>\n                            low latency and impressive pressure sensitivity will make it your go-to for everything from drawing to editing documents. And S Pen won\'t get misplaced thanks.\n                        </p>\n                    </div>\n                </div>\n                <div class=\"col-lg-6\">\n                    <div class=\"tp-product-details-desc-thumb\">\n                        <img src=\"/storage/main/products/product-details-desc-1.jpg\" alt=\"product\">\n                    </div>\n                </div>\n            </div>\n        </div>\n        <div class=\"tp-product-details-desc-item pb-75\">\n            <div class=\"row\">\n                <div class=\"col-lg-7\">\n                    <div class=\"tp-product-details-desc-thumb\">\n                        <img src=\"/storage/main/products/product-details-desc-2.jpg\" alt=\"product\">\n                    </div>\n                </div>\n\n                <div class=\"col-lg-5 order-first order-lg-last\">\n                    <div class=\"des-content-2 pl-40\">\n                        <h3 class=\"tp-product-details-desc-title\">\n                            Carry with <br>\n                            Confidence and style\n                        </h3>\n                        <p>\n                            Wrap your tablet in a sleek case that\'s as stylish as it is convenient. Galaxy Tab S6 Lite Book Cover folds around and clings magnetically, so you can easily gear up as you\'re headed out the door. There\'s even a\n                            compartment for S pen, so you can be sure it doesn\'t get left behind.\n                        </p>\n                    </div>\n                </div>\n            </div>\n        </div>\n        <div class=\"tp-product-details-desc-item\">\n            <div class=\"row\">\n                <div class=\"col-xl-12\">\n                    <div class=\"tp-product-details-desc-banner text-center m-img\">\n                        <h3 class=\"tp-product-details-desc-banner-title tp-product-details-desc-title\">Speed Memory Power = Epic Races</h3>\n                        <img src=\"/storage/main/products/product-details-desc-3.jpg\" alt=\"product\">\n                    </div>\n                </div>\n            </div>\n        </div>\n    </div>\n</div>\n','published','[\"main\\/products\\/product-20.jpg\",\"main\\/products\\/product-12.jpg\",\"main\\/products\\/product-8.jpg\",\"main\\/products\\/product-6.jpg\",\"main\\/products\\/product-17.jpg\"]','[[{\"key\":\"file\",\"value\":\"main\\/video\\/video-1.mp4\"},{\"key\":\"url\",\"value\":null},{\"key\":\"thumbnail\",\"value\":\"main\\/video\\/1.jpg\"}]]','NO-153',0,19,0,1,'in_stock',1,3,0,0,1580,537,NULL,NULL,18,12,10,768,NULL,188596,'2025-07-28 03:48:43','2025-07-28 03:48:47',0,'Botble\\ACL\\Models\\User',NULL,'physical','1840636161732',NULL,0,'auto_generate',0,0,0,2,7,0),(58,'Philips Hue White and Color Ambiance A19 LED Smart Bulb',NULL,NULL,'published','[\"main\\/products\\/product-8.jpg\"]',NULL,'SC-133-A1',0,10,0,1,'in_stock',0,2,1,0,1804,NULL,NULL,NULL,11,12,14,698,NULL,0,'2025-07-28 03:48:43','2025-07-28 03:48:46',0,'Botble\\ACL\\Models\\User',NULL,'physical','0093438524194',NULL,0,'auto_generate',0,0,0,NULL,NULL,0),(59,'Philips Hue White and Color Ambiance A19 LED Smart Bulb',NULL,NULL,'published','[\"main\\/products\\/product-5.jpg\"]',NULL,'SC-133-A1-A2',0,10,0,1,'in_stock',0,2,1,0,1804,NULL,NULL,NULL,11,12,14,698,NULL,0,'2025-07-28 03:48:43','2025-07-28 03:48:46',0,'Botble\\ACL\\Models\\User',NULL,'physical','4854661216050',NULL,0,'auto_generate',0,0,0,NULL,NULL,0),(60,'Philips Hue White and Color Ambiance A19 LED Smart Bulb',NULL,NULL,'published','[\"main\\/products\\/product-9.jpg\"]',NULL,'SC-133-A1-A3',0,10,0,1,'in_stock',0,2,1,0,1804,NULL,NULL,NULL,11,12,14,698,NULL,0,'2025-07-28 03:48:43','2025-07-28 03:48:46',0,'Botble\\ACL\\Models\\User',NULL,'physical','8194095775256',NULL,0,'auto_generate',0,0,0,NULL,NULL,0),(61,'Samsung Galaxy Tab S7+ 12.4-Inch Android Tablet',NULL,NULL,'published','[\"main\\/products\\/product-4.jpg\"]',NULL,'RK-192-A1',0,11,0,1,'in_stock',0,3,1,0,1408,NULL,NULL,NULL,17,15,15,759,NULL,0,'2025-07-28 03:48:43','2025-07-28 03:48:46',0,'Botble\\ACL\\Models\\User',NULL,'physical','7296766164206',NULL,0,'auto_generate',0,0,0,NULL,NULL,0),(62,'Samsung Galaxy Tab S7+ 12.4-Inch Android Tablet',NULL,NULL,'published','[\"main\\/products\\/product-12.jpg\"]',NULL,'RK-192-A1-A2',0,11,0,1,'in_stock',0,3,1,0,1408,NULL,NULL,NULL,17,15,15,759,NULL,0,'2025-07-28 03:48:43','2025-07-28 03:48:46',0,'Botble\\ACL\\Models\\User',NULL,'physical','1501455069356',NULL,0,'auto_generate',0,0,0,NULL,NULL,0),(63,'Samsung Galaxy Tab S7+ 12.4-Inch Android Tablet',NULL,NULL,'published','[\"main\\/products\\/product-11.jpg\"]',NULL,'RK-192-A1-A3',0,11,0,1,'in_stock',0,3,1,0,1408,NULL,NULL,NULL,17,15,15,759,NULL,0,'2025-07-28 03:48:43','2025-07-28 03:48:46',0,'Botble\\ACL\\Models\\User',NULL,'physical','8816917833677',NULL,0,'auto_generate',0,0,0,NULL,NULL,0),(64,'Samsung Galaxy Tab S7+ 12.4-Inch Android Tablet',NULL,NULL,'published','[\"main\\/products\\/product-5.jpg\"]',NULL,'RK-192-A1-A4',0,11,0,1,'in_stock',0,3,1,0,1408,NULL,NULL,NULL,17,15,15,759,NULL,0,'2025-07-28 03:48:43','2025-07-28 03:48:46',0,'Botble\\ACL\\Models\\User',NULL,'physical','1965602225826',NULL,0,'auto_generate',0,0,0,NULL,NULL,0),(65,'Apple MacBook Pro 16-Inch Laptop (Digital)',NULL,NULL,'published','[\"main\\/products\\/product-6.jpg\"]',NULL,'NI-152-A1',0,19,0,1,'in_stock',0,5,1,0,377,286.52,NULL,NULL,17,20,17,518,NULL,0,'2025-07-28 03:48:43','2025-07-28 03:48:46',0,'Botble\\ACL\\Models\\User',NULL,'digital','9887043985690',NULL,0,'auto_generate',0,0,0,NULL,NULL,0),(66,'Sony WH-1000XM4 Wireless Noise-Canceling Headphones',NULL,NULL,'published','[\"main\\/products\\/product-12.jpg\"]',NULL,'KY-175-A1',0,11,0,1,'in_stock',0,5,1,0,1902,NULL,NULL,NULL,13,16,14,754,NULL,0,'2025-07-28 03:48:43','2025-07-28 03:48:46',0,'Botble\\ACL\\Models\\User',NULL,'physical','7686876111731',NULL,0,'auto_generate',0,0,0,NULL,NULL,0),(67,'Sony WH-1000XM4 Wireless Noise-Canceling Headphones',NULL,NULL,'published','[\"main\\/products\\/product-6.jpg\"]',NULL,'KY-175-A1-A2',0,11,0,1,'in_stock',0,5,1,0,1902,NULL,NULL,NULL,13,16,14,754,NULL,0,'2025-07-28 03:48:43','2025-07-28 03:48:46',0,'Botble\\ACL\\Models\\User',NULL,'physical','5747483941738',NULL,0,'auto_generate',0,0,0,NULL,NULL,0),(68,'DJI Mavic Air 2 Drone',NULL,NULL,'published','[\"main\\/products\\/product-16.jpg\"]',NULL,'4V-175-A1',0,11,0,1,'in_stock',0,1,1,0,814,NULL,NULL,NULL,19,18,15,651,NULL,0,'2025-07-28 03:48:43','2025-07-28 03:48:46',0,'Botble\\ACL\\Models\\User',NULL,'physical','0398305008976',NULL,0,'auto_generate',0,0,0,NULL,NULL,0),(69,'DJI Mavic Air 2 Drone',NULL,NULL,'published','[\"main\\/products\\/product-details-desc-3.jpg\"]',NULL,'4V-175-A1-A2',0,11,0,1,'in_stock',0,1,1,0,814,NULL,NULL,NULL,19,18,15,651,NULL,0,'2025-07-28 03:48:43','2025-07-28 03:48:46',0,'Botble\\ACL\\Models\\User',NULL,'physical','8609850620271',NULL,0,'auto_generate',0,0,0,NULL,NULL,0),(70,'DJI Mavic Air 2 Drone',NULL,NULL,'published','[\"main\\/products\\/product-2.jpg\"]',NULL,'4V-175-A1-A3',0,11,0,1,'in_stock',0,1,1,0,814,NULL,NULL,NULL,19,18,15,651,NULL,0,'2025-07-28 03:48:44','2025-07-28 03:48:46',0,'Botble\\ACL\\Models\\User',NULL,'physical','7399123409214',NULL,0,'auto_generate',0,0,0,NULL,NULL,0),(71,'Bose SoundLink Revolve+ Portable Bluetooth Speaker (Digital)',NULL,NULL,'published','[\"main\\/products\\/product-3.jpg\"]',NULL,'T1-154-A1',0,11,0,1,'in_stock',0,3,1,0,388,337.56,NULL,NULL,17,17,19,811,NULL,0,'2025-07-28 03:48:44','2025-07-28 03:48:46',0,'Botble\\ACL\\Models\\User',NULL,'digital','4537843436124',NULL,0,'auto_generate',0,0,0,NULL,NULL,0),(72,'Bose SoundLink Revolve+ Portable Bluetooth Speaker (Digital)',NULL,NULL,'published','[\"main\\/products\\/product-details-desc-3.jpg\"]',NULL,'T1-154-A1-A2',0,11,0,1,'in_stock',0,3,1,0,388,322.04,NULL,NULL,17,17,19,811,NULL,0,'2025-07-28 03:48:44','2025-07-28 03:48:46',0,'Botble\\ACL\\Models\\User',NULL,'digital','8830825710691',NULL,0,'auto_generate',0,0,0,NULL,NULL,0),(73,'Bose SoundLink Revolve+ Portable Bluetooth Speaker (Digital)',NULL,NULL,'published','[\"main\\/products\\/product-1.jpg\"]',NULL,'T1-154-A1-A3',0,11,0,1,'in_stock',0,3,1,0,388,322.04,NULL,NULL,17,17,19,811,NULL,0,'2025-07-28 03:48:44','2025-07-28 03:48:46',0,'Botble\\ACL\\Models\\User',NULL,'digital','4856931048194',NULL,0,'auto_generate',0,0,0,NULL,NULL,0),(74,'Bose SoundLink Revolve+ Portable Bluetooth Speaker (Digital)',NULL,NULL,'published','[\"main\\/products\\/product-5.jpg\"]',NULL,'T1-154-A1-A4',0,11,0,1,'in_stock',0,3,1,0,388,291,NULL,NULL,17,17,19,811,NULL,0,'2025-07-28 03:48:44','2025-07-28 03:48:46',0,'Botble\\ACL\\Models\\User',NULL,'digital','9659645698601',NULL,0,'auto_generate',0,0,0,NULL,NULL,0),(75,'Bose SoundLink Revolve+ Portable Bluetooth Speaker (Digital)',NULL,NULL,'published','[\"main\\/products\\/product-5.jpg\"]',NULL,'T1-154-A1-A5',0,11,0,1,'in_stock',0,3,1,0,388,294.88,NULL,NULL,17,17,19,811,NULL,0,'2025-07-28 03:48:44','2025-07-28 03:48:46',0,'Botble\\ACL\\Models\\User',NULL,'digital','2226000068453',NULL,0,'auto_generate',0,0,0,NULL,NULL,0),(76,'Nest Learning Thermostat (3rd Generation)',NULL,NULL,'published','[\"main\\/products\\/product-10.jpg\"]',NULL,'A0-156-A1',0,12,0,1,'in_stock',0,1,1,0,1705,NULL,NULL,NULL,14,11,19,610,NULL,0,'2025-07-28 03:48:44','2025-07-28 03:48:46',0,'Botble\\ACL\\Models\\User',NULL,'physical','1023693292575',NULL,0,'auto_generate',0,0,0,NULL,NULL,0),(77,'Nest Learning Thermostat (3rd Generation)',NULL,NULL,'published','[\"main\\/products\\/product-9.jpg\"]',NULL,'A0-156-A1-A2',0,12,0,1,'in_stock',0,1,1,0,1705,NULL,NULL,NULL,14,11,19,610,NULL,0,'2025-07-28 03:48:44','2025-07-28 03:48:46',0,'Botble\\ACL\\Models\\User',NULL,'physical','8720253600803',NULL,0,'auto_generate',0,0,0,NULL,NULL,0),(78,'Ring Video Doorbell Pro',NULL,NULL,'published','[\"main\\/products\\/product-19.jpg\"]',NULL,'OX-126-A1',0,18,0,1,'in_stock',0,1,1,0,2258,NULL,NULL,NULL,15,16,10,814,NULL,0,'2025-07-28 03:48:44','2025-07-28 03:48:46',0,'Botble\\ACL\\Models\\User',NULL,'physical','4732212863420',NULL,0,'auto_generate',0,0,0,NULL,NULL,0),(79,'Ring Video Doorbell Pro',NULL,NULL,'published','[\"main\\/products\\/product-20.jpg\"]',NULL,'OX-126-A1-A2',0,18,0,1,'in_stock',0,1,1,0,2258,NULL,NULL,NULL,15,16,10,814,NULL,0,'2025-07-28 03:48:44','2025-07-28 03:48:46',0,'Botble\\ACL\\Models\\User',NULL,'physical','4676540505372',NULL,0,'auto_generate',0,0,0,NULL,NULL,0),(80,'Ring Video Doorbell Pro',NULL,NULL,'published','[\"main\\/products\\/product-14.jpg\"]',NULL,'OX-126-A1-A3',0,18,0,1,'in_stock',0,1,1,0,2258,NULL,NULL,NULL,15,16,10,814,NULL,0,'2025-07-28 03:48:44','2025-07-28 03:48:46',0,'Botble\\ACL\\Models\\User',NULL,'physical','8481352411072',NULL,0,'auto_generate',0,0,0,NULL,NULL,0),(81,'Garmin Fenix 7X Sapphire Solar GPS Watch',NULL,NULL,'published','[\"main\\/products\\/product-1.jpg\"]',NULL,'LA-147-A1',0,13,0,1,'in_stock',0,1,1,0,639,NULL,NULL,NULL,20,18,13,515,NULL,0,'2025-07-28 03:48:44','2025-07-28 03:48:46',0,'Botble\\ACL\\Models\\User',NULL,'physical','1910931646743',NULL,0,'auto_generate',0,0,0,NULL,NULL,0),(82,'HP Spectre x360 14-Inch Convertible Laptop (Digital)',NULL,NULL,'published','[\"main\\/products\\/product-19.jpg\"]',NULL,'CM-122-A1',0,13,0,1,'in_stock',0,2,1,0,1345,1197.05,NULL,NULL,13,10,11,735,NULL,0,'2025-07-28 03:48:44','2025-07-28 03:48:46',0,'Botble\\ACL\\Models\\User',NULL,'digital','6785396628116',NULL,0,'auto_generate',0,0,0,NULL,NULL,0),(83,'HP Spectre x360 14-Inch Convertible Laptop (Digital)',NULL,NULL,'published','[\"main\\/products\\/product-13.jpg\"]',NULL,'CM-122-A1-A2',0,13,0,1,'in_stock',0,2,1,0,1345,1062.55,NULL,NULL,13,10,11,735,NULL,0,'2025-07-28 03:48:44','2025-07-28 03:48:46',0,'Botble\\ACL\\Models\\User',NULL,'digital','6085347399561',NULL,0,'auto_generate',0,0,0,NULL,NULL,0),(84,'HP Spectre x360 14-Inch Convertible Laptop (Digital)',NULL,NULL,'published','[\"main\\/products\\/product-details-desc-1.jpg\"]',NULL,'CM-122-A1-A3',0,13,0,1,'in_stock',0,2,1,0,1345,1143.25,NULL,NULL,13,10,11,735,NULL,0,'2025-07-28 03:48:44','2025-07-28 03:48:46',0,'Botble\\ACL\\Models\\User',NULL,'digital','1598340863991',NULL,0,'auto_generate',0,0,0,NULL,NULL,0),(85,'Alienware m15 R6 Gaming Laptop',NULL,NULL,'published','[\"main\\/products\\/product-4.jpg\"]',NULL,'08-125-A1',0,18,0,1,'in_stock',0,4,1,0,897,NULL,NULL,NULL,10,16,15,589,NULL,0,'2025-07-28 03:48:44','2025-07-28 03:48:46',0,'Botble\\ACL\\Models\\User',NULL,'physical','0331327532746',NULL,0,'auto_generate',0,0,0,NULL,NULL,0),(86,'Alienware m15 R6 Gaming Laptop',NULL,NULL,'published','[\"main\\/products\\/product-3.jpg\"]',NULL,'08-125-A1-A2',0,18,0,1,'in_stock',0,4,1,0,897,NULL,NULL,NULL,10,16,15,589,NULL,0,'2025-07-28 03:48:44','2025-07-28 03:48:46',0,'Botble\\ACL\\Models\\User',NULL,'physical','6931624330751',NULL,0,'auto_generate',0,0,0,NULL,NULL,0),(87,'Alienware m15 R6 Gaming Laptop',NULL,NULL,'published','[\"main\\/products\\/product-9.jpg\"]',NULL,'08-125-A1-A3',0,18,0,1,'in_stock',0,4,1,0,897,NULL,NULL,NULL,10,16,15,589,NULL,0,'2025-07-28 03:48:44','2025-07-28 03:48:46',0,'Botble\\ACL\\Models\\User',NULL,'physical','9849198482684',NULL,0,'auto_generate',0,0,0,NULL,NULL,0),(88,'Logitech G Pro X Superlight Wireless Gaming Mouse (Digital)',NULL,NULL,'published','[\"main\\/products\\/product-1.jpg\"]',NULL,'YR-110-A1',0,16,0,1,'in_stock',0,3,1,0,680,612,NULL,NULL,14,18,15,704,NULL,0,'2025-07-28 03:48:44','2025-07-28 03:48:46',0,'Botble\\ACL\\Models\\User',NULL,'digital','1857319883409',NULL,0,'auto_generate',0,0,0,NULL,NULL,0),(89,'Logitech G Pro X Superlight Wireless Gaming Mouse (Digital)',NULL,NULL,'published','[\"main\\/products\\/product-17.jpg\"]',NULL,'YR-110-A1-A2',0,16,0,1,'in_stock',0,3,1,0,680,530.4,NULL,NULL,14,18,15,704,NULL,0,'2025-07-28 03:48:44','2025-07-28 03:48:46',0,'Botble\\ACL\\Models\\User',NULL,'digital','3238622235211',NULL,0,'auto_generate',0,0,0,NULL,NULL,0),(90,'Elgato Stream Deck XL',NULL,NULL,'published','[\"main\\/products\\/product-6.jpg\"]',NULL,'MB-151-A1',0,17,0,1,'in_stock',0,3,1,0,656,NULL,NULL,NULL,13,11,16,807,NULL,0,'2025-07-28 03:48:44','2025-07-28 03:48:46',0,'Botble\\ACL\\Models\\User',NULL,'physical','4685460768507',NULL,0,'auto_generate',0,0,0,NULL,NULL,0),(91,'Nintendo Switch OLED Model',NULL,NULL,'published','[\"main\\/products\\/product-9.jpg\"]',NULL,'OL-169-A1',0,12,0,1,'in_stock',0,5,1,0,1203,NULL,NULL,NULL,12,14,11,683,NULL,0,'2025-07-28 03:48:44','2025-07-28 03:48:46',0,'Botble\\ACL\\Models\\User',NULL,'physical','6512956121479',NULL,0,'auto_generate',0,0,0,NULL,NULL,0),(92,'Nintendo Switch OLED Model',NULL,NULL,'published','[\"main\\/products\\/product-details-desc-2.jpg\"]',NULL,'OL-169-A1-A2',0,12,0,1,'in_stock',0,5,1,0,1203,NULL,NULL,NULL,12,14,11,683,NULL,0,'2025-07-28 03:48:44','2025-07-28 03:48:46',0,'Botble\\ACL\\Models\\User',NULL,'physical','2606429673405',NULL,0,'auto_generate',0,0,0,NULL,NULL,0),(93,'Nintendo Switch OLED Model',NULL,NULL,'published','[\"main\\/products\\/product-1.jpg\"]',NULL,'OL-169-A1-A3',0,12,0,1,'in_stock',0,5,1,0,1203,NULL,NULL,NULL,12,14,11,683,NULL,0,'2025-07-28 03:48:44','2025-07-28 03:48:46',0,'Botble\\ACL\\Models\\User',NULL,'physical','5647511398049',NULL,0,'auto_generate',0,0,0,NULL,NULL,0),(94,'PlayStation 5 Console (Digital)',NULL,NULL,'published','[\"main\\/products\\/product-7.jpg\"]',NULL,'J8-135-A1',0,11,0,1,'in_stock',0,3,1,0,491,436.99,NULL,NULL,11,12,11,659,NULL,0,'2025-07-28 03:48:44','2025-07-28 03:48:46',0,'Botble\\ACL\\Models\\User',NULL,'digital','6119561423358',NULL,0,'auto_generate',0,0,0,NULL,NULL,0),(95,'PlayStation 5 Console (Digital)',NULL,NULL,'published','[\"main\\/products\\/product-2.jpg\"]',NULL,'J8-135-A1-A2',0,11,0,1,'in_stock',0,3,1,0,491,382.98,NULL,NULL,11,12,11,659,NULL,0,'2025-07-28 03:48:44','2025-07-28 03:48:46',0,'Botble\\ACL\\Models\\User',NULL,'digital','8932008366111',NULL,0,'auto_generate',0,0,0,NULL,NULL,0),(96,'HTC Vive Cosmos Elite VR Headset',NULL,NULL,'published','[\"main\\/products\\/product-18.jpg\"]',NULL,'JE-189-A1',0,19,0,1,'in_stock',0,2,1,0,1014,NULL,NULL,NULL,14,16,14,620,NULL,0,'2025-07-28 03:48:44','2025-07-28 03:48:46',0,'Botble\\ACL\\Models\\User',NULL,'physical','2147151544767',NULL,0,'auto_generate',0,0,0,NULL,NULL,0),(97,'HTC Vive Cosmos Elite VR Headset',NULL,NULL,'published','[\"main\\/products\\/product-12.jpg\"]',NULL,'JE-189-A1-A2',0,19,0,1,'in_stock',0,2,1,0,1014,NULL,NULL,NULL,14,16,14,620,NULL,0,'2025-07-28 03:48:45','2025-07-28 03:48:46',0,'Botble\\ACL\\Models\\User',NULL,'physical','7808978355572',NULL,0,'auto_generate',0,0,0,NULL,NULL,0),(98,'Acer Predator X38 Pbmiphzx 38-Inch Curved Gaming Monitor',NULL,NULL,'published','[\"main\\/products\\/product-2.jpg\"]',NULL,'NJ-174-A1',0,11,0,1,'in_stock',0,3,1,0,2443,NULL,NULL,NULL,16,17,12,821,NULL,0,'2025-07-28 03:48:45','2025-07-28 03:48:46',0,'Botble\\ACL\\Models\\User',NULL,'physical','4039193956197',NULL,0,'auto_generate',0,0,0,NULL,NULL,0),(99,'ASUS ROG Swift PG279QM 27-Inch Gaming Monitor',NULL,NULL,'published','[\"main\\/products\\/product-2.jpg\"]',NULL,'UW-102-A1',0,12,0,1,'in_stock',0,3,1,0,2369,NULL,NULL,NULL,13,17,10,892,NULL,0,'2025-07-28 03:48:45','2025-07-28 03:48:46',0,'Botble\\ACL\\Models\\User',NULL,'physical','0197494366665',NULL,0,'auto_generate',0,0,0,NULL,NULL,0),(100,'BenQ EW3280U 32-Inch 4K HDR Entertainment Monitor (Digital)',NULL,NULL,'published','[\"main\\/products\\/product-3.jpg\"]',NULL,'BJ-117-A1',0,19,0,1,'in_stock',0,5,1,0,544,424.32,NULL,NULL,10,19,14,753,NULL,0,'2025-07-28 03:48:45','2025-07-28 03:48:46',0,'Botble\\ACL\\Models\\User',NULL,'digital','7217852751889',NULL,0,'auto_generate',0,0,0,NULL,NULL,0),(101,'BenQ EW3280U 32-Inch 4K HDR Entertainment Monitor (Digital)',NULL,NULL,'published','[\"main\\/products\\/product-12.jpg\"]',NULL,'BJ-117-A1-A2',0,19,0,1,'in_stock',0,5,1,0,544,435.2,NULL,NULL,10,19,14,753,NULL,0,'2025-07-28 03:48:45','2025-07-28 03:48:46',0,'Botble\\ACL\\Models\\User',NULL,'digital','7193769997018',NULL,0,'auto_generate',0,0,0,NULL,NULL,0),(102,'Dell UltraSharp U2720Q 27-Inch 4K USB-C Monitor',NULL,NULL,'published','[\"main\\/products\\/product-16.jpg\"]',NULL,'H2-163-A1',0,19,0,1,'in_stock',0,5,1,0,959,NULL,NULL,NULL,11,18,16,552,NULL,0,'2025-07-28 03:48:45','2025-07-28 03:48:46',0,'Botble\\ACL\\Models\\User',NULL,'physical','8228911114025',NULL,0,'auto_generate',0,0,0,NULL,NULL,0),(103,'Dell UltraSharp U2720Q 27-Inch 4K USB-C Monitor',NULL,NULL,'published','[\"main\\/products\\/product-6.jpg\"]',NULL,'H2-163-A1-A2',0,19,0,1,'in_stock',0,5,1,0,959,NULL,NULL,NULL,11,18,16,552,NULL,0,'2025-07-28 03:48:45','2025-07-28 03:48:46',0,'Botble\\ACL\\Models\\User',NULL,'physical','4254420840982',NULL,0,'auto_generate',0,0,0,NULL,NULL,0),(104,'Dell UltraSharp U2720Q 27-Inch 4K USB-C Monitor',NULL,NULL,'published','[\"main\\/products\\/product-2.jpg\"]',NULL,'H2-163-A1-A3',0,19,0,1,'in_stock',0,5,1,0,959,NULL,NULL,NULL,11,18,16,552,NULL,0,'2025-07-28 03:48:45','2025-07-28 03:48:46',0,'Botble\\ACL\\Models\\User',NULL,'physical','4985652138454',NULL,0,'auto_generate',0,0,0,NULL,NULL,0),(105,'Dell UltraSharp U2720Q 27-Inch 4K USB-C Monitor',NULL,NULL,'published','[\"main\\/products\\/product-3.jpg\"]',NULL,'H2-163-A1-A4',0,19,0,1,'in_stock',0,5,1,0,959,NULL,NULL,NULL,11,18,16,552,NULL,0,'2025-07-28 03:48:45','2025-07-28 03:48:46',0,'Botble\\ACL\\Models\\User',NULL,'physical','0169580301591',NULL,0,'auto_generate',0,0,0,NULL,NULL,0),(106,'Dell UltraSharp U2720Q 27-Inch 4K USB-C Monitor',NULL,NULL,'published','[\"main\\/products\\/product-14.jpg\"]',NULL,'H2-163-A1-A5',0,19,0,1,'in_stock',0,5,1,0,959,NULL,NULL,NULL,11,18,16,552,NULL,0,'2025-07-28 03:48:45','2025-07-28 03:48:46',0,'Botble\\ACL\\Models\\User',NULL,'physical','0860655944636',NULL,0,'auto_generate',0,0,0,NULL,NULL,0),(107,'Samsung Odyssey G7 32-Inch Curved Gaming Monitor (Digital)',NULL,NULL,'published','[\"main\\/products\\/product-1.jpg\"]',NULL,'K6-127-A1',0,10,0,1,'in_stock',0,4,1,0,2033,1463.76,NULL,NULL,18,17,10,888,NULL,0,'2025-07-28 03:48:45','2025-07-28 03:48:46',0,'Botble\\ACL\\Models\\User',NULL,'digital','4806819522674',NULL,0,'auto_generate',0,0,0,NULL,NULL,0),(108,'Samsung Odyssey G7 32-Inch Curved Gaming Monitor (Digital)',NULL,NULL,'published','[\"main\\/products\\/product-7.jpg\"]',NULL,'K6-127-A1-A2',0,10,0,1,'in_stock',0,4,1,0,2033,1545.08,NULL,NULL,18,17,10,888,NULL,0,'2025-07-28 03:48:45','2025-07-28 03:48:46',0,'Botble\\ACL\\Models\\User',NULL,'digital','5490673589592',NULL,0,'auto_generate',0,0,0,NULL,NULL,0),(109,'TCL 6-Series 4K UHD Dolby Vision HDR QLED Roku Smart TV',NULL,NULL,'published','[\"main\\/products\\/product-7.jpg\"]',NULL,'MP-135-A1',0,11,0,1,'in_stock',0,4,1,0,2286,NULL,NULL,NULL,18,11,16,830,NULL,0,'2025-07-28 03:48:45','2025-07-28 03:48:46',0,'Botble\\ACL\\Models\\User',NULL,'physical','3585208863598',NULL,0,'auto_generate',0,0,0,NULL,NULL,0),(110,'TCL 6-Series 4K UHD Dolby Vision HDR QLED Roku Smart TV',NULL,NULL,'published','[\"main\\/products\\/product-6.jpg\"]',NULL,'MP-135-A1-A2',0,11,0,1,'in_stock',0,4,1,0,2286,NULL,NULL,NULL,18,11,16,830,NULL,0,'2025-07-28 03:48:45','2025-07-28 03:48:46',0,'Botble\\ACL\\Models\\User',NULL,'physical','9815487560678',NULL,0,'auto_generate',0,0,0,NULL,NULL,0),(111,'TCL 6-Series 4K UHD Dolby Vision HDR QLED Roku Smart TV',NULL,NULL,'published','[\"main\\/products\\/product-20.jpg\"]',NULL,'MP-135-A1-A3',0,11,0,1,'in_stock',0,4,1,0,2286,NULL,NULL,NULL,18,11,16,830,NULL,0,'2025-07-28 03:48:45','2025-07-28 03:48:46',0,'Botble\\ACL\\Models\\User',NULL,'physical','0595172526699',NULL,0,'auto_generate',0,0,0,NULL,NULL,0),(112,'Vizio OLED65-H1 65-Inch 4K OLED Smart TV',NULL,NULL,'published','[\"main\\/products\\/product-6.jpg\"]',NULL,'L8-137-A1',0,16,0,1,'in_stock',0,1,1,0,1700,NULL,NULL,NULL,18,18,18,893,NULL,0,'2025-07-28 03:48:45','2025-07-28 03:48:46',0,'Botble\\ACL\\Models\\User',NULL,'physical','0767920441138',NULL,0,'auto_generate',0,0,0,NULL,NULL,0),(113,'Vizio OLED65-H1 65-Inch 4K OLED Smart TV',NULL,NULL,'published','[\"main\\/products\\/product-1.jpg\"]',NULL,'L8-137-A1-A2',0,16,0,1,'in_stock',0,1,1,0,1700,NULL,NULL,NULL,18,18,18,893,NULL,0,'2025-07-28 03:48:45','2025-07-28 03:48:46',0,'Botble\\ACL\\Models\\User',NULL,'physical','7740659361741',NULL,0,'auto_generate',0,0,0,NULL,NULL,0),(114,'Vizio OLED65-H1 65-Inch 4K OLED Smart TV',NULL,NULL,'published','[\"main\\/products\\/product-15.jpg\"]',NULL,'L8-137-A1-A3',0,16,0,1,'in_stock',0,1,1,0,1700,NULL,NULL,NULL,18,18,18,893,NULL,0,'2025-07-28 03:48:45','2025-07-28 03:48:46',0,'Botble\\ACL\\Models\\User',NULL,'physical','2154535407112',NULL,0,'auto_generate',0,0,0,NULL,NULL,0),(115,'Hisense U8G Quantum Series 4K ULED Android TV (Digital)',NULL,NULL,'published','[\"main\\/products\\/product-3.jpg\"]',NULL,'GN-150-A1',0,12,0,1,'in_stock',0,4,1,0,793,610.61,NULL,NULL,13,10,12,777,NULL,0,'2025-07-28 03:48:45','2025-07-28 03:48:46',0,'Botble\\ACL\\Models\\User',NULL,'digital','8100840102154',NULL,0,'auto_generate',0,0,0,NULL,NULL,0),(116,'Hisense U8G Quantum Series 4K ULED Android TV (Digital)',NULL,NULL,'published','[\"main\\/products\\/product-8.jpg\"]',NULL,'GN-150-A1-A2',0,12,0,1,'in_stock',0,4,1,0,793,705.77,NULL,NULL,13,10,12,777,NULL,0,'2025-07-28 03:48:45','2025-07-28 03:48:46',0,'Botble\\ACL\\Models\\User',NULL,'digital','9965125510333',NULL,0,'auto_generate',0,0,0,NULL,NULL,0),(117,'Samsung QN85A Neo QLED 4K Smart TV',NULL,NULL,'published','[\"main\\/products\\/product-8.jpg\"]',NULL,'9I-185-A1',0,20,0,1,'in_stock',0,5,1,0,2345,NULL,NULL,NULL,11,15,14,740,NULL,0,'2025-07-28 03:48:45','2025-07-28 03:48:47',0,'Botble\\ACL\\Models\\User',NULL,'physical','8627728139533',NULL,0,'auto_generate',0,0,0,NULL,NULL,0),(118,'Samsung QN85A Neo QLED 4K Smart TV',NULL,NULL,'published','[\"main\\/products\\/product-7.jpg\"]',NULL,'9I-185-A1-A2',0,20,0,1,'in_stock',0,5,1,0,2345,NULL,NULL,NULL,11,15,14,740,NULL,0,'2025-07-28 03:48:45','2025-07-28 03:48:47',0,'Botble\\ACL\\Models\\User',NULL,'physical','5858577047509',NULL,0,'auto_generate',0,0,0,NULL,NULL,0),(119,'Apple TV 4K (2nd Generation) (Digital)',NULL,NULL,'published','[\"main\\/products\\/product-5.jpg\"]',NULL,'UA-132-A1',0,19,0,1,'in_stock',0,2,1,0,258,229.62,NULL,NULL,13,12,19,542,NULL,0,'2025-07-28 03:48:45','2025-07-28 03:48:47',0,'Botble\\ACL\\Models\\User',NULL,'digital','1330046621181',NULL,0,'auto_generate',0,0,0,NULL,NULL,0),(120,'Apple TV 4K (2nd Generation) (Digital)',NULL,NULL,'published','[\"main\\/products\\/product-details-desc-1.jpg\"]',NULL,'UA-132-A1-A2',0,19,0,1,'in_stock',0,2,1,0,258,180.6,NULL,NULL,13,12,19,542,NULL,0,'2025-07-28 03:48:45','2025-07-28 03:48:47',0,'Botble\\ACL\\Models\\User',NULL,'digital','9372669518365',NULL,0,'auto_generate',0,0,0,NULL,NULL,0),(121,'Roku Ultra 2020 Streaming Media Player',NULL,NULL,'published','[\"main\\/products\\/product-1.jpg\"]',NULL,'EK-182-A1',0,14,0,1,'in_stock',0,2,1,0,896,NULL,NULL,NULL,10,16,14,629,NULL,0,'2025-07-28 03:48:45','2025-07-28 03:48:47',0,'Botble\\ACL\\Models\\User',NULL,'physical','2563257524944',NULL,0,'auto_generate',0,0,0,NULL,NULL,0),(122,'Roku Ultra 2020 Streaming Media Player',NULL,NULL,'published','[\"main\\/products\\/product-3.jpg\"]',NULL,'EK-182-A1-A2',0,14,0,1,'in_stock',0,2,1,0,896,NULL,NULL,NULL,10,16,14,629,NULL,0,'2025-07-28 03:48:45','2025-07-28 03:48:47',0,'Botble\\ACL\\Models\\User',NULL,'physical','0218788714884',NULL,0,'auto_generate',0,0,0,NULL,NULL,0),(123,'Roku Ultra 2020 Streaming Media Player',NULL,NULL,'published','[\"main\\/products\\/product-17.jpg\"]',NULL,'EK-182-A1-A3',0,14,0,1,'in_stock',0,2,1,0,896,NULL,NULL,NULL,10,16,14,629,NULL,0,'2025-07-28 03:48:45','2025-07-28 03:48:47',0,'Botble\\ACL\\Models\\User',NULL,'physical','3847273555892',NULL,0,'auto_generate',0,0,0,NULL,NULL,0),(124,'Roku Ultra 2020 Streaming Media Player',NULL,NULL,'published','[\"main\\/products\\/product-10.jpg\"]',NULL,'EK-182-A1-A4',0,14,0,1,'in_stock',0,2,1,0,896,NULL,NULL,NULL,10,16,14,629,NULL,0,'2025-07-28 03:48:45','2025-07-28 03:48:47',0,'Botble\\ACL\\Models\\User',NULL,'physical','5579913381841',NULL,0,'auto_generate',0,0,0,NULL,NULL,0),(125,'Google Chromecast with Google TV',NULL,NULL,'published','[\"main\\/products\\/product-7.jpg\"]',NULL,'PK-107-A1',0,17,0,1,'in_stock',0,1,1,0,817,NULL,NULL,NULL,13,20,11,705,NULL,0,'2025-07-28 03:48:45','2025-07-28 03:48:47',0,'Botble\\ACL\\Models\\User',NULL,'physical','4206411805814',NULL,0,'auto_generate',0,0,0,NULL,NULL,0),(126,'NVIDIA SHIELD TV Pro (Digital)',NULL,NULL,'published','[\"main\\/products\\/product-10.jpg\"]',NULL,'Y1-187-A1',0,11,0,1,'in_stock',0,4,1,0,1951,1541.29,NULL,NULL,13,10,13,722,NULL,0,'2025-07-28 03:48:45','2025-07-28 03:48:47',0,'Botble\\ACL\\Models\\User',NULL,'digital','0350150489942',NULL,0,'auto_generate',0,0,0,NULL,NULL,0),(127,'NVIDIA SHIELD TV Pro (Digital)',NULL,NULL,'published','[\"main\\/products\\/product-19.jpg\"]',NULL,'Y1-187-A1-A2',0,11,0,1,'in_stock',0,4,1,0,1951,1404.72,NULL,NULL,13,10,13,722,NULL,0,'2025-07-28 03:48:45','2025-07-28 03:48:47',0,'Botble\\ACL\\Models\\User',NULL,'digital','9584213113425',NULL,0,'auto_generate',0,0,0,NULL,NULL,0),(128,'NVIDIA SHIELD TV Pro (Digital)',NULL,NULL,'published','[\"main\\/products\\/product-1.jpg\"]',NULL,'Y1-187-A1-A3',0,11,0,1,'in_stock',0,4,1,0,1951,1658.35,NULL,NULL,13,10,13,722,NULL,0,'2025-07-28 03:48:45','2025-07-28 03:48:47',0,'Botble\\ACL\\Models\\User',NULL,'digital','0503874054082',NULL,0,'auto_generate',0,0,0,NULL,NULL,0),(129,'Bose Smart Soundbar 900',NULL,NULL,'published','[\"main\\/products\\/product-16.jpg\"]',NULL,'S3-100-A1',0,12,0,1,'in_stock',0,2,1,0,1389,NULL,NULL,NULL,14,16,10,820,NULL,0,'2025-07-28 03:48:45','2025-07-28 03:48:47',0,'Botble\\ACL\\Models\\User',NULL,'physical','2282548765766',NULL,0,'auto_generate',0,0,0,NULL,NULL,0),(130,'Bose Smart Soundbar 900',NULL,NULL,'published','[\"main\\/products\\/product-1.jpg\"]',NULL,'S3-100-A1-A2',0,12,0,1,'in_stock',0,2,1,0,1389,NULL,NULL,NULL,14,16,10,820,NULL,0,'2025-07-28 03:48:45','2025-07-28 03:48:47',0,'Botble\\ACL\\Models\\User',NULL,'physical','2488892535820',NULL,0,'auto_generate',0,0,0,NULL,NULL,0),(131,'Bose Smart Soundbar 900',NULL,NULL,'published','[\"main\\/products\\/product-15.jpg\"]',NULL,'S3-100-A1-A3',0,12,0,1,'in_stock',0,2,1,0,1389,NULL,NULL,NULL,14,16,10,820,NULL,0,'2025-07-28 03:48:45','2025-07-28 03:48:47',0,'Botble\\ACL\\Models\\User',NULL,'physical','7355891800820',NULL,0,'auto_generate',0,0,0,NULL,NULL,0),(132,'Sennheiser Ambeo Soundbar (Digital)',NULL,NULL,'published','[\"main\\/products\\/product-12.jpg\"]',NULL,'DZ-172-A1',0,13,0,1,'in_stock',0,4,1,0,1117,994.13,NULL,NULL,10,13,19,823,NULL,0,'2025-07-28 03:48:45','2025-07-28 03:48:47',0,'Botble\\ACL\\Models\\User',NULL,'digital','6168029501992',NULL,0,'auto_generate',0,0,0,NULL,NULL,0),(133,'Sennheiser Ambeo Soundbar (Digital)',NULL,NULL,'published','[\"main\\/products\\/product-20.jpg\"]',NULL,'DZ-172-A1-A2',0,13,0,1,'in_stock',0,4,1,0,1117,938.28,NULL,NULL,10,13,19,823,NULL,0,'2025-07-28 03:48:45','2025-07-28 03:48:47',0,'Botble\\ACL\\Models\\User',NULL,'digital','0563201837641',NULL,0,'auto_generate',0,0,0,NULL,NULL,0),(134,'Sennheiser Ambeo Soundbar (Digital)',NULL,NULL,'published','[\"main\\/products\\/product-1.jpg\"]',NULL,'DZ-172-A1-A3',0,13,0,1,'in_stock',0,4,1,0,1117,804.24,NULL,NULL,10,13,19,823,NULL,0,'2025-07-28 03:48:45','2025-07-28 03:48:47',0,'Botble\\ACL\\Models\\User',NULL,'digital','4885931976336',NULL,0,'auto_generate',0,0,0,NULL,NULL,0);

--
